[INFO] fetching crate hyeong 0.2.2...
[INFO] testing hyeong-0.2.2 against 1.75.0 for beta-1.76-1
[INFO] extracting crate hyeong 0.2.2 into /workspace/builds/worker-1-tc1/source
[INFO] validating manifest of crates.io crate hyeong 0.2.2 on toolchain 1.75.0
[INFO] running `Command { std: CARGO_HOME="/workspace/cargo-home" RUSTUP_HOME="/workspace/rustup-home" "/workspace/cargo-home/bin/cargo" "+1.75.0" "metadata" "--manifest-path" "Cargo.toml" "--no-deps", kill_on_drop: false }`
[INFO] started tweaking crates.io crate hyeong 0.2.2
[INFO] finished tweaking crates.io crate hyeong 0.2.2
[INFO] tweaked toml for crates.io crate hyeong 0.2.2 written to /workspace/builds/worker-1-tc1/source/Cargo.toml
[INFO] crate crates.io crate hyeong 0.2.2 already has a lockfile, it will not be regenerated
[INFO] running `Command { std: CARGO_HOME="/workspace/cargo-home" RUSTUP_HOME="/workspace/rustup-home" "/workspace/cargo-home/bin/cargo" "+1.75.0" "fetch" "--manifest-path" "Cargo.toml", kill_on_drop: false }`
[INFO] [stderr]  Downloading crates ...
[INFO] [stderr]   Downloaded ctrlc v3.1.6
[INFO] [stderr]   Downloaded cc v1.0.59
[INFO] running `Command { std: "docker" "create" "-v" "/var/lib/crater-agent-workspace/builds/worker-1-tc1/target:/opt/rustwide/target:rw,Z" "-v" "/var/lib/crater-agent-workspace/builds/worker-1-tc1/source:/opt/rustwide/workdir:ro,Z" "-v" "/var/lib/crater-agent-workspace/cargo-home:/opt/rustwide/cargo-home:ro,Z" "-v" "/var/lib/crater-agent-workspace/rustup-home:/opt/rustwide/rustup-home:ro,Z" "-e" "SOURCE_DIR=/opt/rustwide/workdir" "-e" "CARGO_TARGET_DIR=/opt/rustwide/target" "-e" "CARGO_HOME=/opt/rustwide/cargo-home" "-e" "RUSTUP_HOME=/opt/rustwide/rustup-home" "-w" "/opt/rustwide/workdir" "-m" "1610612736" "--user" "0:0" "--network" "none" "ghcr.io/rust-lang/crates-build-env/linux@sha256:2788e3201cd34a07e3172128adcd8b3090168a8e3bcc40d7c032b9dda1df7d1c" "/opt/rustwide/cargo-home/bin/cargo" "+1.75.0" "metadata" "--no-deps" "--format-version=1", kill_on_drop: false }`
[INFO] [stdout] 8da19450dcca5b177da9a9f021af79bd690252f06bde3a610350dd80f924f987
[INFO] running `Command { std: "docker" "start" "-a" "8da19450dcca5b177da9a9f021af79bd690252f06bde3a610350dd80f924f987", kill_on_drop: false }`
[INFO] running `Command { std: "docker" "inspect" "8da19450dcca5b177da9a9f021af79bd690252f06bde3a610350dd80f924f987", kill_on_drop: false }`
[INFO] running `Command { std: "docker" "rm" "-f" "8da19450dcca5b177da9a9f021af79bd690252f06bde3a610350dd80f924f987", kill_on_drop: false }`
[INFO] [stdout] 8da19450dcca5b177da9a9f021af79bd690252f06bde3a610350dd80f924f987
[INFO] running `Command { std: "docker" "create" "-v" "/var/lib/crater-agent-workspace/builds/worker-1-tc1/target:/opt/rustwide/target:rw,Z" "-v" "/var/lib/crater-agent-workspace/builds/worker-1-tc1/source:/opt/rustwide/workdir:ro,Z" "-v" "/var/lib/crater-agent-workspace/cargo-home:/opt/rustwide/cargo-home:ro,Z" "-v" "/var/lib/crater-agent-workspace/rustup-home:/opt/rustwide/rustup-home:ro,Z" "-e" "SOURCE_DIR=/opt/rustwide/workdir" "-e" "CARGO_TARGET_DIR=/opt/rustwide/target" "-e" "CARGO_INCREMENTAL=0" "-e" "RUST_BACKTRACE=full" "-e" "RUSTFLAGS=--cap-lints=warn" "-e" "RUSTDOCFLAGS=--cap-lints=warn" "-e" "CARGO_HOME=/opt/rustwide/cargo-home" "-e" "RUSTUP_HOME=/opt/rustwide/rustup-home" "-w" "/opt/rustwide/workdir" "-m" "1610612736" "--user" "0:0" "--network" "none" "ghcr.io/rust-lang/crates-build-env/linux@sha256:2788e3201cd34a07e3172128adcd8b3090168a8e3bcc40d7c032b9dda1df7d1c" "/opt/rustwide/cargo-home/bin/cargo" "+1.75.0" "build" "--frozen" "--message-format=json", kill_on_drop: false }`
[INFO] [stdout] 466758ce6541e8e8d53c27458690579187af66a955f1d100dc2ced50a9a55ad0
[INFO] running `Command { std: "docker" "start" "-a" "466758ce6541e8e8d53c27458690579187af66a955f1d100dc2ced50a9a55ad0", kill_on_drop: false }`
[INFO] [stderr]    Compiling libc v0.2.76
[INFO] [stderr]    Compiling ansi_term v0.11.0
[INFO] [stderr]    Compiling strsim v0.8.0
[INFO] [stderr]    Compiling vec_map v0.8.2
[INFO] [stderr]    Compiling termcolor v1.1.0
[INFO] [stderr]    Compiling textwrap v0.11.0
[INFO] [stderr]    Compiling nix v0.17.0
[INFO] [stderr]    Compiling atty v0.2.14
[INFO] [stderr]    Compiling clap v2.33.3
[INFO] [stderr]    Compiling ctrlc v3.1.6
[INFO] [stderr]    Compiling hyeong v0.2.2 (/opt/rustwide/workdir)
[INFO] [stdout] warning: call to `.clone()` on a reference in this situation does nothing
[INFO] [stdout]   --> src/app/check.rs:46:18
[INFO] [stdout]    |
[INFO] [stdout] 46 |           .unwrap()
[INFO] [stdout]    |  __________________^
[INFO] [stdout] 47 | |         .clone()
[INFO] [stdout]    | |________________^ help: remove this redundant call
[INFO] [stdout]    |
[INFO] [stdout]    = note: the type `OsStr` does not implement `Clone`, so calling `clone` on `&OsStr` copies the reference, which does not do anything and can be removed
[INFO] [stdout]    = note: `#[warn(noop_method_call)]` on by default
[INFO] [stdout] 
[INFO] [stdout] 
[INFO] [stdout] warning: 1 warning emitted
[INFO] [stdout] 
[INFO] [stdout] 
[INFO] [stderr]     Finished dev [unoptimized + debuginfo] target(s) in 5.65s
[INFO] running `Command { std: "docker" "inspect" "466758ce6541e8e8d53c27458690579187af66a955f1d100dc2ced50a9a55ad0", kill_on_drop: false }`
[INFO] running `Command { std: "docker" "rm" "-f" "466758ce6541e8e8d53c27458690579187af66a955f1d100dc2ced50a9a55ad0", kill_on_drop: false }`
[INFO] [stdout] 466758ce6541e8e8d53c27458690579187af66a955f1d100dc2ced50a9a55ad0
[INFO] running `Command { std: "docker" "create" "-v" "/var/lib/crater-agent-workspace/builds/worker-1-tc1/target:/opt/rustwide/target:rw,Z" "-v" "/var/lib/crater-agent-workspace/builds/worker-1-tc1/source:/opt/rustwide/workdir:ro,Z" "-v" "/var/lib/crater-agent-workspace/cargo-home:/opt/rustwide/cargo-home:ro,Z" "-v" "/var/lib/crater-agent-workspace/rustup-home:/opt/rustwide/rustup-home:ro,Z" "-e" "SOURCE_DIR=/opt/rustwide/workdir" "-e" "CARGO_TARGET_DIR=/opt/rustwide/target" "-e" "CARGO_INCREMENTAL=0" "-e" "RUST_BACKTRACE=full" "-e" "RUSTFLAGS=--cap-lints=warn" "-e" "RUSTDOCFLAGS=--cap-lints=warn" "-e" "CARGO_HOME=/opt/rustwide/cargo-home" "-e" "RUSTUP_HOME=/opt/rustwide/rustup-home" "-w" "/opt/rustwide/workdir" "-m" "1610612736" "--user" "0:0" "--network" "none" "ghcr.io/rust-lang/crates-build-env/linux@sha256:2788e3201cd34a07e3172128adcd8b3090168a8e3bcc40d7c032b9dda1df7d1c" "/opt/rustwide/cargo-home/bin/cargo" "+1.75.0" "test" "--frozen" "--no-run" "--message-format=json", kill_on_drop: false }`
[INFO] [stdout] 0a512b3ed9066fb2284cf8dfc081d379dac22d28f3e2aa511e0a21f651cc2846
[INFO] running `Command { std: "docker" "start" "-a" "0a512b3ed9066fb2284cf8dfc081d379dac22d28f3e2aa511e0a21f651cc2846", kill_on_drop: false }`
[INFO] [stdout] warning: call to `.clone()` on a reference in this situation does nothing
[INFO] [stdout]   --> src/app/check.rs:46:18
[INFO] [stdout]    |
[INFO] [stdout] 46 |           .unwrap()
[INFO] [stdout]    |  __________________^
[INFO] [stdout] 47 | |         .clone()
[INFO] [stdout]    | |________________^ help: remove this redundant call
[INFO] [stdout]    |
[INFO] [stdout]    = note: the type `OsStr` does not implement `Clone`, so calling `clone` on `&OsStr` copies the reference, which does not do anything and can be removed
[INFO] [stdout]    = note: `#[warn(noop_method_call)]` on by default
[INFO] [stdout] 
[INFO] [stdout] 
[INFO] [stderr]    Compiling hyeong v0.2.2 (/opt/rustwide/workdir)
[INFO] [stdout] warning: 1 warning emitted
[INFO] [stdout] 
[INFO] [stdout] 
[INFO] [stdout] warning: call to `.clone()` on a reference in this situation does nothing
[INFO] [stdout]   --> src/app/check.rs:46:18
[INFO] [stdout]    |
[INFO] [stdout] 46 |           .unwrap()
[INFO] [stdout]    |  __________________^
[INFO] [stdout] 47 | |         .clone()
[INFO] [stdout]    | |________________^ help: remove this redundant call
[INFO] [stdout]    |
[INFO] [stdout]    = note: the type `OsStr` does not implement `Clone`, so calling `clone` on `&OsStr` copies the reference, which does not do anything and can be removed
[INFO] [stdout]    = note: `#[warn(noop_method_call)]` on by default
[INFO] [stdout] 
[INFO] [stdout] 
[INFO] [stdout] warning: 1 warning emitted
[INFO] [stdout] 
[INFO] [stdout] 
[INFO] [stderr]     Finished test [unoptimized + debuginfo] target(s) in 0.48s
[INFO] running `Command { std: "docker" "inspect" "0a512b3ed9066fb2284cf8dfc081d379dac22d28f3e2aa511e0a21f651cc2846", kill_on_drop: false }`
[INFO] running `Command { std: "docker" "rm" "-f" "0a512b3ed9066fb2284cf8dfc081d379dac22d28f3e2aa511e0a21f651cc2846", kill_on_drop: false }`
[INFO] [stdout] 0a512b3ed9066fb2284cf8dfc081d379dac22d28f3e2aa511e0a21f651cc2846
[INFO] running `Command { std: "docker" "create" "-v" "/var/lib/crater-agent-workspace/builds/worker-1-tc1/target:/opt/rustwide/target:rw,Z" "-v" "/var/lib/crater-agent-workspace/builds/worker-1-tc1/source:/opt/rustwide/workdir:ro,Z" "-v" "/var/lib/crater-agent-workspace/cargo-home:/opt/rustwide/cargo-home:ro,Z" "-v" "/var/lib/crater-agent-workspace/rustup-home:/opt/rustwide/rustup-home:ro,Z" "-e" "SOURCE_DIR=/opt/rustwide/workdir" "-e" "CARGO_TARGET_DIR=/opt/rustwide/target" "-e" "CARGO_INCREMENTAL=0" "-e" "RUST_BACKTRACE=full" "-e" "RUSTFLAGS=--cap-lints=warn" "-e" "RUSTDOCFLAGS=--cap-lints=warn" "-e" "CARGO_HOME=/opt/rustwide/cargo-home" "-e" "RUSTUP_HOME=/opt/rustwide/rustup-home" "-w" "/opt/rustwide/workdir" "-m" "1610612736" "--user" "0:0" "--network" "none" "ghcr.io/rust-lang/crates-build-env/linux@sha256:2788e3201cd34a07e3172128adcd8b3090168a8e3bcc40d7c032b9dda1df7d1c" "/opt/rustwide/cargo-home/bin/cargo" "+1.75.0" "test" "--frozen", kill_on_drop: false }`
[INFO] [stdout] 58d0a0fb55428347e60c5495ad8b5473c784efdef4fad0149abe5cffbacd312e
[INFO] running `Command { std: "docker" "start" "-a" "58d0a0fb55428347e60c5495ad8b5473c784efdef4fad0149abe5cffbacd312e", kill_on_drop: false }`
[INFO] [stderr] warning: call to `.clone()` on a reference in this situation does nothing
[INFO] [stderr]   --> src/app/check.rs:46:18
[INFO] [stderr]    |
[INFO] [stderr] 46 |           .unwrap()
[INFO] [stderr]    |  __________________^
[INFO] [stderr] 47 | |         .clone()
[INFO] [stderr]    | |________________^ help: remove this redundant call
[INFO] [stderr]    |
[INFO] [stderr]    = note: the type `OsStr` does not implement `Clone`, so calling `clone` on `&OsStr` copies the reference, which does not do anything and can be removed
[INFO] [stderr]    = note: `#[warn(noop_method_call)]` on by default
[INFO] [stderr] 
[INFO] [stderr] warning: `hyeong` (lib) generated 1 warning (run `cargo fix --lib -p hyeong` to apply 1 suggestion)
[INFO] [stderr] warning: `hyeong` (lib test) generated 1 warning (1 duplicate)
[INFO] [stderr]     Finished test [unoptimized + debuginfo] target(s) in 0.01s
[INFO] [stderr]      Running unittests src/lib.rs (/opt/rustwide/target/debug/deps/hyeong-77d8b55e76b59eb3)
[INFO] [stdout] 
[INFO] [stdout] running 0 tests
[INFO] [stdout] 
[INFO] [stdout] test result: ok. 0 passed; 0 failed; 0 ignored; 0 measured; 0 filtered out; finished in 0.00s
[INFO] [stdout] 
[INFO] [stderr]      Running unittests src/main.rs (/opt/rustwide/target/debug/deps/hyeong-506d28c3a2eeb7b9)
[INFO] [stdout] 
[INFO] [stdout] running 0 tests
[INFO] [stdout] 
[INFO] [stdout] test result: ok. 0 passed; 0 failed; 0 ignored; 0 measured; 0 filtered out; finished in 0.00s
[INFO] [stdout] 
[INFO] [stderr]    Doc-tests hyeong
[INFO] [stdout] 
[INFO] [stdout] running 101 tests
[INFO] [stdout] test src/core/area.rs - core::area::Area::new (line 57) ... ok
[INFO] [stdout] test src/core/code.rs - core::code::OptCode::new (line 59) ... ok
[INFO] [stdout] test src/core/code.rs - core::code::UnOptCode (line 124) ... ok
[INFO] [stdout] test src/core/code.rs - core::code::OptCode (line 28) ... ok
[INFO] [stdout] test src/core/area.rs - core::area::Area (line 31) ... ok
[INFO] [stdout] test src/core/execute.rs - core::execute::push_stack_wrap (line 16) ... ok
[INFO] [stdout] test src/core/area.rs - core::area::Area::fmt (line 191) ... ok
[INFO] [stdout] test src/core/optimize.rs - core::optimize::optimize (line 173) ... ok
[INFO] [stdout] test src/core/execute.rs - core::execute::execute (line 247) ... ok
[INFO] [stdout] test src/core/area.rs - core::area::calc (line 74) ... ok
[INFO] [stdout] test src/core/parse.rs - core::parse::is_hangul_syllable (line 13) ... ok
[INFO] [stdout] test src/core/state.rs - core::state::OptState::new (line 80) ... ok
[INFO] [stdout] test src/core/state.rs - core::state::OptState (line 60) ... ok
[INFO] [stdout] test src/core/execute.rs - core::execute::execute_one (line 116) ... ok
[INFO] [stdout] test src/core/area.rs - core::area::Area::fmt (line 140) ... ok
[INFO] [stdout] test src/core/parse.rs - core::parse::parse (line 102) ... ok
[INFO] [stdout] test src/core/state.rs - core::state::UnOptState (line 196) ... ok
[INFO] [stdout] test src/core/execute.rs - core::execute::pop_stack_wrap (line 65) ... ok
[INFO] [stdout] test src/core/state.rs - core::state::UnOptState::new (line 215) ... ok
[INFO] [stdout] test src/core/code.rs - core::code::UnOptCode::fmt (line 183) ... ok
[INFO] [stdout] test src/core/state.rs - core::state::UnOptState::fmt (line 314) ... ok
[INFO] [stdout] test src/number/big_number.rs - number::big_number::&'_BigNum::add (line 978) ... ok
[INFO] [stdout] test src/number/big_number.rs - number::big_number::&'_BigNum::rem (line 1195) ... ok
[INFO] [stdout] test src/number/big_number.rs - number::big_number::&'_BigNum::div (line 1132) ... ok
[INFO] [stdout] test src/number/big_number.rs - number::big_number::&'_BigNum::neg (line 1246) ... ok
[INFO] [stdout] test src/number/big_number.rs - number::big_number::&'_BigNum::mul (line 1076) ... ok
[INFO] [stdout] test src/number/big_number.rs - number::big_number::&'_BigNum::sub (line 1027) ... ok
[INFO] [stdout] test src/number/big_number.rs - number::big_number::BigNum::div_assign (line 1162) ... ok
[INFO] [stdout] test src/number/big_number.rs - number::big_number::BigNum::from_vec (line 116) ... ok
[INFO] [stdout] test src/number/big_number.rs - number::big_number::BigNum::fmt (line 954) ... ok
[INFO] [stdout] test src/number/big_number.rs - number::big_number::BigNum (line 50) ... ok
[INFO] [stdout] test src/number/big_number.rs - number::big_number::BigNum::is_pos (line 172) ... ok
[INFO] [stdout] test src/number/big_number.rs - number::big_number::BigNum::add_assign (line 1001) ... ok
[INFO] [stdout] test src/number/big_number.rs - number::big_number::BigNum::add (line 598) ... ok
[INFO] [stdout] test src/number/big_number.rs - number::big_number::BigNum::fmt (line 937) ... ok
[INFO] [stdout] test src/number/big_number.rs - number::big_number::BigNum::eq (line 872) ... ok
[INFO] [stdout] test src/number/big_number.rs - number::big_number::BigNum::is_zero (line 189) ... ok
[INFO] [stdout] test src/number/big_number.rs - number::big_number::BigNum::minus (line 571) ... ok
[INFO] [stdout] test src/number/big_number.rs - number::big_number::BigNum::gcd (line 782) ... ok
[INFO] [stdout] test src/number/big_number.rs - number::big_number::BigNum::mul (line 693) ... ok
[INFO] [stdout] test src/number/big_number.rs - number::big_number::BigNum::div (line 727) ... ok
[INFO] [stdout] test src/number/big_number.rs - number::big_number::BigNum::from_string (line 236) ... ok
[INFO] [stdout] test src/number/big_number.rs - number::big_number::BigNum::mul_assign (line 1099) ... ok
[INFO] [stdout] test src/number/big_number.rs - number::big_number::BigNum::from_string_base (line 269) ... ok
[INFO] [stdout] test src/number/big_number.rs - number::big_number::BigNum::new (line 87) ... ok
[INFO] [stdout] test src/number/big_number.rs - number::big_number::BigNum::neg (line 812) ... ok
[INFO] [stdout] test src/number/big_number.rs - number::big_number::BigNum::set_move (line 850) ... ok
[INFO] [stdout] test src/number/big_number.rs - number::big_number::BigNum::one (line 154) ... ok
[INFO] [stdout] test src/number/big_number.rs - number::big_number::BigNum::rem (line 761) ... ok
[INFO] [stdout] test src/number/big_number.rs - number::big_number::BigNum::sub_assign (line 1050) ... ok
[INFO] [stdout] test src/number/big_number.rs - number::big_number::BigNum::set_copy (line 831) ... ok
[INFO] [stdout] test src/number/big_number.rs - number::big_number::BigNum::to_int (line 210) ... ok
[INFO] [stdout] test src/number/number.rs - number::number::&'_Num::mul (line 566) ... ok
[INFO] [stdout] test src/number/big_number.rs - number::big_number::BigNum::partial_cmp (line 896) ... ok
[INFO] [stdout] test src/number/big_number.rs - number::big_number::BigNum::rem_assign (line 1225) ... ok
[INFO] [stdout] test src/number/big_number.rs - number::big_number::BigNum::to_string (line 318) ... ok
[INFO] [stdout] test src/number/number.rs - number::number::&'_Num::add (line 516) ... ok
[INFO] [stdout] test src/number/big_number.rs - number::big_number::BigNum::sub (line 645) ... ok
[INFO] [stdout] test src/number/big_number.rs - number::big_number::Error::fmt (line 28) ... ok
[INFO] [stdout] test src/number/big_number.rs - number::big_number::BigNum::zero (line 136) ... ok
[INFO] [stdout] test src/number/big_number.rs - number::big_number::BigNum::to_string_base (line 348) ... ok
[INFO] [stdout] test src/number/big_number.rs - number::big_number::Error (line 9) ... ok
[INFO] [stdout] test src/number/number.rs - number::number::Num (line 13) ... ok
[INFO] [stdout] test src/number/number.rs - number::number::&'_Num::neg (line 612) ... ok
[INFO] [stdout] test src/number/number.rs - number::number::Num::add_assign (line 540) ... ok
[INFO] [stdout] test src/number/number.rs - number::number::Num::add (line 323) ... ok
[INFO] [stdout] test src/number/number.rs - number::number::Num::from_num (line 59) ... ok
[INFO] [stdout] test src/number/number.rs - number::number::Num::fmt (line 492) ... ok
[INFO] [stdout] test src/number/number.rs - number::number::Num::flip (line 296) ... ok
[INFO] [stdout] test src/number/number.rs - number::number::Num::floor (line 155) ... ok
[INFO] [stdout] test src/number/number.rs - number::number::Num::is_pos (line 174) ... ok
[INFO] [stdout] test src/number/number.rs - number::number::Num::from_big_num (line 77) ... ok
[INFO] [stdout] test src/number/number.rs - number::number::Num::mul_assign (line 590) ... ok
[INFO] [stdout] test src/number/number.rs - number::number::Num::from_string (line 206) ... ok
[INFO] [stdout] test src/number/number.rs - number::number::Num::new (line 36) ... ok
[INFO] [stdout] test src/number/number.rs - number::number::Num::is_nan (line 189) ... ok
[INFO] [stdout] test src/number/number.rs - number::number::Num::fmt (line 475) ... ok
[INFO] [stdout] test src/number/number.rs - number::number::Num::minus (line 278) ... ok
[INFO] [stdout] test src/number/number.rs - number::number::Num::neg (line 381) ... ok
[INFO] [stdout] test src/number/number.rs - number::number::Num::nan (line 132) ... ok
[INFO] [stdout] test src/number/number.rs - number::number::Num::mul (line 354) ... ok
[INFO] [stdout] test src/number/number.rs - number::number::Num::set_copy (line 400) ... ok
[INFO] [stdout] test src/number/number.rs - number::number::Num::set_move (line 419) ... ok
[INFO] [stdout] test src/number/number.rs - number::number::Num::one (line 114) ... ok
[INFO] [stdout] test src/number/number.rs - number::number::Num::to_string (line 242) ... ok
[INFO] [stdout] test src/util/error.rs - util::error::Error::fmt (line 92) ... ok
[INFO] [stdout] test src/number/number.rs - number::number::Num::partial_cmp (line 442) ... ok
[INFO] [stdout] test src/number/number.rs - number::number::Num::zero (line 96) ... ok
[INFO] [stdout] test src/util/error.rs - util::error::Error::from (line 40) ... ok
[INFO] [stdout] test src/util/error.rs - util::error::add_note (line 131) ... ok
[INFO] [stdout] test src/util/error.rs - util::error::Error::get_msg (line 62) ... ok
[INFO] [stdout] test src/util/error.rs - util::error::Error::get_note (line 76) ... ok
[INFO] [stdout] test src/util/error.rs - util::error::Error::new (line 18) ... ok
[INFO] [stdout] test src/util/io.rs - util::io::CustomReader (line 87) ... ok
[INFO] [stdout] test src/util/io.rs - util::io::CustomReader::new (line 132) ... ok
[INFO] [stdout] test src/util/io.rs - util::io::CustomWriter<T>::new (line 55) ... ok
[INFO] [stdout] test src/util/io.rs - util::io::CustomWriter (line 14) ... ok
[INFO] [stdout] test src/util/io.rs - util::io::handle (line 171) ... ok
[INFO] [stdout] test src/util/util.rs - util::util::num_to_unicode (line 65) ... ok
[INFO] [stdout] test src/util/util.rs - util::util::path_to_string (line 17) ... ok
[INFO] [stdout] test src/util/util.rs - util::util::parse_file (line 36) ... FAILED
[INFO] [stdout] 
[INFO] [stdout] failures:
[INFO] [stdout] 
[INFO] [stdout] ---- src/util/util.rs - util::util::parse_file (line 36) stdout ----
[INFO] [stdout] Test executable failed (exit status: 101).
[INFO] [stdout] 
[INFO] [stdout] stderr:
[INFO] [stdout] thread 'main' panicked at src/util/util.rs:11:115:
[INFO] [stdout] called `Result::unwrap()` on an `Err` value: Error { msg: "Os { code: 2, kind: NotFound, message: \"No such file or directory\" }", note: "" }
[INFO] [stdout] stack backtrace:
[INFO] [stdout]    0:     0x562e9805339c - std::backtrace_rs::backtrace::libunwind::trace::ha637c64ce894333a
[INFO] [stdout]                                at /rustc/82e1608dfa6e0b5569232559e3d385fea5a93112/library/std/src/../../backtrace/src/backtrace/libunwind.rs:104:5
[INFO] [stdout]    1:     0x562e9805339c - std::backtrace_rs::backtrace::trace_unsynchronized::h47f62dea28e0c88d
[INFO] [stdout]                                at /rustc/82e1608dfa6e0b5569232559e3d385fea5a93112/library/std/src/../../backtrace/src/backtrace/mod.rs:66:5
[INFO] [stdout]    2:     0x562e9805339c - std::sys_common::backtrace::_print_fmt::h9eef0abe20ede486
[INFO] [stdout]                                at /rustc/82e1608dfa6e0b5569232559e3d385fea5a93112/library/std/src/sys_common/backtrace.rs:67:5
[INFO] [stdout]    3:     0x562e9805339c - <std::sys_common::backtrace::_print::DisplayBacktrace as core::fmt::Display>::fmt::hed7f999df88cc644
[INFO] [stdout]                                at /rustc/82e1608dfa6e0b5569232559e3d385fea5a93112/library/std/src/sys_common/backtrace.rs:44:22
[INFO] [stdout]    4:     0x562e98073200 - core::fmt::rt::Argument::fmt::h1539a9308b8d058d
[INFO] [stdout]                                at /rustc/82e1608dfa6e0b5569232559e3d385fea5a93112/library/core/src/fmt/rt.rs:142:9
[INFO] [stdout]    5:     0x562e98073200 - core::fmt::write::h3a39390d8560d9c9
[INFO] [stdout]                                at /rustc/82e1608dfa6e0b5569232559e3d385fea5a93112/library/core/src/fmt/mod.rs:1120:17
[INFO] [stdout]    6:     0x562e9805184f - std::io::Write::write_fmt::h5fc9997dfe05f882
[INFO] [stdout]                                at /rustc/82e1608dfa6e0b5569232559e3d385fea5a93112/library/std/src/io/mod.rs:1762:15
[INFO] [stdout]    7:     0x562e98053184 - std::sys_common::backtrace::_print::h894006fb5c6f3d45
[INFO] [stdout]                                at /rustc/82e1608dfa6e0b5569232559e3d385fea5a93112/library/std/src/sys_common/backtrace.rs:47:5
[INFO] [stdout]    8:     0x562e98053184 - std::sys_common::backtrace::print::h23a2d212c6fff936
[INFO] [stdout]                                at /rustc/82e1608dfa6e0b5569232559e3d385fea5a93112/library/std/src/sys_common/backtrace.rs:34:9
[INFO] [stdout]    9:     0x562e98054697 - std::panicking::default_hook::{{closure}}::h8a1d2ee00185001a
[INFO] [stdout]   10:     0x562e980543ff - std::panicking::default_hook::h6038f2eba384e475
[INFO] [stdout]                                at /rustc/82e1608dfa6e0b5569232559e3d385fea5a93112/library/std/src/panicking.rs:292:9
[INFO] [stdout]   11:     0x562e98054b18 - std::panicking::rust_panic_with_hook::h2b5517d590cab22e
[INFO] [stdout]                                at /rustc/82e1608dfa6e0b5569232559e3d385fea5a93112/library/std/src/panicking.rs:779:13
[INFO] [stdout]   12:     0x562e980549fe - std::panicking::begin_panic_handler::{{closure}}::h233112c06e0ef43e
[INFO] [stdout]                                at /rustc/82e1608dfa6e0b5569232559e3d385fea5a93112/library/std/src/panicking.rs:657:13
[INFO] [stdout]   13:     0x562e98053866 - std::sys_common::backtrace::__rust_end_short_backtrace::h6e893f24d7ebbff8
[INFO] [stdout]                                at /rustc/82e1608dfa6e0b5569232559e3d385fea5a93112/library/std/src/sys_common/backtrace.rs:170:18
[INFO] [stdout]   14:     0x562e98054762 - rust_begin_unwind
[INFO] [stdout]                                at /rustc/82e1608dfa6e0b5569232559e3d385fea5a93112/library/std/src/panicking.rs:645:5
[INFO] [stdout]   15:     0x562e9801d235 - core::panicking::panic_fmt::hbf0e066aabfa482c
[INFO] [stdout]                                at /rustc/82e1608dfa6e0b5569232559e3d385fea5a93112/library/core/src/panicking.rs:72:14
[INFO] [stdout]   16:     0x562e9801d693 - core::result::unwrap_failed::hddb4fea594200c52
[INFO] [stdout]                                at /rustc/82e1608dfa6e0b5569232559e3d385fea5a93112/library/core/src/result.rs:1653:5
[INFO] [stdout]   17:     0x562e9801dbae - core::result::Result<T,E>::unwrap::h606138b94ff896ef
[INFO] [stdout]   18:     0x562e9801dde7 - rust_out::main::_doctest_main_src_util_util_rs_36_0::h113dc9472d82be1e
[INFO] [stdout]   19:     0x562e9801dcd6 - rust_out::main::hc20c0d07e2402830
[INFO] [stdout]   20:     0x562e9801daa3 - core::ops::function::FnOnce::call_once::hbc459743598298c4
[INFO] [stdout]   21:     0x562e9801da26 - std::sys_common::backtrace::__rust_begin_short_backtrace::h62debe7d3058b76a
[INFO] [stdout]   22:     0x562e9801da79 - std::rt::lang_start::{{closure}}::h8f486f3e1e6418b2
[INFO] [stdout]   23:     0x562e9804eba7 - core::ops::function::impls::<impl core::ops::function::FnOnce<A> for &F>::call_once::hd95060ecd5e1ca24
[INFO] [stdout]                                at /rustc/82e1608dfa6e0b5569232559e3d385fea5a93112/library/core/src/ops/function.rs:284:13
[INFO] [stdout]   24:     0x562e9804eba7 - std::panicking::try::do_call::h6e8cf51db32a6e4b
[INFO] [stdout]                                at /rustc/82e1608dfa6e0b5569232559e3d385fea5a93112/library/std/src/panicking.rs:552:40
[INFO] [stdout]   25:     0x562e9804eba7 - std::panicking::try::h3a52eefe24fe3c29
[INFO] [stdout]                                at /rustc/82e1608dfa6e0b5569232559e3d385fea5a93112/library/std/src/panicking.rs:516:19
[INFO] [stdout]   26:     0x562e9804eba7 - std::panic::catch_unwind::h24c28c23c02c3841
[INFO] [stdout]                                at /rustc/82e1608dfa6e0b5569232559e3d385fea5a93112/library/std/src/panic.rs:142:14
[INFO] [stdout]   27:     0x562e9804eba7 - std::rt::lang_start_internal::{{closure}}::h705d3c9cbc06ef47
[INFO] [stdout]                                at /rustc/82e1608dfa6e0b5569232559e3d385fea5a93112/library/std/src/rt.rs:148:48
[INFO] [stdout]   28:     0x562e9804eba7 - std::panicking::try::do_call::ha21f52ba13158470
[INFO] [stdout]                                at /rustc/82e1608dfa6e0b5569232559e3d385fea5a93112/library/std/src/panicking.rs:552:40
[INFO] [stdout]   29:     0x562e9804eba7 - std::panicking::try::h5581346bf6aeb1f8
[INFO] [stdout]                                at /rustc/82e1608dfa6e0b5569232559e3d385fea5a93112/library/std/src/panicking.rs:516:19
[INFO] [stdout]   30:     0x562e9804eba7 - std::panic::catch_unwind::h7919645a6b72e25b
[INFO] [stdout]                                at /rustc/82e1608dfa6e0b5569232559e3d385fea5a93112/library/std/src/panic.rs:142:14
[INFO] [stdout]   31:     0x562e9804eba7 - std::rt::lang_start_internal::h12de51168669836e
[INFO] [stdout]                                at /rustc/82e1608dfa6e0b5569232559e3d385fea5a93112/library/std/src/rt.rs:148:20
[INFO] [stdout]   32:     0x562e9801da57 - std::rt::lang_start::h2c48f91a7bf85629
[INFO] [stdout]   33:     0x562e9801df65 - main
[INFO] [stdout]   34:     0x7fb919e23d90 - <unknown>
[INFO] [stdout]   35:     0x7fb919e23e40 - __libc_start_main
[INFO] [stdout]   36:     0x562e9801d955 - _start
[INFO] [stdout]   37:                0x0 - <unknown>
[INFO] [stdout] 
[INFO] [stdout] 
[INFO] [stdout] 
[INFO] [stdout] failures:
[INFO] [stdout]     src/util/util.rs - util::util::parse_file (line 36)
[INFO] [stdout] 
[INFO] [stdout] test result: FAILED. 100 passed; 1 failed; 0 ignored; 0 measured; 0 filtered out; finished in 9.83s
[INFO] [stdout] 
[INFO] [stderr] error: doctest failed, to rerun pass `--doc`
[INFO] running `Command { std: "docker" "inspect" "58d0a0fb55428347e60c5495ad8b5473c784efdef4fad0149abe5cffbacd312e", kill_on_drop: false }`
[INFO] running `Command { std: "docker" "rm" "-f" "58d0a0fb55428347e60c5495ad8b5473c784efdef4fad0149abe5cffbacd312e", kill_on_drop: false }`
[INFO] [stdout] 58d0a0fb55428347e60c5495ad8b5473c784efdef4fad0149abe5cffbacd312e
