[INFO] fetching crate hurl 4.1.0...
[INFO] testing hurl-4.1.0 against 1.75.0 for beta-1.76-1
[INFO] extracting crate hurl 4.1.0 into /workspace/builds/worker-6-tc1/source
[INFO] validating manifest of crates.io crate hurl 4.1.0 on toolchain 1.75.0
[INFO] running `Command { std: CARGO_HOME="/workspace/cargo-home" RUSTUP_HOME="/workspace/rustup-home" "/workspace/cargo-home/bin/cargo" "+1.75.0" "metadata" "--manifest-path" "Cargo.toml" "--no-deps", kill_on_drop: false }`
[INFO] started tweaking crates.io crate hurl 4.1.0
[INFO] finished tweaking crates.io crate hurl 4.1.0
[INFO] tweaked toml for crates.io crate hurl 4.1.0 written to /workspace/builds/worker-6-tc1/source/Cargo.toml
[INFO] crate crates.io crate hurl 4.1.0 already has a lockfile, it will not be regenerated
[INFO] running `Command { std: CARGO_HOME="/workspace/cargo-home" RUSTUP_HOME="/workspace/rustup-home" "/workspace/cargo-home/bin/cargo" "+1.75.0" "fetch" "--manifest-path" "Cargo.toml", kill_on_drop: false }`
[INFO] [stderr]     Updating crates.io index
[INFO] [stderr]  Downloading crates ...
[INFO] [stderr]   Downloaded xmltree v0.10.3
[INFO] [stderr]   Downloaded winres v0.1.12
[INFO] [stderr]   Downloaded clap v4.4.4
[INFO] [stderr]   Downloaded termion v2.0.1
[INFO] [stderr]   Downloaded hex-literal v0.4.1
[INFO] [stderr]   Downloaded libflate_lz77 v2.0.0
[INFO] [stderr]   Downloaded dary_heap v0.3.6
[INFO] [stderr]   Downloaded libxml v0.3.3
[INFO] [stderr]   Downloaded clap_builder v4.4.4
[INFO] [stderr]   Downloaded libflate v2.0.0
[INFO] [stderr]   Downloaded hurl_core v4.1.0
[INFO] [stderr]   Downloaded curl-sys v0.4.66+curl-8.3.0
[INFO] [stderr]   Downloaded openssl-src v300.1.5+3.1.3
[INFO] running `Command { std: "docker" "create" "-v" "/var/lib/crater-agent-workspace/builds/worker-6-tc1/target:/opt/rustwide/target:rw,Z" "-v" "/var/lib/crater-agent-workspace/builds/worker-6-tc1/source:/opt/rustwide/workdir:ro,Z" "-v" "/var/lib/crater-agent-workspace/cargo-home:/opt/rustwide/cargo-home:ro,Z" "-v" "/var/lib/crater-agent-workspace/rustup-home:/opt/rustwide/rustup-home:ro,Z" "-e" "SOURCE_DIR=/opt/rustwide/workdir" "-e" "CARGO_TARGET_DIR=/opt/rustwide/target" "-e" "CARGO_HOME=/opt/rustwide/cargo-home" "-e" "RUSTUP_HOME=/opt/rustwide/rustup-home" "-w" "/opt/rustwide/workdir" "-m" "1610612736" "--user" "0:0" "--network" "none" "ghcr.io/rust-lang/crates-build-env/linux@sha256:2788e3201cd34a07e3172128adcd8b3090168a8e3bcc40d7c032b9dda1df7d1c" "/opt/rustwide/cargo-home/bin/cargo" "+1.75.0" "metadata" "--no-deps" "--format-version=1", kill_on_drop: false }`
[INFO] [stdout] d7a140c047c876f76896d414cce49b1519e581c637310b5925a192a1c4c515c2
[INFO] running `Command { std: "docker" "start" "-a" "d7a140c047c876f76896d414cce49b1519e581c637310b5925a192a1c4c515c2", kill_on_drop: false }`
[INFO] running `Command { std: "docker" "inspect" "d7a140c047c876f76896d414cce49b1519e581c637310b5925a192a1c4c515c2", kill_on_drop: false }`
[INFO] running `Command { std: "docker" "rm" "-f" "d7a140c047c876f76896d414cce49b1519e581c637310b5925a192a1c4c515c2", kill_on_drop: false }`
[INFO] [stdout] d7a140c047c876f76896d414cce49b1519e581c637310b5925a192a1c4c515c2
[INFO] running `Command { std: "docker" "create" "-v" "/var/lib/crater-agent-workspace/builds/worker-6-tc1/target:/opt/rustwide/target:rw,Z" "-v" "/var/lib/crater-agent-workspace/builds/worker-6-tc1/source:/opt/rustwide/workdir:ro,Z" "-v" "/var/lib/crater-agent-workspace/cargo-home:/opt/rustwide/cargo-home:ro,Z" "-v" "/var/lib/crater-agent-workspace/rustup-home:/opt/rustwide/rustup-home:ro,Z" "-e" "SOURCE_DIR=/opt/rustwide/workdir" "-e" "CARGO_TARGET_DIR=/opt/rustwide/target" "-e" "CARGO_INCREMENTAL=0" "-e" "RUST_BACKTRACE=full" "-e" "RUSTFLAGS=--cap-lints=warn" "-e" "RUSTDOCFLAGS=--cap-lints=warn" "-e" "CARGO_HOME=/opt/rustwide/cargo-home" "-e" "RUSTUP_HOME=/opt/rustwide/rustup-home" "-w" "/opt/rustwide/workdir" "-m" "1610612736" "--user" "0:0" "--network" "none" "ghcr.io/rust-lang/crates-build-env/linux@sha256:2788e3201cd34a07e3172128adcd8b3090168a8e3bcc40d7c032b9dda1df7d1c" "/opt/rustwide/cargo-home/bin/cargo" "+1.75.0" "build" "--frozen" "--message-format=json", kill_on_drop: false }`
[INFO] [stdout] aea443aa9354b3aeaf2ec575583f22ee11eedafc9a61ab62cfff02f4e5a16d5d
[INFO] running `Command { std: "docker" "start" "-a" "aea443aa9354b3aeaf2ec575583f22ee11eedafc9a61ab62cfff02f4e5a16d5d", kill_on_drop: false }`
[INFO] [stderr]    Compiling pkg-config v0.3.27
[INFO] [stderr]    Compiling libc v0.2.148
[INFO] [stderr]    Compiling vcpkg v0.2.15
[INFO] [stderr]    Compiling rustix v0.38.14
[INFO] [stderr]    Compiling memchr v2.6.3
[INFO] [stderr]    Compiling bitflags v2.4.0
[INFO] [stderr]    Compiling linux-raw-sys v0.4.7
[INFO] [stderr]    Compiling encoding_index_tests v0.1.4
[INFO] [stderr]    Compiling once_cell v1.18.0
[INFO] [stderr]    Compiling tinyvec_macros v0.1.1
[INFO] [stderr]    Compiling ahash v0.8.3
[INFO] [stderr]    Compiling num-traits v0.2.16
[INFO] [stderr]    Compiling indexmap v1.9.3
[INFO] [stderr]    Compiling alloc-no-stdlib v2.0.4
[INFO] [stderr]    Compiling crc32fast v1.3.2
[INFO] [stderr]    Compiling tinyvec v1.6.0
[INFO] [stderr]    Compiling serde v1.0.188
[INFO] [stderr]    Compiling regex-syntax v0.7.5
[INFO] [stderr]    Compiling alloc-stdlib v0.2.2
[INFO] [stderr]    Compiling crypto-common v0.1.6
[INFO] [stderr]    Compiling unicode-bidi v0.3.13
[INFO] [stderr]    Compiling serde_json v1.0.107
[INFO] [stderr]    Compiling curl v0.4.44
[INFO] [stderr]    Compiling percent-encoding v2.3.0
[INFO] [stderr]    Compiling hashbrown v0.12.3
[INFO] [stderr]    Compiling hashbrown v0.13.2
[INFO] [stderr]    Compiling form_urlencoded v1.2.0
[INFO] [stderr]    Compiling aho-corasick v1.1.1
[INFO] [stderr]    Compiling core2 v0.4.0
[INFO] [stderr]    Compiling libxml v0.3.3
[INFO] [stderr]    Compiling digest v0.10.7
[INFO] [stderr]    Compiling brotli-decompressor v2.3.4
[INFO] [stderr]    Compiling unicode-normalization v0.1.22
[INFO] [stderr]    Compiling encoding-index-singlebyte v1.20141219.5
[INFO] [stderr]    Compiling encoding-index-simpchinese v1.20141219.5
[INFO] [stderr]    Compiling encoding-index-korean v1.20141219.5
[INFO] [stderr]    Compiling cc v1.0.83
[INFO] [stderr]    Compiling libflate_lz77 v2.0.0
[INFO] [stderr]    Compiling encoding-index-tradchinese v1.20141219.5
[INFO] [stderr]    Compiling encoding-index-japanese v1.20141219.5
[INFO] [stderr]    Compiling numtoa v0.1.0
[INFO] [stderr]    Compiling getrandom v0.2.10
[INFO] [stderr]    Compiling terminal_size v0.3.0
[INFO] [stderr]    Compiling rand_core v0.6.4
[INFO] [stderr]    Compiling clap_builder v4.4.4
[INFO] [stderr]    Compiling is-terminal v0.4.9
[INFO] [stderr]    Compiling idna v0.4.0
[INFO] [stderr]    Compiling socket2 v0.4.9
[INFO] [stderr]    Compiling cpufeatures v0.2.9
[INFO] [stderr]    Compiling iana-time-zone v0.1.57
[INFO] [stderr]    Compiling float-cmp v0.9.0
[INFO] [stderr]    Compiling adler32 v1.2.0
[INFO] [stderr]    Compiling rand_chacha v0.3.1
[INFO] [stderr]    Compiling xml-rs v0.8.18
[INFO] [stderr]    Compiling ryu v1.0.15
[INFO] [stderr]    Compiling dary_heap v0.3.6
[INFO] [stderr]    Compiling itoa v1.0.9
[INFO] [stderr]    Compiling chrono v0.4.31
[INFO] [stderr]    Compiling libflate v2.0.0
[INFO] [stderr]    Compiling rand v0.8.5
[INFO] [stderr]    Compiling colored v2.0.4
[INFO] [stderr]    Compiling sha2 v0.10.7
[INFO] [stderr]    Compiling brotli v3.3.4
[INFO] [stderr]    Compiling url v2.4.1
[INFO] [stderr]    Compiling regex-automata v0.3.8
[INFO] [stderr]    Compiling xmltree v0.10.3
[INFO] [stderr]    Compiling encoding v0.2.33
[INFO] [stderr]    Compiling uuid v1.4.1
[INFO] [stderr]    Compiling libz-sys v1.1.12
[INFO] [stderr]    Compiling openssl-sys v0.9.93
[INFO] [stderr]    Compiling curl-sys v0.4.66+curl-8.3.0
[INFO] [stderr]    Compiling hurl v4.1.0 (/opt/rustwide/workdir)
[INFO] [stderr]    Compiling termion v2.0.1
[INFO] [stderr]    Compiling md5 v0.7.0
[INFO] [stderr]    Compiling hex v0.4.3
[INFO] [stderr]    Compiling hex-literal v0.4.1
[INFO] [stderr]    Compiling base64 v0.21.4
[INFO] [stderr]    Compiling glob v0.3.1
[INFO] [stderr]    Compiling clap v4.4.4
[INFO] [stderr]    Compiling regex v1.9.5
[INFO] [stderr]    Compiling hurl_core v4.1.0
[INFO] [stderr]     Finished dev [unoptimized + debuginfo] target(s) in 11.43s
[INFO] running `Command { std: "docker" "inspect" "aea443aa9354b3aeaf2ec575583f22ee11eedafc9a61ab62cfff02f4e5a16d5d", kill_on_drop: false }`
[INFO] running `Command { std: "docker" "rm" "-f" "aea443aa9354b3aeaf2ec575583f22ee11eedafc9a61ab62cfff02f4e5a16d5d", kill_on_drop: false }`
[INFO] [stdout] aea443aa9354b3aeaf2ec575583f22ee11eedafc9a61ab62cfff02f4e5a16d5d
[INFO] running `Command { std: "docker" "create" "-v" "/var/lib/crater-agent-workspace/builds/worker-6-tc1/target:/opt/rustwide/target:rw,Z" "-v" "/var/lib/crater-agent-workspace/builds/worker-6-tc1/source:/opt/rustwide/workdir:ro,Z" "-v" "/var/lib/crater-agent-workspace/cargo-home:/opt/rustwide/cargo-home:ro,Z" "-v" "/var/lib/crater-agent-workspace/rustup-home:/opt/rustwide/rustup-home:ro,Z" "-e" "SOURCE_DIR=/opt/rustwide/workdir" "-e" "CARGO_TARGET_DIR=/opt/rustwide/target" "-e" "CARGO_INCREMENTAL=0" "-e" "RUST_BACKTRACE=full" "-e" "RUSTFLAGS=--cap-lints=warn" "-e" "RUSTDOCFLAGS=--cap-lints=warn" "-e" "CARGO_HOME=/opt/rustwide/cargo-home" "-e" "RUSTUP_HOME=/opt/rustwide/rustup-home" "-w" "/opt/rustwide/workdir" "-m" "1610612736" "--user" "0:0" "--network" "none" "ghcr.io/rust-lang/crates-build-env/linux@sha256:2788e3201cd34a07e3172128adcd8b3090168a8e3bcc40d7c032b9dda1df7d1c" "/opt/rustwide/cargo-home/bin/cargo" "+1.75.0" "test" "--frozen" "--no-run" "--message-format=json", kill_on_drop: false }`
[INFO] [stdout] 6bb313280040414e2a4cc625565838e14a88188cf0948c10f1d1850f390c6168
[INFO] running `Command { std: "docker" "start" "-a" "6bb313280040414e2a4cc625565838e14a88188cf0948c10f1d1850f390c6168", kill_on_drop: false }`
[INFO] [stderr]    Compiling hurl v4.1.0 (/opt/rustwide/workdir)
[INFO] [stderr]     Finished test [unoptimized + debuginfo] target(s) in 4.54s
[INFO] running `Command { std: "docker" "inspect" "6bb313280040414e2a4cc625565838e14a88188cf0948c10f1d1850f390c6168", kill_on_drop: false }`
[INFO] running `Command { std: "docker" "rm" "-f" "6bb313280040414e2a4cc625565838e14a88188cf0948c10f1d1850f390c6168", kill_on_drop: false }`
[INFO] [stdout] 6bb313280040414e2a4cc625565838e14a88188cf0948c10f1d1850f390c6168
[INFO] running `Command { std: "docker" "create" "-v" "/var/lib/crater-agent-workspace/builds/worker-6-tc1/target:/opt/rustwide/target:rw,Z" "-v" "/var/lib/crater-agent-workspace/builds/worker-6-tc1/source:/opt/rustwide/workdir:ro,Z" "-v" "/var/lib/crater-agent-workspace/cargo-home:/opt/rustwide/cargo-home:ro,Z" "-v" "/var/lib/crater-agent-workspace/rustup-home:/opt/rustwide/rustup-home:ro,Z" "-e" "SOURCE_DIR=/opt/rustwide/workdir" "-e" "CARGO_TARGET_DIR=/opt/rustwide/target" "-e" "CARGO_INCREMENTAL=0" "-e" "RUST_BACKTRACE=full" "-e" "RUSTFLAGS=--cap-lints=warn" "-e" "RUSTDOCFLAGS=--cap-lints=warn" "-e" "CARGO_HOME=/opt/rustwide/cargo-home" "-e" "RUSTUP_HOME=/opt/rustwide/rustup-home" "-w" "/opt/rustwide/workdir" "-m" "1610612736" "--user" "0:0" "--network" "none" "ghcr.io/rust-lang/crates-build-env/linux@sha256:2788e3201cd34a07e3172128adcd8b3090168a8e3bcc40d7c032b9dda1df7d1c" "/opt/rustwide/cargo-home/bin/cargo" "+1.75.0" "test" "--frozen", kill_on_drop: false }`
[INFO] [stdout] 531dc8f3f64deadcd0baee637955ad9068319c58fbfaf34e9e7a26d9063eda9b
[INFO] running `Command { std: "docker" "start" "-a" "531dc8f3f64deadcd0baee637955ad9068319c58fbfaf34e9e7a26d9063eda9b", kill_on_drop: false }`
[INFO] [stderr]     Finished test [unoptimized + debuginfo] target(s) in 0.06s
[INFO] [stderr]      Running unittests src/lib.rs (/opt/rustwide/target/debug/deps/hurl-bed56a1dfdebde2a)
[INFO] [stdout] 
[INFO] [stdout] running 220 tests
[INFO] [stdout] test html::escape::tests::eval_html_escape ... ok
[INFO] [stdout] test http::certificate::tests::test_parse_subject ... ok
[INFO] [stdout] test http::certificate::tests::test_parse_serial_number ... ok
[INFO] [stdout] test http::certificate::tests::test_parse_start_date ... ok
[INFO] [stdout] test http::client::tests::test_parse_header ... ok
[INFO] [stdout] test http::certificate::tests::test_try_from ... ok
[INFO] [stdout] test http::client::tests::test_redirect_method ... ok
[INFO] [stdout] test http::client::tests::test_split_lines_header ... ok
[INFO] [stdout] test http::client::tests::test_redirect_url ... ok
[INFO] [stdout] test http::client::tests::test_match_cookie ... ok
[INFO] [stdout] test http::cookie::tests::test_cookie_with_invalid_attributes ... ok
[INFO] [stdout] test http::cookie::tests::test_invalid_cookie ... ok
[INFO] [stdout] test http::cookie::tests::test_hsid_cookie ... ok
[INFO] [stdout] test http::cookie::tests::test_parse_cookie_attribute ... ok
[INFO] [stdout] test http::cookie::tests::test_permanent2_cookie ... ok
[INFO] [stdout] test http::cookie::tests::test_permanent_cookie ... ok
[INFO] [stdout] test http::cookie::tests::test_trailing_semicolon ... ok
[INFO] [stdout] test http::cookie::tests::test_session_cookie ... ok
[INFO] [stdout] test http::core::tests::parse_cookie_from_str ... ok
[INFO] [stdout] test http::easy_ext::tests::convert_curl_slist_to_vec ... ok
[INFO] [stdout] test http::cookie::tests::test_lsid_cookie ... ok
[INFO] [stdout] test http::request::tests::test_parse_cookie ... ok
[INFO] [stdout] test http::mimetype::tests::test_charset ... ok
[INFO] [stdout] test http::request_spec_curl_args::tests::method_curl_args ... ok
[INFO] [stdout] test http::request::tests::test_base_url ... ok
[INFO] [stdout] test http::request::tests::test_parse_cookies ... ok
[INFO] [stdout] test http::request_spec_curl_args::tests::post_data_curl_args ... ok
[INFO] [stdout] test http::request::tests::test_cookies ... ok
[INFO] [stdout] test http::request_spec_curl_args::tests::header_curl_args ... ok
[INFO] [stdout] test http::request_spec_curl_args::tests::param_curl_args ... ok
[INFO] [stdout] test http::request_spec_curl_args::tests::test_encode_body ... ok
[INFO] [stdout] test http::request_spec_curl_args::tests::test_encode_shell_string ... ok
[INFO] [stdout] test http::request_spec_curl_args::tests::test_escape_mode ... ok
[INFO] [stdout] test http::request::tests::test_query_string ... ok
[INFO] [stdout] test http::request_spec_curl_args::tests::requests_curl_args ... ok
[INFO] [stdout] test http::options::tests::test_curl_args ... ok
[INFO] [stdout] test http::response::tests::get_header_values ... ok
[INFO] [stdout] test http::request_spec_curl_args::tests::test_escape_string ... ok
[INFO] [stdout] test http::request_spec_curl_args::tests::test_encode_byte ... ok
[INFO] [stdout] test http::response_decoding::tests::test_multiple_content_encoding ... ok
[INFO] [stdout] test http::response_decoding::tests::test_content_encoding ... ok
[INFO] [stdout] test http::response_decoding::tests::test_parse_content_encoding ... ok
[INFO] [stdout] test http::response_decoding::tests::test_content_type ... ok
[INFO] [stdout] test http::response_decoding::tests::test_text ... ok
[INFO] [stdout] test http::response_decoding::tests::test_invalid_charset ... ok
[INFO] [stdout] test http::response_decoding::tests::test_character_encoding ... ok
[INFO] [stdout] test http::response_decoding::tests::test_invalid_decoding ... ok
[INFO] [stdout] test http::response_decoding::tests::test_uncompress_zlib ... ok
[INFO] [stdout] test http::response_decoding::tests::test_uncompress_gzip ... ok
[INFO] [stdout] test jsonpath::eval::selector::tests::test_array_index ... ok
[INFO] [stdout] test jsonpath::ast::tests::test_number ... ok
[INFO] [stdout] test jsonpath::eval::selector::tests::test_selector_name_child ... ok
[INFO] [stdout] test jsonpath::parser::parse::tests::test_key_bracket_selector ... ok
[INFO] [stdout] test jsonpath::eval::selector::tests::test_predicate ... ok
[INFO] [stdout] test jsonpath::eval::selector::tests::test_selector_array_index ... ok
[INFO] [stdout] test jsonpath::eval::selector::tests::test_extract_value ... ok
[INFO] [stdout] test jsonpath::eval::selector::tests::test_recursive_key ... ok
[INFO] [stdout] test jsonpath::eval::selector::tests::test_selector_array_wildcard ... ok
[INFO] [stdout] test jsonpath::parser::parse::tests::test_predicate ... ok
[INFO] [stdout] test jsonpath::eval::selector::tests::test_selector_array_slice ... ok
[INFO] [stdout] test http::response_decoding::tests::test_uncompress_brotli ... ok
[INFO] [stdout] test http::response_decoding::tests::test_uncompress_error ... ok
[INFO] [stdout] test jsonpath::parser::parse::tests::test_query_error ... ok
[INFO] [stdout] test jsonpath::parser::parse::tests::test_query ... ok
[INFO] [stdout] test jsonpath::parser::parse::tests::test_selector_array_index ... ok
[INFO] [stdout] test jsonpath::parser::parse::tests::test_selector_key_dot_notation ... ok
[INFO] [stdout] test jsonpath::parser::parse::tests::test_selector_recursive ... ok
[INFO] [stdout] test jsonpath::parser::parse::tests::test_selector_array_slice ... ok
[INFO] [stdout] test jsonpath::eval::query::tests::test_query ... ok
[INFO] [stdout] test jsonpath::parser::parse::tests::test_predicate_func ... ok
[INFO] [stdout] test jsonpath::parser::parse::tests::test_selector_filter ... ok
[INFO] [stdout] test jsonpath::parser::parse::tests::test_selector_wildcard ... ok
[INFO] [stdout] test jsonpath::parser::parse::tests::test_try_left_bracket ... ok
[INFO] [stdout] test jsonpath::parser::primitives::tests::test_literal ... ok
[INFO] [stdout] test jsonpath::parser::primitives::tests::test_natural ... ok
[INFO] [stdout] test jsonpath::parser::primitives::tests::test_integer ... ok
[INFO] [stdout] test jsonpath::parser::primitives::tests::test_key_name ... ok
[INFO] [stdout] test http::response_decoding::tests::test_uncompress_body ... ok
[INFO] [stdout] test jsonpath::parser::primitives::tests::test_key_path ... ok
[INFO] [stdout] test jsonpath::parser::reader::tests::test_reader ... ok
[INFO] [stdout] test jsonpath::parser::reader::tests::test_try_predicate ... ok
[INFO] [stdout] test jsonpath::parser::primitives::tests::test_number ... ok
[INFO] [stdout] test jsonpath::tests::test_array ... ok
[INFO] [stdout] test jsonpath::tests::test_parsing_error ... ok
[INFO] [stdout] test jsonpath::parser::primitives::tests::test_string_value ... ok
[INFO] [stdout] test jsonpath::parser::primitives::tests::test_natural_error ... ok
[INFO] [stdout] test jsonpath::parser::primitives::tests::test_number_error ... ok
[INFO] [stdout] test report::html::report::tests::test_percentage ... ok
[INFO] [stdout] test jsonpath::tests::test_bookstore_additional ... ok
[INFO] [stdout] test report::html::timeline::svg::tests::group_svg ... ok
[INFO] [stdout] test report::html::timeline::svg::tests::simple_line_svg ... ok
[INFO] [stdout] test jsonpath::tests::test_filter_nested_object ... ok
[INFO] [stdout] test report::html::timeline::nice::tests::test_nice_scale ... ok
[INFO] [stdout] test jsonpath::tests::test_key_access ... ok
[INFO] [stdout] test report::html::timeline::util::tests::truncates ... ok
[INFO] [stdout] test report::html::timeline::util::tests::create_stripes ... ok
[INFO] [stdout] test report::html::timeline::waterfall::tests::legend_svg ... ok
[INFO] [stdout] test report::junit::testcase::test::test_create_testcase_success ... ok
[INFO] [stdout] test report::tap::testcase::tests::parse_tap_test_line ... ok
[INFO] [stdout] test report::html::timeline::waterfall::tests::grid_vert_lines_svg ... ok
[INFO] [stdout] test report::tap::report::tests::test_parse_tap_report ... ok
[INFO] [stdout] test runner::body::tests::test_body_file ... ok
[INFO] [stdout] test runner::body::tests::test_body_file_error ... ok
[INFO] [stdout] test report::html::source::tests::add_underlined_errors ... ok
[INFO] [stdout] test runner::filter::tests::eval_filter_days_after_before_now ... ok
[INFO] [stdout] test runner::assert::tests::test_invalid_xpath ... ok
[INFO] [stdout] test runner::filter::tests::eval_filter_html_escape ... ok
[INFO] [stdout] test runner::filter::tests::eval_filter_format ... ok
[INFO] [stdout] test runner::filter::tests::eval_filter_count ... ok
[INFO] [stdout] test runner::capture::tests::test_capture_unsupported ... ok
[INFO] [stdout] test runner::filter::tests::eval_filter_invalid_regex ... ok
[INFO] [stdout] test runner::filter::tests::eval_filter_nth ... ok
[INFO] [stdout] test runner::filter::tests::eval_filter_split ... ok
[INFO] [stdout] test jsonpath::tests::test_bookstore_path ... ok
[INFO] [stdout] test runner::filter::tests::eval_filter_to_date ... ok
[INFO] [stdout] test runner::filter::tests::eval_filter_to_int ... ok
[INFO] [stdout] test runner::filter::tests::eval_filter_to_int_error ... ok
[INFO] [stdout] test runner::filter::tests::eval_filter_url_decode ... ok
[INFO] [stdout] test report::junit::testcase::test::test_create_testcase_failure ... ok
[INFO] [stdout] test runner::filter::tests::eval_filter_url_encode ... ok
[INFO] [stdout] test report::junit::testcase::test::test_create_testcase_error ... ok
[INFO] [stdout] test runner::json::tests::test_error ... ok
[INFO] [stdout] test runner::filter::tests::test_filters ... ok
[INFO] [stdout] test runner::json::tests::test_escape_sequence ... ok
[INFO] [stdout] test runner::json::tests::test_not_preserving_spaces ... ok
[INFO] [stdout] test runner::json::tests::test_eval_json_template ... ok
[INFO] [stdout] test report::junit::tests::create_junit_report ... ok
[INFO] [stdout] test runner::json::tests::test_encode_json_string ... ok
[INFO] [stdout] test runner::json::tests::test_list_value ... ok
[INFO] [stdout] test runner::json::tests::test_object_value ... ok
[INFO] [stdout] test runner::multipart::tests::test_eval_file_param ... ok
[INFO] [stdout] test runner::multipart::tests::test_file_value_content_type ... ok
[INFO] [stdout] test runner::json::tests::test_scalar_value ... ok
[INFO] [stdout] test runner::predicate::tests::test_assert_value_greater ... ok
[INFO] [stdout] test runner::multiline::tests::eval_graphql_multiline_with_graphql_variables ... ok
[INFO] [stdout] test runner::multiline::tests::eval_graphql_multiline_simple ... ok
[INFO] [stdout] test runner::predicate::tests::test_compare_float ... ok
[INFO] [stdout] test runner::predicate::tests::test_date_predicate ... ok
[INFO] [stdout] test runner::predicate::tests::test_no_type_mismatch_with_none_value ... ok
[INFO] [stdout] test runner::predicate::tests::test_compare_numbers ... ok
[INFO] [stdout] test runner::predicate::tests::test_predicate_exist ... ok
[INFO] [stdout] test runner::predicate::tests::test_predicate ... ok
[INFO] [stdout] test runner::predicate::tests::test_contains ... ok
[INFO] [stdout] test runner::predicate::tests::test_compare_strings ... ok
[INFO] [stdout] test runner::predicate::tests::test_predicate_type ... ok
[INFO] [stdout] test runner::predicate::tests::test_predicate_is_empty_are_false ... ok
[INFO] [stdout] test runner::predicate::tests::test_predicate_not_with_different_types ... ok
[INFO] [stdout] test runner::predicate::tests::test_predicate_is_empty_are_true ... ok
[INFO] [stdout] test runner::predicate::tests::test_predicate_type_mismatch ... ok
[INFO] [stdout] test runner::predicate::tests::test_predicate_type_mismatch_with_unit ... ok
[INFO] [stdout] test runner::predicate::tests::test_predicate_value_equals_booleans ... ok
[INFO] [stdout] test runner::predicate::tests::test_predicate_value_equals_integers ... ok
[INFO] [stdout] test runner::predicate::tests::test_predicate_value_equals_floats ... ok
[INFO] [stdout] test runner::predicate::tests::test_predicate_value_equals_string ... ok
[INFO] [stdout] test runner::predicate::tests::test_predicate_value_error ... ok
[INFO] [stdout] test runner::predicate::tests::test_predicate_value_equals_float_integer ... ok
[INFO] [stdout] test runner::predicate::tests::test_predicate_value_not_equals ... ok
[INFO] [stdout] test runner::query::tests::test_body ... ok
[INFO] [stdout] test runner::predicate::tests::test_predicate_match ... ok
[INFO] [stdout] test runner::query::tests::test_eval_cookie_attribute_name ... ok
[INFO] [stdout] test runner::query::tests::test_query_bytes ... ok
[INFO] [stdout] test runner::query::tests::test_header ... ok
[INFO] [stdout] test runner::query::tests::test_query_invalid_json ... ok
[INFO] [stdout] test runner::query::tests::test_query_certificate ... ok
[INFO] [stdout] test runner::query::tests::test_query_invalid_utf8 ... ok
[INFO] [stdout] test runner::query::tests::test_query_cookie ... ok
[INFO] [stdout] test runner::query::tests::test_header_not_found ... ok
[INFO] [stdout] test runner::query::tests::test_query_json_not_found ... ok
[INFO] [stdout] test runner::query::tests::test_query_jsonpath_invalid_expression ... ok
[INFO] [stdout] test runner::query::tests::test_query_json ... ok
[INFO] [stdout] test runner::query::tests::test_query_status ... ok
[INFO] [stdout] test runner::request::tests::add_cookie_in_storage ... ok
[INFO] [stdout] test runner::query::tests::test_query_sha256 ... ok
[INFO] [stdout] test runner::request::tests::clear_cookie_store ... ok
[INFO] [stdout] test runner::request::tests::test_error_variable ... ok
[INFO] [stdout] test runner::request::tests::test_hello_request ... ok
[INFO] [stdout] test runner::request::tests::test_query_request ... ok
[INFO] [stdout] test runner::response::tests::test_eval_version_status_asserts ... ok
[INFO] [stdout] test runner::template::tests::test_template_element ... ok
[INFO] [stdout] test runner::query::tests::test_query_regex ... ok
[INFO] [stdout] test runner::value::tests::test_to_string ... ok
[INFO] [stdout] test runner::template::tests::test_template_element_error ... ok
[INFO] [stdout] test runner::value::tests::test_is_scalar ... ok
[INFO] [stdout] test runner::response::tests::test_eval_captures ... ok
[INFO] [stdout] test runner::query::tests::test_query_xpath_with_html ... ok
[INFO] [stdout] test runner::xpath::tests::test_bug ... ok
[INFO] [stdout] test runner::capture::tests::test_capture ... ok
[INFO] [stdout] test runner::xpath::tests::test_cafe_xml ... ok
[INFO] [stdout] test runner::filter::tests::eval_filter_replace ... ok
[INFO] [stdout] test runner::xpath::tests::test_cafe_html ... ok
[INFO] [stdout] test runner::xpath::tests::test_invalid_xml ... ok
[INFO] [stdout] test runner::query::tests::test_query_xpath_error_eval ... ok
[INFO] [stdout] test runner::capture::tests::test_invalid_xpath ... ok
[INFO] [stdout] test runner::xpath::tests::test_error_eval ... ok
[INFO] [stdout] test runner::xpath::tests::test_html ... ok
[INFO] [stdout] test runner::assert::tests::test_eval ... ok
[INFO] [stdout] test runner::query::tests::test_query_xpath ... ok
[INFO] [stdout] test runner::xpath::tests::test_default_namespaces ... ok
[INFO] [stdout] test runner::xpath::tests::test_unregistered_function ... ok
[INFO] [stdout] test runner::xpath::tests::test_soap ... ok
[INFO] [stdout] test runner::response::tests::test_eval_asserts ... ok
[INFO] [stdout] test runner::xpath::tests::test_namespaces_with_prefix ... ok
[INFO] [stdout] test runner::xpath::tests::test_namespaces_scoping ... ok
[INFO] [stdout] test runner::xpath::tests::test_xml ... ok
[INFO] [stdout] test util::path::tests::check_filename_allowed_access_with_explicit_absolute_user_file_root ... ok
[INFO] [stdout] test util::path::tests::check_filename_allowed_access_with_explicit_relative_user_file_root ... ok
[INFO] [stdout] test util::path::tests::check_filename_allowed_access_with_implicit_relative_user_file_root ... ok
[INFO] [stdout] test util::path::tests::check_filename_allowed_access_without_user_file_root ... ok
[INFO] [stdout] test util::logger::tests::test_progress_string ... ok
[INFO] [stdout] test util::path::tests::is_descendant_true ... ok
[INFO] [stdout] test util::path::tests::is_descendant_false ... ok
[INFO] [stdout] test util::logger::tests::test_assert_error_status ... ok
[INFO] [stdout] test util::logger::tests::test_assert_error_newline ... ok
[INFO] [stdout] test util::logger::tests::test_add_line_prefix_no_colored ... ok
[INFO] [stdout] test util::logger::tests::test_invalid_xpath_expression ... ok
[INFO] [stdout] test util::logger::tests::test_assert_error_jsonpath ... ok
[INFO] [stdout] test runner::filter::tests::eval_filter_regex ... ok
[INFO] [stdout] test runner::filter::tests::eval_filter_html_unescape ... ok
[INFO] [stdout] test report::html::report::tests::test_parse_html_report ... ok
[INFO] [stdout] test html::unescape::tests::test_html_unescape ... ok
[INFO] [stdout] 
[INFO] [stdout] test result: ok. 220 passed; 0 failed; 0 ignored; 0 measured; 0 filtered out; finished in 0.04s
[INFO] [stdout] 
[INFO] [stderr]      Running unittests src/main.rs (/opt/rustwide/target/debug/deps/hurl-da5a8a500b72d75f)
[INFO] [stdout] 
[INFO] [stdout] running 7 tests
[INFO] [stdout] test cli::fs::tests::test_string_from_utf8_bom ... ok
[INFO] [stdout] test cli::fs::tests::test_strip_bom ... ok
[INFO] [stdout] test cli::options::variables::tests::test_parse_value ... ok
[INFO] [stdout] test cli::options::variables::tests::test_parse_value_error ... ok
[INFO] [stdout] test cli::options::variables::tests::test_parse ... ok
[INFO] [stdout] test cli::options::variables::tests::test_parse_error ... ok
[INFO] [stdout] test tests::create_run_summary ... ok
[INFO] [stdout] 
[INFO] [stdout] test result: ok. 7 passed; 0 failed; 0 ignored; 0 measured; 0 filtered out; finished in 0.00s
[INFO] [stdout] 
[INFO] [stderr]      Running tests/sample.rs (/opt/rustwide/target/debug/deps/sample-c5144e62ac8c7e1c)
[INFO] [stdout] 
[INFO] [stdout] running 1 test
[INFO] [stdout] test simple_sample ... FAILED
[INFO] [stdout] 
[INFO] [stdout] failures:
[INFO] [stdout] 
[INFO] [stdout] ---- simple_sample stdout ----
[INFO] [stdout] error: HTTP connection
[INFO] [stdout]   --> -:2:9
[INFO] [stdout]    |
[INFO] [stdout]  2 |     GET http://localhost:8000/hello
[INFO] [stdout]    |         ^^^^^^^^^^^^^^^^^^^^^^^^^^^ (7) Failed to connect to localhost port 8000 after 0 ms: Connection refused
[INFO] [stdout]    |
[INFO] [stdout] 
[INFO] [stdout] thread 'simple_sample' panicked at tests/sample.rs:33:9:
[INFO] [stdout] assertion failed: result.success
[INFO] [stdout] stack backtrace:
[INFO] [stdout]    0:     0x558d58fceccc - std::backtrace_rs::backtrace::libunwind::trace::ha637c64ce894333a
[INFO] [stdout]                                at /rustc/82e1608dfa6e0b5569232559e3d385fea5a93112/library/std/src/../../backtrace/src/backtrace/libunwind.rs:104:5
[INFO] [stdout]    1:     0x558d58fceccc - std::backtrace_rs::backtrace::trace_unsynchronized::h47f62dea28e0c88d
[INFO] [stdout]                                at /rustc/82e1608dfa6e0b5569232559e3d385fea5a93112/library/std/src/../../backtrace/src/backtrace/mod.rs:66:5
[INFO] [stdout]    2:     0x558d58fceccc - std::sys_common::backtrace::_print_fmt::h9eef0abe20ede486
[INFO] [stdout]                                at /rustc/82e1608dfa6e0b5569232559e3d385fea5a93112/library/std/src/sys_common/backtrace.rs:67:5
[INFO] [stdout]    3:     0x558d58fceccc - <std::sys_common::backtrace::_print::DisplayBacktrace as core::fmt::Display>::fmt::hed7f999df88cc644
[INFO] [stdout]                                at /rustc/82e1608dfa6e0b5569232559e3d385fea5a93112/library/std/src/sys_common/backtrace.rs:44:22
[INFO] [stdout]    4:     0x558d58ffb1b0 - core::fmt::rt::Argument::fmt::h1539a9308b8d058d
[INFO] [stdout]                                at /rustc/82e1608dfa6e0b5569232559e3d385fea5a93112/library/core/src/fmt/rt.rs:142:9
[INFO] [stdout]    5:     0x558d58ffb1b0 - core::fmt::write::h3a39390d8560d9c9
[INFO] [stdout]                                at /rustc/82e1608dfa6e0b5569232559e3d385fea5a93112/library/core/src/fmt/mod.rs:1120:17
[INFO] [stdout]    6:     0x558d58fcc3df - std::io::Write::write_fmt::h040b369f3a0f9cbc
[INFO] [stdout]                                at /rustc/82e1608dfa6e0b5569232559e3d385fea5a93112/library/std/src/io/mod.rs:1762:15
[INFO] [stdout]    7:     0x558d58fceab4 - std::sys_common::backtrace::_print::h894006fb5c6f3d45
[INFO] [stdout]                                at /rustc/82e1608dfa6e0b5569232559e3d385fea5a93112/library/std/src/sys_common/backtrace.rs:47:5
[INFO] [stdout]    8:     0x558d58fceab4 - std::sys_common::backtrace::print::h23a2d212c6fff936
[INFO] [stdout]                                at /rustc/82e1608dfa6e0b5569232559e3d385fea5a93112/library/std/src/sys_common/backtrace.rs:34:9
[INFO] [stdout]    9:     0x558d58fd0777 - std::panicking::default_hook::{{closure}}::h8a1d2ee00185001a
[INFO] [stdout]   10:     0x558d58fd0463 - std::panicking::default_hook::h6038f2eba384e475
[INFO] [stdout]                                at /rustc/82e1608dfa6e0b5569232559e3d385fea5a93112/library/std/src/panicking.rs:289:9
[INFO] [stdout]   11:     0x558d58a00687 - <alloc::boxed::Box<F,A> as core::ops::function::Fn<Args>>::call::h0ad024c9bdc6d768
[INFO] [stdout]                                at /rustc/82e1608dfa6e0b5569232559e3d385fea5a93112/library/alloc/src/boxed.rs:2021:9
[INFO] [stdout]   12:     0x558d58a00687 - test::test_main::{{closure}}::h7500b54257359db6
[INFO] [stdout]                                at /rustc/82e1608dfa6e0b5569232559e3d385fea5a93112/library/test/src/lib.rs:138:21
[INFO] [stdout]   13:     0x558d58fd0d88 - <alloc::boxed::Box<F,A> as core::ops::function::Fn<Args>>::call::h1f8f335eaa9cfaee
[INFO] [stdout]                                at /rustc/82e1608dfa6e0b5569232559e3d385fea5a93112/library/alloc/src/boxed.rs:2021:9
[INFO] [stdout]   14:     0x558d58fd0d88 - std::panicking::rust_panic_with_hook::h2b5517d590cab22e
[INFO] [stdout]                                at /rustc/82e1608dfa6e0b5569232559e3d385fea5a93112/library/std/src/panicking.rs:783:13
[INFO] [stdout]   15:     0x558d58fd0aa9 - std::panicking::begin_panic_handler::{{closure}}::h233112c06e0ef43e
[INFO] [stdout]                                at /rustc/82e1608dfa6e0b5569232559e3d385fea5a93112/library/std/src/panicking.rs:649:13
[INFO] [stdout]   16:     0x558d58fcf196 - std::sys_common::backtrace::__rust_end_short_backtrace::h6e893f24d7ebbff8
[INFO] [stdout]                                at /rustc/82e1608dfa6e0b5569232559e3d385fea5a93112/library/std/src/sys_common/backtrace.rs:170:18
[INFO] [stdout]   17:     0x558d58fd0842 - rust_begin_unwind
[INFO] [stdout]                                at /rustc/82e1608dfa6e0b5569232559e3d385fea5a93112/library/std/src/panicking.rs:645:5
[INFO] [stdout]   18:     0x558d589c82a5 - core::panicking::panic_fmt::hbf0e066aabfa482c
[INFO] [stdout]                                at /rustc/82e1608dfa6e0b5569232559e3d385fea5a93112/library/core/src/panicking.rs:72:14
[INFO] [stdout]   19:     0x558d589c8343 - core::panicking::panic::h195fc2a96298d4c3
[INFO] [stdout]                                at /rustc/82e1608dfa6e0b5569232559e3d385fea5a93112/library/core/src/panicking.rs:127:5
[INFO] [stdout]   20:     0x558d589cb7e6 - sample::simple_sample::check_result::hd143c136d38eac11
[INFO] [stdout]                                at /opt/rustwide/workdir/tests/sample.rs:33:9
[INFO] [stdout]   21:     0x558d589cb638 - sample::simple_sample::h7240812a3705aa75
[INFO] [stdout]                                at /opt/rustwide/workdir/tests/sample.rs:131:5
[INFO] [stdout]   22:     0x558d589caf87 - sample::simple_sample::{{closure}}::hb52e93949f1281c6
[INFO] [stdout]                                at /opt/rustwide/workdir/tests/sample.rs:28:19
[INFO] [stdout]   23:     0x558d589c95a6 - core::ops::function::FnOnce::call_once::hf787d080cee4b3d9
[INFO] [stdout]                                at /rustc/82e1608dfa6e0b5569232559e3d385fea5a93112/library/core/src/ops/function.rs:250:5
[INFO] [stdout]   24:     0x558d58a05cdf - core::ops::function::FnOnce::call_once::h2b5d431d5046312d
[INFO] [stdout]                                at /rustc/82e1608dfa6e0b5569232559e3d385fea5a93112/library/core/src/ops/function.rs:250:5
[INFO] [stdout]   25:     0x558d58a05cdf - test::__rust_begin_short_backtrace::h7714669af176e207
[INFO] [stdout]                                at /rustc/82e1608dfa6e0b5569232559e3d385fea5a93112/library/test/src/lib.rs:628:18
[INFO] [stdout]   26:     0x558d58a04cf5 - test::run_test_in_process::{{closure}}::h85218797dcbcec12
[INFO] [stdout]                                at /rustc/82e1608dfa6e0b5569232559e3d385fea5a93112/library/test/src/lib.rs:651:60
[INFO] [stdout]   27:     0x558d58a04cf5 - <core::panic::unwind_safe::AssertUnwindSafe<F> as core::ops::function::FnOnce<()>>::call_once::h76c106ea31c14d7b
[INFO] [stdout]                                at /rustc/82e1608dfa6e0b5569232559e3d385fea5a93112/library/core/src/panic/unwind_safe.rs:272:9
[INFO] [stdout]   28:     0x558d58a04cf5 - std::panicking::try::do_call::h3bd5d0f6620ee946
[INFO] [stdout]                                at /rustc/82e1608dfa6e0b5569232559e3d385fea5a93112/library/std/src/panicking.rs:552:40
[INFO] [stdout]   29:     0x558d58a04cf5 - std::panicking::try::h232e535e4744fe31
[INFO] [stdout]                                at /rustc/82e1608dfa6e0b5569232559e3d385fea5a93112/library/std/src/panicking.rs:516:19
[INFO] [stdout]   30:     0x558d58a04cf5 - std::panic::catch_unwind::h3ce3bd6ca8dbac68
[INFO] [stdout]                                at /rustc/82e1608dfa6e0b5569232559e3d385fea5a93112/library/std/src/panic.rs:142:14
[INFO] [stdout]   31:     0x558d58a04cf5 - test::run_test_in_process::hc97b257c9621286a
[INFO] [stdout]                                at /rustc/82e1608dfa6e0b5569232559e3d385fea5a93112/library/test/src/lib.rs:651:27
[INFO] [stdout]   32:     0x558d58a04cf5 - test::run_test::{{closure}}::h2aa798823a438d38
[INFO] [stdout]                                at /rustc/82e1608dfa6e0b5569232559e3d385fea5a93112/library/test/src/lib.rs:574:43
[INFO] [stdout]   33:     0x558d589ccfb6 - test::run_test::{{closure}}::h87d231c78fb59832
[INFO] [stdout]                                at /rustc/82e1608dfa6e0b5569232559e3d385fea5a93112/library/test/src/lib.rs:602:41
[INFO] [stdout]   34:     0x558d589ccfb6 - std::sys_common::backtrace::__rust_begin_short_backtrace::he6df152596625789
[INFO] [stdout]                                at /rustc/82e1608dfa6e0b5569232559e3d385fea5a93112/library/std/src/sys_common/backtrace.rs:154:18
[INFO] [stdout]   35:     0x558d589d2067 - std::thread::Builder::spawn_unchecked_::{{closure}}::{{closure}}::ha94be15d1e0acf36
[INFO] [stdout]                                at /rustc/82e1608dfa6e0b5569232559e3d385fea5a93112/library/std/src/thread/mod.rs:529:17
[INFO] [stdout]   36:     0x558d589d2067 - <core::panic::unwind_safe::AssertUnwindSafe<F> as core::ops::function::FnOnce<()>>::call_once::h9dc6bd6372f16606
[INFO] [stdout]                                at /rustc/82e1608dfa6e0b5569232559e3d385fea5a93112/library/core/src/panic/unwind_safe.rs:272:9
[INFO] [stdout]   37:     0x558d589d2067 - std::panicking::try::do_call::h9057517f80303cd4
[INFO] [stdout]                                at /rustc/82e1608dfa6e0b5569232559e3d385fea5a93112/library/std/src/panicking.rs:552:40
[INFO] [stdout]   38:     0x558d589d2067 - std::panicking::try::he3a30b11ee45340c
[INFO] [stdout]                                at /rustc/82e1608dfa6e0b5569232559e3d385fea5a93112/library/std/src/panicking.rs:516:19
[INFO] [stdout]   39:     0x558d589d2067 - std::panic::catch_unwind::h410458cfd3528b8b
[INFO] [stdout]                                at /rustc/82e1608dfa6e0b5569232559e3d385fea5a93112/library/std/src/panic.rs:142:14
[INFO] [stdout]   40:     0x558d589d2067 - std::thread::Builder::spawn_unchecked_::{{closure}}::h72ac3bdb567b737b
[INFO] [stdout]                                at /rustc/82e1608dfa6e0b5569232559e3d385fea5a93112/library/std/src/thread/mod.rs:528:30
[INFO] [stdout]   41:     0x558d589d2067 - core::ops::function::FnOnce::call_once{{vtable.shim}}::h38f34da3654a8344
[INFO] [stdout]                                at /rustc/82e1608dfa6e0b5569232559e3d385fea5a93112/library/core/src/ops/function.rs:250:5
[INFO] [stdout]   42:     0x558d58fd5905 - <alloc::boxed::Box<F,A> as core::ops::function::FnOnce<Args>>::call_once::hc7eafaff61e32df9
[INFO] [stdout]                                at /rustc/82e1608dfa6e0b5569232559e3d385fea5a93112/library/alloc/src/boxed.rs:2007:9
[INFO] [stdout]   43:     0x558d58fd5905 - <alloc::boxed::Box<F,A> as core::ops::function::FnOnce<Args>>::call_once::h6ba4a5de48dd2304
[INFO] [stdout]                                at /rustc/82e1608dfa6e0b5569232559e3d385fea5a93112/library/alloc/src/boxed.rs:2007:9
[INFO] [stdout]   44:     0x558d58fd5905 - std::sys::unix::thread::Thread::new::thread_start::he469335aef763e45
[INFO] [stdout]                                at /rustc/82e1608dfa6e0b5569232559e3d385fea5a93112/library/std/src/sys/unix/thread.rs:108:17
[INFO] [stdout]   45:     0x7f4d3860cac3 - <unknown>
[INFO] [stdout]   46:     0x7f4d3869dbf4 - __clone
[INFO] [stdout]   47:                0x0 - <unknown>
[INFO] [stdout] 
[INFO] [stdout] 
[INFO] [stdout] failures:
[INFO] [stdout]     simple_sample
[INFO] [stdout] 
[INFO] [stdout] test result: FAILED. 0 passed; 1 failed; 0 ignored; 0 measured; 0 filtered out; finished in 0.03s
[INFO] [stdout] 
[INFO] [stderr] error: test failed, to rerun pass `--test sample`
[INFO] running `Command { std: "docker" "inspect" "531dc8f3f64deadcd0baee637955ad9068319c58fbfaf34e9e7a26d9063eda9b", kill_on_drop: false }`
[INFO] running `Command { std: "docker" "rm" "-f" "531dc8f3f64deadcd0baee637955ad9068319c58fbfaf34e9e7a26d9063eda9b", kill_on_drop: false }`
[INFO] [stdout] 531dc8f3f64deadcd0baee637955ad9068319c58fbfaf34e9e7a26d9063eda9b
[INFO] testing hurl-4.1.0 against beta-2023-12-22 for beta-1.76-1
[INFO] extracting crate hurl 4.1.0 into /workspace/builds/worker-6-tc2/source
[INFO] validating manifest of crates.io crate hurl 4.1.0 on toolchain beta-2023-12-22
[INFO] running `Command { std: CARGO_HOME="/workspace/cargo-home" RUSTUP_HOME="/workspace/rustup-home" "/workspace/cargo-home/bin/cargo" "+beta-2023-12-22" "metadata" "--manifest-path" "Cargo.toml" "--no-deps", kill_on_drop: false }`
[INFO] started tweaking crates.io crate hurl 4.1.0
[INFO] finished tweaking crates.io crate hurl 4.1.0
[INFO] tweaked toml for crates.io crate hurl 4.1.0 written to /workspace/builds/worker-6-tc2/source/Cargo.toml
[INFO] crate crates.io crate hurl 4.1.0 already has a lockfile, it will not be regenerated
[INFO] running `Command { std: CARGO_HOME="/workspace/cargo-home" RUSTUP_HOME="/workspace/rustup-home" "/workspace/cargo-home/bin/cargo" "+beta-2023-12-22" "fetch" "--manifest-path" "Cargo.toml", kill_on_drop: false }`
[INFO] running `Command { std: "docker" "create" "-v" "/var/lib/crater-agent-workspace/builds/worker-6-tc2/target:/opt/rustwide/target:rw,Z" "-v" "/var/lib/crater-agent-workspace/builds/worker-6-tc2/source:/opt/rustwide/workdir:ro,Z" "-v" "/var/lib/crater-agent-workspace/cargo-home:/opt/rustwide/cargo-home:ro,Z" "-v" "/var/lib/crater-agent-workspace/rustup-home:/opt/rustwide/rustup-home:ro,Z" "-e" "SOURCE_DIR=/opt/rustwide/workdir" "-e" "CARGO_TARGET_DIR=/opt/rustwide/target" "-e" "CARGO_HOME=/opt/rustwide/cargo-home" "-e" "RUSTUP_HOME=/opt/rustwide/rustup-home" "-w" "/opt/rustwide/workdir" "-m" "1610612736" "--user" "0:0" "--network" "none" "ghcr.io/rust-lang/crates-build-env/linux@sha256:2788e3201cd34a07e3172128adcd8b3090168a8e3bcc40d7c032b9dda1df7d1c" "/opt/rustwide/cargo-home/bin/cargo" "+beta-2023-12-22" "metadata" "--no-deps" "--format-version=1", kill_on_drop: false }`
[INFO] [stdout] 9fc8a737f8450b6def5804944ce18fb19e6cb36e5dc206738a2e646fa2f26318
[INFO] running `Command { std: "docker" "start" "-a" "9fc8a737f8450b6def5804944ce18fb19e6cb36e5dc206738a2e646fa2f26318", kill_on_drop: false }`
[INFO] running `Command { std: "docker" "inspect" "9fc8a737f8450b6def5804944ce18fb19e6cb36e5dc206738a2e646fa2f26318", kill_on_drop: false }`
[INFO] running `Command { std: "docker" "rm" "-f" "9fc8a737f8450b6def5804944ce18fb19e6cb36e5dc206738a2e646fa2f26318", kill_on_drop: false }`
[INFO] [stdout] 9fc8a737f8450b6def5804944ce18fb19e6cb36e5dc206738a2e646fa2f26318
[INFO] running `Command { std: "docker" "create" "-v" "/var/lib/crater-agent-workspace/builds/worker-6-tc2/target:/opt/rustwide/target:rw,Z" "-v" "/var/lib/crater-agent-workspace/builds/worker-6-tc2/source:/opt/rustwide/workdir:ro,Z" "-v" "/var/lib/crater-agent-workspace/cargo-home:/opt/rustwide/cargo-home:ro,Z" "-v" "/var/lib/crater-agent-workspace/rustup-home:/opt/rustwide/rustup-home:ro,Z" "-e" "SOURCE_DIR=/opt/rustwide/workdir" "-e" "CARGO_TARGET_DIR=/opt/rustwide/target" "-e" "CARGO_INCREMENTAL=0" "-e" "RUST_BACKTRACE=full" "-e" "RUSTFLAGS=--cap-lints=warn" "-e" "RUSTDOCFLAGS=--cap-lints=warn" "-e" "CARGO_HOME=/opt/rustwide/cargo-home" "-e" "RUSTUP_HOME=/opt/rustwide/rustup-home" "-w" "/opt/rustwide/workdir" "-m" "1610612736" "--user" "0:0" "--network" "none" "ghcr.io/rust-lang/crates-build-env/linux@sha256:2788e3201cd34a07e3172128adcd8b3090168a8e3bcc40d7c032b9dda1df7d1c" "/opt/rustwide/cargo-home/bin/cargo" "+beta-2023-12-22" "build" "--frozen" "--message-format=json", kill_on_drop: false }`
[INFO] [stdout] ea0f59dcd12f0872af48de3adb77bd91d8cb55aff8bcc0a73020bd3825b15dfa
[INFO] running `Command { std: "docker" "start" "-a" "ea0f59dcd12f0872af48de3adb77bd91d8cb55aff8bcc0a73020bd3825b15dfa", kill_on_drop: false }`
[INFO] [stderr]    Compiling pkg-config v0.3.27
[INFO] [stderr]    Compiling libc v0.2.148
[INFO] [stderr]    Compiling vcpkg v0.2.15
[INFO] [stderr]    Compiling memchr v2.6.3
[INFO] [stderr]    Compiling rustix v0.38.14
[INFO] [stderr]    Compiling linux-raw-sys v0.4.7
[INFO] [stderr]    Compiling encoding_index_tests v0.1.4
[INFO] [stderr]    Compiling bitflags v2.4.0
[INFO] [stderr]    Compiling tinyvec_macros v0.1.1
[INFO] [stderr]    Compiling once_cell v1.18.0
[INFO] [stderr]    Compiling ahash v0.8.3
[INFO] [stderr]    Compiling num-traits v0.2.16
[INFO] [stderr]    Compiling indexmap v1.9.3
[INFO] [stderr]    Compiling serde v1.0.188
[INFO] [stderr]    Compiling crc32fast v1.3.2
[INFO] [stderr]    Compiling tinyvec v1.6.0
[INFO] [stderr]    Compiling regex-syntax v0.7.5
[INFO] [stderr]    Compiling alloc-no-stdlib v2.0.4
[INFO] [stderr]    Compiling alloc-stdlib v0.2.2
[INFO] [stderr]    Compiling crypto-common v0.1.6
[INFO] [stderr]    Compiling curl v0.4.44
[INFO] [stderr]    Compiling serde_json v1.0.107
[INFO] [stderr]    Compiling hashbrown v0.12.3
[INFO] [stderr]    Compiling percent-encoding v2.3.0
[INFO] [stderr]    Compiling unicode-bidi v0.3.13
[INFO] [stderr]    Compiling hashbrown v0.13.2
[INFO] [stderr]    Compiling form_urlencoded v1.2.0
[INFO] [stderr]    Compiling digest v0.10.7
[INFO] [stderr]    Compiling libxml v0.3.3
[INFO] [stderr]    Compiling aho-corasick v1.1.1
[INFO] [stderr]    Compiling core2 v0.4.0
[INFO] [stderr]    Compiling brotli-decompressor v2.3.4
[INFO] [stderr]    Compiling encoding-index-korean v1.20141219.5
[INFO] [stderr]    Compiling encoding-index-singlebyte v1.20141219.5
[INFO] [stderr]    Compiling encoding-index-tradchinese v1.20141219.5
[INFO] [stderr]    Compiling encoding-index-japanese v1.20141219.5
[INFO] [stderr]    Compiling unicode-normalization v0.1.22
[INFO] [stderr]    Compiling encoding-index-simpchinese v1.20141219.5
[INFO] [stderr]    Compiling libflate_lz77 v2.0.0
[INFO] [stderr]    Compiling cc v1.0.83
[INFO] [stderr]    Compiling getrandom v0.2.10
[INFO] [stderr]    Compiling socket2 v0.4.9
[INFO] [stderr]    Compiling dary_heap v0.3.6
[INFO] [stderr]    Compiling terminal_size v0.3.0
[INFO] [stderr]    Compiling rand_core v0.6.4
[INFO] [stderr]    Compiling clap_builder v4.4.4
[INFO] [stderr]    Compiling is-terminal v0.4.9
[INFO] [stderr]    Compiling xml-rs v0.8.18
[INFO] [stderr]    Compiling cpufeatures v0.2.9
[INFO] [stderr]    Compiling iana-time-zone v0.1.57
[INFO] [stderr]    Compiling adler32 v1.2.0
[INFO] [stderr]    Compiling ryu v1.0.15
[INFO] [stderr]    Compiling rand_chacha v0.3.1
[INFO] [stderr]    Compiling idna v0.4.0
[INFO] [stderr]    Compiling float-cmp v0.9.0
[INFO] [stderr]    Compiling itoa v1.0.9
[INFO] [stderr]    Compiling numtoa v0.1.0
[INFO] [stderr]    Compiling colored v2.0.4
[INFO] [stderr]    Compiling chrono v0.4.31
[INFO] [stderr]    Compiling libflate v2.0.0
[INFO] [stderr]    Compiling sha2 v0.10.7
[INFO] [stderr]    Compiling rand v0.8.5
[INFO] [stderr]    Compiling termion v2.0.1
[INFO] [stderr]    Compiling url v2.4.1
[INFO] [stderr]    Compiling regex-automata v0.3.8
[INFO] [stderr]    Compiling xmltree v0.10.3
[INFO] [stderr]    Compiling brotli v3.3.4
[INFO] [stderr]    Compiling uuid v1.4.1
[INFO] [stderr]    Compiling openssl-sys v0.9.93
[INFO] [stderr]    Compiling libz-sys v1.1.12
[INFO] [stderr]    Compiling curl-sys v0.4.66+curl-8.3.0
[INFO] [stderr]    Compiling hurl v4.1.0 (/opt/rustwide/workdir)
[INFO] [stderr]    Compiling encoding v0.2.33
[INFO] [stderr]    Compiling hex-literal v0.4.1
[INFO] [stderr]    Compiling glob v0.3.1
[INFO] [stderr]    Compiling hex v0.4.3
[INFO] [stderr]    Compiling md5 v0.7.0
[INFO] [stderr]    Compiling base64 v0.21.4
[INFO] [stderr]    Compiling clap v4.4.4
[INFO] [stderr]    Compiling regex v1.9.5
[INFO] [stderr]    Compiling hurl_core v4.1.0
[INFO] [stderr]     Finished dev [unoptimized + debuginfo] target(s) in 10.32s
[INFO] running `Command { std: "docker" "inspect" "ea0f59dcd12f0872af48de3adb77bd91d8cb55aff8bcc0a73020bd3825b15dfa", kill_on_drop: false }`
[INFO] running `Command { std: "docker" "rm" "-f" "ea0f59dcd12f0872af48de3adb77bd91d8cb55aff8bcc0a73020bd3825b15dfa", kill_on_drop: false }`
[INFO] [stdout] ea0f59dcd12f0872af48de3adb77bd91d8cb55aff8bcc0a73020bd3825b15dfa
[INFO] running `Command { std: "docker" "create" "-v" "/var/lib/crater-agent-workspace/builds/worker-6-tc2/target:/opt/rustwide/target:rw,Z" "-v" "/var/lib/crater-agent-workspace/builds/worker-6-tc2/source:/opt/rustwide/workdir:ro,Z" "-v" "/var/lib/crater-agent-workspace/cargo-home:/opt/rustwide/cargo-home:ro,Z" "-v" "/var/lib/crater-agent-workspace/rustup-home:/opt/rustwide/rustup-home:ro,Z" "-e" "SOURCE_DIR=/opt/rustwide/workdir" "-e" "CARGO_TARGET_DIR=/opt/rustwide/target" "-e" "CARGO_INCREMENTAL=0" "-e" "RUST_BACKTRACE=full" "-e" "RUSTFLAGS=--cap-lints=warn" "-e" "RUSTDOCFLAGS=--cap-lints=warn" "-e" "CARGO_HOME=/opt/rustwide/cargo-home" "-e" "RUSTUP_HOME=/opt/rustwide/rustup-home" "-w" "/opt/rustwide/workdir" "-m" "1610612736" "--user" "0:0" "--network" "none" "ghcr.io/rust-lang/crates-build-env/linux@sha256:2788e3201cd34a07e3172128adcd8b3090168a8e3bcc40d7c032b9dda1df7d1c" "/opt/rustwide/cargo-home/bin/cargo" "+beta-2023-12-22" "test" "--frozen" "--no-run" "--message-format=json", kill_on_drop: false }`
[INFO] [stdout] 0531aa8e95c636387fabcbca0ea58e8879b0aed1cf32deb85be06b72b8e7fa55
[INFO] running `Command { std: "docker" "start" "-a" "0531aa8e95c636387fabcbca0ea58e8879b0aed1cf32deb85be06b72b8e7fa55", kill_on_drop: false }`
[INFO] [stderr]    Compiling hurl v4.1.0 (/opt/rustwide/workdir)
[INFO] [stderr]     Finished test [unoptimized + debuginfo] target(s) in 4.76s
[INFO] running `Command { std: "docker" "inspect" "0531aa8e95c636387fabcbca0ea58e8879b0aed1cf32deb85be06b72b8e7fa55", kill_on_drop: false }`
[INFO] running `Command { std: "docker" "rm" "-f" "0531aa8e95c636387fabcbca0ea58e8879b0aed1cf32deb85be06b72b8e7fa55", kill_on_drop: false }`
[INFO] [stdout] 0531aa8e95c636387fabcbca0ea58e8879b0aed1cf32deb85be06b72b8e7fa55
[INFO] running `Command { std: "docker" "create" "-v" "/var/lib/crater-agent-workspace/builds/worker-6-tc2/target:/opt/rustwide/target:rw,Z" "-v" "/var/lib/crater-agent-workspace/builds/worker-6-tc2/source:/opt/rustwide/workdir:ro,Z" "-v" "/var/lib/crater-agent-workspace/cargo-home:/opt/rustwide/cargo-home:ro,Z" "-v" "/var/lib/crater-agent-workspace/rustup-home:/opt/rustwide/rustup-home:ro,Z" "-e" "SOURCE_DIR=/opt/rustwide/workdir" "-e" "CARGO_TARGET_DIR=/opt/rustwide/target" "-e" "CARGO_INCREMENTAL=0" "-e" "RUST_BACKTRACE=full" "-e" "RUSTFLAGS=--cap-lints=warn" "-e" "RUSTDOCFLAGS=--cap-lints=warn" "-e" "CARGO_HOME=/opt/rustwide/cargo-home" "-e" "RUSTUP_HOME=/opt/rustwide/rustup-home" "-w" "/opt/rustwide/workdir" "-m" "1610612736" "--user" "0:0" "--network" "none" "ghcr.io/rust-lang/crates-build-env/linux@sha256:2788e3201cd34a07e3172128adcd8b3090168a8e3bcc40d7c032b9dda1df7d1c" "/opt/rustwide/cargo-home/bin/cargo" "+beta-2023-12-22" "test" "--frozen", kill_on_drop: false }`
[INFO] [stdout] 85e7d3ae196825be622365e20ae1dd86a6e0206b0fcadfd7bd0ce5515293cb7d
[INFO] running `Command { std: "docker" "start" "-a" "85e7d3ae196825be622365e20ae1dd86a6e0206b0fcadfd7bd0ce5515293cb7d", kill_on_drop: false }`
[INFO] [stderr]     Finished test [unoptimized + debuginfo] target(s) in 0.07s
[INFO] [stderr]      Running unittests src/lib.rs (/opt/rustwide/target/debug/deps/hurl-5d857ea2a358926f)
[INFO] [stdout] 
[INFO] [stdout] running 220 tests
[INFO] [stdout] test html::escape::tests::eval_html_escape ... ok
[INFO] [stdout] test http::certificate::tests::test_parse_subject ... ok
[INFO] [stdout] test http::certificate::tests::test_parse_start_date ... ok
[INFO] [stdout] test http::client::tests::test_match_cookie ... ok
[INFO] [stdout] test http::certificate::tests::test_parse_serial_number ... ok
[INFO] [stdout] test http::certificate::tests::test_try_from ... ok
[INFO] [stdout] test http::client::tests::test_parse_header ... ok
[INFO] [stdout] test http::client::tests::test_redirect_method ... ok
[INFO] [stdout] test http::client::tests::test_redirect_url ... ok
[INFO] [stdout] test http::client::tests::test_split_lines_header ... ok
[INFO] [stdout] test http::cookie::tests::test_cookie_with_invalid_attributes ... ok
[INFO] [stdout] test http::cookie::tests::test_hsid_cookie ... ok
[INFO] [stdout] test http::cookie::tests::test_invalid_cookie ... ok
[INFO] [stdout] test http::cookie::tests::test_lsid_cookie ... ok
[INFO] [stdout] test http::cookie::tests::test_parse_cookie_attribute ... ok
[INFO] [stdout] test http::cookie::tests::test_permanent2_cookie ... ok
[INFO] [stdout] test http::cookie::tests::test_permanent_cookie ... ok
[INFO] [stdout] test http::cookie::tests::test_trailing_semicolon ... ok
[INFO] [stdout] test http::easy_ext::tests::convert_curl_slist_to_vec ... ok
[INFO] [stdout] test http::core::tests::parse_cookie_from_str ... ok
[INFO] [stdout] test http::cookie::tests::test_session_cookie ... ok
[INFO] [stdout] test http::request::tests::test_cookies ... ok
[INFO] [stdout] test http::request_spec_curl_args::tests::header_curl_args ... ok
[INFO] [stdout] test http::mimetype::tests::test_charset ... ok
[INFO] [stdout] test http::request_spec_curl_args::tests::method_curl_args ... ok
[INFO] [stdout] test http::request_spec_curl_args::tests::param_curl_args ... ok
[INFO] [stdout] test http::request_spec_curl_args::tests::test_encode_body ... ok
[INFO] [stdout] test http::request::tests::test_base_url ... ok
[INFO] [stdout] test http::request::tests::test_parse_cookie ... ok
[INFO] [stdout] test http::request_spec_curl_args::tests::post_data_curl_args ... ok
[INFO] [stdout] test http::request_spec_curl_args::tests::requests_curl_args ... ok
[INFO] [stdout] test http::options::tests::test_curl_args ... ok
[INFO] [stdout] test http::request::tests::test_parse_cookies ... ok
[INFO] [stdout] test http::request::tests::test_query_string ... ok
[INFO] [stdout] test http::request_spec_curl_args::tests::test_encode_byte ... ok
[INFO] [stdout] test http::request_spec_curl_args::tests::test_encode_shell_string ... ok
[INFO] [stdout] test http::request_spec_curl_args::tests::test_escape_mode ... ok
[INFO] [stdout] test http::response::tests::get_header_values ... ok
[INFO] [stdout] test http::response_decoding::tests::test_content_type ... ok
[INFO] [stdout] test http::request_spec_curl_args::tests::test_escape_string ... ok
[INFO] [stdout] test http::response_decoding::tests::test_content_encoding ... ok
[INFO] [stdout] test http::response_decoding::tests::test_multiple_content_encoding ... ok
[INFO] [stdout] test http::response_decoding::tests::test_parse_content_encoding ... ok
[INFO] [stdout] test http::response_decoding::tests::test_character_encoding ... ok
[INFO] [stdout] test http::response_decoding::tests::test_invalid_decoding ... ok
[INFO] [stdout] test http::response_decoding::tests::test_text ... ok
[INFO] [stdout] test http::response_decoding::tests::test_invalid_charset ... ok
[INFO] [stdout] test jsonpath::ast::tests::test_number ... ok
[INFO] [stdout] test http::response_decoding::tests::test_uncompress_gzip ... ok
[INFO] [stdout] test jsonpath::eval::selector::tests::test_extract_value ... ok
[INFO] [stdout] test http::response_decoding::tests::test_uncompress_zlib ... ok
[INFO] [stdout] test jsonpath::eval::selector::tests::test_predicate ... ok
[INFO] [stdout] test jsonpath::eval::selector::tests::test_array_index ... ok
[INFO] [stdout] test jsonpath::eval::selector::tests::test_recursive_key ... ok
[INFO] [stdout] test jsonpath::eval::selector::tests::test_selector_name_child ... ok
[INFO] [stdout] test jsonpath::eval::selector::tests::test_selector_array_wildcard ... ok
[INFO] [stdout] test jsonpath::eval::selector::tests::test_selector_array_index ... ok
[INFO] [stdout] test jsonpath::eval::selector::tests::test_selector_array_slice ... ok
[INFO] [stdout] test http::response_decoding::tests::test_uncompress_brotli ... ok
[INFO] [stdout] test http::response_decoding::tests::test_uncompress_error ... ok
[INFO] [stdout] test jsonpath::parser::parse::tests::test_predicate ... ok
[INFO] [stdout] test http::response_decoding::tests::test_uncompress_body ... ok
[INFO] [stdout] test jsonpath::parser::parse::tests::test_query_error ... ok
[INFO] [stdout] test jsonpath::parser::parse::tests::test_predicate_func ... ok
[INFO] [stdout] test jsonpath::parser::parse::tests::test_selector_array_index ... ok
[INFO] [stdout] test jsonpath::parser::parse::tests::test_selector_array_slice ... ok
[INFO] [stdout] test jsonpath::parser::parse::tests::test_selector_filter ... ok
[INFO] [stdout] test jsonpath::parser::parse::tests::test_selector_key_dot_notation ... ok
[INFO] [stdout] test jsonpath::parser::parse::tests::test_key_bracket_selector ... ok
[INFO] [stdout] test jsonpath::eval::query::tests::test_query ... ok
[INFO] [stdout] test jsonpath::parser::parse::tests::test_selector_wildcard ... ok
[INFO] [stdout] test jsonpath::parser::parse::tests::test_selector_recursive ... ok
[INFO] [stdout] test jsonpath::parser::parse::tests::test_try_left_bracket ... ok
[INFO] [stdout] test jsonpath::parser::parse::tests::test_query ... ok
[INFO] [stdout] test jsonpath::parser::primitives::tests::test_key_name ... ok
[INFO] [stdout] test jsonpath::parser::primitives::tests::test_integer ... ok
[INFO] [stdout] test jsonpath::parser::primitives::tests::test_natural_error ... ok
[INFO] [stdout] test jsonpath::parser::primitives::tests::test_number ... ok
[INFO] [stdout] test jsonpath::parser::primitives::tests::test_key_path ... ok
[INFO] [stdout] test jsonpath::parser::primitives::tests::test_number_error ... ok
[INFO] [stdout] test jsonpath::parser::primitives::tests::test_literal ... ok
[INFO] [stdout] test jsonpath::parser::primitives::tests::test_natural ... ok
[INFO] [stdout] test jsonpath::parser::primitives::tests::test_string_value ... ok
[INFO] [stdout] test jsonpath::parser::reader::tests::test_reader ... ok
[INFO] [stdout] test jsonpath::tests::test_array ... ok
[INFO] [stdout] test jsonpath::parser::reader::tests::test_try_predicate ... ok
[INFO] [stdout] test jsonpath::tests::test_parsing_error ... ok
[INFO] [stdout] test report::html::timeline::svg::tests::group_svg ... ok
[INFO] [stdout] test report::html::timeline::svg::tests::simple_line_svg ... ok
[INFO] [stdout] test report::html::report::tests::test_percentage ... ok
[INFO] [stdout] test jsonpath::tests::test_filter_nested_object ... ok
[INFO] [stdout] test report::html::timeline::waterfall::tests::legend_svg ... ok
[INFO] [stdout] test jsonpath::tests::test_key_access ... ok
[INFO] [stdout] test report::html::timeline::waterfall::tests::grid_vert_lines_svg ... ok
[INFO] [stdout] test report::html::timeline::util::tests::truncates ... ok
[INFO] [stdout] test report::html::timeline::nice::tests::test_nice_scale ... ok
[INFO] [stdout] test report::html::timeline::util::tests::create_stripes ... ok
[INFO] [stdout] test report::tap::testcase::tests::parse_tap_test_line ... ok
[INFO] [stdout] test jsonpath::tests::test_bookstore_additional ... ok
[INFO] [stdout] test runner::assert::tests::test_invalid_xpath ... ok
[INFO] [stdout] test runner::body::tests::test_body_file ... ok
[INFO] [stdout] test runner::body::tests::test_body_file_error ... ok
[INFO] [stdout] test report::junit::testcase::test::test_create_testcase_success ... ok
[INFO] [stdout] test report::tap::report::tests::test_parse_tap_report ... ok
[INFO] [stdout] test runner::capture::tests::test_capture_unsupported ... ok
[INFO] [stdout] test runner::filter::tests::eval_filter_days_after_before_now ... ok
[INFO] [stdout] test runner::filter::tests::eval_filter_count ... ok
[INFO] [stdout] test report::html::source::tests::add_underlined_errors ... ok
[INFO] [stdout] test runner::filter::tests::eval_filter_format ... ok
[INFO] [stdout] test runner::filter::tests::eval_filter_nth ... ok
[INFO] [stdout] test runner::filter::tests::eval_filter_html_escape ... ok
[INFO] [stdout] test jsonpath::tests::test_bookstore_path ... ok
[INFO] [stdout] test runner::filter::tests::eval_filter_invalid_regex ... ok
[INFO] [stdout] test runner::filter::tests::eval_filter_to_date ... ok
[INFO] [stdout] test runner::filter::tests::eval_filter_split ... ok
[INFO] [stdout] test runner::filter::tests::eval_filter_url_decode ... ok
[INFO] [stdout] test runner::filter::tests::eval_filter_to_int ... ok
[INFO] [stdout] test report::junit::testcase::test::test_create_testcase_error ... ok
[INFO] [stdout] test report::junit::testcase::test::test_create_testcase_failure ... ok
[INFO] [stdout] test runner::filter::tests::eval_filter_to_int_error ... ok
[INFO] [stdout] test runner::filter::tests::eval_filter_url_encode ... ok
[INFO] [stdout] test runner::json::tests::test_eval_json_template ... ok
[INFO] [stdout] test runner::filter::tests::test_filters ... ok
[INFO] [stdout] test runner::json::tests::test_encode_json_string ... ok
[INFO] [stdout] test runner::json::tests::test_escape_sequence ... ok
[INFO] [stdout] test runner::json::tests::test_error ... ok
[INFO] [stdout] test runner::json::tests::test_list_value ... ok
[INFO] [stdout] test report::junit::tests::create_junit_report ... ok
[INFO] [stdout] test runner::json::tests::test_object_value ... ok
[INFO] [stdout] test runner::multiline::tests::eval_graphql_multiline_with_graphql_variables ... ok
[INFO] [stdout] test runner::json::tests::test_not_preserving_spaces ... ok
[INFO] [stdout] test runner::multipart::tests::test_eval_file_param ... ok
[INFO] [stdout] test runner::multipart::tests::test_file_value_content_type ... ok
[INFO] [stdout] test runner::json::tests::test_scalar_value ... ok
[INFO] [stdout] test runner::multiline::tests::eval_graphql_multiline_simple ... ok
[INFO] [stdout] test runner::predicate::tests::test_assert_value_greater ... ok
[INFO] [stdout] test runner::predicate::tests::test_compare_float ... ok
[INFO] [stdout] test runner::predicate::tests::test_compare_strings ... ok
[INFO] [stdout] test runner::predicate::tests::test_contains ... ok
[INFO] [stdout] test runner::predicate::tests::test_no_type_mismatch_with_none_value ... ok
[INFO] [stdout] test runner::predicate::tests::test_predicate ... ok
[INFO] [stdout] test runner::predicate::tests::test_compare_numbers ... ok
[INFO] [stdout] test runner::predicate::tests::test_predicate_exist ... ok
[INFO] [stdout] test runner::predicate::tests::test_predicate_is_empty_are_true ... ok
[INFO] [stdout] test runner::predicate::tests::test_date_predicate ... ok
[INFO] [stdout] test runner::predicate::tests::test_predicate_not_with_different_types ... ok
[INFO] [stdout] test runner::predicate::tests::test_predicate_type_mismatch_with_unit ... ok
[INFO] [stdout] test runner::predicate::tests::test_predicate_value_equals_booleans ... ok
[INFO] [stdout] test runner::predicate::tests::test_predicate_type ... ok
[INFO] [stdout] test runner::predicate::tests::test_predicate_type_mismatch ... ok
[INFO] [stdout] test runner::predicate::tests::test_predicate_is_empty_are_false ... ok
[INFO] [stdout] test runner::predicate::tests::test_predicate_match ... ok
[INFO] [stdout] test runner::predicate::tests::test_predicate_value_equals_floats ... ok
[INFO] [stdout] test runner::predicate::tests::test_predicate_value_equals_float_integer ... ok
[INFO] [stdout] test runner::predicate::tests::test_predicate_value_not_equals ... ok
[INFO] [stdout] test runner::predicate::tests::test_predicate_value_equals_integers ... ok
[INFO] [stdout] test runner::query::tests::test_body ... ok
[INFO] [stdout] test runner::query::tests::test_eval_cookie_attribute_name ... ok
[INFO] [stdout] test runner::predicate::tests::test_predicate_value_equals_string ... ok
[INFO] [stdout] test runner::predicate::tests::test_predicate_value_error ... ok
[INFO] [stdout] test runner::query::tests::test_header ... ok
[INFO] [stdout] test runner::query::tests::test_query_certificate ... ok
[INFO] [stdout] test runner::query::tests::test_header_not_found ... ok
[INFO] [stdout] test runner::query::tests::test_query_cookie ... ok
[INFO] [stdout] test runner::query::tests::test_query_bytes ... ok
[INFO] [stdout] test runner::query::tests::test_query_json_not_found ... ok
[INFO] [stdout] test runner::query::tests::test_query_jsonpath_invalid_expression ... ok
[INFO] [stdout] test runner::query::tests::test_query_json ... ok
[INFO] [stdout] test runner::query::tests::test_query_invalid_json ... ok
[INFO] [stdout] test runner::query::tests::test_query_invalid_utf8 ... ok
[INFO] [stdout] test runner::query::tests::test_query_status ... ok
[INFO] [stdout] test runner::query::tests::test_query_sha256 ... ok
[INFO] [stdout] test runner::request::tests::clear_cookie_store ... ok
[INFO] [stdout] test runner::request::tests::add_cookie_in_storage ... ok
[INFO] [stdout] test runner::request::tests::test_query_request ... ok
[INFO] [stdout] test runner::request::tests::test_error_variable ... ok
[INFO] [stdout] test runner::request::tests::test_hello_request ... ok
[INFO] [stdout] test runner::filter::tests::eval_filter_replace ... ok
[INFO] [stdout] test runner::response::tests::test_eval_version_status_asserts ... ok
[INFO] [stdout] test runner::template::tests::test_template_element ... ok
[INFO] [stdout] test runner::template::tests::test_template_element_error ... ok
[INFO] [stdout] test runner::value::tests::test_is_scalar ... ok
[INFO] [stdout] test runner::value::tests::test_to_string ... ok
[INFO] [stdout] test runner::query::tests::test_query_regex ... ok
[INFO] [stdout] test runner::filter::tests::eval_filter_regex ... ok
[INFO] [stdout] test runner::xpath::tests::test_bug ... ok
[INFO] [stdout] test runner::filter::tests::eval_filter_html_unescape ... ok
[INFO] [stdout] test runner::response::tests::test_eval_captures ... ok
[INFO] [stdout] test runner::query::tests::test_query_xpath_with_html ... ok
[INFO] [stdout] test runner::xpath::tests::test_invalid_xml ... ok
[INFO] [stdout] test runner::capture::tests::test_capture ... ok
[INFO] [stdout] test runner::xpath::tests::test_cafe_html ... ok
[INFO] [stdout] test runner::xpath::tests::test_cafe_xml ... ok
[INFO] [stdout] test runner::xpath::tests::test_html ... ok
[INFO] [stdout] test runner::xpath::tests::test_default_namespaces ... ok
[INFO] [stdout] test runner::xpath::tests::test_unregistered_function ... ok
[INFO] [stdout] test runner::capture::tests::test_invalid_xpath ... ok
[INFO] [stdout] test runner::query::tests::test_query_xpath_error_eval ... ok
[INFO] [stdout] test runner::xpath::tests::test_error_eval ... ok
[INFO] [stdout] test runner::response::tests::test_eval_asserts ... ok
[INFO] [stdout] test runner::assert::tests::test_eval ... ok
[INFO] [stdout] test runner::query::tests::test_query_xpath ... ok
[INFO] [stdout] test runner::xpath::tests::test_namespaces_scoping ... ok
[INFO] [stdout] test runner::xpath::tests::test_xml ... ok
[INFO] [stdout] test runner::xpath::tests::test_soap ... ok
[INFO] [stdout] test runner::xpath::tests::test_namespaces_with_prefix ... ok
[INFO] [stdout] test util::logger::tests::test_progress_string ... ok
[INFO] [stdout] test util::path::tests::check_filename_allowed_access_without_user_file_root ... ok
[INFO] [stdout] test util::path::tests::check_filename_allowed_access_with_explicit_relative_user_file_root ... ok
[INFO] [stdout] test util::path::tests::check_filename_allowed_access_with_implicit_relative_user_file_root ... ok
[INFO] [stdout] test util::path::tests::is_descendant_false ... ok
[INFO] [stdout] test util::path::tests::is_descendant_true ... ok
[INFO] [stdout] test util::path::tests::check_filename_allowed_access_with_explicit_absolute_user_file_root ... ok
[INFO] [stdout] test util::logger::tests::test_add_line_prefix_no_colored ... ok
[INFO] [stdout] test util::logger::tests::test_assert_error_status ... ok
[INFO] [stdout] test util::logger::tests::test_invalid_xpath_expression ... ok
[INFO] [stdout] test util::logger::tests::test_assert_error_newline ... ok
[INFO] [stdout] test util::logger::tests::test_assert_error_jsonpath ... ok
[INFO] [stdout] test report::html::report::tests::test_parse_html_report ... ok
[INFO] [stdout] test html::unescape::tests::test_html_unescape ... ok
[INFO] [stdout] 
[INFO] [stdout] test result: ok. 220 passed; 0 failed; 0 ignored; 0 measured; 0 filtered out; finished in 0.04s
[INFO] [stdout] 
[INFO] [stderr]      Running unittests src/main.rs (/opt/rustwide/target/debug/deps/hurl-62128d3e83544088)
[INFO] [stdout] 
[INFO] [stdout] running 7 tests
[INFO] [stdout] test cli::fs::tests::test_strip_bom ... ok
[INFO] [stdout] test cli::fs::tests::test_string_from_utf8_bom ... ok
[INFO] [stdout] test cli::options::variables::tests::test_parse ... ok
[INFO] [stdout] test cli::options::variables::tests::test_parse_error ... ok
[INFO] [stdout] test cli::options::variables::tests::test_parse_value ... ok
[INFO] [stdout] test cli::options::variables::tests::test_parse_value_error ... ok
[INFO] [stdout] test tests::create_run_summary ... ok
[INFO] [stdout] 
[INFO] [stdout] test result: ok. 7 passed; 0 failed; 0 ignored; 0 measured; 0 filtered out; finished in 0.00s
[INFO] [stdout] 
[INFO] [stderr]      Running tests/sample.rs (/opt/rustwide/target/debug/deps/sample-5ef5a86d9a823cc9)
[INFO] [stdout] 
[INFO] [stdout] running 1 test
[INFO] [stdout] test simple_sample ... FAILED
[INFO] [stdout] 
[INFO] [stdout] failures:
[INFO] [stdout] 
[INFO] [stdout] ---- simple_sample stdout ----
[INFO] [stdout] error: HTTP connection
[INFO] [stdout]   --> -:2:9
[INFO] [stdout]    |
[INFO] [stdout]  2 |     GET http://localhost:8000/hello
[INFO] [stdout]    |         ^^^^^^^^^^^^^^^^^^^^^^^^^^^ (7) Failed to connect to localhost port 8000 after 0 ms: Connection refused
[INFO] [stdout]    |
[INFO] [stdout] 
[INFO] [stdout] thread 'simple_sample' panicked at tests/sample.rs:33:9:
[INFO] [stdout] assertion failed: result.success
[INFO] [stdout] stack backtrace:
[INFO] [stdout]    0:     0x559641cf0946 - std::backtrace_rs::backtrace::libunwind::trace::h261606ad26a499c1
[INFO] [stdout]                                at /rustc/0e09125c6c3c2fd70d7de961bcf0e51575235fad/library/std/src/../../backtrace/src/backtrace/libunwind.rs:104:5
[INFO] [stdout]    1:     0x559641cf0946 - std::backtrace_rs::backtrace::trace_unsynchronized::hd183f0625477fb28
[INFO] [stdout]                                at /rustc/0e09125c6c3c2fd70d7de961bcf0e51575235fad/library/std/src/../../backtrace/src/backtrace/mod.rs:66:5
[INFO] [stdout]    2:     0x559641cf0946 - std::sys_common::backtrace::_print_fmt::hd7f8fef21b4eda67
[INFO] [stdout]                                at /rustc/0e09125c6c3c2fd70d7de961bcf0e51575235fad/library/std/src/sys_common/backtrace.rs:68:5
[INFO] [stdout]    3:     0x559641cf0946 - <std::sys_common::backtrace::_print::DisplayBacktrace as core::fmt::Display>::fmt::h623d9b51f2f453f1
[INFO] [stdout]                                at /rustc/0e09125c6c3c2fd70d7de961bcf0e51575235fad/library/std/src/sys_common/backtrace.rs:44:22
[INFO] [stdout]    4:     0x559641d1c100 - core::fmt::rt::Argument::fmt::h9f417ac76a86f368
[INFO] [stdout]                                at /rustc/0e09125c6c3c2fd70d7de961bcf0e51575235fad/library/core/src/fmt/rt.rs:142:9
[INFO] [stdout]    5:     0x559641d1c100 - core::fmt::write::hc9b6faf4ac2aeff7
[INFO] [stdout]                                at /rustc/0e09125c6c3c2fd70d7de961bcf0e51575235fad/library/core/src/fmt/mod.rs:1120:17
[INFO] [stdout]    6:     0x559641cee10f - std::io::Write::write_fmt::he04625a3a989fec3
[INFO] [stdout]                                at /rustc/0e09125c6c3c2fd70d7de961bcf0e51575235fad/library/std/src/io/mod.rs:1810:15
[INFO] [stdout]    7:     0x559641cf0724 - std::sys_common::backtrace::_print::hd5d66399c7df88a2
[INFO] [stdout]                                at /rustc/0e09125c6c3c2fd70d7de961bcf0e51575235fad/library/std/src/sys_common/backtrace.rs:47:5
[INFO] [stdout]    8:     0x559641cf0724 - std::sys_common::backtrace::print::he81ed2da642d37e5
[INFO] [stdout]                                at /rustc/0e09125c6c3c2fd70d7de961bcf0e51575235fad/library/std/src/sys_common/backtrace.rs:34:9
[INFO] [stdout]    9:     0x559641cf2497 - std::panicking::default_hook::{{closure}}::h85773f4fa117163d
[INFO] [stdout]   10:     0x559641cf217d - std::panicking::default_hook::h6a1694a91d09b278
[INFO] [stdout]                                at /rustc/0e09125c6c3c2fd70d7de961bcf0e51575235fad/library/std/src/panicking.rs:289:9
[INFO] [stdout]   11:     0x55964171f637 - <alloc::boxed::Box<F,A> as core::ops::function::Fn<Args>>::call::h616ac37fa3cd6c8f
[INFO] [stdout]                                at /rustc/0e09125c6c3c2fd70d7de961bcf0e51575235fad/library/alloc/src/boxed.rs:2029:9
[INFO] [stdout]   12:     0x55964171f637 - test::test_main::{{closure}}::h00d84697cefdcbb6
[INFO] [stdout]                                at /rustc/0e09125c6c3c2fd70d7de961bcf0e51575235fad/library/test/src/lib.rs:138:21
[INFO] [stdout]   13:     0x559641cf2ab6 - <alloc::boxed::Box<F,A> as core::ops::function::Fn<Args>>::call::hcb3fe3b9bb537ba8
[INFO] [stdout]                                at /rustc/0e09125c6c3c2fd70d7de961bcf0e51575235fad/library/alloc/src/boxed.rs:2029:9
[INFO] [stdout]   14:     0x559641cf2ab6 - std::panicking::rust_panic_with_hook::h0a7ad96e90f7145b
[INFO] [stdout]                                at /rustc/0e09125c6c3c2fd70d7de961bcf0e51575235fad/library/std/src/panicking.rs:783:13
[INFO] [stdout]   15:     0x559641cf27c9 - std::panicking::begin_panic_handler::{{closure}}::h7919090525c6485e
[INFO] [stdout]                                at /rustc/0e09125c6c3c2fd70d7de961bcf0e51575235fad/library/std/src/panicking.rs:649:13
[INFO] [stdout]   16:     0x559641cf0e46 - std::sys_common::backtrace::__rust_end_short_backtrace::hf3289479464f7dfe
[INFO] [stdout]                                at /rustc/0e09125c6c3c2fd70d7de961bcf0e51575235fad/library/std/src/sys_common/backtrace.rs:171:18
[INFO] [stdout]   17:     0x559641cf2560 - rust_begin_unwind
[INFO] [stdout]                                at /rustc/0e09125c6c3c2fd70d7de961bcf0e51575235fad/library/std/src/panicking.rs:645:5
[INFO] [stdout]   18:     0x5596416e6285 - core::panicking::panic_fmt::hcc9f77c5c132af55
[INFO] [stdout]                                at /rustc/0e09125c6c3c2fd70d7de961bcf0e51575235fad/library/core/src/panicking.rs:72:14
[INFO] [stdout]   19:     0x5596416e6343 - core::panicking::panic::h5a1259c1164bd480
[INFO] [stdout]                                at /rustc/0e09125c6c3c2fd70d7de961bcf0e51575235fad/library/core/src/panicking.rs:144:5
[INFO] [stdout]   20:     0x5596416e9816 - sample::simple_sample::check_result::h61cb7d58fb9d094f
[INFO] [stdout]                                at /opt/rustwide/workdir/tests/sample.rs:33:9
[INFO] [stdout]   21:     0x5596416e9662 - sample::simple_sample::h6025fd28cc0a6f71
[INFO] [stdout]                                at /opt/rustwide/workdir/tests/sample.rs:131:5
[INFO] [stdout]   22:     0x5596416e8f87 - sample::simple_sample::{{closure}}::h67368e7d5f251054
[INFO] [stdout]                                at /opt/rustwide/workdir/tests/sample.rs:28:19
[INFO] [stdout]   23:     0x5596416e7536 - core::ops::function::FnOnce::call_once::hd5ddd24dace9d260
[INFO] [stdout]                                at /rustc/0e09125c6c3c2fd70d7de961bcf0e51575235fad/library/core/src/ops/function.rs:250:5
[INFO] [stdout]   24:     0x559641724f0f - core::ops::function::FnOnce::call_once::hd64d26f405258157
[INFO] [stdout]                                at /rustc/0e09125c6c3c2fd70d7de961bcf0e51575235fad/library/core/src/ops/function.rs:250:5
[INFO] [stdout]   25:     0x559641724f0f - test::__rust_begin_short_backtrace::he21b0b7a6d731bf9
[INFO] [stdout]                                at /rustc/0e09125c6c3c2fd70d7de961bcf0e51575235fad/library/test/src/lib.rs:627:18
[INFO] [stdout]   26:     0x559641723c91 - test::run_test_in_process::{{closure}}::hf5c73986d7bdfde2
[INFO] [stdout]                                at /rustc/0e09125c6c3c2fd70d7de961bcf0e51575235fad/library/test/src/lib.rs:650:60
[INFO] [stdout]   27:     0x559641723c91 - <core::panic::unwind_safe::AssertUnwindSafe<F> as core::ops::function::FnOnce<()>>::call_once::h330011ad032aadc0
[INFO] [stdout]                                at /rustc/0e09125c6c3c2fd70d7de961bcf0e51575235fad/library/core/src/panic/unwind_safe.rs:272:9
[INFO] [stdout]   28:     0x559641723c91 - std::panicking::try::do_call::he61b0a958b795a41
[INFO] [stdout]                                at /rustc/0e09125c6c3c2fd70d7de961bcf0e51575235fad/library/std/src/panicking.rs:552:40
[INFO] [stdout]   29:     0x559641723c91 - std::panicking::try::h7309da130f906eb7
[INFO] [stdout]                                at /rustc/0e09125c6c3c2fd70d7de961bcf0e51575235fad/library/std/src/panicking.rs:516:19
[INFO] [stdout]   30:     0x559641723c91 - std::panic::catch_unwind::hc5c3a06fdaf0a92a
[INFO] [stdout]                                at /rustc/0e09125c6c3c2fd70d7de961bcf0e51575235fad/library/std/src/panic.rs:142:14
[INFO] [stdout]   31:     0x559641723c91 - test::run_test_in_process::h7e7b7c71c3324e0f
[INFO] [stdout]                                at /rustc/0e09125c6c3c2fd70d7de961bcf0e51575235fad/library/test/src/lib.rs:650:27
[INFO] [stdout]   32:     0x559641723c91 - test::run_test::{{closure}}::h1f509f28f5cf20b1
[INFO] [stdout]                                at /rustc/0e09125c6c3c2fd70d7de961bcf0e51575235fad/library/test/src/lib.rs:573:43
[INFO] [stdout]   33:     0x5596416eafc6 - test::run_test::{{closure}}::h1754218abf443f6d
[INFO] [stdout]                                at /rustc/0e09125c6c3c2fd70d7de961bcf0e51575235fad/library/test/src/lib.rs:601:41
[INFO] [stdout]   34:     0x5596416eafc6 - std::sys_common::backtrace::__rust_begin_short_backtrace::h2ee174b9d5954948
[INFO] [stdout]                                at /rustc/0e09125c6c3c2fd70d7de961bcf0e51575235fad/library/std/src/sys_common/backtrace.rs:155:18
[INFO] [stdout]   35:     0x5596416f0027 - std::thread::Builder::spawn_unchecked_::{{closure}}::{{closure}}::hf60bee9c1a17ef09
[INFO] [stdout]                                at /rustc/0e09125c6c3c2fd70d7de961bcf0e51575235fad/library/std/src/thread/mod.rs:529:17
[INFO] [stdout]   36:     0x5596416f0027 - <core::panic::unwind_safe::AssertUnwindSafe<F> as core::ops::function::FnOnce<()>>::call_once::h33d0dddec5216160
[INFO] [stdout]                                at /rustc/0e09125c6c3c2fd70d7de961bcf0e51575235fad/library/core/src/panic/unwind_safe.rs:272:9
[INFO] [stdout]   37:     0x5596416f0027 - std::panicking::try::do_call::h144b3048b546f835
[INFO] [stdout]                                at /rustc/0e09125c6c3c2fd70d7de961bcf0e51575235fad/library/std/src/panicking.rs:552:40
[INFO] [stdout]   38:     0x5596416f0027 - std::panicking::try::h978244d04646189f
[INFO] [stdout]                                at /rustc/0e09125c6c3c2fd70d7de961bcf0e51575235fad/library/std/src/panicking.rs:516:19
[INFO] [stdout]   39:     0x5596416f0027 - std::panic::catch_unwind::hdf436369d188fe86
[INFO] [stdout]                                at /rustc/0e09125c6c3c2fd70d7de961bcf0e51575235fad/library/std/src/panic.rs:142:14
[INFO] [stdout]   40:     0x5596416f0027 - std::thread::Builder::spawn_unchecked_::{{closure}}::h87329cbdd33c79ec
[INFO] [stdout]                                at /rustc/0e09125c6c3c2fd70d7de961bcf0e51575235fad/library/std/src/thread/mod.rs:528:30
[INFO] [stdout]   41:     0x5596416f0027 - core::ops::function::FnOnce::call_once{{vtable.shim}}::h401abbe67897d450
[INFO] [stdout]                                at /rustc/0e09125c6c3c2fd70d7de961bcf0e51575235fad/library/core/src/ops/function.rs:250:5
[INFO] [stdout]   42:     0x559641cf7655 - <alloc::boxed::Box<F,A> as core::ops::function::FnOnce<Args>>::call_once::h5d7c8f150ab9c84c
[INFO] [stdout]                                at /rustc/0e09125c6c3c2fd70d7de961bcf0e51575235fad/library/alloc/src/boxed.rs:2015:9
[INFO] [stdout]   43:     0x559641cf7655 - <alloc::boxed::Box<F,A> as core::ops::function::FnOnce<Args>>::call_once::h570d5b005c242c15
[INFO] [stdout]                                at /rustc/0e09125c6c3c2fd70d7de961bcf0e51575235fad/library/alloc/src/boxed.rs:2015:9
[INFO] [stdout]   44:     0x559641cf7655 - std::sys::unix::thread::Thread::new::thread_start::h36b0a20c0b2361ad
[INFO] [stdout]                                at /rustc/0e09125c6c3c2fd70d7de961bcf0e51575235fad/library/std/src/sys/unix/thread.rs:108:17
[INFO] [stdout]   45:     0x7fe965f98ac3 - <unknown>
[INFO] [stdout]   46:     0x7fe966029bf4 - __clone
[INFO] [stdout]   47:                0x0 - <unknown>
[INFO] [stdout] 
[INFO] [stdout] 
[INFO] [stdout] failures:
[INFO] [stdout]     simple_sample
[INFO] [stdout] 
[INFO] [stdout] test result: FAILED. 0 passed; 1 failed; 0 ignored; 0 measured; 0 filtered out; finished in 0.03s
[INFO] [stdout] 
[INFO] [stderr] error: test failed, to rerun pass `--test sample`
[INFO] running `Command { std: "docker" "inspect" "85e7d3ae196825be622365e20ae1dd86a6e0206b0fcadfd7bd0ce5515293cb7d", kill_on_drop: false }`
[INFO] running `Command { std: "docker" "rm" "-f" "85e7d3ae196825be622365e20ae1dd86a6e0206b0fcadfd7bd0ce5515293cb7d", kill_on_drop: false }`
[INFO] [stdout] 85e7d3ae196825be622365e20ae1dd86a6e0206b0fcadfd7bd0ce5515293cb7d
