[INFO] fetching crate htu21df-sensor 0.1.3...
[INFO] testing htu21df-sensor-0.1.3 against 1.75.0 for beta-1.76-1
[INFO] extracting crate htu21df-sensor 0.1.3 into /workspace/builds/worker-3-tc1/source
[INFO] validating manifest of crates.io crate htu21df-sensor 0.1.3 on toolchain 1.75.0
[INFO] running `Command { std: CARGO_HOME="/workspace/cargo-home" RUSTUP_HOME="/workspace/rustup-home" "/workspace/cargo-home/bin/cargo" "+1.75.0" "metadata" "--manifest-path" "Cargo.toml" "--no-deps", kill_on_drop: false }`
[INFO] started tweaking crates.io crate htu21df-sensor 0.1.3
[INFO] finished tweaking crates.io crate htu21df-sensor 0.1.3
[INFO] tweaked toml for crates.io crate htu21df-sensor 0.1.3 written to /workspace/builds/worker-3-tc1/source/Cargo.toml
[INFO] running `Command { std: CARGO_HOME="/workspace/cargo-home" RUSTUP_HOME="/workspace/rustup-home" "/workspace/cargo-home/bin/cargo" "+1.75.0" "generate-lockfile" "--manifest-path" "Cargo.toml", kill_on_drop: false }`
[INFO] [stderr]     Updating crates.io index
[INFO] running `Command { std: CARGO_HOME="/workspace/cargo-home" RUSTUP_HOME="/workspace/rustup-home" "/workspace/cargo-home/bin/cargo" "+1.75.0" "fetch" "--manifest-path" "Cargo.toml", kill_on_drop: false }`
[INFO] running `Command { std: "docker" "create" "-v" "/var/lib/crater-agent-workspace/builds/worker-3-tc1/target:/opt/rustwide/target:rw,Z" "-v" "/var/lib/crater-agent-workspace/builds/worker-3-tc1/source:/opt/rustwide/workdir:ro,Z" "-v" "/var/lib/crater-agent-workspace/cargo-home:/opt/rustwide/cargo-home:ro,Z" "-v" "/var/lib/crater-agent-workspace/rustup-home:/opt/rustwide/rustup-home:ro,Z" "-e" "SOURCE_DIR=/opt/rustwide/workdir" "-e" "CARGO_TARGET_DIR=/opt/rustwide/target" "-e" "CARGO_HOME=/opt/rustwide/cargo-home" "-e" "RUSTUP_HOME=/opt/rustwide/rustup-home" "-w" "/opt/rustwide/workdir" "-m" "1610612736" "--user" "0:0" "--network" "none" "ghcr.io/rust-lang/crates-build-env/linux@sha256:2788e3201cd34a07e3172128adcd8b3090168a8e3bcc40d7c032b9dda1df7d1c" "/opt/rustwide/cargo-home/bin/cargo" "+1.75.0" "metadata" "--no-deps" "--format-version=1", kill_on_drop: false }`
[INFO] [stdout] 18d9506411ec3d565059b91a65a1f7ba39b60f0a9169033d3721434e6366f00b
[INFO] running `Command { std: "docker" "start" "-a" "18d9506411ec3d565059b91a65a1f7ba39b60f0a9169033d3721434e6366f00b", kill_on_drop: false }`
[INFO] running `Command { std: "docker" "inspect" "18d9506411ec3d565059b91a65a1f7ba39b60f0a9169033d3721434e6366f00b", kill_on_drop: false }`
[INFO] running `Command { std: "docker" "rm" "-f" "18d9506411ec3d565059b91a65a1f7ba39b60f0a9169033d3721434e6366f00b", kill_on_drop: false }`
[INFO] [stdout] 18d9506411ec3d565059b91a65a1f7ba39b60f0a9169033d3721434e6366f00b
[INFO] running `Command { std: "docker" "create" "-v" "/var/lib/crater-agent-workspace/builds/worker-3-tc1/target:/opt/rustwide/target:rw,Z" "-v" "/var/lib/crater-agent-workspace/builds/worker-3-tc1/source:/opt/rustwide/workdir:ro,Z" "-v" "/var/lib/crater-agent-workspace/cargo-home:/opt/rustwide/cargo-home:ro,Z" "-v" "/var/lib/crater-agent-workspace/rustup-home:/opt/rustwide/rustup-home:ro,Z" "-e" "SOURCE_DIR=/opt/rustwide/workdir" "-e" "CARGO_TARGET_DIR=/opt/rustwide/target" "-e" "CARGO_INCREMENTAL=0" "-e" "RUST_BACKTRACE=full" "-e" "RUSTFLAGS=--cap-lints=warn" "-e" "RUSTDOCFLAGS=--cap-lints=warn" "-e" "CARGO_HOME=/opt/rustwide/cargo-home" "-e" "RUSTUP_HOME=/opt/rustwide/rustup-home" "-w" "/opt/rustwide/workdir" "-m" "1610612736" "--user" "0:0" "--network" "none" "ghcr.io/rust-lang/crates-build-env/linux@sha256:2788e3201cd34a07e3172128adcd8b3090168a8e3bcc40d7c032b9dda1df7d1c" "/opt/rustwide/cargo-home/bin/cargo" "+1.75.0" "build" "--frozen" "--message-format=json", kill_on_drop: false }`
[INFO] [stdout] d850dc164f7e908ebe22ad833189122f69a8d71b137a52846aa56f63767b5352
[INFO] running `Command { std: "docker" "start" "-a" "d850dc164f7e908ebe22ad833189122f69a8d71b137a52846aa56f63767b5352", kill_on_drop: false }`
[INFO] [stderr]    Compiling nb v1.1.0
[INFO] [stderr]    Compiling void v1.0.2
[INFO] [stderr]    Compiling nb v0.1.3
[INFO] [stderr]    Compiling embedded-hal v0.2.7
[INFO] [stderr]    Compiling htu21df-sensor v0.1.3 (/opt/rustwide/workdir)
[INFO] [stderr]     Finished dev [unoptimized + debuginfo] target(s) in 0.20s
[INFO] running `Command { std: "docker" "inspect" "d850dc164f7e908ebe22ad833189122f69a8d71b137a52846aa56f63767b5352", kill_on_drop: false }`
[INFO] running `Command { std: "docker" "rm" "-f" "d850dc164f7e908ebe22ad833189122f69a8d71b137a52846aa56f63767b5352", kill_on_drop: false }`
[INFO] [stdout] d850dc164f7e908ebe22ad833189122f69a8d71b137a52846aa56f63767b5352
[INFO] running `Command { std: "docker" "create" "-v" "/var/lib/crater-agent-workspace/builds/worker-3-tc1/target:/opt/rustwide/target:rw,Z" "-v" "/var/lib/crater-agent-workspace/builds/worker-3-tc1/source:/opt/rustwide/workdir:ro,Z" "-v" "/var/lib/crater-agent-workspace/cargo-home:/opt/rustwide/cargo-home:ro,Z" "-v" "/var/lib/crater-agent-workspace/rustup-home:/opt/rustwide/rustup-home:ro,Z" "-e" "SOURCE_DIR=/opt/rustwide/workdir" "-e" "CARGO_TARGET_DIR=/opt/rustwide/target" "-e" "CARGO_INCREMENTAL=0" "-e" "RUST_BACKTRACE=full" "-e" "RUSTFLAGS=--cap-lints=warn" "-e" "RUSTDOCFLAGS=--cap-lints=warn" "-e" "CARGO_HOME=/opt/rustwide/cargo-home" "-e" "RUSTUP_HOME=/opt/rustwide/rustup-home" "-w" "/opt/rustwide/workdir" "-m" "1610612736" "--user" "0:0" "--network" "none" "ghcr.io/rust-lang/crates-build-env/linux@sha256:2788e3201cd34a07e3172128adcd8b3090168a8e3bcc40d7c032b9dda1df7d1c" "/opt/rustwide/cargo-home/bin/cargo" "+1.75.0" "test" "--frozen" "--no-run" "--message-format=json", kill_on_drop: false }`
[INFO] [stdout] fa9eae4cb8e0d90c17d79286da30e8302937242f489ecb953a0fa4882bdadde0
[INFO] running `Command { std: "docker" "start" "-a" "fa9eae4cb8e0d90c17d79286da30e8302937242f489ecb953a0fa4882bdadde0", kill_on_drop: false }`
[INFO] [stderr]    Compiling htu21df-sensor v0.1.3 (/opt/rustwide/workdir)
[INFO] [stderr]     Finished test [unoptimized + debuginfo] target(s) in 0.38s
[INFO] running `Command { std: "docker" "inspect" "fa9eae4cb8e0d90c17d79286da30e8302937242f489ecb953a0fa4882bdadde0", kill_on_drop: false }`
[INFO] running `Command { std: "docker" "rm" "-f" "fa9eae4cb8e0d90c17d79286da30e8302937242f489ecb953a0fa4882bdadde0", kill_on_drop: false }`
[INFO] [stdout] fa9eae4cb8e0d90c17d79286da30e8302937242f489ecb953a0fa4882bdadde0
[INFO] running `Command { std: "docker" "create" "-v" "/var/lib/crater-agent-workspace/builds/worker-3-tc1/target:/opt/rustwide/target:rw,Z" "-v" "/var/lib/crater-agent-workspace/builds/worker-3-tc1/source:/opt/rustwide/workdir:ro,Z" "-v" "/var/lib/crater-agent-workspace/cargo-home:/opt/rustwide/cargo-home:ro,Z" "-v" "/var/lib/crater-agent-workspace/rustup-home:/opt/rustwide/rustup-home:ro,Z" "-e" "SOURCE_DIR=/opt/rustwide/workdir" "-e" "CARGO_TARGET_DIR=/opt/rustwide/target" "-e" "CARGO_INCREMENTAL=0" "-e" "RUST_BACKTRACE=full" "-e" "RUSTFLAGS=--cap-lints=warn" "-e" "RUSTDOCFLAGS=--cap-lints=warn" "-e" "CARGO_HOME=/opt/rustwide/cargo-home" "-e" "RUSTUP_HOME=/opt/rustwide/rustup-home" "-w" "/opt/rustwide/workdir" "-m" "1610612736" "--user" "0:0" "--network" "none" "ghcr.io/rust-lang/crates-build-env/linux@sha256:2788e3201cd34a07e3172128adcd8b3090168a8e3bcc40d7c032b9dda1df7d1c" "/opt/rustwide/cargo-home/bin/cargo" "+1.75.0" "test" "--frozen", kill_on_drop: false }`
[INFO] [stdout] f6661569c2d5227fa67ea144b25dc98ee3212ec58d829a5f7701129f4d6b92f1
[INFO] running `Command { std: "docker" "start" "-a" "f6661569c2d5227fa67ea144b25dc98ee3212ec58d829a5f7701129f4d6b92f1", kill_on_drop: false }`
[INFO] [stderr]     Finished test [unoptimized + debuginfo] target(s) in 0.01s
[INFO] [stderr]      Running unittests src/lib.rs (/opt/rustwide/target/debug/deps/htu21df_sensor-3df94b72876a0f92)
[INFO] [stdout] 
[INFO] [stdout] running 3 tests
[INFO] [stdout] test tests::crc ... ok
[INFO] [stdout] test tests::humidity ... ok
[INFO] [stdout] test tests::temp ... ok
[INFO] [stdout] 
[INFO] [stdout] test result: ok. 3 passed; 0 failed; 0 ignored; 0 measured; 0 filtered out; finished in 0.00s
[INFO] [stdout] 
[INFO] [stderr]    Doc-tests htu21df-sensor
[INFO] [stdout] 
[INFO] [stdout] running 1 test
[INFO] [stdout] test src/lib.rs - (line 24) - compile ... FAILED
[INFO] [stdout] 
[INFO] [stdout] failures:
[INFO] [stdout] 
[INFO] [stdout] ---- src/lib.rs - (line 24) stdout ----
[INFO] [stdout] error[E0433]: failed to resolve: use of undeclared crate or module `hal`
[INFO] [stdout]  --> src/lib.rs:27:6
[INFO] [stdout]   |
[INFO] [stdout] 6 |  use hal::{clock::ClockControl, gpio::IO, i2c::I2C, peripherals::Peripherals,
[INFO] [stdout]   |      ^^^ use of undeclared crate or module `hal`
[INFO] [stdout] 
[INFO] [stdout] error[E0432]: unresolved import `esp_println`
[INFO] [stdout]  --> src/lib.rs:26:5
[INFO] [stdout]   |
[INFO] [stdout] 5 | use esp_println::{print, println};
[INFO] [stdout]   |     ^^^^^^^^^^^ use of undeclared crate or module `esp_println`
[INFO] [stdout] 
[INFO] [stdout] error[E0432]: unresolved import `hal`
[INFO] [stdout]  --> src/lib.rs:27:6
[INFO] [stdout]   |
[INFO] [stdout] 6 |  use hal::{clock::ClockControl, gpio::IO, i2c::I2C, peripherals::Peripherals,
[INFO] [stdout]   |      ^^^ use of undeclared crate or module `hal`
[INFO] [stdout] 
[INFO] [stdout] error: cannot determine resolution for the macro `println`
[INFO] [stdout]   --> src/lib.rs:62:2
[INFO] [stdout]    |
[INFO] [stdout] 41 |  println!(" done. temperature: {} °C, rel. humidity: {} %", temperature, humidity);
[INFO] [stdout]    |  ^^^^^^^
[INFO] [stdout]    |
[INFO] [stdout]    = note: import resolution is stuck, try simplifying macro imports
[INFO] [stdout] 
[INFO] [stdout] error: cannot determine resolution for the macro `print`
[INFO] [stdout]   --> src/lib.rs:58:2
[INFO] [stdout]    |
[INFO] [stdout] 37 |  print!("measuring ...");
[INFO] [stdout]    |  ^^^^^
[INFO] [stdout]    |
[INFO] [stdout]    = note: import resolution is stuck, try simplifying macro imports
[INFO] [stdout] 
[INFO] [stdout] error: cannot determine resolution for the macro `println`
[INFO] [stdout]   --> src/lib.rs:54:2
[INFO] [stdout]    |
[INFO] [stdout] 33 |  println!("initializing HTU21D ...");
[INFO] [stdout]    |  ^^^^^^^
[INFO] [stdout]    |
[INFO] [stdout]    = note: import resolution is stuck, try simplifying macro imports
[INFO] [stdout] 
[INFO] [stdout] error[E0433]: failed to resolve: use of undeclared crate or module `shared_bus`
[INFO] [stdout]   --> src/lib.rs:51:12
[INFO] [stdout]    |
[INFO] [stdout] 30 |  let bus = shared_bus::BusManagerSimple::new(i2c);
[INFO] [stdout]    |            ^^^^^^^^^^ use of undeclared crate or module `shared_bus`
[INFO] [stdout] 
[INFO] [stdout] error[E0425]: cannot find value `system` in this scope
[INFO] [stdout]   --> src/lib.rs:33:33
[INFO] [stdout]    |
[INFO] [stdout] 12 |  let clocks = ClockControl::max(system.clock_control).freeze();
[INFO] [stdout]    |                                 ^^^^^^ not found in this scope
[INFO] [stdout] 
[INFO] [stdout] error[E0425]: cannot find value `peripherals` in this scope
[INFO] [stdout]   --> src/lib.rs:38:6
[INFO] [stdout]    |
[INFO] [stdout] 17 |      peripherals.I2C0,
[INFO] [stdout]    |      ^^^^^^^^^^^ not found in this scope
[INFO] [stdout] 
[INFO] [stdout] error[E0425]: cannot find value `io` in this scope
[INFO] [stdout]   --> src/lib.rs:39:6
[INFO] [stdout]    |
[INFO] [stdout] 18 |      io.pins.gpio21,
[INFO] [stdout]    |      ^^ not found in this scope
[INFO] [stdout] 
[INFO] [stdout] error[E0425]: cannot find value `io` in this scope
[INFO] [stdout]   --> src/lib.rs:40:6
[INFO] [stdout]    |
[INFO] [stdout] 19 |      io.pins.gpio22,
[INFO] [stdout]    |      ^^ not found in this scope
[INFO] [stdout] 
[INFO] [stdout] error[E0425]: cannot find value `system` in this scope
[INFO] [stdout]   --> src/lib.rs:43:11
[INFO] [stdout]    |
[INFO] [stdout] 22 |      &mut system.peripheral_clock_control,
[INFO] [stdout]    |           ^^^^^^ not found in this scope
[INFO] [stdout] 
[INFO] [stdout] error[E0599]: no method named `kHz` found for type `u32` in the current scope
[INFO] [stdout]   --> src/lib.rs:41:13
[INFO] [stdout]    |
[INFO] [stdout] 20 |      100u32.kHz(),
[INFO] [stdout]    |             ^^^ method not found in `u32`
[INFO] [stdout] 
[INFO] [stdout] error: aborting due to 13 previous errors
[INFO] [stdout] 
[INFO] [stdout] Some errors have detailed explanations: E0425, E0432, E0433, E0599.
[INFO] [stdout] For more information about an error, try `rustc --explain E0425`.
[INFO] [stdout] Couldn't compile the test.
[INFO] [stdout] 
[INFO] [stdout] failures:
[INFO] [stdout]     src/lib.rs - (line 24)
[INFO] [stdout] 
[INFO] [stdout] test result: FAILED. 0 passed; 1 failed; 0 ignored; 0 measured; 0 filtered out; finished in 0.09s
[INFO] [stdout] 
[INFO] [stderr] error: doctest failed, to rerun pass `--doc`
[INFO] running `Command { std: "docker" "inspect" "f6661569c2d5227fa67ea144b25dc98ee3212ec58d829a5f7701129f4d6b92f1", kill_on_drop: false }`
[INFO] running `Command { std: "docker" "rm" "-f" "f6661569c2d5227fa67ea144b25dc98ee3212ec58d829a5f7701129f4d6b92f1", kill_on_drop: false }`
[INFO] [stdout] f6661569c2d5227fa67ea144b25dc98ee3212ec58d829a5f7701129f4d6b92f1
