[INFO] fetching crate http_digest_headers 0.1.0...
[INFO] testing http_digest_headers-0.1.0 against 1.75.0 for beta-1.76-1
[INFO] extracting crate http_digest_headers 0.1.0 into /workspace/builds/worker-7-tc1/source
[INFO] validating manifest of crates.io crate http_digest_headers 0.1.0 on toolchain 1.75.0
[INFO] running `Command { std: CARGO_HOME="/workspace/cargo-home" RUSTUP_HOME="/workspace/rustup-home" "/workspace/cargo-home/bin/cargo" "+1.75.0" "metadata" "--manifest-path" "Cargo.toml" "--no-deps", kill_on_drop: false }`
[INFO] started tweaking crates.io crate http_digest_headers 0.1.0
[INFO] finished tweaking crates.io crate http_digest_headers 0.1.0
[INFO] tweaked toml for crates.io crate http_digest_headers 0.1.0 written to /workspace/builds/worker-7-tc1/source/Cargo.toml
[INFO] running `Command { std: CARGO_HOME="/workspace/cargo-home" RUSTUP_HOME="/workspace/rustup-home" "/workspace/cargo-home/bin/cargo" "+1.75.0" "generate-lockfile" "--manifest-path" "Cargo.toml", kill_on_drop: false }`
[INFO] [stderr]     Updating crates.io index
[INFO] running `Command { std: CARGO_HOME="/workspace/cargo-home" RUSTUP_HOME="/workspace/rustup-home" "/workspace/cargo-home/bin/cargo" "+1.75.0" "fetch" "--manifest-path" "Cargo.toml", kill_on_drop: false }`
[INFO] running `Command { std: "docker" "create" "-v" "/var/lib/crater-agent-workspace/builds/worker-7-tc1/target:/opt/rustwide/target:rw,Z" "-v" "/var/lib/crater-agent-workspace/builds/worker-7-tc1/source:/opt/rustwide/workdir:ro,Z" "-v" "/var/lib/crater-agent-workspace/cargo-home:/opt/rustwide/cargo-home:ro,Z" "-v" "/var/lib/crater-agent-workspace/rustup-home:/opt/rustwide/rustup-home:ro,Z" "-e" "SOURCE_DIR=/opt/rustwide/workdir" "-e" "CARGO_TARGET_DIR=/opt/rustwide/target" "-e" "CARGO_HOME=/opt/rustwide/cargo-home" "-e" "RUSTUP_HOME=/opt/rustwide/rustup-home" "-w" "/opt/rustwide/workdir" "-m" "1610612736" "--user" "0:0" "--network" "none" "ghcr.io/rust-lang/crates-build-env/linux@sha256:2788e3201cd34a07e3172128adcd8b3090168a8e3bcc40d7c032b9dda1df7d1c" "/opt/rustwide/cargo-home/bin/cargo" "+1.75.0" "metadata" "--no-deps" "--format-version=1", kill_on_drop: false }`
[INFO] [stdout] e31b244cfb68c92c94c05af1a20756849302b0fa9dcb66422741d74795b84273
[INFO] running `Command { std: "docker" "start" "-a" "e31b244cfb68c92c94c05af1a20756849302b0fa9dcb66422741d74795b84273", kill_on_drop: false }`
[INFO] running `Command { std: "docker" "inspect" "e31b244cfb68c92c94c05af1a20756849302b0fa9dcb66422741d74795b84273", kill_on_drop: false }`
[INFO] running `Command { std: "docker" "rm" "-f" "e31b244cfb68c92c94c05af1a20756849302b0fa9dcb66422741d74795b84273", kill_on_drop: false }`
[INFO] [stdout] e31b244cfb68c92c94c05af1a20756849302b0fa9dcb66422741d74795b84273
[INFO] running `Command { std: "docker" "create" "-v" "/var/lib/crater-agent-workspace/builds/worker-7-tc1/target:/opt/rustwide/target:rw,Z" "-v" "/var/lib/crater-agent-workspace/builds/worker-7-tc1/source:/opt/rustwide/workdir:ro,Z" "-v" "/var/lib/crater-agent-workspace/cargo-home:/opt/rustwide/cargo-home:ro,Z" "-v" "/var/lib/crater-agent-workspace/rustup-home:/opt/rustwide/rustup-home:ro,Z" "-e" "SOURCE_DIR=/opt/rustwide/workdir" "-e" "CARGO_TARGET_DIR=/opt/rustwide/target" "-e" "CARGO_INCREMENTAL=0" "-e" "RUST_BACKTRACE=full" "-e" "RUSTFLAGS=--cap-lints=warn" "-e" "RUSTDOCFLAGS=--cap-lints=warn" "-e" "CARGO_HOME=/opt/rustwide/cargo-home" "-e" "RUSTUP_HOME=/opt/rustwide/rustup-home" "-w" "/opt/rustwide/workdir" "-m" "1610612736" "--user" "0:0" "--network" "none" "ghcr.io/rust-lang/crates-build-env/linux@sha256:2788e3201cd34a07e3172128adcd8b3090168a8e3bcc40d7c032b9dda1df7d1c" "/opt/rustwide/cargo-home/bin/cargo" "+1.75.0" "build" "--frozen" "--message-format=json", kill_on_drop: false }`
[INFO] [stdout] caba6c0b0064aab7c8f871578a8dbbd3cad709522a25cbfacf3a880764719f21
[INFO] running `Command { std: "docker" "start" "-a" "caba6c0b0064aab7c8f871578a8dbbd3cad709522a25cbfacf3a880764719f21", kill_on_drop: false }`
[INFO] [stderr]    Compiling libc v0.2.151
[INFO] [stderr]    Compiling proc-macro2 v1.0.75
[INFO] [stderr]    Compiling pkg-config v0.3.28
[INFO] [stderr]    Compiling vcpkg v0.2.15
[INFO] [stderr]    Compiling foreign-types-shared v0.1.1
[INFO] [stderr]    Compiling openssl v0.10.62
[INFO] [stderr]    Compiling bitflags v2.4.1
[INFO] [stderr]    Compiling foreign-types v0.3.2
[INFO] [stderr]    Compiling quote v1.0.35
[INFO] [stderr]    Compiling syn v2.0.48
[INFO] [stderr]    Compiling cc v1.0.83
[INFO] [stderr]    Compiling openssl-sys v0.9.98
[INFO] [stderr]    Compiling thiserror-impl v1.0.56
[INFO] [stderr]    Compiling openssl-macros v0.1.1
[INFO] [stderr]    Compiling thiserror v1.0.56
[INFO] [stderr]    Compiling http_digest_headers v0.1.0 (/opt/rustwide/workdir)
[INFO] [stderr]     Finished dev [unoptimized + debuginfo] target(s) in 5.14s
[INFO] running `Command { std: "docker" "inspect" "caba6c0b0064aab7c8f871578a8dbbd3cad709522a25cbfacf3a880764719f21", kill_on_drop: false }`
[INFO] running `Command { std: "docker" "rm" "-f" "caba6c0b0064aab7c8f871578a8dbbd3cad709522a25cbfacf3a880764719f21", kill_on_drop: false }`
[INFO] [stdout] caba6c0b0064aab7c8f871578a8dbbd3cad709522a25cbfacf3a880764719f21
[INFO] running `Command { std: "docker" "create" "-v" "/var/lib/crater-agent-workspace/builds/worker-7-tc1/target:/opt/rustwide/target:rw,Z" "-v" "/var/lib/crater-agent-workspace/builds/worker-7-tc1/source:/opt/rustwide/workdir:ro,Z" "-v" "/var/lib/crater-agent-workspace/cargo-home:/opt/rustwide/cargo-home:ro,Z" "-v" "/var/lib/crater-agent-workspace/rustup-home:/opt/rustwide/rustup-home:ro,Z" "-e" "SOURCE_DIR=/opt/rustwide/workdir" "-e" "CARGO_TARGET_DIR=/opt/rustwide/target" "-e" "CARGO_INCREMENTAL=0" "-e" "RUST_BACKTRACE=full" "-e" "RUSTFLAGS=--cap-lints=warn" "-e" "RUSTDOCFLAGS=--cap-lints=warn" "-e" "CARGO_HOME=/opt/rustwide/cargo-home" "-e" "RUSTUP_HOME=/opt/rustwide/rustup-home" "-w" "/opt/rustwide/workdir" "-m" "1610612736" "--user" "0:0" "--network" "none" "ghcr.io/rust-lang/crates-build-env/linux@sha256:2788e3201cd34a07e3172128adcd8b3090168a8e3bcc40d7c032b9dda1df7d1c" "/opt/rustwide/cargo-home/bin/cargo" "+1.75.0" "test" "--frozen" "--no-run" "--message-format=json", kill_on_drop: false }`
[INFO] [stdout] 2d2719034f4bf9e3a9229b0280ddc7d36a353cf31f0021363d6a8c6093a8a0c8
[INFO] running `Command { std: "docker" "start" "-a" "2d2719034f4bf9e3a9229b0280ddc7d36a353cf31f0021363d6a8c6093a8a0c8", kill_on_drop: false }`
[INFO] [stderr]    Compiling http_digest_headers v0.1.0 (/opt/rustwide/workdir)
[INFO] [stderr]     Finished test [unoptimized + debuginfo] target(s) in 0.48s
[INFO] running `Command { std: "docker" "inspect" "2d2719034f4bf9e3a9229b0280ddc7d36a353cf31f0021363d6a8c6093a8a0c8", kill_on_drop: false }`
[INFO] running `Command { std: "docker" "rm" "-f" "2d2719034f4bf9e3a9229b0280ddc7d36a353cf31f0021363d6a8c6093a8a0c8", kill_on_drop: false }`
[INFO] [stdout] 2d2719034f4bf9e3a9229b0280ddc7d36a353cf31f0021363d6a8c6093a8a0c8
[INFO] running `Command { std: "docker" "create" "-v" "/var/lib/crater-agent-workspace/builds/worker-7-tc1/target:/opt/rustwide/target:rw,Z" "-v" "/var/lib/crater-agent-workspace/builds/worker-7-tc1/source:/opt/rustwide/workdir:ro,Z" "-v" "/var/lib/crater-agent-workspace/cargo-home:/opt/rustwide/cargo-home:ro,Z" "-v" "/var/lib/crater-agent-workspace/rustup-home:/opt/rustwide/rustup-home:ro,Z" "-e" "SOURCE_DIR=/opt/rustwide/workdir" "-e" "CARGO_TARGET_DIR=/opt/rustwide/target" "-e" "CARGO_INCREMENTAL=0" "-e" "RUST_BACKTRACE=full" "-e" "RUSTFLAGS=--cap-lints=warn" "-e" "RUSTDOCFLAGS=--cap-lints=warn" "-e" "CARGO_HOME=/opt/rustwide/cargo-home" "-e" "RUSTUP_HOME=/opt/rustwide/rustup-home" "-w" "/opt/rustwide/workdir" "-m" "1610612736" "--user" "0:0" "--network" "none" "ghcr.io/rust-lang/crates-build-env/linux@sha256:2788e3201cd34a07e3172128adcd8b3090168a8e3bcc40d7c032b9dda1df7d1c" "/opt/rustwide/cargo-home/bin/cargo" "+1.75.0" "test" "--frozen", kill_on_drop: false }`
[INFO] [stdout] 31e1fde5f990fc2f9e552cbf2906fa7f9e84fa4eb9a2b78e184ae839dd3f08b4
[INFO] running `Command { std: "docker" "start" "-a" "31e1fde5f990fc2f9e552cbf2906fa7f9e84fa4eb9a2b78e184ae839dd3f08b4", kill_on_drop: false }`
[INFO] [stderr]     Finished test [unoptimized + debuginfo] target(s) in 0.02s
[INFO] [stderr]      Running unittests src/lib.rs (/opt/rustwide/target/debug/deps/http_digest_headers-8c6cae9d02321c19)
[INFO] [stdout] 
[INFO] [stdout] running 6 tests
[INFO] [stdout] test tests::digest_from_str ... ok
[INFO] [stdout] test tests::digest_method_from_str ... ok
[INFO] [stdout] test tests::header_from_string ... ok
[INFO] [stdout] test tests::verify_header ... ok
[INFO] [stdout] test tests::test_digest ... ok
[INFO] [stdout] test tests::digest_with_two_methods ... ok
[INFO] [stdout] 
[INFO] [stdout] test result: ok. 6 passed; 0 failed; 0 ignored; 0 measured; 0 filtered out; finished in 0.02s
[INFO] [stdout] 
[INFO] [stderr]    Doc-tests http_digest_headers
[INFO] [stdout] 
[INFO] [stdout] running 1 test
[INFO] [stdout] test src/lib.rs - (line 26) ... FAILED
[INFO] [stdout] 
[INFO] [stdout] failures:
[INFO] [stdout] 
[INFO] [stdout] ---- src/lib.rs - (line 26) stdout ----
[INFO] [stdout] error[E0277]: `?` couldn't convert the error to `http_digest_headers::Error`
[INFO] [stdout]   --> src/lib.rs:36:44
[INFO] [stdout]    |
[INFO] [stdout] 7  | fn make_digest_header() -> Result<String, Error> {
[INFO] [stdout]    |                            --------------------- expected `http_digest_headers::Error` because of this
[INFO] [stdout] ...
[INFO] [stdout] 13 |    .with_method(DigestMethod::SHA256, data)?
[INFO] [stdout]    |                                            ^ the trait `From<anyhow::Error>` is not implemented for `http_digest_headers::Error`
[INFO] [stdout]    |
[INFO] [stdout]    = note: the question mark operation (`?`) implicitly performs a conversion on the error value using the `From` trait
[INFO] [stdout]    = help: the following other types implement trait `From<T>`:
[INFO] [stdout]              <http_digest_headers::Error as From<base64::decode::DecodeError>>
[INFO] [stdout]              <http_digest_headers::Error as From<openssl::error::ErrorStack>>
[INFO] [stdout]    = note: required for `Result<String, http_digest_headers::Error>` to implement `FromResidual<Result<Infallible, anyhow::Error>>`
[INFO] [stdout] 
[INFO] [stdout] error[E0277]: `?` couldn't convert the error to `http_digest_headers::Error`
[INFO] [stdout]   --> src/lib.rs:37:44
[INFO] [stdout]    |
[INFO] [stdout] 7  | fn make_digest_header() -> Result<String, Error> {
[INFO] [stdout]    |                            --------------------- expected `http_digest_headers::Error` because of this
[INFO] [stdout] ...
[INFO] [stdout] 14 |    .with_method(DigestMethod::SHA512, data)?;
[INFO] [stdout]    |                                            ^ the trait `From<anyhow::Error>` is not implemented for `http_digest_headers::Error`
[INFO] [stdout]    |
[INFO] [stdout]    = note: the question mark operation (`?`) implicitly performs a conversion on the error value using the `From` trait
[INFO] [stdout]    = help: the following other types implement trait `From<T>`:
[INFO] [stdout]              <http_digest_headers::Error as From<base64::decode::DecodeError>>
[INFO] [stdout]              <http_digest_headers::Error as From<openssl::error::ErrorStack>>
[INFO] [stdout]    = note: required for `Result<String, http_digest_headers::Error>` to implement `FromResidual<Result<Infallible, anyhow::Error>>`
[INFO] [stdout] 
[INFO] [stdout] error: aborting due to 2 previous errors
[INFO] [stdout] 
[INFO] [stdout] For more information about this error, try `rustc --explain E0277`.
[INFO] [stdout] Couldn't compile the test.
[INFO] [stdout] 
[INFO] [stdout] failures:
[INFO] [stdout]     src/lib.rs - (line 26)
[INFO] [stdout] 
[INFO] [stdout] test result: FAILED. 0 passed; 1 failed; 0 ignored; 0 measured; 0 filtered out; finished in 0.04s
[INFO] [stdout] 
[INFO] [stderr] error: doctest failed, to rerun pass `--doc`
[INFO] running `Command { std: "docker" "inspect" "31e1fde5f990fc2f9e552cbf2906fa7f9e84fa4eb9a2b78e184ae839dd3f08b4", kill_on_drop: false }`
[INFO] running `Command { std: "docker" "rm" "-f" "31e1fde5f990fc2f9e552cbf2906fa7f9e84fa4eb9a2b78e184ae839dd3f08b4", kill_on_drop: false }`
[INFO] [stdout] 31e1fde5f990fc2f9e552cbf2906fa7f9e84fa4eb9a2b78e184ae839dd3f08b4
[INFO] testing http_digest_headers-0.1.0 against beta-2023-12-22 for beta-1.76-1
[INFO] extracting crate http_digest_headers 0.1.0 into /workspace/builds/worker-7-tc2/source
[INFO] validating manifest of crates.io crate http_digest_headers 0.1.0 on toolchain beta-2023-12-22
[INFO] running `Command { std: CARGO_HOME="/workspace/cargo-home" RUSTUP_HOME="/workspace/rustup-home" "/workspace/cargo-home/bin/cargo" "+beta-2023-12-22" "metadata" "--manifest-path" "Cargo.toml" "--no-deps", kill_on_drop: false }`
[INFO] started tweaking crates.io crate http_digest_headers 0.1.0
[INFO] finished tweaking crates.io crate http_digest_headers 0.1.0
[INFO] tweaked toml for crates.io crate http_digest_headers 0.1.0 written to /workspace/builds/worker-7-tc2/source/Cargo.toml
[INFO] running `Command { std: CARGO_HOME="/workspace/cargo-home" RUSTUP_HOME="/workspace/rustup-home" "/workspace/cargo-home/bin/cargo" "+beta-2023-12-22" "generate-lockfile" "--manifest-path" "Cargo.toml", kill_on_drop: false }`
[INFO] [stderr]     Updating crates.io index
[INFO] running `Command { std: CARGO_HOME="/workspace/cargo-home" RUSTUP_HOME="/workspace/rustup-home" "/workspace/cargo-home/bin/cargo" "+beta-2023-12-22" "fetch" "--manifest-path" "Cargo.toml", kill_on_drop: false }`
[INFO] running `Command { std: "docker" "create" "-v" "/var/lib/crater-agent-workspace/builds/worker-7-tc2/target:/opt/rustwide/target:rw,Z" "-v" "/var/lib/crater-agent-workspace/builds/worker-7-tc2/source:/opt/rustwide/workdir:ro,Z" "-v" "/var/lib/crater-agent-workspace/cargo-home:/opt/rustwide/cargo-home:ro,Z" "-v" "/var/lib/crater-agent-workspace/rustup-home:/opt/rustwide/rustup-home:ro,Z" "-e" "SOURCE_DIR=/opt/rustwide/workdir" "-e" "CARGO_TARGET_DIR=/opt/rustwide/target" "-e" "CARGO_HOME=/opt/rustwide/cargo-home" "-e" "RUSTUP_HOME=/opt/rustwide/rustup-home" "-w" "/opt/rustwide/workdir" "-m" "1610612736" "--user" "0:0" "--network" "none" "ghcr.io/rust-lang/crates-build-env/linux@sha256:2788e3201cd34a07e3172128adcd8b3090168a8e3bcc40d7c032b9dda1df7d1c" "/opt/rustwide/cargo-home/bin/cargo" "+beta-2023-12-22" "metadata" "--no-deps" "--format-version=1", kill_on_drop: false }`
[INFO] [stdout] aebaf65def5c56dc4c3485e4361ce5f9fc0b47ee0ab537c9e8c57c03cfe7ea59
[INFO] running `Command { std: "docker" "start" "-a" "aebaf65def5c56dc4c3485e4361ce5f9fc0b47ee0ab537c9e8c57c03cfe7ea59", kill_on_drop: false }`
[INFO] running `Command { std: "docker" "inspect" "aebaf65def5c56dc4c3485e4361ce5f9fc0b47ee0ab537c9e8c57c03cfe7ea59", kill_on_drop: false }`
[INFO] running `Command { std: "docker" "rm" "-f" "aebaf65def5c56dc4c3485e4361ce5f9fc0b47ee0ab537c9e8c57c03cfe7ea59", kill_on_drop: false }`
[INFO] [stdout] aebaf65def5c56dc4c3485e4361ce5f9fc0b47ee0ab537c9e8c57c03cfe7ea59
[INFO] running `Command { std: "docker" "create" "-v" "/var/lib/crater-agent-workspace/builds/worker-7-tc2/target:/opt/rustwide/target:rw,Z" "-v" "/var/lib/crater-agent-workspace/builds/worker-7-tc2/source:/opt/rustwide/workdir:ro,Z" "-v" "/var/lib/crater-agent-workspace/cargo-home:/opt/rustwide/cargo-home:ro,Z" "-v" "/var/lib/crater-agent-workspace/rustup-home:/opt/rustwide/rustup-home:ro,Z" "-e" "SOURCE_DIR=/opt/rustwide/workdir" "-e" "CARGO_TARGET_DIR=/opt/rustwide/target" "-e" "CARGO_INCREMENTAL=0" "-e" "RUST_BACKTRACE=full" "-e" "RUSTFLAGS=--cap-lints=warn" "-e" "RUSTDOCFLAGS=--cap-lints=warn" "-e" "CARGO_HOME=/opt/rustwide/cargo-home" "-e" "RUSTUP_HOME=/opt/rustwide/rustup-home" "-w" "/opt/rustwide/workdir" "-m" "1610612736" "--user" "0:0" "--network" "none" "ghcr.io/rust-lang/crates-build-env/linux@sha256:2788e3201cd34a07e3172128adcd8b3090168a8e3bcc40d7c032b9dda1df7d1c" "/opt/rustwide/cargo-home/bin/cargo" "+beta-2023-12-22" "build" "--frozen" "--message-format=json", kill_on_drop: false }`
[INFO] [stdout] 801318691dcf4d5eaaf4f892ec5a7673aea5e5036bd215128f566e77226eca00
[INFO] running `Command { std: "docker" "start" "-a" "801318691dcf4d5eaaf4f892ec5a7673aea5e5036bd215128f566e77226eca00", kill_on_drop: false }`
[INFO] [stderr]    Compiling proc-macro2 v1.0.75
[INFO] [stderr]    Compiling libc v0.2.151
[INFO] [stderr]    Compiling pkg-config v0.3.28
[INFO] [stderr]    Compiling vcpkg v0.2.15
[INFO] [stderr]    Compiling foreign-types-shared v0.1.1
[INFO] [stderr]    Compiling openssl v0.10.62
[INFO] [stderr]    Compiling bitflags v2.4.1
[INFO] [stderr]    Compiling foreign-types v0.3.2
[INFO] [stderr]    Compiling quote v1.0.35
[INFO] [stderr]    Compiling syn v2.0.48
[INFO] [stderr]    Compiling cc v1.0.83
[INFO] [stderr]    Compiling openssl-sys v0.9.98
[INFO] [stderr]    Compiling thiserror-impl v1.0.56
[INFO] [stderr]    Compiling openssl-macros v0.1.1
[INFO] [stderr]    Compiling thiserror v1.0.56
[INFO] [stderr]    Compiling http_digest_headers v0.1.0 (/opt/rustwide/workdir)
[INFO] [stderr]     Finished dev [unoptimized + debuginfo] target(s) in 5.38s
[INFO] running `Command { std: "docker" "inspect" "801318691dcf4d5eaaf4f892ec5a7673aea5e5036bd215128f566e77226eca00", kill_on_drop: false }`
[INFO] running `Command { std: "docker" "rm" "-f" "801318691dcf4d5eaaf4f892ec5a7673aea5e5036bd215128f566e77226eca00", kill_on_drop: false }`
[INFO] [stdout] 801318691dcf4d5eaaf4f892ec5a7673aea5e5036bd215128f566e77226eca00
[INFO] running `Command { std: "docker" "create" "-v" "/var/lib/crater-agent-workspace/builds/worker-7-tc2/target:/opt/rustwide/target:rw,Z" "-v" "/var/lib/crater-agent-workspace/builds/worker-7-tc2/source:/opt/rustwide/workdir:ro,Z" "-v" "/var/lib/crater-agent-workspace/cargo-home:/opt/rustwide/cargo-home:ro,Z" "-v" "/var/lib/crater-agent-workspace/rustup-home:/opt/rustwide/rustup-home:ro,Z" "-e" "SOURCE_DIR=/opt/rustwide/workdir" "-e" "CARGO_TARGET_DIR=/opt/rustwide/target" "-e" "CARGO_INCREMENTAL=0" "-e" "RUST_BACKTRACE=full" "-e" "RUSTFLAGS=--cap-lints=warn" "-e" "RUSTDOCFLAGS=--cap-lints=warn" "-e" "CARGO_HOME=/opt/rustwide/cargo-home" "-e" "RUSTUP_HOME=/opt/rustwide/rustup-home" "-w" "/opt/rustwide/workdir" "-m" "1610612736" "--user" "0:0" "--network" "none" "ghcr.io/rust-lang/crates-build-env/linux@sha256:2788e3201cd34a07e3172128adcd8b3090168a8e3bcc40d7c032b9dda1df7d1c" "/opt/rustwide/cargo-home/bin/cargo" "+beta-2023-12-22" "test" "--frozen" "--no-run" "--message-format=json", kill_on_drop: false }`
[INFO] [stdout] 6b8cabe155c9c5ec1ca40f3020e6ff839577da244b7f683066bafaa8d45d446f
[INFO] running `Command { std: "docker" "start" "-a" "6b8cabe155c9c5ec1ca40f3020e6ff839577da244b7f683066bafaa8d45d446f", kill_on_drop: false }`
[INFO] [stderr]    Compiling http_digest_headers v0.1.0 (/opt/rustwide/workdir)
[INFO] [stderr]     Finished test [unoptimized + debuginfo] target(s) in 0.47s
[INFO] running `Command { std: "docker" "inspect" "6b8cabe155c9c5ec1ca40f3020e6ff839577da244b7f683066bafaa8d45d446f", kill_on_drop: false }`
[INFO] running `Command { std: "docker" "rm" "-f" "6b8cabe155c9c5ec1ca40f3020e6ff839577da244b7f683066bafaa8d45d446f", kill_on_drop: false }`
[INFO] [stdout] 6b8cabe155c9c5ec1ca40f3020e6ff839577da244b7f683066bafaa8d45d446f
[INFO] running `Command { std: "docker" "create" "-v" "/var/lib/crater-agent-workspace/builds/worker-7-tc2/target:/opt/rustwide/target:rw,Z" "-v" "/var/lib/crater-agent-workspace/builds/worker-7-tc2/source:/opt/rustwide/workdir:ro,Z" "-v" "/var/lib/crater-agent-workspace/cargo-home:/opt/rustwide/cargo-home:ro,Z" "-v" "/var/lib/crater-agent-workspace/rustup-home:/opt/rustwide/rustup-home:ro,Z" "-e" "SOURCE_DIR=/opt/rustwide/workdir" "-e" "CARGO_TARGET_DIR=/opt/rustwide/target" "-e" "CARGO_INCREMENTAL=0" "-e" "RUST_BACKTRACE=full" "-e" "RUSTFLAGS=--cap-lints=warn" "-e" "RUSTDOCFLAGS=--cap-lints=warn" "-e" "CARGO_HOME=/opt/rustwide/cargo-home" "-e" "RUSTUP_HOME=/opt/rustwide/rustup-home" "-w" "/opt/rustwide/workdir" "-m" "1610612736" "--user" "0:0" "--network" "none" "ghcr.io/rust-lang/crates-build-env/linux@sha256:2788e3201cd34a07e3172128adcd8b3090168a8e3bcc40d7c032b9dda1df7d1c" "/opt/rustwide/cargo-home/bin/cargo" "+beta-2023-12-22" "test" "--frozen", kill_on_drop: false }`
[INFO] [stdout] 198eef4c6a4c12405d76055d73ca4d60a5d479c67824fd2629a608f739a65a4c
[INFO] running `Command { std: "docker" "start" "-a" "198eef4c6a4c12405d76055d73ca4d60a5d479c67824fd2629a608f739a65a4c", kill_on_drop: false }`
[INFO] [stderr]     Finished test [unoptimized + debuginfo] target(s) in 0.02s
[INFO] [stderr]      Running unittests src/lib.rs (/opt/rustwide/target/debug/deps/http_digest_headers-a4e95393f1b94b1e)
[INFO] [stdout] 
[INFO] [stdout] running 6 tests
[INFO] [stdout] test tests::digest_from_str ... ok
[INFO] [stdout] test tests::digest_method_from_str ... ok
[INFO] [stdout] test tests::header_from_string ... ok
[INFO] [stdout] test tests::digest_with_two_methods ... ok
[INFO] [stdout] test tests::verify_header ... ok
[INFO] [stdout] test tests::test_digest ... ok
[INFO] [stdout] 
[INFO] [stdout] test result: ok. 6 passed; 0 failed; 0 ignored; 0 measured; 0 filtered out; finished in 0.00s
[INFO] [stdout] 
[INFO] [stderr]    Doc-tests http_digest_headers
[INFO] [stdout] 
[INFO] [stdout] running 1 test
[INFO] [stdout] test src/lib.rs - (line 26) ... FAILED
[INFO] [stdout] 
[INFO] [stdout] failures:
[INFO] [stdout] 
[INFO] [stdout] ---- src/lib.rs - (line 26) stdout ----
[INFO] [stdout] error[E0277]: `?` couldn't convert the error to `http_digest_headers::Error`
[INFO] [stdout]   --> src/lib.rs:36:44
[INFO] [stdout]    |
[INFO] [stdout] 7  | fn make_digest_header() -> Result<String, Error> {
[INFO] [stdout]    |                            --------------------- expected `http_digest_headers::Error` because of this
[INFO] [stdout] ...
[INFO] [stdout] 13 |    .with_method(DigestMethod::SHA256, data)?
[INFO] [stdout]    |     ---------------------------------------^ the trait `From<anyhow::Error>` is not implemented for `http_digest_headers::Error`
[INFO] [stdout]    |     |
[INFO] [stdout]    |     this can't be annotated with `?` because it has type `Result<_, anyhow::Error>`
[INFO] [stdout]    |
[INFO] [stdout]    = note: the question mark operation (`?`) implicitly performs a conversion on the error value using the `From` trait
[INFO] [stdout]    = help: the following other types implement trait `From<T>`:
[INFO] [stdout]              <http_digest_headers::Error as From<base64::decode::DecodeError>>
[INFO] [stdout]              <http_digest_headers::Error as From<openssl::error::ErrorStack>>
[INFO] [stdout]    = note: required for `Result<String, http_digest_headers::Error>` to implement `FromResidual<Result<Infallible, anyhow::Error>>`
[INFO] [stdout] 
[INFO] [stdout] error[E0277]: `?` couldn't convert the error to `http_digest_headers::Error`
[INFO] [stdout]   --> src/lib.rs:37:44
[INFO] [stdout]    |
[INFO] [stdout] 7  | fn make_digest_header() -> Result<String, Error> {
[INFO] [stdout]    |                            --------------------- expected `http_digest_headers::Error` because of this
[INFO] [stdout] ...
[INFO] [stdout] 14 |    .with_method(DigestMethod::SHA512, data)?;
[INFO] [stdout]    |     ---------------------------------------^ the trait `From<anyhow::Error>` is not implemented for `http_digest_headers::Error`
[INFO] [stdout]    |     |
[INFO] [stdout]    |     this can't be annotated with `?` because it has type `Result<_, anyhow::Error>`
[INFO] [stdout]    |
[INFO] [stdout]    = note: the question mark operation (`?`) implicitly performs a conversion on the error value using the `From` trait
[INFO] [stdout]    = help: the following other types implement trait `From<T>`:
[INFO] [stdout]              <http_digest_headers::Error as From<base64::decode::DecodeError>>
[INFO] [stdout]              <http_digest_headers::Error as From<openssl::error::ErrorStack>>
[INFO] [stdout]    = note: required for `Result<String, http_digest_headers::Error>` to implement `FromResidual<Result<Infallible, anyhow::Error>>`
[INFO] [stdout] 
[INFO] [stdout] error: aborting due to 2 previous errors
[INFO] [stdout] 
[INFO] [stdout] For more information about this error, try `rustc --explain E0277`.
[INFO] [stdout] Couldn't compile the test.
[INFO] [stdout] 
[INFO] [stdout] failures:
[INFO] [stdout]     src/lib.rs - (line 26)
[INFO] [stdout] 
[INFO] [stdout] test result: FAILED. 0 passed; 1 failed; 0 ignored; 0 measured; 0 filtered out; finished in 0.04s
[INFO] [stdout] 
[INFO] [stderr] error: doctest failed, to rerun pass `--doc`
[INFO] running `Command { std: "docker" "inspect" "198eef4c6a4c12405d76055d73ca4d60a5d479c67824fd2629a608f739a65a4c", kill_on_drop: false }`
[INFO] running `Command { std: "docker" "rm" "-f" "198eef4c6a4c12405d76055d73ca4d60a5d479c67824fd2629a608f739a65a4c", kill_on_drop: false }`
[INFO] [stdout] 198eef4c6a4c12405d76055d73ca4d60a5d479c67824fd2629a608f739a65a4c
