[INFO] fetching crate http-test-server 2.1.1...
[INFO] testing http-test-server-2.1.1 against 1.75.0 for beta-1.76-1
[INFO] extracting crate http-test-server 2.1.1 into /workspace/builds/worker-2-tc1/source
[INFO] validating manifest of crates.io crate http-test-server 2.1.1 on toolchain 1.75.0
[INFO] running `Command { std: CARGO_HOME="/workspace/cargo-home" RUSTUP_HOME="/workspace/rustup-home" "/workspace/cargo-home/bin/cargo" "+1.75.0" "metadata" "--manifest-path" "Cargo.toml" "--no-deps", kill_on_drop: false }`
[INFO] started tweaking crates.io crate http-test-server 2.1.1
[INFO] finished tweaking crates.io crate http-test-server 2.1.1
[INFO] tweaked toml for crates.io crate http-test-server 2.1.1 written to /workspace/builds/worker-2-tc1/source/Cargo.toml
[INFO] running `Command { std: CARGO_HOME="/workspace/cargo-home" RUSTUP_HOME="/workspace/rustup-home" "/workspace/cargo-home/bin/cargo" "+1.75.0" "generate-lockfile" "--manifest-path" "Cargo.toml", kill_on_drop: false }`
[INFO] [stderr]     Updating crates.io index
[INFO] running `Command { std: CARGO_HOME="/workspace/cargo-home" RUSTUP_HOME="/workspace/rustup-home" "/workspace/cargo-home/bin/cargo" "+1.75.0" "fetch" "--manifest-path" "Cargo.toml", kill_on_drop: false }`
[INFO] running `Command { std: "docker" "create" "-v" "/var/lib/crater-agent-workspace/builds/worker-2-tc1/target:/opt/rustwide/target:rw,Z" "-v" "/var/lib/crater-agent-workspace/builds/worker-2-tc1/source:/opt/rustwide/workdir:ro,Z" "-v" "/var/lib/crater-agent-workspace/cargo-home:/opt/rustwide/cargo-home:ro,Z" "-v" "/var/lib/crater-agent-workspace/rustup-home:/opt/rustwide/rustup-home:ro,Z" "-e" "SOURCE_DIR=/opt/rustwide/workdir" "-e" "CARGO_TARGET_DIR=/opt/rustwide/target" "-e" "CARGO_HOME=/opt/rustwide/cargo-home" "-e" "RUSTUP_HOME=/opt/rustwide/rustup-home" "-w" "/opt/rustwide/workdir" "-m" "1610612736" "--user" "0:0" "--network" "none" "ghcr.io/rust-lang/crates-build-env/linux@sha256:2788e3201cd34a07e3172128adcd8b3090168a8e3bcc40d7c032b9dda1df7d1c" "/opt/rustwide/cargo-home/bin/cargo" "+1.75.0" "metadata" "--no-deps" "--format-version=1", kill_on_drop: false }`
[INFO] [stdout] 0f86227d9d01680c81c662c4cc5a7e7bdcc63a614e2e7d6d78685b2790e3e777
[INFO] running `Command { std: "docker" "start" "-a" "0f86227d9d01680c81c662c4cc5a7e7bdcc63a614e2e7d6d78685b2790e3e777", kill_on_drop: false }`
[INFO] running `Command { std: "docker" "inspect" "0f86227d9d01680c81c662c4cc5a7e7bdcc63a614e2e7d6d78685b2790e3e777", kill_on_drop: false }`
[INFO] running `Command { std: "docker" "rm" "-f" "0f86227d9d01680c81c662c4cc5a7e7bdcc63a614e2e7d6d78685b2790e3e777", kill_on_drop: false }`
[INFO] [stdout] 0f86227d9d01680c81c662c4cc5a7e7bdcc63a614e2e7d6d78685b2790e3e777
[INFO] running `Command { std: "docker" "create" "-v" "/var/lib/crater-agent-workspace/builds/worker-2-tc1/target:/opt/rustwide/target:rw,Z" "-v" "/var/lib/crater-agent-workspace/builds/worker-2-tc1/source:/opt/rustwide/workdir:ro,Z" "-v" "/var/lib/crater-agent-workspace/cargo-home:/opt/rustwide/cargo-home:ro,Z" "-v" "/var/lib/crater-agent-workspace/rustup-home:/opt/rustwide/rustup-home:ro,Z" "-e" "SOURCE_DIR=/opt/rustwide/workdir" "-e" "CARGO_TARGET_DIR=/opt/rustwide/target" "-e" "CARGO_INCREMENTAL=0" "-e" "RUST_BACKTRACE=full" "-e" "RUSTFLAGS=--cap-lints=warn" "-e" "RUSTDOCFLAGS=--cap-lints=warn" "-e" "CARGO_HOME=/opt/rustwide/cargo-home" "-e" "RUSTUP_HOME=/opt/rustwide/rustup-home" "-w" "/opt/rustwide/workdir" "-m" "1610612736" "--user" "0:0" "--network" "none" "ghcr.io/rust-lang/crates-build-env/linux@sha256:2788e3201cd34a07e3172128adcd8b3090168a8e3bcc40d7c032b9dda1df7d1c" "/opt/rustwide/cargo-home/bin/cargo" "+1.75.0" "build" "--frozen" "--message-format=json", kill_on_drop: false }`
[INFO] [stdout] b1dbc075ccc96ece3ec184172f07c4eb1392d0f4b80d208b9c2fb66e3362562b
[INFO] running `Command { std: "docker" "start" "-a" "b1dbc075ccc96ece3ec184172f07c4eb1392d0f4b80d208b9c2fb66e3362562b", kill_on_drop: false }`
[INFO] [stderr]    Compiling memchr v2.7.1
[INFO] [stderr]    Compiling regex-syntax v0.8.2
[INFO] [stderr]    Compiling aho-corasick v1.1.2
[INFO] [stderr]    Compiling regex-automata v0.4.3
[INFO] [stderr]    Compiling regex v1.10.2
[INFO] [stderr]    Compiling http-test-server v2.1.1 (/opt/rustwide/workdir)
[INFO] [stderr]     Finished dev [unoptimized + debuginfo] target(s) in 7.38s
[INFO] running `Command { std: "docker" "inspect" "b1dbc075ccc96ece3ec184172f07c4eb1392d0f4b80d208b9c2fb66e3362562b", kill_on_drop: false }`
[INFO] running `Command { std: "docker" "rm" "-f" "b1dbc075ccc96ece3ec184172f07c4eb1392d0f4b80d208b9c2fb66e3362562b", kill_on_drop: false }`
[INFO] [stdout] b1dbc075ccc96ece3ec184172f07c4eb1392d0f4b80d208b9c2fb66e3362562b
[INFO] running `Command { std: "docker" "create" "-v" "/var/lib/crater-agent-workspace/builds/worker-2-tc1/target:/opt/rustwide/target:rw,Z" "-v" "/var/lib/crater-agent-workspace/builds/worker-2-tc1/source:/opt/rustwide/workdir:ro,Z" "-v" "/var/lib/crater-agent-workspace/cargo-home:/opt/rustwide/cargo-home:ro,Z" "-v" "/var/lib/crater-agent-workspace/rustup-home:/opt/rustwide/rustup-home:ro,Z" "-e" "SOURCE_DIR=/opt/rustwide/workdir" "-e" "CARGO_TARGET_DIR=/opt/rustwide/target" "-e" "CARGO_INCREMENTAL=0" "-e" "RUST_BACKTRACE=full" "-e" "RUSTFLAGS=--cap-lints=warn" "-e" "RUSTDOCFLAGS=--cap-lints=warn" "-e" "CARGO_HOME=/opt/rustwide/cargo-home" "-e" "RUSTUP_HOME=/opt/rustwide/rustup-home" "-w" "/opt/rustwide/workdir" "-m" "1610612736" "--user" "0:0" "--network" "none" "ghcr.io/rust-lang/crates-build-env/linux@sha256:2788e3201cd34a07e3172128adcd8b3090168a8e3bcc40d7c032b9dda1df7d1c" "/opt/rustwide/cargo-home/bin/cargo" "+1.75.0" "test" "--frozen" "--no-run" "--message-format=json", kill_on_drop: false }`
[INFO] [stdout] bc0a2a6d8df12667d54e4ea18e9e7bff3749b78737e06e93e911c14e9c3ab174
[INFO] running `Command { std: "docker" "start" "-a" "bc0a2a6d8df12667d54e4ea18e9e7bff3749b78737e06e93e911c14e9c3ab174", kill_on_drop: false }`
[INFO] [stderr]    Compiling http-test-server v2.1.1 (/opt/rustwide/workdir)
[INFO] [stderr]     Finished test [unoptimized + debuginfo] target(s) in 2.62s
[INFO] running `Command { std: "docker" "inspect" "bc0a2a6d8df12667d54e4ea18e9e7bff3749b78737e06e93e911c14e9c3ab174", kill_on_drop: false }`
[INFO] running `Command { std: "docker" "rm" "-f" "bc0a2a6d8df12667d54e4ea18e9e7bff3749b78737e06e93e911c14e9c3ab174", kill_on_drop: false }`
[INFO] [stdout] bc0a2a6d8df12667d54e4ea18e9e7bff3749b78737e06e93e911c14e9c3ab174
[INFO] running `Command { std: "docker" "create" "-v" "/var/lib/crater-agent-workspace/builds/worker-2-tc1/target:/opt/rustwide/target:rw,Z" "-v" "/var/lib/crater-agent-workspace/builds/worker-2-tc1/source:/opt/rustwide/workdir:ro,Z" "-v" "/var/lib/crater-agent-workspace/cargo-home:/opt/rustwide/cargo-home:ro,Z" "-v" "/var/lib/crater-agent-workspace/rustup-home:/opt/rustwide/rustup-home:ro,Z" "-e" "SOURCE_DIR=/opt/rustwide/workdir" "-e" "CARGO_TARGET_DIR=/opt/rustwide/target" "-e" "CARGO_INCREMENTAL=0" "-e" "RUST_BACKTRACE=full" "-e" "RUSTFLAGS=--cap-lints=warn" "-e" "RUSTDOCFLAGS=--cap-lints=warn" "-e" "CARGO_HOME=/opt/rustwide/cargo-home" "-e" "RUSTUP_HOME=/opt/rustwide/rustup-home" "-w" "/opt/rustwide/workdir" "-m" "1610612736" "--user" "0:0" "--network" "none" "ghcr.io/rust-lang/crates-build-env/linux@sha256:2788e3201cd34a07e3172128adcd8b3090168a8e3bcc40d7c032b9dda1df7d1c" "/opt/rustwide/cargo-home/bin/cargo" "+1.75.0" "test" "--frozen", kill_on_drop: false }`
[INFO] [stdout] cd613c3216b0e13ef54fba79deb11c6ed3cf46c25a9ed1045c9afaec52183eb2
[INFO] running `Command { std: "docker" "start" "-a" "cd613c3216b0e13ef54fba79deb11c6ed3cf46c25a9ed1045c9afaec52183eb2", kill_on_drop: false }`
[INFO] [stderr]     Finished test [unoptimized + debuginfo] target(s) in 0.02s
[INFO] [stderr]      Running unittests src/lib.rs (/opt/rustwide/target/debug/deps/http_test_server-67f418a0597f99b5)
[INFO] [stdout] 
[INFO] [stdout] running 53 tests
[INFO] [stdout] test resource::tests::should_build_response_using_body_fn ... ok
[INFO] [stdout] test resource::tests::should_close_connections ... ok
[INFO] [stdout] test resource::tests::should_build_response_with_query_parameters ... ok
[INFO] [stdout] test resource::tests::should_build_response_with_wildcard_query_parameters ... ok
[INFO] [stdout] test resource::tests::should_build_response ... ok
[INFO] [stdout] test resource::tests::should_append_headers ... ok
[INFO] [stdout] test resource::tests::should_convert_to_response_with_body ... ok
[INFO] [stdout] test resource::tests::should_convert_to_response_string ... ok
[INFO] [stdout] test resource::tests::should_match_uri_with_query_params ... ok
[INFO] [stdout] test resource::tests::should_match_uri_with_query_params_defined_through_method ... ok
[INFO] [stdout] test resource::tests::should_match_uri_with_multiple_query_params ... ok
[INFO] [stdout] test resource::tests::should_not_match_uri_when_uri_does_not_match ... ok
[INFO] [stdout] test resource::tests::should_match_uri_with_wildcard_query_params ... ok
[INFO] [stdout] test resource::tests::should_build_response_with_body ... ok
[INFO] [stdout] test resource::tests::should_not_match_uri_with_path_params_when_uri_does_not_match ... ok
[INFO] [stdout] test resource::tests::should_match_uri_with_path_params ... ok
[INFO] [stdout] test resource::tests::should_match_uri_with_query_params_in_different_order ... ok
[INFO] [stdout] test resource::tests::should_not_match_uri_when_one_query_param_is_wrong ... ok
[INFO] [stdout] test resource::tests::should_not_match_uri_with_wrong_query_parameter ... ok
[INFO] [stdout] test resource::tests::should_overwrite_custom_status_with_status ... ok
[INFO] [stdout] test resource::tests::should_match_uri_with_wildcard_query_params_defined_through_method ... ok
[INFO] [stdout] test resource::tests::should_return_number_of_connecteds_users ... ok
[INFO] [stdout] test resource::tests::should_notify_data ... ok
[INFO] [stdout] test resource::tests::should_send_data_with_line_break ... ok
[INFO] [stdout] test resource::tests::should_build_response_with_path_parameters ... ok
[INFO] [stdout] test resource::tests::should_fail_when_trying_to_define_body_fn_after_defining_body - should panic ... ok
[INFO] [stdout] test resource::tests::should_fail_when_trying_to_define_body_after_defining_body_fn - should panic ... ok
[INFO] [stdout] test resource::tests::should_set_delay ... ok
[INFO] [stdout] test tests::server_should_use_random_port ... ok
[INFO] [stdout] test resource::tests::should_increment_request_count ... ok
[INFO] [stdout] test resource::tests::should_decrease_count_when_receiver_dropped ... ok
[INFO] [stdout] test resource::tests::should_set_as_stream ... ok
[INFO] [stdout] test tests::should_allow_multiple_methods_for_same_uri ... ok
[INFO] [stdout] test resource::tests::should_match_uri ... ok
[INFO] [stdout] test resource::tests::should_add_headers ... ok
[INFO] [stdout] test tests::returns_404_when_requested_enexistent_resource ... ok
[INFO] [stdout] test tests::should_create_resource ... ok
[INFO] [stdout] test tests::should_listen_to_defined_method ... ok
[INFO] [stdout] test tests::should_close_connection ... ok
[INFO] [stdout] test tests::should_return_405_when_method_not_defined ... ok
[INFO] [stdout] test tests::should_return_configured_status_for_resource_resource ... ok
[INFO] [stdout] test tests::server_should_close_connection_when_dropped ... FAILED
[INFO] [stdout] test tests::should_return_resource_body_with_params ... ok
[INFO] [stdout] test resource::tests::clones_should_share_same_state ... ok
[INFO] [stdout] test tests::should_increment_request_count ... ok
[INFO] [stdout] test resource::tests::should_allows_custom_status ... ok
[INFO] [stdout] test tests::should_return_requests_metadata ... ok
[INFO] [stdout] test tests::should_work_with_regex_uri ... ok
[INFO] [stdout] test tests::should_return_resource_body ... ok
[INFO] [stdout] test tests::should_expose_stream ... ok
[INFO] [stdout] test tests::should_delay_response ... ok
[INFO] [stdout] test tests::should_handle_multiple_resources ... ok
[INFO] [stdout] test tests::should_close_client_connections has been running for over 60 seconds
[ERROR] error running command: no output for 300 seconds
[INFO] running `Command { std: "docker" "inspect" "cd613c3216b0e13ef54fba79deb11c6ed3cf46c25a9ed1045c9afaec52183eb2", kill_on_drop: false }`
[INFO] running `Command { std: "docker" "rm" "-f" "cd613c3216b0e13ef54fba79deb11c6ed3cf46c25a9ed1045c9afaec52183eb2", kill_on_drop: false }`
[INFO] [stdout] cd613c3216b0e13ef54fba79deb11c6ed3cf46c25a9ed1045c9afaec52183eb2
[INFO] testing http-test-server-2.1.1 against beta-2023-12-22 for beta-1.76-1
[INFO] extracting crate http-test-server 2.1.1 into /workspace/builds/worker-2-tc2/source
[INFO] validating manifest of crates.io crate http-test-server 2.1.1 on toolchain beta-2023-12-22
[INFO] running `Command { std: CARGO_HOME="/workspace/cargo-home" RUSTUP_HOME="/workspace/rustup-home" "/workspace/cargo-home/bin/cargo" "+beta-2023-12-22" "metadata" "--manifest-path" "Cargo.toml" "--no-deps", kill_on_drop: false }`
[INFO] started tweaking crates.io crate http-test-server 2.1.1
[INFO] finished tweaking crates.io crate http-test-server 2.1.1
[INFO] tweaked toml for crates.io crate http-test-server 2.1.1 written to /workspace/builds/worker-2-tc2/source/Cargo.toml
[INFO] running `Command { std: CARGO_HOME="/workspace/cargo-home" RUSTUP_HOME="/workspace/rustup-home" "/workspace/cargo-home/bin/cargo" "+beta-2023-12-22" "generate-lockfile" "--manifest-path" "Cargo.toml", kill_on_drop: false }`
[INFO] [stderr]     Updating crates.io index
[INFO] running `Command { std: CARGO_HOME="/workspace/cargo-home" RUSTUP_HOME="/workspace/rustup-home" "/workspace/cargo-home/bin/cargo" "+beta-2023-12-22" "fetch" "--manifest-path" "Cargo.toml", kill_on_drop: false }`
[INFO] running `Command { std: "docker" "create" "-v" "/var/lib/crater-agent-workspace/builds/worker-2-tc2/target:/opt/rustwide/target:rw,Z" "-v" "/var/lib/crater-agent-workspace/builds/worker-2-tc2/source:/opt/rustwide/workdir:ro,Z" "-v" "/var/lib/crater-agent-workspace/cargo-home:/opt/rustwide/cargo-home:ro,Z" "-v" "/var/lib/crater-agent-workspace/rustup-home:/opt/rustwide/rustup-home:ro,Z" "-e" "SOURCE_DIR=/opt/rustwide/workdir" "-e" "CARGO_TARGET_DIR=/opt/rustwide/target" "-e" "CARGO_HOME=/opt/rustwide/cargo-home" "-e" "RUSTUP_HOME=/opt/rustwide/rustup-home" "-w" "/opt/rustwide/workdir" "-m" "1610612736" "--user" "0:0" "--network" "none" "ghcr.io/rust-lang/crates-build-env/linux@sha256:2788e3201cd34a07e3172128adcd8b3090168a8e3bcc40d7c032b9dda1df7d1c" "/opt/rustwide/cargo-home/bin/cargo" "+beta-2023-12-22" "metadata" "--no-deps" "--format-version=1", kill_on_drop: false }`
[INFO] [stdout] c5ea5e024d19a0b2d3b3c7dfe1105c3e2eab57f942cd02de4ecb16fc2215ba59
[INFO] running `Command { std: "docker" "start" "-a" "c5ea5e024d19a0b2d3b3c7dfe1105c3e2eab57f942cd02de4ecb16fc2215ba59", kill_on_drop: false }`
[INFO] running `Command { std: "docker" "inspect" "c5ea5e024d19a0b2d3b3c7dfe1105c3e2eab57f942cd02de4ecb16fc2215ba59", kill_on_drop: false }`
[INFO] running `Command { std: "docker" "rm" "-f" "c5ea5e024d19a0b2d3b3c7dfe1105c3e2eab57f942cd02de4ecb16fc2215ba59", kill_on_drop: false }`
[INFO] [stdout] c5ea5e024d19a0b2d3b3c7dfe1105c3e2eab57f942cd02de4ecb16fc2215ba59
[INFO] running `Command { std: "docker" "create" "-v" "/var/lib/crater-agent-workspace/builds/worker-2-tc2/target:/opt/rustwide/target:rw,Z" "-v" "/var/lib/crater-agent-workspace/builds/worker-2-tc2/source:/opt/rustwide/workdir:ro,Z" "-v" "/var/lib/crater-agent-workspace/cargo-home:/opt/rustwide/cargo-home:ro,Z" "-v" "/var/lib/crater-agent-workspace/rustup-home:/opt/rustwide/rustup-home:ro,Z" "-e" "SOURCE_DIR=/opt/rustwide/workdir" "-e" "CARGO_TARGET_DIR=/opt/rustwide/target" "-e" "CARGO_INCREMENTAL=0" "-e" "RUST_BACKTRACE=full" "-e" "RUSTFLAGS=--cap-lints=warn" "-e" "RUSTDOCFLAGS=--cap-lints=warn" "-e" "CARGO_HOME=/opt/rustwide/cargo-home" "-e" "RUSTUP_HOME=/opt/rustwide/rustup-home" "-w" "/opt/rustwide/workdir" "-m" "1610612736" "--user" "0:0" "--network" "none" "ghcr.io/rust-lang/crates-build-env/linux@sha256:2788e3201cd34a07e3172128adcd8b3090168a8e3bcc40d7c032b9dda1df7d1c" "/opt/rustwide/cargo-home/bin/cargo" "+beta-2023-12-22" "build" "--frozen" "--message-format=json", kill_on_drop: false }`
[INFO] [stdout] 6f19418fa3bdbebc0abdcba39a4ad08d500fdc543d1a27b60b790d0dbaecb5e0
[INFO] running `Command { std: "docker" "start" "-a" "6f19418fa3bdbebc0abdcba39a4ad08d500fdc543d1a27b60b790d0dbaecb5e0", kill_on_drop: false }`
[INFO] [stderr]    Compiling memchr v2.7.1
[INFO] [stderr]    Compiling regex-syntax v0.8.2
[INFO] [stderr]    Compiling aho-corasick v1.1.2
[INFO] [stderr]    Compiling regex-automata v0.4.3
[INFO] [stderr]    Compiling regex v1.10.2
[INFO] [stderr]    Compiling http-test-server v2.1.1 (/opt/rustwide/workdir)
[INFO] [stderr]     Finished dev [unoptimized + debuginfo] target(s) in 5.76s
[INFO] running `Command { std: "docker" "inspect" "6f19418fa3bdbebc0abdcba39a4ad08d500fdc543d1a27b60b790d0dbaecb5e0", kill_on_drop: false }`
[INFO] running `Command { std: "docker" "rm" "-f" "6f19418fa3bdbebc0abdcba39a4ad08d500fdc543d1a27b60b790d0dbaecb5e0", kill_on_drop: false }`
[INFO] [stdout] 6f19418fa3bdbebc0abdcba39a4ad08d500fdc543d1a27b60b790d0dbaecb5e0
[INFO] running `Command { std: "docker" "create" "-v" "/var/lib/crater-agent-workspace/builds/worker-2-tc2/target:/opt/rustwide/target:rw,Z" "-v" "/var/lib/crater-agent-workspace/builds/worker-2-tc2/source:/opt/rustwide/workdir:ro,Z" "-v" "/var/lib/crater-agent-workspace/cargo-home:/opt/rustwide/cargo-home:ro,Z" "-v" "/var/lib/crater-agent-workspace/rustup-home:/opt/rustwide/rustup-home:ro,Z" "-e" "SOURCE_DIR=/opt/rustwide/workdir" "-e" "CARGO_TARGET_DIR=/opt/rustwide/target" "-e" "CARGO_INCREMENTAL=0" "-e" "RUST_BACKTRACE=full" "-e" "RUSTFLAGS=--cap-lints=warn" "-e" "RUSTDOCFLAGS=--cap-lints=warn" "-e" "CARGO_HOME=/opt/rustwide/cargo-home" "-e" "RUSTUP_HOME=/opt/rustwide/rustup-home" "-w" "/opt/rustwide/workdir" "-m" "1610612736" "--user" "0:0" "--network" "none" "ghcr.io/rust-lang/crates-build-env/linux@sha256:2788e3201cd34a07e3172128adcd8b3090168a8e3bcc40d7c032b9dda1df7d1c" "/opt/rustwide/cargo-home/bin/cargo" "+beta-2023-12-22" "test" "--frozen" "--no-run" "--message-format=json", kill_on_drop: false }`
[INFO] [stdout] 616f459ae6bcc631f6751c1c87f440fd82b33a63b66f81af2b5b5dcee477d076
[INFO] running `Command { std: "docker" "start" "-a" "616f459ae6bcc631f6751c1c87f440fd82b33a63b66f81af2b5b5dcee477d076", kill_on_drop: false }`
[INFO] [stderr]    Compiling http-test-server v2.1.1 (/opt/rustwide/workdir)
[INFO] [stderr]     Finished test [unoptimized + debuginfo] target(s) in 1.56s
[INFO] running `Command { std: "docker" "inspect" "616f459ae6bcc631f6751c1c87f440fd82b33a63b66f81af2b5b5dcee477d076", kill_on_drop: false }`
[INFO] running `Command { std: "docker" "rm" "-f" "616f459ae6bcc631f6751c1c87f440fd82b33a63b66f81af2b5b5dcee477d076", kill_on_drop: false }`
[INFO] [stdout] 616f459ae6bcc631f6751c1c87f440fd82b33a63b66f81af2b5b5dcee477d076
[INFO] running `Command { std: "docker" "create" "-v" "/var/lib/crater-agent-workspace/builds/worker-2-tc2/target:/opt/rustwide/target:rw,Z" "-v" "/var/lib/crater-agent-workspace/builds/worker-2-tc2/source:/opt/rustwide/workdir:ro,Z" "-v" "/var/lib/crater-agent-workspace/cargo-home:/opt/rustwide/cargo-home:ro,Z" "-v" "/var/lib/crater-agent-workspace/rustup-home:/opt/rustwide/rustup-home:ro,Z" "-e" "SOURCE_DIR=/opt/rustwide/workdir" "-e" "CARGO_TARGET_DIR=/opt/rustwide/target" "-e" "CARGO_INCREMENTAL=0" "-e" "RUST_BACKTRACE=full" "-e" "RUSTFLAGS=--cap-lints=warn" "-e" "RUSTDOCFLAGS=--cap-lints=warn" "-e" "CARGO_HOME=/opt/rustwide/cargo-home" "-e" "RUSTUP_HOME=/opt/rustwide/rustup-home" "-w" "/opt/rustwide/workdir" "-m" "1610612736" "--user" "0:0" "--network" "none" "ghcr.io/rust-lang/crates-build-env/linux@sha256:2788e3201cd34a07e3172128adcd8b3090168a8e3bcc40d7c032b9dda1df7d1c" "/opt/rustwide/cargo-home/bin/cargo" "+beta-2023-12-22" "test" "--frozen", kill_on_drop: false }`
[INFO] [stdout] e178c80be4e48d80517af134c8fca4cc3a59b90d489eb0f4a1eb42f590886ee6
[INFO] running `Command { std: "docker" "start" "-a" "e178c80be4e48d80517af134c8fca4cc3a59b90d489eb0f4a1eb42f590886ee6", kill_on_drop: false }`
[INFO] [stderr]     Finished test [unoptimized + debuginfo] target(s) in 0.01s
[INFO] [stderr]      Running unittests src/lib.rs (/opt/rustwide/target/debug/deps/http_test_server-cd81a37f4d4bea72)
[INFO] [stdout] 
[INFO] [stdout] running 53 tests
[INFO] [stdout] test resource::tests::should_decrease_count_when_receiver_dropped ... ok
[INFO] [stdout] test resource::tests::should_close_connections ... ok
[INFO] [stdout] test resource::tests::should_append_headers ... ok
[INFO] [stdout] test resource::tests::should_add_headers ... ok
[INFO] [stdout] test resource::tests::should_build_response_with_query_parameters ... ok
[INFO] [stdout] test resource::tests::should_build_response_with_path_parameters ... ok
[INFO] [stdout] test resource::tests::should_convert_to_response_with_body ... ok
[INFO] [stdout] test resource::tests::should_build_response_using_body_fn ... ok
[INFO] [stdout] test resource::tests::should_build_response ... ok
[INFO] [stdout] test resource::tests::should_build_response_with_body ... ok
[INFO] [stdout] test resource::tests::should_allows_custom_status ... ok
[INFO] [stdout] test resource::tests::clones_should_share_same_state ... ok
[INFO] [stdout] test resource::tests::should_convert_to_response_string ... ok
[INFO] [stdout] test resource::tests::should_build_response_with_wildcard_query_parameters ... ok
[INFO] [stdout] test resource::tests::should_match_uri ... ok
[INFO] [stdout] test resource::tests::should_increment_request_count ... ok
[INFO] [stdout] test resource::tests::should_not_match_uri_when_one_query_param_is_wrong ... ok
[INFO] [stdout] test resource::tests::should_match_uri_with_query_params_defined_through_method ... ok
[INFO] [stdout] test resource::tests::should_match_uri_with_multiple_query_params ... ok
[INFO] [stdout] test resource::tests::should_not_match_uri_when_uri_does_not_match ... ok
[INFO] [stdout] test resource::tests::should_match_uri_with_path_params ... ok
[INFO] [stdout] test resource::tests::should_not_match_uri_with_path_params_when_uri_does_not_match ... ok
[INFO] [stdout] test resource::tests::should_match_uri_with_query_params ... ok
[INFO] [stdout] test resource::tests::should_match_uri_with_query_params_in_different_order ... ok
[INFO] [stdout] test resource::tests::should_match_uri_with_wildcard_query_params ... ok
[INFO] [stdout] test tests::server_should_use_random_port ... ok
[INFO] [stdout] test resource::tests::should_set_delay ... ok
[INFO] [stdout] test resource::tests::should_match_uri_with_wildcard_query_params_defined_through_method ... ok
[INFO] [stdout] test resource::tests::should_notify_data ... ok
[INFO] [stdout] test resource::tests::should_return_number_of_connecteds_users ... ok
[INFO] [stdout] test resource::tests::should_send_data_with_line_break ... ok
[INFO] [stdout] test resource::tests::should_not_match_uri_with_wrong_query_parameter ... ok
[INFO] [stdout] test resource::tests::should_overwrite_custom_status_with_status ... ok
[INFO] [stdout] test resource::tests::should_set_as_stream ... ok
[INFO] [stdout] test tests::returns_404_when_requested_enexistent_resource ... ok
[INFO] [stdout] test tests::should_create_resource ... ok
[INFO] [stdout] test tests::should_return_configured_status_for_resource_resource ... ok
[INFO] [stdout] test tests::should_listen_to_defined_method ... ok
[INFO] [stdout] test tests::should_allow_multiple_methods_for_same_uri ... ok
[INFO] [stdout] test tests::should_return_resource_body ... ok
[INFO] [stdout] test tests::should_return_405_when_method_not_defined ... ok
[INFO] [stdout] test tests::should_return_resource_body_with_params ... ok
[INFO] [stdout] test tests::should_work_with_regex_uri ... ok
[INFO] [stdout] test resource::tests::should_fail_when_trying_to_define_body_fn_after_defining_body - should panic ... ok
[INFO] [stdout] test resource::tests::should_fail_when_trying_to_define_body_after_defining_body_fn - should panic ... ok
[INFO] [stdout] test tests::should_close_client_connections ... ok
[INFO] [stdout] test tests::should_return_requests_metadata ... ok
[INFO] [stdout] test tests::server_should_close_connection_when_dropped ... FAILED
[INFO] [stdout] test tests::should_close_connection ... ok
[INFO] [stdout] test tests::should_increment_request_count ... ok
[INFO] [stdout] test tests::should_expose_stream ... ok
[INFO] [stdout] test tests::should_delay_response ... ok
[INFO] [stdout] test tests::should_handle_multiple_resources ... ok
[INFO] [stdout] 
[INFO] [stdout] failures:
[INFO] [stdout] 
[INFO] [stdout] ---- tests::server_should_close_connection_when_dropped stdout ----
[INFO] [stdout] thread 'tests::server_should_close_connection_when_dropped' panicked at src/lib.rs:773:13:
[INFO] [stdout] assertion `left == right` failed
[INFO] [stdout]   left: AddrNotAvailable
[INFO] [stdout]  right: ConnectionRefused
[INFO] [stdout] stack backtrace:
[INFO] [stdout]    0:     0x56067632d476 - std::backtrace_rs::backtrace::libunwind::trace::h261606ad26a499c1
[INFO] [stdout]                                at /rustc/0e09125c6c3c2fd70d7de961bcf0e51575235fad/library/std/src/../../backtrace/src/backtrace/libunwind.rs:104:5
[INFO] [stdout]    1:     0x56067632d476 - std::backtrace_rs::backtrace::trace_unsynchronized::hd183f0625477fb28
[INFO] [stdout]                                at /rustc/0e09125c6c3c2fd70d7de961bcf0e51575235fad/library/std/src/../../backtrace/src/backtrace/mod.rs:66:5
[INFO] [stdout]    2:     0x56067632d476 - std::sys_common::backtrace::_print_fmt::hd7f8fef21b4eda67
[INFO] [stdout]                                at /rustc/0e09125c6c3c2fd70d7de961bcf0e51575235fad/library/std/src/sys_common/backtrace.rs:68:5
[INFO] [stdout]    3:     0x56067632d476 - <std::sys_common::backtrace::_print::DisplayBacktrace as core::fmt::Display>::fmt::h623d9b51f2f453f1
[INFO] [stdout]                                at /rustc/0e09125c6c3c2fd70d7de961bcf0e51575235fad/library/std/src/sys_common/backtrace.rs:44:22
[INFO] [stdout]    4:     0x560676358230 - core::fmt::rt::Argument::fmt::h9f417ac76a86f368
[INFO] [stdout]                                at /rustc/0e09125c6c3c2fd70d7de961bcf0e51575235fad/library/core/src/fmt/rt.rs:142:9
[INFO] [stdout]    5:     0x560676358230 - core::fmt::write::hc9b6faf4ac2aeff7
[INFO] [stdout]                                at /rustc/0e09125c6c3c2fd70d7de961bcf0e51575235fad/library/core/src/fmt/mod.rs:1120:17
[INFO] [stdout]    6:     0x56067632a64f - std::io::Write::write_fmt::he04625a3a989fec3
[INFO] [stdout]                                at /rustc/0e09125c6c3c2fd70d7de961bcf0e51575235fad/library/std/src/io/mod.rs:1810:15
[INFO] [stdout]    7:     0x56067632d254 - std::sys_common::backtrace::_print::hd5d66399c7df88a2
[INFO] [stdout]                                at /rustc/0e09125c6c3c2fd70d7de961bcf0e51575235fad/library/std/src/sys_common/backtrace.rs:47:5
[INFO] [stdout]    8:     0x56067632d254 - std::sys_common::backtrace::print::he81ed2da642d37e5
[INFO] [stdout]                                at /rustc/0e09125c6c3c2fd70d7de961bcf0e51575235fad/library/std/src/sys_common/backtrace.rs:34:9
[INFO] [stdout]    9:     0x56067632efc7 - std::panicking::default_hook::{{closure}}::h85773f4fa117163d
[INFO] [stdout]   10:     0x56067632ecad - std::panicking::default_hook::h6a1694a91d09b278
[INFO] [stdout]                                at /rustc/0e09125c6c3c2fd70d7de961bcf0e51575235fad/library/std/src/panicking.rs:289:9
[INFO] [stdout]   11:     0x560676049467 - <alloc::boxed::Box<F,A> as core::ops::function::Fn<Args>>::call::h616ac37fa3cd6c8f
[INFO] [stdout]                                at /rustc/0e09125c6c3c2fd70d7de961bcf0e51575235fad/library/alloc/src/boxed.rs:2029:9
[INFO] [stdout]   12:     0x560676049467 - test::test_main::{{closure}}::h00d84697cefdcbb6
[INFO] [stdout]                                at /rustc/0e09125c6c3c2fd70d7de961bcf0e51575235fad/library/test/src/lib.rs:138:21
[INFO] [stdout]   13:     0x56067632f5e6 - <alloc::boxed::Box<F,A> as core::ops::function::Fn<Args>>::call::hcb3fe3b9bb537ba8
[INFO] [stdout]                                at /rustc/0e09125c6c3c2fd70d7de961bcf0e51575235fad/library/alloc/src/boxed.rs:2029:9
[INFO] [stdout]   14:     0x56067632f5e6 - std::panicking::rust_panic_with_hook::h0a7ad96e90f7145b
[INFO] [stdout]                                at /rustc/0e09125c6c3c2fd70d7de961bcf0e51575235fad/library/std/src/panicking.rs:783:13
[INFO] [stdout]   15:     0x56067632f332 - std::panicking::begin_panic_handler::{{closure}}::h7919090525c6485e
[INFO] [stdout]                                at /rustc/0e09125c6c3c2fd70d7de961bcf0e51575235fad/library/std/src/panicking.rs:657:13
[INFO] [stdout]   16:     0x56067632d976 - std::sys_common::backtrace::__rust_end_short_backtrace::hf3289479464f7dfe
[INFO] [stdout]                                at /rustc/0e09125c6c3c2fd70d7de961bcf0e51575235fad/library/std/src/sys_common/backtrace.rs:171:18
[INFO] [stdout]   17:     0x56067632f090 - rust_begin_unwind
[INFO] [stdout]                                at /rustc/0e09125c6c3c2fd70d7de961bcf0e51575235fad/library/std/src/panicking.rs:645:5
[INFO] [stdout]   18:     0x560675fa5415 - core::panicking::panic_fmt::hcc9f77c5c132af55
[INFO] [stdout]                                at /rustc/0e09125c6c3c2fd70d7de961bcf0e51575235fad/library/core/src/panicking.rs:72:14
[INFO] [stdout]   19:     0x560675fa588b - core::panicking::assert_failed_inner::h9f13e27dd63c3a08
[INFO] [stdout]                                at /rustc/0e09125c6c3c2fd70d7de961bcf0e51575235fad/library/core/src/panicking.rs:342:17
[INFO] [stdout]   20:     0x560675fd142e - core::panicking::assert_failed::hb191608e9511c498
[INFO] [stdout]                                at /rustc/0e09125c6c3c2fd70d7de961bcf0e51575235fad/library/core/src/panicking.rs:297:5
[INFO] [stdout]   21:     0x560675ff916b - http_test_server::tests::server_should_close_connection_when_dropped::hcbbf717443de41cc
[INFO] [stdout]                                at /opt/rustwide/workdir/src/lib.rs:773:13
[INFO] [stdout]   22:     0x560675ff8ee7 - http_test_server::tests::server_should_close_connection_when_dropped::{{closure}}::hf1d70463c308ef29
[INFO] [stdout]                                at /opt/rustwide/workdir/src/lib.rs:761:53
[INFO] [stdout]   23:     0x560675fe6886 - core::ops::function::FnOnce::call_once::h952ca57acbe318f0
[INFO] [stdout]                                at /rustc/0e09125c6c3c2fd70d7de961bcf0e51575235fad/library/core/src/ops/function.rs:250:5
[INFO] [stdout]   24:     0x56067604ed3f - core::ops::function::FnOnce::call_once::hd64d26f405258157
[INFO] [stdout]                                at /rustc/0e09125c6c3c2fd70d7de961bcf0e51575235fad/library/core/src/ops/function.rs:250:5
[INFO] [stdout]   25:     0x56067604ed3f - test::__rust_begin_short_backtrace::he21b0b7a6d731bf9
[INFO] [stdout]                                at /rustc/0e09125c6c3c2fd70d7de961bcf0e51575235fad/library/test/src/lib.rs:627:18
[INFO] [stdout]   26:     0x56067604dac1 - test::run_test_in_process::{{closure}}::hf5c73986d7bdfde2
[INFO] [stdout]                                at /rustc/0e09125c6c3c2fd70d7de961bcf0e51575235fad/library/test/src/lib.rs:650:60
[INFO] [stdout]   27:     0x56067604dac1 - <core::panic::unwind_safe::AssertUnwindSafe<F> as core::ops::function::FnOnce<()>>::call_once::h330011ad032aadc0
[INFO] [stdout]                                at /rustc/0e09125c6c3c2fd70d7de961bcf0e51575235fad/library/core/src/panic/unwind_safe.rs:272:9
[INFO] [stdout]   28:     0x56067604dac1 - std::panicking::try::do_call::he61b0a958b795a41
[INFO] [stdout]                                at /rustc/0e09125c6c3c2fd70d7de961bcf0e51575235fad/library/std/src/panicking.rs:552:40
[INFO] [stdout]   29:     0x56067604dac1 - std::panicking::try::h7309da130f906eb7
[INFO] [stdout]                                at /rustc/0e09125c6c3c2fd70d7de961bcf0e51575235fad/library/std/src/panicking.rs:516:19
[INFO] [stdout]   30:     0x56067604dac1 - std::panic::catch_unwind::hc5c3a06fdaf0a92a
[INFO] [stdout]                                at /rustc/0e09125c6c3c2fd70d7de961bcf0e51575235fad/library/std/src/panic.rs:142:14
[INFO] [stdout]   31:     0x56067604dac1 - test::run_test_in_process::h7e7b7c71c3324e0f
[INFO] [stdout]                                at /rustc/0e09125c6c3c2fd70d7de961bcf0e51575235fad/library/test/src/lib.rs:650:27
[INFO] [stdout]   32:     0x56067604dac1 - test::run_test::{{closure}}::h1f509f28f5cf20b1
[INFO] [stdout]                                at /rustc/0e09125c6c3c2fd70d7de961bcf0e51575235fad/library/test/src/lib.rs:573:43
[INFO] [stdout]   33:     0x560676014df6 - test::run_test::{{closure}}::h1754218abf443f6d
[INFO] [stdout]                                at /rustc/0e09125c6c3c2fd70d7de961bcf0e51575235fad/library/test/src/lib.rs:601:41
[INFO] [stdout]   34:     0x560676014df6 - std::sys_common::backtrace::__rust_begin_short_backtrace::h2ee174b9d5954948
[INFO] [stdout]                                at /rustc/0e09125c6c3c2fd70d7de961bcf0e51575235fad/library/std/src/sys_common/backtrace.rs:155:18
[INFO] [stdout]   35:     0x560676019e57 - std::thread::Builder::spawn_unchecked_::{{closure}}::{{closure}}::hf60bee9c1a17ef09
[INFO] [stdout]                                at /rustc/0e09125c6c3c2fd70d7de961bcf0e51575235fad/library/std/src/thread/mod.rs:529:17
[INFO] [stdout]   36:     0x560676019e57 - <core::panic::unwind_safe::AssertUnwindSafe<F> as core::ops::function::FnOnce<()>>::call_once::h33d0dddec5216160
[INFO] [stdout]                                at /rustc/0e09125c6c3c2fd70d7de961bcf0e51575235fad/library/core/src/panic/unwind_safe.rs:272:9
[INFO] [stdout]   37:     0x560676019e57 - std::panicking::try::do_call::h144b3048b546f835
[INFO] [stdout]                                at /rustc/0e09125c6c3c2fd70d7de961bcf0e51575235fad/library/std/src/panicking.rs:552:40
[INFO] [stdout]   38:     0x560676019e57 - std::panicking::try::h978244d04646189f
[INFO] [stdout]                                at /rustc/0e09125c6c3c2fd70d7de961bcf0e51575235fad/library/std/src/panicking.rs:516:19
[INFO] [stdout]   39:     0x560676019e57 - std::panic::catch_unwind::hdf436369d188fe86
[INFO] [stdout]                                at /rustc/0e09125c6c3c2fd70d7de961bcf0e51575235fad/library/std/src/panic.rs:142:14
[INFO] [stdout]   40:     0x560676019e57 - std::thread::Builder::spawn_unchecked_::{{closure}}::h87329cbdd33c79ec
[INFO] [stdout]                                at /rustc/0e09125c6c3c2fd70d7de961bcf0e51575235fad/library/std/src/thread/mod.rs:528:30
[INFO] [stdout]   41:     0x560676019e57 - core::ops::function::FnOnce::call_once{{vtable.shim}}::h401abbe67897d450
[INFO] [stdout]                                at /rustc/0e09125c6c3c2fd70d7de961bcf0e51575235fad/library/core/src/ops/function.rs:250:5
[INFO] [stdout]   42:     0x5606763340c5 - <alloc::boxed::Box<F,A> as core::ops::function::FnOnce<Args>>::call_once::h5d7c8f150ab9c84c
[INFO] [stdout]                                at /rustc/0e09125c6c3c2fd70d7de961bcf0e51575235fad/library/alloc/src/boxed.rs:2015:9
[INFO] [stdout]   43:     0x5606763340c5 - <alloc::boxed::Box<F,A> as core::ops::function::FnOnce<Args>>::call_once::h570d5b005c242c15
[INFO] [stdout]                                at /rustc/0e09125c6c3c2fd70d7de961bcf0e51575235fad/library/alloc/src/boxed.rs:2015:9
[INFO] [stdout]   44:     0x5606763340c5 - std::sys::unix::thread::Thread::new::thread_start::h36b0a20c0b2361ad
[INFO] [stdout]                                at /rustc/0e09125c6c3c2fd70d7de961bcf0e51575235fad/library/std/src/sys/unix/thread.rs:108:17
[INFO] [stdout]   45:     0x7f4454583ac3 - <unknown>
[INFO] [stdout]   46:     0x7f4454614bf4 - __clone
[INFO] [stdout]   47:                0x0 - <unknown>
[INFO] [stdout] 
[INFO] [stdout] 
[INFO] [stdout] failures:
[INFO] [stdout]     tests::server_should_close_connection_when_dropped
[INFO] [stdout] 
[INFO] [stdout] test result: FAILED. 52 passed; 1 failed; 0 ignored; 0 measured; 0 filtered out; finished in 0.67s
[INFO] [stdout] 
[INFO] [stderr] error: test failed, to rerun pass `--lib`
[INFO] running `Command { std: "docker" "inspect" "e178c80be4e48d80517af134c8fca4cc3a59b90d489eb0f4a1eb42f590886ee6", kill_on_drop: false }`
[INFO] running `Command { std: "docker" "rm" "-f" "e178c80be4e48d80517af134c8fca4cc3a59b90d489eb0f4a1eb42f590886ee6", kill_on_drop: false }`
[INFO] [stdout] e178c80be4e48d80517af134c8fca4cc3a59b90d489eb0f4a1eb42f590886ee6
