[INFO] fetching crate html_stack 1.0.2...
[INFO] testing html_stack-1.0.2 against 1.75.0 for beta-1.76-1
[INFO] extracting crate html_stack 1.0.2 into /workspace/builds/worker-0-tc1/source
[INFO] validating manifest of crates.io crate html_stack 1.0.2 on toolchain 1.75.0
[INFO] running `Command { std: CARGO_HOME="/workspace/cargo-home" RUSTUP_HOME="/workspace/rustup-home" "/workspace/cargo-home/bin/cargo" "+1.75.0" "metadata" "--manifest-path" "Cargo.toml" "--no-deps", kill_on_drop: false }`
[INFO] started tweaking crates.io crate html_stack 1.0.2
[INFO] finished tweaking crates.io crate html_stack 1.0.2
[INFO] tweaked toml for crates.io crate html_stack 1.0.2 written to /workspace/builds/worker-0-tc1/source/Cargo.toml
[INFO] running `Command { std: CARGO_HOME="/workspace/cargo-home" RUSTUP_HOME="/workspace/rustup-home" "/workspace/cargo-home/bin/cargo" "+1.75.0" "generate-lockfile" "--manifest-path" "Cargo.toml", kill_on_drop: false }`
[INFO] running `Command { std: CARGO_HOME="/workspace/cargo-home" RUSTUP_HOME="/workspace/rustup-home" "/workspace/cargo-home/bin/cargo" "+1.75.0" "fetch" "--manifest-path" "Cargo.toml", kill_on_drop: false }`
[INFO] running `Command { std: "docker" "create" "-v" "/var/lib/crater-agent-workspace/builds/worker-0-tc1/target:/opt/rustwide/target:rw,Z" "-v" "/var/lib/crater-agent-workspace/builds/worker-0-tc1/source:/opt/rustwide/workdir:ro,Z" "-v" "/var/lib/crater-agent-workspace/cargo-home:/opt/rustwide/cargo-home:ro,Z" "-v" "/var/lib/crater-agent-workspace/rustup-home:/opt/rustwide/rustup-home:ro,Z" "-e" "SOURCE_DIR=/opt/rustwide/workdir" "-e" "CARGO_TARGET_DIR=/opt/rustwide/target" "-e" "CARGO_HOME=/opt/rustwide/cargo-home" "-e" "RUSTUP_HOME=/opt/rustwide/rustup-home" "-w" "/opt/rustwide/workdir" "-m" "1610612736" "--user" "0:0" "--network" "none" "ghcr.io/rust-lang/crates-build-env/linux@sha256:2788e3201cd34a07e3172128adcd8b3090168a8e3bcc40d7c032b9dda1df7d1c" "/opt/rustwide/cargo-home/bin/cargo" "+1.75.0" "metadata" "--no-deps" "--format-version=1", kill_on_drop: false }`
[INFO] [stdout] 7a951b03be5b9b52ecdb9fa8f7ef03767e6439652cf43380003472325b75fb62
[INFO] running `Command { std: "docker" "start" "-a" "7a951b03be5b9b52ecdb9fa8f7ef03767e6439652cf43380003472325b75fb62", kill_on_drop: false }`
[INFO] running `Command { std: "docker" "inspect" "7a951b03be5b9b52ecdb9fa8f7ef03767e6439652cf43380003472325b75fb62", kill_on_drop: false }`
[INFO] running `Command { std: "docker" "rm" "-f" "7a951b03be5b9b52ecdb9fa8f7ef03767e6439652cf43380003472325b75fb62", kill_on_drop: false }`
[INFO] [stdout] 7a951b03be5b9b52ecdb9fa8f7ef03767e6439652cf43380003472325b75fb62
[INFO] running `Command { std: "docker" "create" "-v" "/var/lib/crater-agent-workspace/builds/worker-0-tc1/target:/opt/rustwide/target:rw,Z" "-v" "/var/lib/crater-agent-workspace/builds/worker-0-tc1/source:/opt/rustwide/workdir:ro,Z" "-v" "/var/lib/crater-agent-workspace/cargo-home:/opt/rustwide/cargo-home:ro,Z" "-v" "/var/lib/crater-agent-workspace/rustup-home:/opt/rustwide/rustup-home:ro,Z" "-e" "SOURCE_DIR=/opt/rustwide/workdir" "-e" "CARGO_TARGET_DIR=/opt/rustwide/target" "-e" "CARGO_INCREMENTAL=0" "-e" "RUST_BACKTRACE=full" "-e" "RUSTFLAGS=--cap-lints=warn" "-e" "RUSTDOCFLAGS=--cap-lints=warn" "-e" "CARGO_HOME=/opt/rustwide/cargo-home" "-e" "RUSTUP_HOME=/opt/rustwide/rustup-home" "-w" "/opt/rustwide/workdir" "-m" "1610612736" "--user" "0:0" "--network" "none" "ghcr.io/rust-lang/crates-build-env/linux@sha256:2788e3201cd34a07e3172128adcd8b3090168a8e3bcc40d7c032b9dda1df7d1c" "/opt/rustwide/cargo-home/bin/cargo" "+1.75.0" "build" "--frozen" "--message-format=json", kill_on_drop: false }`
[INFO] [stdout] 55818f517ffcb2c86396313bd181ffa75fb5a066b3d432de3004827d345125d5
[INFO] running `Command { std: "docker" "start" "-a" "55818f517ffcb2c86396313bd181ffa75fb5a066b3d432de3004827d345125d5", kill_on_drop: false }`
[INFO] [stderr]    Compiling html_stack v1.0.2 (/opt/rustwide/workdir)
[INFO] [stderr]     Finished dev [unoptimized + debuginfo] target(s) in 0.15s
[INFO] running `Command { std: "docker" "inspect" "55818f517ffcb2c86396313bd181ffa75fb5a066b3d432de3004827d345125d5", kill_on_drop: false }`
[INFO] running `Command { std: "docker" "rm" "-f" "55818f517ffcb2c86396313bd181ffa75fb5a066b3d432de3004827d345125d5", kill_on_drop: false }`
[INFO] [stdout] 55818f517ffcb2c86396313bd181ffa75fb5a066b3d432de3004827d345125d5
[INFO] running `Command { std: "docker" "create" "-v" "/var/lib/crater-agent-workspace/builds/worker-0-tc1/target:/opt/rustwide/target:rw,Z" "-v" "/var/lib/crater-agent-workspace/builds/worker-0-tc1/source:/opt/rustwide/workdir:ro,Z" "-v" "/var/lib/crater-agent-workspace/cargo-home:/opt/rustwide/cargo-home:ro,Z" "-v" "/var/lib/crater-agent-workspace/rustup-home:/opt/rustwide/rustup-home:ro,Z" "-e" "SOURCE_DIR=/opt/rustwide/workdir" "-e" "CARGO_TARGET_DIR=/opt/rustwide/target" "-e" "CARGO_INCREMENTAL=0" "-e" "RUST_BACKTRACE=full" "-e" "RUSTFLAGS=--cap-lints=warn" "-e" "RUSTDOCFLAGS=--cap-lints=warn" "-e" "CARGO_HOME=/opt/rustwide/cargo-home" "-e" "RUSTUP_HOME=/opt/rustwide/rustup-home" "-w" "/opt/rustwide/workdir" "-m" "1610612736" "--user" "0:0" "--network" "none" "ghcr.io/rust-lang/crates-build-env/linux@sha256:2788e3201cd34a07e3172128adcd8b3090168a8e3bcc40d7c032b9dda1df7d1c" "/opt/rustwide/cargo-home/bin/cargo" "+1.75.0" "test" "--frozen" "--no-run" "--message-format=json", kill_on_drop: false }`
[INFO] [stdout] db929c2d124e3603123f9e2719da8d8cb666805753aad289ac35d8ce0a175d46
[INFO] running `Command { std: "docker" "start" "-a" "db929c2d124e3603123f9e2719da8d8cb666805753aad289ac35d8ce0a175d46", kill_on_drop: false }`
[INFO] [stderr]    Compiling html_stack v1.0.2 (/opt/rustwide/workdir)
[INFO] [stderr]     Finished test [unoptimized + debuginfo] target(s) in 0.17s
[INFO] running `Command { std: "docker" "inspect" "db929c2d124e3603123f9e2719da8d8cb666805753aad289ac35d8ce0a175d46", kill_on_drop: false }`
[INFO] running `Command { std: "docker" "rm" "-f" "db929c2d124e3603123f9e2719da8d8cb666805753aad289ac35d8ce0a175d46", kill_on_drop: false }`
[INFO] [stdout] db929c2d124e3603123f9e2719da8d8cb666805753aad289ac35d8ce0a175d46
[INFO] running `Command { std: "docker" "create" "-v" "/var/lib/crater-agent-workspace/builds/worker-0-tc1/target:/opt/rustwide/target:rw,Z" "-v" "/var/lib/crater-agent-workspace/builds/worker-0-tc1/source:/opt/rustwide/workdir:ro,Z" "-v" "/var/lib/crater-agent-workspace/cargo-home:/opt/rustwide/cargo-home:ro,Z" "-v" "/var/lib/crater-agent-workspace/rustup-home:/opt/rustwide/rustup-home:ro,Z" "-e" "SOURCE_DIR=/opt/rustwide/workdir" "-e" "CARGO_TARGET_DIR=/opt/rustwide/target" "-e" "CARGO_INCREMENTAL=0" "-e" "RUST_BACKTRACE=full" "-e" "RUSTFLAGS=--cap-lints=warn" "-e" "RUSTDOCFLAGS=--cap-lints=warn" "-e" "CARGO_HOME=/opt/rustwide/cargo-home" "-e" "RUSTUP_HOME=/opt/rustwide/rustup-home" "-w" "/opt/rustwide/workdir" "-m" "1610612736" "--user" "0:0" "--network" "none" "ghcr.io/rust-lang/crates-build-env/linux@sha256:2788e3201cd34a07e3172128adcd8b3090168a8e3bcc40d7c032b9dda1df7d1c" "/opt/rustwide/cargo-home/bin/cargo" "+1.75.0" "test" "--frozen", kill_on_drop: false }`
[INFO] [stdout] 9f423474c09abb5b915fbaf26df474ba9ebceafe2818de60c0df7a80173bef6e
[INFO] running `Command { std: "docker" "start" "-a" "9f423474c09abb5b915fbaf26df474ba9ebceafe2818de60c0df7a80173bef6e", kill_on_drop: false }`
[INFO] [stderr]     Finished test [unoptimized + debuginfo] target(s) in 0.00s
[INFO] [stderr]      Running unittests lib.rs (/opt/rustwide/target/debug/deps/html_stack-4c4b83c5edc95ff3)
[INFO] [stdout] 
[INFO] [stdout] running 0 tests
[INFO] [stdout] 
[INFO] [stdout] test result: ok. 0 passed; 0 failed; 0 ignored; 0 measured; 0 filtered out; finished in 0.00s
[INFO] [stdout] 
[INFO] [stderr]    Doc-tests html_stack
[INFO] [stdout] 
[INFO] [stdout] running 1 test
[INFO] [stdout] test lib.rs - (line 6) ... FAILED
[INFO] [stdout] 
[INFO] [stdout] failures:
[INFO] [stdout] 
[INFO] [stdout] ---- lib.rs - (line 6) stdout ----
[INFO] [stdout] error: this file contains an unclosed delimiter
[INFO] [stdout]   --> lib.rs:20:31
[INFO] [stdout]    |
[INFO] [stdout] 4  | fn main() { #[allow(non_snake_case)] fn _doctest_main_lib_rs_6_0() {
[INFO] [stdout]    |           - unclosed delimiter
[INFO] [stdout] ...
[INFO] [stdout] 17 | } _doctest_main_lib_rs_6_0() }
[INFO] [stdout]    |                               ^
[INFO] [stdout] 
[INFO] [stdout] error: aborting due to previous error
[INFO] [stdout] 
[INFO] [stdout] Couldn't compile the test.
[INFO] [stdout] 
[INFO] [stdout] failures:
[INFO] [stdout]     lib.rs - (line 6)
[INFO] [stdout] 
[INFO] [stdout] test result: FAILED. 0 passed; 1 failed; 0 ignored; 0 measured; 0 filtered out; finished in 0.02s
[INFO] [stdout] 
[INFO] [stderr] error: doctest failed, to rerun pass `--doc`
[INFO] running `Command { std: "docker" "inspect" "9f423474c09abb5b915fbaf26df474ba9ebceafe2818de60c0df7a80173bef6e", kill_on_drop: false }`
[INFO] running `Command { std: "docker" "rm" "-f" "9f423474c09abb5b915fbaf26df474ba9ebceafe2818de60c0df7a80173bef6e", kill_on_drop: false }`
[INFO] [stdout] 9f423474c09abb5b915fbaf26df474ba9ebceafe2818de60c0df7a80173bef6e
[INFO] testing html_stack-1.0.2 against beta-2023-12-22 for beta-1.76-1
[INFO] extracting crate html_stack 1.0.2 into /workspace/builds/worker-0-tc2/source
[INFO] validating manifest of crates.io crate html_stack 1.0.2 on toolchain beta-2023-12-22
[INFO] running `Command { std: CARGO_HOME="/workspace/cargo-home" RUSTUP_HOME="/workspace/rustup-home" "/workspace/cargo-home/bin/cargo" "+beta-2023-12-22" "metadata" "--manifest-path" "Cargo.toml" "--no-deps", kill_on_drop: false }`
[INFO] started tweaking crates.io crate html_stack 1.0.2
[INFO] finished tweaking crates.io crate html_stack 1.0.2
[INFO] tweaked toml for crates.io crate html_stack 1.0.2 written to /workspace/builds/worker-0-tc2/source/Cargo.toml
[INFO] running `Command { std: CARGO_HOME="/workspace/cargo-home" RUSTUP_HOME="/workspace/rustup-home" "/workspace/cargo-home/bin/cargo" "+beta-2023-12-22" "generate-lockfile" "--manifest-path" "Cargo.toml", kill_on_drop: false }`
[INFO] running `Command { std: CARGO_HOME="/workspace/cargo-home" RUSTUP_HOME="/workspace/rustup-home" "/workspace/cargo-home/bin/cargo" "+beta-2023-12-22" "fetch" "--manifest-path" "Cargo.toml", kill_on_drop: false }`
[INFO] running `Command { std: "docker" "create" "-v" "/var/lib/crater-agent-workspace/builds/worker-0-tc2/target:/opt/rustwide/target:rw,Z" "-v" "/var/lib/crater-agent-workspace/builds/worker-0-tc2/source:/opt/rustwide/workdir:ro,Z" "-v" "/var/lib/crater-agent-workspace/cargo-home:/opt/rustwide/cargo-home:ro,Z" "-v" "/var/lib/crater-agent-workspace/rustup-home:/opt/rustwide/rustup-home:ro,Z" "-e" "SOURCE_DIR=/opt/rustwide/workdir" "-e" "CARGO_TARGET_DIR=/opt/rustwide/target" "-e" "CARGO_HOME=/opt/rustwide/cargo-home" "-e" "RUSTUP_HOME=/opt/rustwide/rustup-home" "-w" "/opt/rustwide/workdir" "-m" "1610612736" "--user" "0:0" "--network" "none" "ghcr.io/rust-lang/crates-build-env/linux@sha256:2788e3201cd34a07e3172128adcd8b3090168a8e3bcc40d7c032b9dda1df7d1c" "/opt/rustwide/cargo-home/bin/cargo" "+beta-2023-12-22" "metadata" "--no-deps" "--format-version=1", kill_on_drop: false }`
[INFO] [stdout] ca16bd577334adc55a4ccb63a705a56d98a2a7d22628839becc41d3d5c7d514f
[INFO] running `Command { std: "docker" "start" "-a" "ca16bd577334adc55a4ccb63a705a56d98a2a7d22628839becc41d3d5c7d514f", kill_on_drop: false }`
[INFO] running `Command { std: "docker" "inspect" "ca16bd577334adc55a4ccb63a705a56d98a2a7d22628839becc41d3d5c7d514f", kill_on_drop: false }`
[INFO] running `Command { std: "docker" "rm" "-f" "ca16bd577334adc55a4ccb63a705a56d98a2a7d22628839becc41d3d5c7d514f", kill_on_drop: false }`
[INFO] [stdout] ca16bd577334adc55a4ccb63a705a56d98a2a7d22628839becc41d3d5c7d514f
[INFO] running `Command { std: "docker" "create" "-v" "/var/lib/crater-agent-workspace/builds/worker-0-tc2/target:/opt/rustwide/target:rw,Z" "-v" "/var/lib/crater-agent-workspace/builds/worker-0-tc2/source:/opt/rustwide/workdir:ro,Z" "-v" "/var/lib/crater-agent-workspace/cargo-home:/opt/rustwide/cargo-home:ro,Z" "-v" "/var/lib/crater-agent-workspace/rustup-home:/opt/rustwide/rustup-home:ro,Z" "-e" "SOURCE_DIR=/opt/rustwide/workdir" "-e" "CARGO_TARGET_DIR=/opt/rustwide/target" "-e" "CARGO_INCREMENTAL=0" "-e" "RUST_BACKTRACE=full" "-e" "RUSTFLAGS=--cap-lints=warn" "-e" "RUSTDOCFLAGS=--cap-lints=warn" "-e" "CARGO_HOME=/opt/rustwide/cargo-home" "-e" "RUSTUP_HOME=/opt/rustwide/rustup-home" "-w" "/opt/rustwide/workdir" "-m" "1610612736" "--user" "0:0" "--network" "none" "ghcr.io/rust-lang/crates-build-env/linux@sha256:2788e3201cd34a07e3172128adcd8b3090168a8e3bcc40d7c032b9dda1df7d1c" "/opt/rustwide/cargo-home/bin/cargo" "+beta-2023-12-22" "build" "--frozen" "--message-format=json", kill_on_drop: false }`
[INFO] [stdout] 098e53d73c8cdc2db64074a41ba20f1ef87c9e7b00191d749747bf2d6f89d02f
[INFO] running `Command { std: "docker" "start" "-a" "098e53d73c8cdc2db64074a41ba20f1ef87c9e7b00191d749747bf2d6f89d02f", kill_on_drop: false }`
[INFO] [stderr]    Compiling html_stack v1.0.2 (/opt/rustwide/workdir)
[INFO] [stderr]     Finished dev [unoptimized + debuginfo] target(s) in 0.15s
[INFO] running `Command { std: "docker" "inspect" "098e53d73c8cdc2db64074a41ba20f1ef87c9e7b00191d749747bf2d6f89d02f", kill_on_drop: false }`
[INFO] running `Command { std: "docker" "rm" "-f" "098e53d73c8cdc2db64074a41ba20f1ef87c9e7b00191d749747bf2d6f89d02f", kill_on_drop: false }`
[INFO] [stdout] 098e53d73c8cdc2db64074a41ba20f1ef87c9e7b00191d749747bf2d6f89d02f
[INFO] running `Command { std: "docker" "create" "-v" "/var/lib/crater-agent-workspace/builds/worker-0-tc2/target:/opt/rustwide/target:rw,Z" "-v" "/var/lib/crater-agent-workspace/builds/worker-0-tc2/source:/opt/rustwide/workdir:ro,Z" "-v" "/var/lib/crater-agent-workspace/cargo-home:/opt/rustwide/cargo-home:ro,Z" "-v" "/var/lib/crater-agent-workspace/rustup-home:/opt/rustwide/rustup-home:ro,Z" "-e" "SOURCE_DIR=/opt/rustwide/workdir" "-e" "CARGO_TARGET_DIR=/opt/rustwide/target" "-e" "CARGO_INCREMENTAL=0" "-e" "RUST_BACKTRACE=full" "-e" "RUSTFLAGS=--cap-lints=warn" "-e" "RUSTDOCFLAGS=--cap-lints=warn" "-e" "CARGO_HOME=/opt/rustwide/cargo-home" "-e" "RUSTUP_HOME=/opt/rustwide/rustup-home" "-w" "/opt/rustwide/workdir" "-m" "1610612736" "--user" "0:0" "--network" "none" "ghcr.io/rust-lang/crates-build-env/linux@sha256:2788e3201cd34a07e3172128adcd8b3090168a8e3bcc40d7c032b9dda1df7d1c" "/opt/rustwide/cargo-home/bin/cargo" "+beta-2023-12-22" "test" "--frozen" "--no-run" "--message-format=json", kill_on_drop: false }`
[INFO] [stdout] 04260a29a517c42a948a8abbf7587f8f321529297c4dd3b58d4383ef58305888
[INFO] running `Command { std: "docker" "start" "-a" "04260a29a517c42a948a8abbf7587f8f321529297c4dd3b58d4383ef58305888", kill_on_drop: false }`
[INFO] [stderr]    Compiling html_stack v1.0.2 (/opt/rustwide/workdir)
[INFO] [stderr]     Finished test [unoptimized + debuginfo] target(s) in 0.17s
[INFO] running `Command { std: "docker" "inspect" "04260a29a517c42a948a8abbf7587f8f321529297c4dd3b58d4383ef58305888", kill_on_drop: false }`
[INFO] running `Command { std: "docker" "rm" "-f" "04260a29a517c42a948a8abbf7587f8f321529297c4dd3b58d4383ef58305888", kill_on_drop: false }`
[INFO] [stdout] 04260a29a517c42a948a8abbf7587f8f321529297c4dd3b58d4383ef58305888
[INFO] running `Command { std: "docker" "create" "-v" "/var/lib/crater-agent-workspace/builds/worker-0-tc2/target:/opt/rustwide/target:rw,Z" "-v" "/var/lib/crater-agent-workspace/builds/worker-0-tc2/source:/opt/rustwide/workdir:ro,Z" "-v" "/var/lib/crater-agent-workspace/cargo-home:/opt/rustwide/cargo-home:ro,Z" "-v" "/var/lib/crater-agent-workspace/rustup-home:/opt/rustwide/rustup-home:ro,Z" "-e" "SOURCE_DIR=/opt/rustwide/workdir" "-e" "CARGO_TARGET_DIR=/opt/rustwide/target" "-e" "CARGO_INCREMENTAL=0" "-e" "RUST_BACKTRACE=full" "-e" "RUSTFLAGS=--cap-lints=warn" "-e" "RUSTDOCFLAGS=--cap-lints=warn" "-e" "CARGO_HOME=/opt/rustwide/cargo-home" "-e" "RUSTUP_HOME=/opt/rustwide/rustup-home" "-w" "/opt/rustwide/workdir" "-m" "1610612736" "--user" "0:0" "--network" "none" "ghcr.io/rust-lang/crates-build-env/linux@sha256:2788e3201cd34a07e3172128adcd8b3090168a8e3bcc40d7c032b9dda1df7d1c" "/opt/rustwide/cargo-home/bin/cargo" "+beta-2023-12-22" "test" "--frozen", kill_on_drop: false }`
[INFO] [stdout] 5956d9b4c4fd345b184ebda59d800764bc31aed472921cbc3d09a75a317b6f46
[INFO] running `Command { std: "docker" "start" "-a" "5956d9b4c4fd345b184ebda59d800764bc31aed472921cbc3d09a75a317b6f46", kill_on_drop: false }`
[INFO] [stderr]     Finished test [unoptimized + debuginfo] target(s) in 0.00s
[INFO] [stderr]      Running unittests lib.rs (/opt/rustwide/target/debug/deps/html_stack-b5105ea1a0e6f94c)
[INFO] [stdout] 
[INFO] [stdout] running 0 tests
[INFO] [stdout] 
[INFO] [stdout] test result: ok. 0 passed; 0 failed; 0 ignored; 0 measured; 0 filtered out; finished in 0.00s
[INFO] [stdout] 
[INFO] [stderr]    Doc-tests html_stack
[INFO] [stdout] 
[INFO] [stdout] running 1 test
[INFO] [stdout] test lib.rs - (line 6) ... FAILED
[INFO] [stdout] 
[INFO] [stdout] failures:
[INFO] [stdout] 
[INFO] [stdout] ---- lib.rs - (line 6) stdout ----
[INFO] [stdout] error: this file contains an unclosed delimiter
[INFO] [stdout]   --> lib.rs:20:31
[INFO] [stdout]    |
[INFO] [stdout] 4  | fn main() { #[allow(non_snake_case)] fn _doctest_main_lib_rs_6_0() {
[INFO] [stdout]    |           - unclosed delimiter
[INFO] [stdout] ...
[INFO] [stdout] 17 | } _doctest_main_lib_rs_6_0() }
[INFO] [stdout]    |                               ^
[INFO] [stdout] 
[INFO] [stdout] error: aborting due to 1 previous error
[INFO] [stdout] 
[INFO] [stdout] Couldn't compile the test.
[INFO] [stdout] 
[INFO] [stdout] failures:
[INFO] [stdout]     lib.rs - (line 6)
[INFO] [stdout] 
[INFO] [stdout] test result: FAILED. 0 passed; 1 failed; 0 ignored; 0 measured; 0 filtered out; finished in 0.02s
[INFO] [stdout] 
[INFO] [stderr] error: doctest failed, to rerun pass `--doc`
[INFO] running `Command { std: "docker" "inspect" "5956d9b4c4fd345b184ebda59d800764bc31aed472921cbc3d09a75a317b6f46", kill_on_drop: false }`
[INFO] running `Command { std: "docker" "rm" "-f" "5956d9b4c4fd345b184ebda59d800764bc31aed472921cbc3d09a75a317b6f46", kill_on_drop: false }`
[INFO] [stdout] 5956d9b4c4fd345b184ebda59d800764bc31aed472921cbc3d09a75a317b6f46
