[INFO] fetching crate hotsax 0.4.0...
[INFO] testing hotsax-0.4.0 against 1.75.0 for beta-1.76-1
[INFO] extracting crate hotsax 0.4.0 into /workspace/builds/worker-5-tc1/source
[INFO] validating manifest of crates.io crate hotsax 0.4.0 on toolchain 1.75.0
[INFO] running `Command { std: CARGO_HOME="/workspace/cargo-home" RUSTUP_HOME="/workspace/rustup-home" "/workspace/cargo-home/bin/cargo" "+1.75.0" "metadata" "--manifest-path" "Cargo.toml" "--no-deps", kill_on_drop: false }`
[INFO] started tweaking crates.io crate hotsax 0.4.0
[INFO] finished tweaking crates.io crate hotsax 0.4.0
[INFO] tweaked toml for crates.io crate hotsax 0.4.0 written to /workspace/builds/worker-5-tc1/source/Cargo.toml
[INFO] running `Command { std: CARGO_HOME="/workspace/cargo-home" RUSTUP_HOME="/workspace/rustup-home" "/workspace/cargo-home/bin/cargo" "+1.75.0" "generate-lockfile" "--manifest-path" "Cargo.toml", kill_on_drop: false }`
[INFO] [stderr]     Updating crates.io index
[INFO] running `Command { std: CARGO_HOME="/workspace/cargo-home" RUSTUP_HOME="/workspace/rustup-home" "/workspace/cargo-home/bin/cargo" "+1.75.0" "fetch" "--manifest-path" "Cargo.toml", kill_on_drop: false }`
[INFO] [stderr]  Downloading crates ...
[INFO] [stderr]   Downloaded humansize v1.1.1
[INFO] [stderr]   Downloaded askama_escape v0.3.0
[INFO] [stderr]   Downloaded askama_derive v0.9.0
[INFO] [stderr]   Downloaded askama_shared v0.9.1
[INFO] [stderr]   Downloaded askama v0.9.0
[INFO] [stderr]   Downloaded plotly v0.4.1
[INFO] running `Command { std: "docker" "create" "-v" "/var/lib/crater-agent-workspace/builds/worker-5-tc1/target:/opt/rustwide/target:rw,Z" "-v" "/var/lib/crater-agent-workspace/builds/worker-5-tc1/source:/opt/rustwide/workdir:ro,Z" "-v" "/var/lib/crater-agent-workspace/cargo-home:/opt/rustwide/cargo-home:ro,Z" "-v" "/var/lib/crater-agent-workspace/rustup-home:/opt/rustwide/rustup-home:ro,Z" "-e" "SOURCE_DIR=/opt/rustwide/workdir" "-e" "CARGO_TARGET_DIR=/opt/rustwide/target" "-e" "CARGO_HOME=/opt/rustwide/cargo-home" "-e" "RUSTUP_HOME=/opt/rustwide/rustup-home" "-w" "/opt/rustwide/workdir" "-m" "1610612736" "--user" "0:0" "--network" "none" "ghcr.io/rust-lang/crates-build-env/linux@sha256:2788e3201cd34a07e3172128adcd8b3090168a8e3bcc40d7c032b9dda1df7d1c" "/opt/rustwide/cargo-home/bin/cargo" "+1.75.0" "metadata" "--no-deps" "--format-version=1", kill_on_drop: false }`
[INFO] [stdout] ca255fc89da8274d86144b0cab26647ce450eb0b2fbf380f7b28d4ad189a02ad
[INFO] running `Command { std: "docker" "start" "-a" "ca255fc89da8274d86144b0cab26647ce450eb0b2fbf380f7b28d4ad189a02ad", kill_on_drop: false }`
[INFO] running `Command { std: "docker" "inspect" "ca255fc89da8274d86144b0cab26647ce450eb0b2fbf380f7b28d4ad189a02ad", kill_on_drop: false }`
[INFO] running `Command { std: "docker" "rm" "-f" "ca255fc89da8274d86144b0cab26647ce450eb0b2fbf380f7b28d4ad189a02ad", kill_on_drop: false }`
[INFO] [stdout] ca255fc89da8274d86144b0cab26647ce450eb0b2fbf380f7b28d4ad189a02ad
[INFO] running `Command { std: "docker" "create" "-v" "/var/lib/crater-agent-workspace/builds/worker-5-tc1/target:/opt/rustwide/target:rw,Z" "-v" "/var/lib/crater-agent-workspace/builds/worker-5-tc1/source:/opt/rustwide/workdir:ro,Z" "-v" "/var/lib/crater-agent-workspace/cargo-home:/opt/rustwide/cargo-home:ro,Z" "-v" "/var/lib/crater-agent-workspace/rustup-home:/opt/rustwide/rustup-home:ro,Z" "-e" "SOURCE_DIR=/opt/rustwide/workdir" "-e" "CARGO_TARGET_DIR=/opt/rustwide/target" "-e" "CARGO_INCREMENTAL=0" "-e" "RUST_BACKTRACE=full" "-e" "RUSTFLAGS=--cap-lints=warn" "-e" "RUSTDOCFLAGS=--cap-lints=warn" "-e" "CARGO_HOME=/opt/rustwide/cargo-home" "-e" "RUSTUP_HOME=/opt/rustwide/rustup-home" "-w" "/opt/rustwide/workdir" "-m" "1610612736" "--user" "0:0" "--network" "none" "ghcr.io/rust-lang/crates-build-env/linux@sha256:2788e3201cd34a07e3172128adcd8b3090168a8e3bcc40d7c032b9dda1df7d1c" "/opt/rustwide/cargo-home/bin/cargo" "+1.75.0" "build" "--frozen" "--message-format=json", kill_on_drop: false }`
[INFO] [stdout] d50e149a3f39fb3adbcf4468078f072164c8bf7c4c464cb853a9de23cffb0535
[INFO] running `Command { std: "docker" "start" "-a" "d50e149a3f39fb3adbcf4468078f072164c8bf7c4c464cb853a9de23cffb0535", kill_on_drop: false }`
[INFO] [stderr]    Compiling num-traits v0.2.17
[INFO] [stderr]    Compiling num-integer v0.1.45
[INFO] [stderr]    Compiling libc v0.2.151
[INFO] [stderr]    Compiling getrandom v0.1.16
[INFO] [stderr]    Compiling num-bigint v0.2.6
[INFO] [stderr]    Compiling num-iter v0.1.43
[INFO] [stderr]    Compiling num-complex v0.2.4
[INFO] [stderr]    Compiling num-rational v0.2.4
[INFO] [stderr]    Compiling ppv-lite86 v0.2.17
[INFO] [stderr]    Compiling rand_core v0.5.1
[INFO] [stderr]    Compiling rand_chacha v0.2.2
[INFO] [stderr]    Compiling rand v0.7.3
[INFO] [stderr]    Compiling num v0.2.1
[INFO] [stderr]    Compiling hotsax v0.4.0 (/opt/rustwide/workdir)
[INFO] [stdout] warning: unused imports: `DerefMut`, `Deref`
[INFO] [stdout]  --> src/squeezer.rs:2:16
[INFO] [stdout]   |
[INFO] [stdout] 2 | use std::ops::{Deref, DerefMut};
[INFO] [stdout]   |                ^^^^^  ^^^^^^^^
[INFO] [stdout]   |
[INFO] [stdout]   = note: `#[warn(unused_imports)]` on by default
[INFO] [stdout] 
[INFO] [stdout] 
[INFO] [stdout] warning: 1 warning emitted
[INFO] [stdout] 
[INFO] [stdout] 
[INFO] [stderr]     Finished dev [unoptimized + debuginfo] target(s) in 6.69s
[INFO] running `Command { std: "docker" "inspect" "d50e149a3f39fb3adbcf4468078f072164c8bf7c4c464cb853a9de23cffb0535", kill_on_drop: false }`
[INFO] running `Command { std: "docker" "rm" "-f" "d50e149a3f39fb3adbcf4468078f072164c8bf7c4c464cb853a9de23cffb0535", kill_on_drop: false }`
[INFO] [stdout] d50e149a3f39fb3adbcf4468078f072164c8bf7c4c464cb853a9de23cffb0535
[INFO] running `Command { std: "docker" "create" "-v" "/var/lib/crater-agent-workspace/builds/worker-5-tc1/target:/opt/rustwide/target:rw,Z" "-v" "/var/lib/crater-agent-workspace/builds/worker-5-tc1/source:/opt/rustwide/workdir:ro,Z" "-v" "/var/lib/crater-agent-workspace/cargo-home:/opt/rustwide/cargo-home:ro,Z" "-v" "/var/lib/crater-agent-workspace/rustup-home:/opt/rustwide/rustup-home:ro,Z" "-e" "SOURCE_DIR=/opt/rustwide/workdir" "-e" "CARGO_TARGET_DIR=/opt/rustwide/target" "-e" "CARGO_INCREMENTAL=0" "-e" "RUST_BACKTRACE=full" "-e" "RUSTFLAGS=--cap-lints=warn" "-e" "RUSTDOCFLAGS=--cap-lints=warn" "-e" "CARGO_HOME=/opt/rustwide/cargo-home" "-e" "RUSTUP_HOME=/opt/rustwide/rustup-home" "-w" "/opt/rustwide/workdir" "-m" "1610612736" "--user" "0:0" "--network" "none" "ghcr.io/rust-lang/crates-build-env/linux@sha256:2788e3201cd34a07e3172128adcd8b3090168a8e3bcc40d7c032b9dda1df7d1c" "/opt/rustwide/cargo-home/bin/cargo" "+1.75.0" "test" "--frozen" "--no-run" "--message-format=json", kill_on_drop: false }`
[INFO] [stdout] cc3e92124d653d44dc88d72217a0d3ce7697d2aedfd82722d0c09bca6c9766e7
[INFO] running `Command { std: "docker" "start" "-a" "cc3e92124d653d44dc88d72217a0d3ce7697d2aedfd82722d0c09bca6c9766e7", kill_on_drop: false }`
[INFO] [stderr]    Compiling serde v1.0.194
[INFO] [stderr]    Compiling memchr v2.7.1
[INFO] [stderr]    Compiling nom v5.1.3
[INFO] [stderr]    Compiling syn v2.0.48
[INFO] [stderr]    Compiling askama_escape v0.3.0
[INFO] [stderr]    Compiling humansize v1.1.1
[INFO] [stderr]    Compiling ryu v1.0.16
[INFO] [stderr]    Compiling serde_json v1.0.111
[INFO] [stderr]    Compiling itoa v1.0.10
[INFO] [stderr]    Compiling rand_distr v0.2.2
[INFO] [stdout] warning: unused imports: `DerefMut`, `Deref`
[INFO] [stdout]  --> src/squeezer.rs:2:16
[INFO] [stdout]   |
[INFO] [stdout] 2 | use std::ops::{Deref, DerefMut};
[INFO] [stdout]   |                ^^^^^  ^^^^^^^^
[INFO] [stdout]   |
[INFO] [stdout]   = note: `#[warn(unused_imports)]` on by default
[INFO] [stdout] 
[INFO] [stdout] 
[INFO] [stdout] warning: 1 warning emitted
[INFO] [stdout] 
[INFO] [stdout] 
[INFO] [stderr]    Compiling csv-core v0.1.11
[INFO] [stderr]    Compiling serde_derive v1.0.194
[INFO] [stderr]    Compiling toml v0.5.11
[INFO] [stderr]    Compiling csv v1.3.0
[INFO] [stderr]    Compiling askama_shared v0.9.1
[INFO] [stderr]    Compiling askama_derive v0.9.0
[INFO] [stderr]    Compiling askama v0.9.0
[INFO] [stderr]    Compiling plotly v0.4.1
[INFO] [stderr]    Compiling hotsax v0.4.0 (/opt/rustwide/workdir)
[INFO] [stdout] warning: unused imports: `DerefMut`, `Deref`
[INFO] [stdout]  --> src/squeezer.rs:2:16
[INFO] [stdout]   |
[INFO] [stdout] 2 | use std::ops::{Deref, DerefMut};
[INFO] [stdout]   |                ^^^^^  ^^^^^^^^
[INFO] [stdout]   |
[INFO] [stdout]   = note: `#[warn(unused_imports)]` on by default
[INFO] [stdout] 
[INFO] [stdout] 
[INFO] [stdout] warning: static `MIN_DIST` is never used
[INFO] [stdout]   --> src/lib.rs:96:12
[INFO] [stdout]    |
[INFO] [stdout] 96 |     static MIN_DIST: f64 = 2.00;
[INFO] [stdout]    |            ^^^^^^^^
[INFO] [stdout]    |
[INFO] [stdout]    = note: `#[warn(dead_code)]` on by default
[INFO] [stdout] 
[INFO] [stdout] 
[INFO] [stdout] warning: function `centered_moving_average` is never used
[INFO] [stdout]    --> src/lib.rs:171:8
[INFO] [stdout]     |
[INFO] [stdout] 171 |     fn centered_moving_average(data: &Vec<f64>, n: usize) -> Vec<f64> {
[INFO] [stdout]     |        ^^^^^^^^^^^^^^^^^^^^^^^
[INFO] [stdout] 
[INFO] [stdout] 
[INFO] [stdout] warning: function `trailing_moving_average` is never used
[INFO] [stdout]    --> src/lib.rs:195:8
[INFO] [stdout]     |
[INFO] [stdout] 195 |     fn trailing_moving_average(data: &Vec<f64>, n: usize) -> Vec<f64> {
[INFO] [stdout]     |        ^^^^^^^^^^^^^^^^^^^^^^^
[INFO] [stdout] 
[INFO] [stdout] 
[INFO] [stdout] warning: 4 warnings emitted
[INFO] [stdout] 
[INFO] [stdout] 
[INFO] [stderr]     Finished test [unoptimized + debuginfo] target(s) in 20.10s
[INFO] running `Command { std: "docker" "inspect" "cc3e92124d653d44dc88d72217a0d3ce7697d2aedfd82722d0c09bca6c9766e7", kill_on_drop: false }`
[INFO] running `Command { std: "docker" "rm" "-f" "cc3e92124d653d44dc88d72217a0d3ce7697d2aedfd82722d0c09bca6c9766e7", kill_on_drop: false }`
[INFO] [stdout] cc3e92124d653d44dc88d72217a0d3ce7697d2aedfd82722d0c09bca6c9766e7
[INFO] running `Command { std: "docker" "create" "-v" "/var/lib/crater-agent-workspace/builds/worker-5-tc1/target:/opt/rustwide/target:rw,Z" "-v" "/var/lib/crater-agent-workspace/builds/worker-5-tc1/source:/opt/rustwide/workdir:ro,Z" "-v" "/var/lib/crater-agent-workspace/cargo-home:/opt/rustwide/cargo-home:ro,Z" "-v" "/var/lib/crater-agent-workspace/rustup-home:/opt/rustwide/rustup-home:ro,Z" "-e" "SOURCE_DIR=/opt/rustwide/workdir" "-e" "CARGO_TARGET_DIR=/opt/rustwide/target" "-e" "CARGO_INCREMENTAL=0" "-e" "RUST_BACKTRACE=full" "-e" "RUSTFLAGS=--cap-lints=warn" "-e" "RUSTDOCFLAGS=--cap-lints=warn" "-e" "CARGO_HOME=/opt/rustwide/cargo-home" "-e" "RUSTUP_HOME=/opt/rustwide/rustup-home" "-w" "/opt/rustwide/workdir" "-m" "1610612736" "--user" "0:0" "--network" "none" "ghcr.io/rust-lang/crates-build-env/linux@sha256:2788e3201cd34a07e3172128adcd8b3090168a8e3bcc40d7c032b9dda1df7d1c" "/opt/rustwide/cargo-home/bin/cargo" "+1.75.0" "test" "--frozen", kill_on_drop: false }`
[INFO] [stdout] cd2e0a93b49f4c1857ad1eb5bd02064e3e14aca3ab0326ae40397f9279f57f34
[INFO] running `Command { std: "docker" "start" "-a" "cd2e0a93b49f4c1857ad1eb5bd02064e3e14aca3ab0326ae40397f9279f57f34", kill_on_drop: false }`
[INFO] [stderr] warning: unused imports: `DerefMut`, `Deref`
[INFO] [stderr]  --> src/squeezer.rs:2:16
[INFO] [stderr]   |
[INFO] [stderr] 2 | use std::ops::{Deref, DerefMut};
[INFO] [stderr]   |                ^^^^^  ^^^^^^^^
[INFO] [stderr]   |
[INFO] [stderr]   = note: `#[warn(unused_imports)]` on by default
[INFO] [stderr] 
[INFO] [stderr] warning: `hotsax` (lib) generated 1 warning (run `cargo fix --lib -p hotsax` to apply 1 suggestion)
[INFO] [stderr] warning: static `MIN_DIST` is never used
[INFO] [stderr]   --> src/lib.rs:96:12
[INFO] [stderr]    |
[INFO] [stderr] 96 |     static MIN_DIST: f64 = 2.00;
[INFO] [stderr]    |            ^^^^^^^^
[INFO] [stderr]    |
[INFO] [stderr]    = note: `#[warn(dead_code)]` on by default
[INFO] [stderr] 
[INFO] [stderr] warning: function `centered_moving_average` is never used
[INFO] [stderr]    --> src/lib.rs:171:8
[INFO] [stderr]     |
[INFO] [stderr] 171 |     fn centered_moving_average(data: &Vec<f64>, n: usize) -> Vec<f64> {
[INFO] [stderr]     |        ^^^^^^^^^^^^^^^^^^^^^^^
[INFO] [stderr] 
[INFO] [stderr] warning: function `trailing_moving_average` is never used
[INFO] [stderr]    --> src/lib.rs:195:8
[INFO] [stderr]     |
[INFO] [stderr] 195 |     fn trailing_moving_average(data: &Vec<f64>, n: usize) -> Vec<f64> {
[INFO] [stderr]     |        ^^^^^^^^^^^^^^^^^^^^^^^
[INFO] [stderr] 
[INFO] [stderr] warning: `hotsax` (lib test) generated 4 warnings (1 duplicate)
[INFO] [stderr]     Finished test [unoptimized + debuginfo] target(s) in 0.04s
[INFO] [stderr]      Running unittests src/lib.rs (/opt/rustwide/target/debug/deps/hotsax-7d3b3ede6beacec3)
[INFO] [stdout] 
[INFO] [stdout] running 1 test
[INFO] [stdout] test test::multi_discord ... FAILED
[INFO] [stdout] 
[INFO] [stdout] failures:
[INFO] [stdout] 
[INFO] [stdout] ---- test::multi_discord stdout ----
[INFO] [stdout] Error: Error(Io(Os { code: 2, kind: NotFound, message: "No such file or directory" }))
[INFO] [stdout] 
[INFO] [stdout] 
[INFO] [stdout] failures:
[INFO] [stdout]     test::multi_discord
[INFO] [stdout] 
[INFO] [stdout] test result: FAILED. 0 passed; 1 failed; 0 ignored; 0 measured; 0 filtered out; finished in 0.00s
[INFO] [stdout] 
[INFO] [stderr] error: test failed, to rerun pass `--lib`
[INFO] running `Command { std: "docker" "inspect" "cd2e0a93b49f4c1857ad1eb5bd02064e3e14aca3ab0326ae40397f9279f57f34", kill_on_drop: false }`
[INFO] running `Command { std: "docker" "rm" "-f" "cd2e0a93b49f4c1857ad1eb5bd02064e3e14aca3ab0326ae40397f9279f57f34", kill_on_drop: false }`
[INFO] [stdout] cd2e0a93b49f4c1857ad1eb5bd02064e3e14aca3ab0326ae40397f9279f57f34
[INFO] testing hotsax-0.4.0 against beta-2023-12-22 for beta-1.76-1
[INFO] extracting crate hotsax 0.4.0 into /workspace/builds/worker-5-tc2/source
[INFO] validating manifest of crates.io crate hotsax 0.4.0 on toolchain beta-2023-12-22
[INFO] running `Command { std: CARGO_HOME="/workspace/cargo-home" RUSTUP_HOME="/workspace/rustup-home" "/workspace/cargo-home/bin/cargo" "+beta-2023-12-22" "metadata" "--manifest-path" "Cargo.toml" "--no-deps", kill_on_drop: false }`
[INFO] started tweaking crates.io crate hotsax 0.4.0
[INFO] finished tweaking crates.io crate hotsax 0.4.0
[INFO] tweaked toml for crates.io crate hotsax 0.4.0 written to /workspace/builds/worker-5-tc2/source/Cargo.toml
[INFO] running `Command { std: CARGO_HOME="/workspace/cargo-home" RUSTUP_HOME="/workspace/rustup-home" "/workspace/cargo-home/bin/cargo" "+beta-2023-12-22" "generate-lockfile" "--manifest-path" "Cargo.toml", kill_on_drop: false }`
[INFO] [stderr]     Updating crates.io index
[INFO] running `Command { std: CARGO_HOME="/workspace/cargo-home" RUSTUP_HOME="/workspace/rustup-home" "/workspace/cargo-home/bin/cargo" "+beta-2023-12-22" "fetch" "--manifest-path" "Cargo.toml", kill_on_drop: false }`
[INFO] running `Command { std: "docker" "create" "-v" "/var/lib/crater-agent-workspace/builds/worker-5-tc2/target:/opt/rustwide/target:rw,Z" "-v" "/var/lib/crater-agent-workspace/builds/worker-5-tc2/source:/opt/rustwide/workdir:ro,Z" "-v" "/var/lib/crater-agent-workspace/cargo-home:/opt/rustwide/cargo-home:ro,Z" "-v" "/var/lib/crater-agent-workspace/rustup-home:/opt/rustwide/rustup-home:ro,Z" "-e" "SOURCE_DIR=/opt/rustwide/workdir" "-e" "CARGO_TARGET_DIR=/opt/rustwide/target" "-e" "CARGO_HOME=/opt/rustwide/cargo-home" "-e" "RUSTUP_HOME=/opt/rustwide/rustup-home" "-w" "/opt/rustwide/workdir" "-m" "1610612736" "--user" "0:0" "--network" "none" "ghcr.io/rust-lang/crates-build-env/linux@sha256:2788e3201cd34a07e3172128adcd8b3090168a8e3bcc40d7c032b9dda1df7d1c" "/opt/rustwide/cargo-home/bin/cargo" "+beta-2023-12-22" "metadata" "--no-deps" "--format-version=1", kill_on_drop: false }`
[INFO] [stdout] 9b97336a5381e9537076415e607fe53d7a1aa45386b1a9175312626b29445214
[INFO] running `Command { std: "docker" "start" "-a" "9b97336a5381e9537076415e607fe53d7a1aa45386b1a9175312626b29445214", kill_on_drop: false }`
[INFO] running `Command { std: "docker" "inspect" "9b97336a5381e9537076415e607fe53d7a1aa45386b1a9175312626b29445214", kill_on_drop: false }`
[INFO] running `Command { std: "docker" "rm" "-f" "9b97336a5381e9537076415e607fe53d7a1aa45386b1a9175312626b29445214", kill_on_drop: false }`
[INFO] [stdout] 9b97336a5381e9537076415e607fe53d7a1aa45386b1a9175312626b29445214
[INFO] running `Command { std: "docker" "create" "-v" "/var/lib/crater-agent-workspace/builds/worker-5-tc2/target:/opt/rustwide/target:rw,Z" "-v" "/var/lib/crater-agent-workspace/builds/worker-5-tc2/source:/opt/rustwide/workdir:ro,Z" "-v" "/var/lib/crater-agent-workspace/cargo-home:/opt/rustwide/cargo-home:ro,Z" "-v" "/var/lib/crater-agent-workspace/rustup-home:/opt/rustwide/rustup-home:ro,Z" "-e" "SOURCE_DIR=/opt/rustwide/workdir" "-e" "CARGO_TARGET_DIR=/opt/rustwide/target" "-e" "CARGO_INCREMENTAL=0" "-e" "RUST_BACKTRACE=full" "-e" "RUSTFLAGS=--cap-lints=warn" "-e" "RUSTDOCFLAGS=--cap-lints=warn" "-e" "CARGO_HOME=/opt/rustwide/cargo-home" "-e" "RUSTUP_HOME=/opt/rustwide/rustup-home" "-w" "/opt/rustwide/workdir" "-m" "1610612736" "--user" "0:0" "--network" "none" "ghcr.io/rust-lang/crates-build-env/linux@sha256:2788e3201cd34a07e3172128adcd8b3090168a8e3bcc40d7c032b9dda1df7d1c" "/opt/rustwide/cargo-home/bin/cargo" "+beta-2023-12-22" "build" "--frozen" "--message-format=json", kill_on_drop: false }`
[INFO] [stdout] 0038821f007e69bbd303dc1fb7818165d9573b1b0b755b630c012a6bb8401476
[INFO] running `Command { std: "docker" "start" "-a" "0038821f007e69bbd303dc1fb7818165d9573b1b0b755b630c012a6bb8401476", kill_on_drop: false }`
[INFO] [stderr]    Compiling num-traits v0.2.17
[INFO] [stderr]    Compiling num-integer v0.1.45
[INFO] [stderr]    Compiling libc v0.2.151
[INFO] [stderr]    Compiling getrandom v0.1.16
[INFO] [stderr]    Compiling num-bigint v0.2.6
[INFO] [stderr]    Compiling num-complex v0.2.4
[INFO] [stderr]    Compiling num-rational v0.2.4
[INFO] [stderr]    Compiling num-iter v0.1.43
[INFO] [stderr]    Compiling ppv-lite86 v0.2.17
[INFO] [stderr]    Compiling rand_core v0.5.1
[INFO] [stderr]    Compiling rand_chacha v0.2.2
[INFO] [stderr]    Compiling rand v0.7.3
[INFO] [stderr]    Compiling num v0.2.1
[INFO] [stderr]    Compiling hotsax v0.4.0 (/opt/rustwide/workdir)
[INFO] [stdout] warning: unused imports: `DerefMut`, `Deref`
[INFO] [stdout]  --> src/squeezer.rs:2:16
[INFO] [stdout]   |
[INFO] [stdout] 2 | use std::ops::{Deref, DerefMut};
[INFO] [stdout]   |                ^^^^^  ^^^^^^^^
[INFO] [stdout]   |
[INFO] [stdout]   = note: `#[warn(unused_imports)]` on by default
[INFO] [stdout] 
[INFO] [stdout] 
[INFO] [stderr]     Finished dev [unoptimized + debuginfo] target(s) in 6.34s
[INFO] [stdout] warning: 1 warning emitted
[INFO] [stdout] 
[INFO] [stdout] 
[INFO] running `Command { std: "docker" "inspect" "0038821f007e69bbd303dc1fb7818165d9573b1b0b755b630c012a6bb8401476", kill_on_drop: false }`
[INFO] running `Command { std: "docker" "rm" "-f" "0038821f007e69bbd303dc1fb7818165d9573b1b0b755b630c012a6bb8401476", kill_on_drop: false }`
[INFO] [stdout] 0038821f007e69bbd303dc1fb7818165d9573b1b0b755b630c012a6bb8401476
[INFO] running `Command { std: "docker" "create" "-v" "/var/lib/crater-agent-workspace/builds/worker-5-tc2/target:/opt/rustwide/target:rw,Z" "-v" "/var/lib/crater-agent-workspace/builds/worker-5-tc2/source:/opt/rustwide/workdir:ro,Z" "-v" "/var/lib/crater-agent-workspace/cargo-home:/opt/rustwide/cargo-home:ro,Z" "-v" "/var/lib/crater-agent-workspace/rustup-home:/opt/rustwide/rustup-home:ro,Z" "-e" "SOURCE_DIR=/opt/rustwide/workdir" "-e" "CARGO_TARGET_DIR=/opt/rustwide/target" "-e" "CARGO_INCREMENTAL=0" "-e" "RUST_BACKTRACE=full" "-e" "RUSTFLAGS=--cap-lints=warn" "-e" "RUSTDOCFLAGS=--cap-lints=warn" "-e" "CARGO_HOME=/opt/rustwide/cargo-home" "-e" "RUSTUP_HOME=/opt/rustwide/rustup-home" "-w" "/opt/rustwide/workdir" "-m" "1610612736" "--user" "0:0" "--network" "none" "ghcr.io/rust-lang/crates-build-env/linux@sha256:2788e3201cd34a07e3172128adcd8b3090168a8e3bcc40d7c032b9dda1df7d1c" "/opt/rustwide/cargo-home/bin/cargo" "+beta-2023-12-22" "test" "--frozen" "--no-run" "--message-format=json", kill_on_drop: false }`
[INFO] [stdout] 7a103a80c5e8515208e8dfffb5c2680e6cae6161dd1c12195d93678b8d0d3b56
[INFO] running `Command { std: "docker" "start" "-a" "7a103a80c5e8515208e8dfffb5c2680e6cae6161dd1c12195d93678b8d0d3b56", kill_on_drop: false }`
[INFO] [stderr]    Compiling serde v1.0.194
[INFO] [stderr]    Compiling memchr v2.7.1
[INFO] [stderr]    Compiling nom v5.1.3
[INFO] [stderr]    Compiling syn v2.0.48
[INFO] [stderr]    Compiling askama_escape v0.3.0
[INFO] [stderr]    Compiling humansize v1.1.1
[INFO] [stderr]    Compiling serde_json v1.0.111
[INFO] [stderr]    Compiling ryu v1.0.16
[INFO] [stderr]    Compiling itoa v1.0.10
[INFO] [stderr]    Compiling rand_distr v0.2.2
[INFO] [stdout] warning: unused imports: `DerefMut`, `Deref`
[INFO] [stdout]  --> src/squeezer.rs:2:16
[INFO] [stdout]   |
[INFO] [stdout] 2 | use std::ops::{Deref, DerefMut};
[INFO] [stdout]   |                ^^^^^  ^^^^^^^^
[INFO] [stdout]   |
[INFO] [stdout]   = note: `#[warn(unused_imports)]` on by default
[INFO] [stdout] 
[INFO] [stdout] 
[INFO] [stdout] warning: 1 warning emitted
[INFO] [stdout] 
[INFO] [stdout] 
[INFO] [stderr]    Compiling csv-core v0.1.11
[INFO] [stderr]    Compiling serde_derive v1.0.194
[INFO] [stderr]    Compiling toml v0.5.11
[INFO] [stderr]    Compiling csv v1.3.0
[INFO] [stderr]    Compiling askama_shared v0.9.1
[INFO] [stderr]    Compiling askama_derive v0.9.0
[INFO] [stderr]    Compiling askama v0.9.0
[INFO] [stderr]    Compiling plotly v0.4.1
[INFO] [stderr]    Compiling hotsax v0.4.0 (/opt/rustwide/workdir)
[INFO] [stdout] warning: unused imports: `DerefMut`, `Deref`
[INFO] [stdout]  --> src/squeezer.rs:2:16
[INFO] [stdout]   |
[INFO] [stdout] 2 | use std::ops::{Deref, DerefMut};
[INFO] [stdout]   |                ^^^^^  ^^^^^^^^
[INFO] [stdout]   |
[INFO] [stdout]   = note: `#[warn(unused_imports)]` on by default
[INFO] [stdout] 
[INFO] [stdout] 
[INFO] [stdout] warning: static `MIN_DIST` is never used
[INFO] [stdout]   --> src/lib.rs:96:12
[INFO] [stdout]    |
[INFO] [stdout] 96 |     static MIN_DIST: f64 = 2.00;
[INFO] [stdout]    |            ^^^^^^^^
[INFO] [stdout]    |
[INFO] [stdout]    = note: `#[warn(dead_code)]` on by default
[INFO] [stdout] 
[INFO] [stdout] 
[INFO] [stdout] warning: function `centered_moving_average` is never used
[INFO] [stdout]    --> src/lib.rs:171:8
[INFO] [stdout]     |
[INFO] [stdout] 171 |     fn centered_moving_average(data: &Vec<f64>, n: usize) -> Vec<f64> {
[INFO] [stdout]     |        ^^^^^^^^^^^^^^^^^^^^^^^
[INFO] [stdout] 
[INFO] [stdout] 
[INFO] [stdout] warning: function `trailing_moving_average` is never used
[INFO] [stdout]    --> src/lib.rs:195:8
[INFO] [stdout]     |
[INFO] [stdout] 195 |     fn trailing_moving_average(data: &Vec<f64>, n: usize) -> Vec<f64> {
[INFO] [stdout]     |        ^^^^^^^^^^^^^^^^^^^^^^^
[INFO] [stdout] 
[INFO] [stdout] 
[INFO] [stdout] warning: 4 warnings emitted
[INFO] [stdout] 
[INFO] [stdout] 
[INFO] [stderr]     Finished test [unoptimized + debuginfo] target(s) in 18.40s
[INFO] running `Command { std: "docker" "inspect" "7a103a80c5e8515208e8dfffb5c2680e6cae6161dd1c12195d93678b8d0d3b56", kill_on_drop: false }`
[INFO] running `Command { std: "docker" "rm" "-f" "7a103a80c5e8515208e8dfffb5c2680e6cae6161dd1c12195d93678b8d0d3b56", kill_on_drop: false }`
[INFO] [stdout] 7a103a80c5e8515208e8dfffb5c2680e6cae6161dd1c12195d93678b8d0d3b56
[INFO] running `Command { std: "docker" "create" "-v" "/var/lib/crater-agent-workspace/builds/worker-5-tc2/target:/opt/rustwide/target:rw,Z" "-v" "/var/lib/crater-agent-workspace/builds/worker-5-tc2/source:/opt/rustwide/workdir:ro,Z" "-v" "/var/lib/crater-agent-workspace/cargo-home:/opt/rustwide/cargo-home:ro,Z" "-v" "/var/lib/crater-agent-workspace/rustup-home:/opt/rustwide/rustup-home:ro,Z" "-e" "SOURCE_DIR=/opt/rustwide/workdir" "-e" "CARGO_TARGET_DIR=/opt/rustwide/target" "-e" "CARGO_INCREMENTAL=0" "-e" "RUST_BACKTRACE=full" "-e" "RUSTFLAGS=--cap-lints=warn" "-e" "RUSTDOCFLAGS=--cap-lints=warn" "-e" "CARGO_HOME=/opt/rustwide/cargo-home" "-e" "RUSTUP_HOME=/opt/rustwide/rustup-home" "-w" "/opt/rustwide/workdir" "-m" "1610612736" "--user" "0:0" "--network" "none" "ghcr.io/rust-lang/crates-build-env/linux@sha256:2788e3201cd34a07e3172128adcd8b3090168a8e3bcc40d7c032b9dda1df7d1c" "/opt/rustwide/cargo-home/bin/cargo" "+beta-2023-12-22" "test" "--frozen", kill_on_drop: false }`
[INFO] [stdout] d8c6b82f8e67b8721700df04237b2040f4b75cfc14dab25d5bbb595ddc9f63e3
[INFO] running `Command { std: "docker" "start" "-a" "d8c6b82f8e67b8721700df04237b2040f4b75cfc14dab25d5bbb595ddc9f63e3", kill_on_drop: false }`
[INFO] [stderr] warning: unused imports: `DerefMut`, `Deref`
[INFO] [stderr]  --> src/squeezer.rs:2:16
[INFO] [stderr]   |
[INFO] [stderr] 2 | use std::ops::{Deref, DerefMut};
[INFO] [stderr]   |                ^^^^^  ^^^^^^^^
[INFO] [stderr]   |
[INFO] [stderr]   = note: `#[warn(unused_imports)]` on by default
[INFO] [stderr] 
[INFO] [stderr] warning: `hotsax` (lib) generated 1 warning (run `cargo fix --lib -p hotsax` to apply 1 suggestion)
[INFO] [stderr] warning: static `MIN_DIST` is never used
[INFO] [stderr]   --> src/lib.rs:96:12
[INFO] [stderr]    |
[INFO] [stderr] 96 |     static MIN_DIST: f64 = 2.00;
[INFO] [stderr]    |            ^^^^^^^^
[INFO] [stderr]    |
[INFO] [stderr]    = note: `#[warn(dead_code)]` on by default
[INFO] [stderr] 
[INFO] [stderr] warning: function `centered_moving_average` is never used
[INFO] [stderr]    --> src/lib.rs:171:8
[INFO] [stderr]     |
[INFO] [stderr] 171 |     fn centered_moving_average(data: &Vec<f64>, n: usize) -> Vec<f64> {
[INFO] [stderr]     |        ^^^^^^^^^^^^^^^^^^^^^^^
[INFO] [stderr] 
[INFO] [stderr] warning: function `trailing_moving_average` is never used
[INFO] [stderr]    --> src/lib.rs:195:8
[INFO] [stderr]     |
[INFO] [stderr] 195 |     fn trailing_moving_average(data: &Vec<f64>, n: usize) -> Vec<f64> {
[INFO] [stderr]     |        ^^^^^^^^^^^^^^^^^^^^^^^
[INFO] [stderr] 
[INFO] [stderr] warning: `hotsax` (lib test) generated 4 warnings (1 duplicate)
[INFO] [stderr]     Finished test [unoptimized + debuginfo] target(s) in 0.08s
[INFO] [stderr]      Running unittests src/lib.rs (/opt/rustwide/target/debug/deps/hotsax-99fc6cd5adbf3e0e)
[INFO] [stdout] 
[INFO] [stdout] running 1 test
[INFO] [stdout] test test::multi_discord ... FAILED
[INFO] [stderr] error: test failed, to rerun pass `--lib`
[INFO] [stdout] 
[INFO] [stdout] failures:
[INFO] [stdout] 
[INFO] [stdout] ---- test::multi_discord stdout ----
[INFO] [stdout] Error: Error(Io(Os { code: 2, kind: NotFound, message: "No such file or directory" }))
[INFO] [stdout] 
[INFO] [stdout] 
[INFO] [stdout] failures:
[INFO] [stdout]     test::multi_discord
[INFO] [stdout] 
[INFO] [stdout] test result: FAILED. 0 passed; 1 failed; 0 ignored; 0 measured; 0 filtered out; finished in 0.00s
[INFO] [stdout] 
[INFO] running `Command { std: "docker" "inspect" "d8c6b82f8e67b8721700df04237b2040f4b75cfc14dab25d5bbb595ddc9f63e3", kill_on_drop: false }`
[INFO] running `Command { std: "docker" "rm" "-f" "d8c6b82f8e67b8721700df04237b2040f4b75cfc14dab25d5bbb595ddc9f63e3", kill_on_drop: false }`
[INFO] [stdout] d8c6b82f8e67b8721700df04237b2040f4b75cfc14dab25d5bbb595ddc9f63e3
