[INFO] fetching crate holochain_metrics 0.3.0-beta-dev.7...
[INFO] testing holochain_metrics-0.3.0-beta-dev.7 against 1.75.0 for beta-1.76-1
[INFO] extracting crate holochain_metrics 0.3.0-beta-dev.7 into /workspace/builds/worker-2-tc1/source
[INFO] validating manifest of crates.io crate holochain_metrics 0.3.0-beta-dev.7 on toolchain 1.75.0
[INFO] running `Command { std: CARGO_HOME="/workspace/cargo-home" RUSTUP_HOME="/workspace/rustup-home" "/workspace/cargo-home/bin/cargo" "+1.75.0" "metadata" "--manifest-path" "Cargo.toml" "--no-deps", kill_on_drop: false }`
[INFO] started tweaking crates.io crate holochain_metrics 0.3.0-beta-dev.7
[INFO] finished tweaking crates.io crate holochain_metrics 0.3.0-beta-dev.7
[INFO] tweaked toml for crates.io crate holochain_metrics 0.3.0-beta-dev.7 written to /workspace/builds/worker-2-tc1/source/Cargo.toml
[INFO] running `Command { std: CARGO_HOME="/workspace/cargo-home" RUSTUP_HOME="/workspace/rustup-home" "/workspace/cargo-home/bin/cargo" "+1.75.0" "generate-lockfile" "--manifest-path" "Cargo.toml", kill_on_drop: false }`
[INFO] [stderr]     Updating crates.io index
[INFO] running `Command { std: CARGO_HOME="/workspace/cargo-home" RUSTUP_HOME="/workspace/rustup-home" "/workspace/cargo-home/bin/cargo" "+1.75.0" "fetch" "--manifest-path" "Cargo.toml", kill_on_drop: false }`
[INFO] [stderr]  Downloading crates ...
[INFO] [stderr]   Downloaded reqwest v0.11.17
[INFO] [stderr]   Downloaded influxdb v0.7.1
[INFO] [stderr]   Downloaded influxive-core v0.0.2-alpha.1
[INFO] [stderr]   Downloaded influxive-child-svc v0.0.2-alpha.1
[INFO] [stderr]   Downloaded influxive-downloader v0.0.2-alpha.1
[INFO] [stderr]   Downloaded influxive-writer v0.0.2-alpha.1
[INFO] [stderr]   Downloaded influxive v0.0.2-alpha.1
[INFO] [stderr]   Downloaded influxive-otel v0.0.2-alpha.1
[INFO] running `Command { std: "docker" "create" "-v" "/var/lib/crater-agent-workspace/builds/worker-2-tc1/target:/opt/rustwide/target:rw,Z" "-v" "/var/lib/crater-agent-workspace/builds/worker-2-tc1/source:/opt/rustwide/workdir:ro,Z" "-v" "/var/lib/crater-agent-workspace/cargo-home:/opt/rustwide/cargo-home:ro,Z" "-v" "/var/lib/crater-agent-workspace/rustup-home:/opt/rustwide/rustup-home:ro,Z" "-e" "SOURCE_DIR=/opt/rustwide/workdir" "-e" "CARGO_TARGET_DIR=/opt/rustwide/target" "-e" "CARGO_HOME=/opt/rustwide/cargo-home" "-e" "RUSTUP_HOME=/opt/rustwide/rustup-home" "-w" "/opt/rustwide/workdir" "-m" "1610612736" "--user" "0:0" "--network" "none" "ghcr.io/rust-lang/crates-build-env/linux@sha256:2788e3201cd34a07e3172128adcd8b3090168a8e3bcc40d7c032b9dda1df7d1c" "/opt/rustwide/cargo-home/bin/cargo" "+1.75.0" "metadata" "--no-deps" "--format-version=1", kill_on_drop: false }`
[INFO] [stdout] 7b77d4ccdc5b2636c7008f395aa37b947a9eab284384658fec460de1389ac224
[INFO] running `Command { std: "docker" "start" "-a" "7b77d4ccdc5b2636c7008f395aa37b947a9eab284384658fec460de1389ac224", kill_on_drop: false }`
[INFO] running `Command { std: "docker" "inspect" "7b77d4ccdc5b2636c7008f395aa37b947a9eab284384658fec460de1389ac224", kill_on_drop: false }`
[INFO] running `Command { std: "docker" "rm" "-f" "7b77d4ccdc5b2636c7008f395aa37b947a9eab284384658fec460de1389ac224", kill_on_drop: false }`
[INFO] [stdout] 7b77d4ccdc5b2636c7008f395aa37b947a9eab284384658fec460de1389ac224
[INFO] running `Command { std: "docker" "create" "-v" "/var/lib/crater-agent-workspace/builds/worker-2-tc1/target:/opt/rustwide/target:rw,Z" "-v" "/var/lib/crater-agent-workspace/builds/worker-2-tc1/source:/opt/rustwide/workdir:ro,Z" "-v" "/var/lib/crater-agent-workspace/cargo-home:/opt/rustwide/cargo-home:ro,Z" "-v" "/var/lib/crater-agent-workspace/rustup-home:/opt/rustwide/rustup-home:ro,Z" "-e" "SOURCE_DIR=/opt/rustwide/workdir" "-e" "CARGO_TARGET_DIR=/opt/rustwide/target" "-e" "CARGO_INCREMENTAL=0" "-e" "RUST_BACKTRACE=full" "-e" "RUSTFLAGS=--cap-lints=warn" "-e" "RUSTDOCFLAGS=--cap-lints=warn" "-e" "CARGO_HOME=/opt/rustwide/cargo-home" "-e" "RUSTUP_HOME=/opt/rustwide/rustup-home" "-w" "/opt/rustwide/workdir" "-m" "1610612736" "--user" "0:0" "--network" "none" "ghcr.io/rust-lang/crates-build-env/linux@sha256:2788e3201cd34a07e3172128adcd8b3090168a8e3bcc40d7c032b9dda1df7d1c" "/opt/rustwide/cargo-home/bin/cargo" "+1.75.0" "build" "--frozen" "--message-format=json", kill_on_drop: false }`
[INFO] [stdout] 410374bbf6ee6f7be6cc676051b7eeb23f5d4e056a3e553f95bc9a3bf659196a
[INFO] running `Command { std: "docker" "start" "-a" "410374bbf6ee6f7be6cc676051b7eeb23f5d4e056a3e553f95bc9a3bf659196a", kill_on_drop: false }`
[INFO] [stderr]    Compiling libc v0.2.151
[INFO] [stderr]    Compiling parking_lot_core v0.9.9
[INFO] [stderr]    Compiling generic-array v0.14.7
[INFO] [stderr]    Compiling syn v2.0.48
[INFO] [stderr]    Compiling untrusted v0.9.0
[INFO] [stderr]    Compiling spin v0.9.8
[INFO] [stderr]    Compiling spin v0.5.2
[INFO] [stderr]    Compiling untrusted v0.7.1
[INFO] [stderr]    Compiling hashbrown v0.14.3
[INFO] [stderr]    Compiling equivalent v1.0.1
[INFO] [stderr]    Compiling rustls v0.20.9
[INFO] [stderr]    Compiling http-body v0.4.6
[INFO] [stderr]    Compiling httpdate v1.0.3
[INFO] [stderr]    Compiling unicode-normalization v0.1.22
[INFO] [stderr]    Compiling thiserror v1.0.56
[INFO] [stderr]    Compiling unicode-bidi v0.3.14
[INFO] [stderr]    Compiling rustix v0.38.28
[INFO] [stderr]    Compiling linux-raw-sys v0.4.12
[INFO] [stderr]    Compiling indexmap v2.1.0
[INFO] [stderr]    Compiling idna v0.5.0
[INFO] [stderr]    Compiling crypto-common v0.1.6
[INFO] [stderr]    Compiling block-buffer v0.10.4
[INFO] [stderr]    Compiling crc32fast v1.3.2
[INFO] [stderr]    Compiling digest v0.10.7
[INFO] [stderr]    Compiling jobserver v0.1.27
[INFO] [stderr]    Compiling signal-hook-registry v1.4.1
[INFO] [stderr]    Compiling mio v0.8.10
[INFO] [stderr]    Compiling num_cpus v1.16.0
[INFO] [stderr]    Compiling cc v1.0.83
[INFO] [stderr]    Compiling parking_lot v0.12.1
[INFO] [stderr]    Compiling socket2 v0.5.5
[INFO] [stderr]    Compiling getrandom v0.2.11
[INFO] [stderr]    Compiling base64 v0.21.5
[INFO] [stderr]    Compiling zstd-safe v5.0.2+zstd.1.5.2
[INFO] [stderr]    Compiling url v2.5.0
[INFO] [stderr]    Compiling rustls-pemfile v1.0.4
[INFO] [stderr]    Compiling inout v0.1.3
[INFO] [stderr]    Compiling aho-corasick v1.1.2
[INFO] [stderr]    Compiling rand_core v0.6.4
[INFO] [stderr]    Compiling regex-syntax v0.8.2
[INFO] [stderr]    Compiling base64ct v1.6.0
[INFO] [stderr]    Compiling powerfmt v0.2.0
[INFO] [stderr]    Compiling miniz_oxide v0.7.1
[INFO] [stderr]    Compiling password-hash v0.4.2
[INFO] [stderr]    Compiling openssl-sys v0.9.98
[INFO] [stderr]    Compiling ring v0.17.7
[INFO] [stderr]    Compiling ring v0.16.20
[INFO] [stderr]    Compiling zstd-sys v2.0.9+zstd.1.5.5
[INFO] [stderr]    Compiling openssl v0.10.62
[INFO] [stderr]    Compiling native-tls v0.2.11
[INFO] [stderr]    Compiling bzip2-sys v0.1.11+1.0.8
[INFO] [stderr]    Compiling regex-automata v0.4.3
[INFO] [stderr]    Compiling deranged v0.3.11
[INFO] [stderr]    Compiling cipher v0.4.4
[INFO] [stderr]    Compiling hmac v0.12.1
[INFO] [stderr]    Compiling sha2 v0.10.8
[INFO] [stderr]    Compiling time-core v0.1.2
[INFO] [stderr]    Compiling option-ext v0.2.0
[INFO] [stderr]    Compiling influxive-core v0.0.2-alpha.1
[INFO] [stderr]    Compiling dirs-sys v0.4.1
[INFO] [stderr]    Compiling time v0.3.31
[INFO] [stderr]    Compiling futures-macro v0.3.30
[INFO] [stderr]    Compiling tokio-macros v2.2.0
[INFO] [stderr]    Compiling tracing-attributes v0.1.27
[INFO] [stderr]    Compiling openssl-macros v0.1.1
[INFO] [stderr]    Compiling serde_derive v1.0.194
[INFO] [stderr]    Compiling thiserror-impl v1.0.56
[INFO] [stderr]    Compiling tokio v1.35.1
[INFO] [stderr]    Compiling futures-util v0.3.30
[INFO] [stderr]    Compiling tracing v0.1.40
[INFO] [stderr]    Compiling sct v0.7.0
[INFO] [stderr]    Compiling regex v1.10.2
[INFO] [stderr]    Compiling pbkdf2 v0.11.0
[INFO] [stderr]    Compiling flate2 v1.0.28
[INFO] [stderr]    Compiling aes v0.8.3
[INFO] [stderr]    Compiling xattr v1.2.0
[INFO] [stderr]    Compiling sha1 v0.10.6
[INFO] [stderr]    Compiling filetime v0.2.23
[INFO] [stderr]    Compiling fastrand v2.0.1
[INFO] [stderr]    Compiling constant_time_eq v0.1.5
[INFO] [stderr]    Compiling tempfile v3.9.0
[INFO] [stderr]    Compiling tar v0.4.40
[INFO] [stderr]    Compiling dirs v5.0.1
[INFO] [stderr]    Compiling hex v0.4.3
[INFO] [stderr]    Compiling urlencoding v2.1.3
[INFO] [stderr]    Compiling hex-literal v0.4.1
[INFO] [stderr]    Compiling futures-executor v0.3.30
[INFO] [stderr]    Compiling opentelemetry_api v0.20.0
[INFO] [stderr]    Compiling futures v0.3.30
[INFO] [stderr]    Compiling serde v1.0.194
[INFO] [stderr]    Compiling tokio-util v0.7.10
[INFO] [stderr]    Compiling tokio-native-tls v0.3.1
[INFO] [stderr]    Compiling influxive-otel v0.0.2-alpha.1
[INFO] [stderr]    Compiling h2 v0.3.22
[INFO] [stderr]    Compiling bzip2 v0.4.4
[INFO] [stderr]    Compiling serde_urlencoded v0.7.1
[INFO] [stderr]    Compiling chrono v0.4.31
[INFO] [stderr]    Compiling serde_json v1.0.111
[INFO] [stderr]    Compiling hyper v0.14.28
[INFO] [stderr]    Compiling hyper-tls v0.5.0
[INFO] [stderr]    Compiling zstd v0.11.2+zstd.1.5.2
[INFO] [stderr]    Compiling zip v0.6.6
[INFO] [stderr]    Compiling webpki v0.22.4
[INFO] [stderr]    Compiling webpki-roots v0.22.6
[INFO] [stderr]    Compiling tokio-rustls v0.23.4
[INFO] [stderr]    Compiling hyper-rustls v0.23.2
[INFO] [stderr]    Compiling reqwest v0.11.17
[INFO] [stderr]    Compiling influxdb v0.7.1
[INFO] [stderr]    Compiling influxive-downloader v0.0.2-alpha.1
[INFO] [stderr]    Compiling influxive-writer v0.0.2-alpha.1
[INFO] [stderr]    Compiling influxive-child-svc v0.0.2-alpha.1
[INFO] [stderr]    Compiling influxive v0.0.2-alpha.1
[INFO] [stderr]    Compiling holochain_metrics v0.3.0-beta-dev.7 (/opt/rustwide/workdir)
[INFO] [stderr]     Finished dev [unoptimized + debuginfo] target(s) in 22.84s
[INFO] running `Command { std: "docker" "inspect" "410374bbf6ee6f7be6cc676051b7eeb23f5d4e056a3e553f95bc9a3bf659196a", kill_on_drop: false }`
[INFO] running `Command { std: "docker" "rm" "-f" "410374bbf6ee6f7be6cc676051b7eeb23f5d4e056a3e553f95bc9a3bf659196a", kill_on_drop: false }`
[INFO] [stdout] 410374bbf6ee6f7be6cc676051b7eeb23f5d4e056a3e553f95bc9a3bf659196a
[INFO] running `Command { std: "docker" "create" "-v" "/var/lib/crater-agent-workspace/builds/worker-2-tc1/target:/opt/rustwide/target:rw,Z" "-v" "/var/lib/crater-agent-workspace/builds/worker-2-tc1/source:/opt/rustwide/workdir:ro,Z" "-v" "/var/lib/crater-agent-workspace/cargo-home:/opt/rustwide/cargo-home:ro,Z" "-v" "/var/lib/crater-agent-workspace/rustup-home:/opt/rustwide/rustup-home:ro,Z" "-e" "SOURCE_DIR=/opt/rustwide/workdir" "-e" "CARGO_TARGET_DIR=/opt/rustwide/target" "-e" "CARGO_INCREMENTAL=0" "-e" "RUST_BACKTRACE=full" "-e" "RUSTFLAGS=--cap-lints=warn" "-e" "RUSTDOCFLAGS=--cap-lints=warn" "-e" "CARGO_HOME=/opt/rustwide/cargo-home" "-e" "RUSTUP_HOME=/opt/rustwide/rustup-home" "-w" "/opt/rustwide/workdir" "-m" "1610612736" "--user" "0:0" "--network" "none" "ghcr.io/rust-lang/crates-build-env/linux@sha256:2788e3201cd34a07e3172128adcd8b3090168a8e3bcc40d7c032b9dda1df7d1c" "/opt/rustwide/cargo-home/bin/cargo" "+1.75.0" "test" "--frozen" "--no-run" "--message-format=json", kill_on_drop: false }`
[INFO] [stdout] fe371a8f88908f3dc8d111e9cd319700c4d0dc9fa99b3ed3bb82687f98e82cfe
[INFO] running `Command { std: "docker" "start" "-a" "fe371a8f88908f3dc8d111e9cd319700c4d0dc9fa99b3ed3bb82687f98e82cfe", kill_on_drop: false }`
[INFO] [stderr]    Compiling holochain_metrics v0.3.0-beta-dev.7 (/opt/rustwide/workdir)
[INFO] [stderr]     Finished test [unoptimized + debuginfo] target(s) in 0.80s
[INFO] running `Command { std: "docker" "inspect" "fe371a8f88908f3dc8d111e9cd319700c4d0dc9fa99b3ed3bb82687f98e82cfe", kill_on_drop: false }`
[INFO] running `Command { std: "docker" "rm" "-f" "fe371a8f88908f3dc8d111e9cd319700c4d0dc9fa99b3ed3bb82687f98e82cfe", kill_on_drop: false }`
[INFO] [stdout] fe371a8f88908f3dc8d111e9cd319700c4d0dc9fa99b3ed3bb82687f98e82cfe
[INFO] running `Command { std: "docker" "create" "-v" "/var/lib/crater-agent-workspace/builds/worker-2-tc1/target:/opt/rustwide/target:rw,Z" "-v" "/var/lib/crater-agent-workspace/builds/worker-2-tc1/source:/opt/rustwide/workdir:ro,Z" "-v" "/var/lib/crater-agent-workspace/cargo-home:/opt/rustwide/cargo-home:ro,Z" "-v" "/var/lib/crater-agent-workspace/rustup-home:/opt/rustwide/rustup-home:ro,Z" "-e" "SOURCE_DIR=/opt/rustwide/workdir" "-e" "CARGO_TARGET_DIR=/opt/rustwide/target" "-e" "CARGO_INCREMENTAL=0" "-e" "RUST_BACKTRACE=full" "-e" "RUSTFLAGS=--cap-lints=warn" "-e" "RUSTDOCFLAGS=--cap-lints=warn" "-e" "CARGO_HOME=/opt/rustwide/cargo-home" "-e" "RUSTUP_HOME=/opt/rustwide/rustup-home" "-w" "/opt/rustwide/workdir" "-m" "1610612736" "--user" "0:0" "--network" "none" "ghcr.io/rust-lang/crates-build-env/linux@sha256:2788e3201cd34a07e3172128adcd8b3090168a8e3bcc40d7c032b9dda1df7d1c" "/opt/rustwide/cargo-home/bin/cargo" "+1.75.0" "test" "--frozen", kill_on_drop: false }`
[INFO] [stdout] e71b41871eee1b3c1eb2d030358a7dbebc1205218f480b270af15e2287960803
[INFO] running `Command { std: "docker" "start" "-a" "e71b41871eee1b3c1eb2d030358a7dbebc1205218f480b270af15e2287960803", kill_on_drop: false }`
[INFO] [stderr]     Finished test [unoptimized + debuginfo] target(s) in 0.16s
[INFO] [stdout] 
[INFO] [stderr]      Running unittests src/lib.rs (/opt/rustwide/target/debug/deps/holochain_metrics-69dd459bf65a63ae)
[INFO] [stdout] running 0 tests
[INFO] [stderr]    Doc-tests holochain_metrics
[INFO] [stdout] 
[INFO] [stdout] test result: ok. 0 passed; 0 failed; 0 ignored; 0 measured; 0 filtered out; finished in 0.00s
[INFO] [stdout] 
[INFO] [stdout] 
[INFO] [stdout] running 2 tests
[INFO] [stdout] test src/lib.rs - (line 62) ... FAILED
[INFO] [stdout] test src/lib.rs - (line 73) ... FAILED
[INFO] [stdout] 
[INFO] [stdout] failures:
[INFO] [stdout] 
[INFO] [stdout] ---- src/lib.rs - (line 62) stdout ----
[INFO] [stdout] error[E0061]: this method takes 2 arguments but 3 arguments were supplied
[INFO] [stdout]   --> src/lib.rs:69:11
[INFO] [stdout]    |
[INFO] [stdout] 9  |   req_dur.record(&Context::new(), 0.42, &[
[INFO] [stdout]    |           ^^^^^^ -----------------
[INFO] [stdout]    |                  |
[INFO] [stdout]    |                  unexpected argument of type `&opentelemetry_api::Context`
[INFO] [stdout]    |                  help: remove the extra argument
[INFO] [stdout]    |
[INFO] [stdout] note: method defined here
[INFO] [stdout]   --> /opt/rustwide/cargo-home/registry/src/index.crates.io-6f17d22bba15001f/opentelemetry_api-0.20.0/src/metrics/instruments/histogram.rs:35:12
[INFO] [stdout]    |
[INFO] [stdout] 35 |     pub fn record(&self, value: T, attributes: &[KeyValue]) {
[INFO] [stdout]    |            ^^^^^^
[INFO] [stdout] 
[INFO] [stdout] error: aborting due to previous error
[INFO] [stdout] 
[INFO] [stdout] For more information about this error, try `rustc --explain E0061`.
[INFO] [stdout] Couldn't compile the test.
[INFO] [stdout] ---- src/lib.rs - (line 73) stdout ----
[INFO] [stdout] error[E0061]: this method takes 2 arguments but 3 arguments were supplied
[INFO] [stdout]   --> src/lib.rs:80:12
[INFO] [stdout]    |
[INFO] [stdout] 9  |   req_size.record(&Context::new(), 42, &[
[INFO] [stdout]    |            ^^^^^^ -----------------
[INFO] [stdout]    |                   |
[INFO] [stdout]    |                   unexpected argument of type `&opentelemetry_api::Context`
[INFO] [stdout]    |                   help: remove the extra argument
[INFO] [stdout]    |
[INFO] [stdout] note: method defined here
[INFO] [stdout]   --> /opt/rustwide/cargo-home/registry/src/index.crates.io-6f17d22bba15001f/opentelemetry_api-0.20.0/src/metrics/instruments/histogram.rs:35:12
[INFO] [stdout]    |
[INFO] [stdout] 35 |     pub fn record(&self, value: T, attributes: &[KeyValue]) {
[INFO] [stdout]    |            ^^^^^^
[INFO] [stdout] 
[INFO] [stdout] error: aborting due to previous error
[INFO] [stdout] 
[INFO] [stdout] For more information about this error, try `rustc --explain E0061`.
[INFO] [stdout] Couldn't compile the test.
[INFO] [stdout] 
[INFO] [stdout] failures:
[INFO] [stdout]     src/lib.rs - (line 62)
[INFO] [stdout]     src/lib.rs - (line 73)
[INFO] [stdout] 
[INFO] [stdout] test result: FAILED. 0 passed; 2 failed; 0 ignored; 0 measured; 0 filtered out; finished in 0.09s
[INFO] [stdout] 
[INFO] [stderr] error: doctest failed, to rerun pass `--doc`
[INFO] running `Command { std: "docker" "inspect" "e71b41871eee1b3c1eb2d030358a7dbebc1205218f480b270af15e2287960803", kill_on_drop: false }`
[INFO] running `Command { std: "docker" "rm" "-f" "e71b41871eee1b3c1eb2d030358a7dbebc1205218f480b270af15e2287960803", kill_on_drop: false }`
[INFO] [stdout] e71b41871eee1b3c1eb2d030358a7dbebc1205218f480b270af15e2287960803
