[INFO] fetching crate hollywood 0.2.2...
[INFO] testing hollywood-0.2.2 against 1.75.0 for beta-1.76-1
[INFO] extracting crate hollywood 0.2.2 into /workspace/builds/worker-3-tc1/source
[INFO] validating manifest of crates.io crate hollywood 0.2.2 on toolchain 1.75.0
[INFO] running `Command { std: CARGO_HOME="/workspace/cargo-home" RUSTUP_HOME="/workspace/rustup-home" "/workspace/cargo-home/bin/cargo" "+1.75.0" "metadata" "--manifest-path" "Cargo.toml" "--no-deps", kill_on_drop: false }`
[INFO] started tweaking crates.io crate hollywood 0.2.2
[INFO] finished tweaking crates.io crate hollywood 0.2.2
[INFO] tweaked toml for crates.io crate hollywood 0.2.2 written to /workspace/builds/worker-3-tc1/source/Cargo.toml
[INFO] crate crates.io crate hollywood 0.2.2 already has a lockfile, it will not be regenerated
[INFO] running `Command { std: CARGO_HOME="/workspace/cargo-home" RUSTUP_HOME="/workspace/rustup-home" "/workspace/cargo-home/bin/cargo" "+1.75.0" "fetch" "--manifest-path" "Cargo.toml", kill_on_drop: false }`
[INFO] [stderr]     Updating crates.io index
[INFO] [stderr]     Blocking waiting for file lock on package cache
[INFO] [stderr]  Downloading crates ...
[INFO] [stderr]   Downloaded hollywood_macros v0.2.2
[INFO] [stderr]   Downloaded pin-project-lite v0.2.11
[INFO] [stderr]   Downloaded grid v0.11.0
[INFO] [stderr]   Downloaded enum-map-derive v1.0.0-0.gat.0
[INFO] [stderr]   Downloaded drawille v0.3.0
[INFO] [stderr]   Downloaded rustix v0.38.13
[INFO] [stderr]   Downloaded enum-map v3.0.0-0.gat.0
[INFO] running `Command { std: "docker" "create" "-v" "/var/lib/crater-agent-workspace/builds/worker-3-tc1/target:/opt/rustwide/target:rw,Z" "-v" "/var/lib/crater-agent-workspace/builds/worker-3-tc1/source:/opt/rustwide/workdir:ro,Z" "-v" "/var/lib/crater-agent-workspace/cargo-home:/opt/rustwide/cargo-home:ro,Z" "-v" "/var/lib/crater-agent-workspace/rustup-home:/opt/rustwide/rustup-home:ro,Z" "-e" "SOURCE_DIR=/opt/rustwide/workdir" "-e" "CARGO_TARGET_DIR=/opt/rustwide/target" "-e" "CARGO_HOME=/opt/rustwide/cargo-home" "-e" "RUSTUP_HOME=/opt/rustwide/rustup-home" "-w" "/opt/rustwide/workdir" "-m" "1610612736" "--user" "0:0" "--network" "none" "ghcr.io/rust-lang/crates-build-env/linux@sha256:2788e3201cd34a07e3172128adcd8b3090168a8e3bcc40d7c032b9dda1df7d1c" "/opt/rustwide/cargo-home/bin/cargo" "+1.75.0" "metadata" "--no-deps" "--format-version=1", kill_on_drop: false }`
[INFO] [stdout] 334be4652f61d29f475b59171f42b93d36991622a1771be8a42c7c5215ab6e3b
[INFO] running `Command { std: "docker" "start" "-a" "334be4652f61d29f475b59171f42b93d36991622a1771be8a42c7c5215ab6e3b", kill_on_drop: false }`
[INFO] running `Command { std: "docker" "inspect" "334be4652f61d29f475b59171f42b93d36991622a1771be8a42c7c5215ab6e3b", kill_on_drop: false }`
[INFO] running `Command { std: "docker" "rm" "-f" "334be4652f61d29f475b59171f42b93d36991622a1771be8a42c7c5215ab6e3b", kill_on_drop: false }`
[INFO] [stdout] 334be4652f61d29f475b59171f42b93d36991622a1771be8a42c7c5215ab6e3b
[INFO] running `Command { std: "docker" "create" "-v" "/var/lib/crater-agent-workspace/builds/worker-3-tc1/target:/opt/rustwide/target:rw,Z" "-v" "/var/lib/crater-agent-workspace/builds/worker-3-tc1/source:/opt/rustwide/workdir:ro,Z" "-v" "/var/lib/crater-agent-workspace/cargo-home:/opt/rustwide/cargo-home:ro,Z" "-v" "/var/lib/crater-agent-workspace/rustup-home:/opt/rustwide/rustup-home:ro,Z" "-e" "SOURCE_DIR=/opt/rustwide/workdir" "-e" "CARGO_TARGET_DIR=/opt/rustwide/target" "-e" "CARGO_INCREMENTAL=0" "-e" "RUST_BACKTRACE=full" "-e" "RUSTFLAGS=--cap-lints=warn" "-e" "RUSTDOCFLAGS=--cap-lints=warn" "-e" "CARGO_HOME=/opt/rustwide/cargo-home" "-e" "RUSTUP_HOME=/opt/rustwide/rustup-home" "-w" "/opt/rustwide/workdir" "-m" "1610612736" "--user" "0:0" "--network" "none" "ghcr.io/rust-lang/crates-build-env/linux@sha256:2788e3201cd34a07e3172128adcd8b3090168a8e3bcc40d7c032b9dda1df7d1c" "/opt/rustwide/cargo-home/bin/cargo" "+1.75.0" "build" "--frozen" "--message-format=json", kill_on_drop: false }`
[INFO] [stdout] c32811a56ce717265eb1ce10a549cf2c9368caf8e085969122773897ab1d6905
[INFO] running `Command { std: "docker" "start" "-a" "c32811a56ce717265eb1ce10a549cf2c9368caf8e085969122773897ab1d6905", kill_on_drop: false }`
[INFO] [stderr]    Compiling autocfg v1.1.0
[INFO] [stderr]    Compiling proc-macro2 v1.0.66
[INFO] [stderr]    Compiling libc v0.2.147
[INFO] [stderr]    Compiling unicode-ident v1.0.11
[INFO] [stderr]    Compiling libm v0.2.7
[INFO] [stderr]    Compiling parking_lot_core v0.9.8
[INFO] [stderr]    Compiling rustix v0.38.13
[INFO] [stderr]    Compiling scopeguard v1.2.0
[INFO] [stderr]    Compiling linux-raw-sys v0.4.8
[INFO] [stderr]    Compiling rustversion v1.0.14
[INFO] [stderr]    Compiling paste v1.0.14
[INFO] [stderr]    Compiling num-traits v0.2.16
[INFO] [stderr]    Compiling lock_api v0.4.10
[INFO] [stderr]    Compiling num-integer v0.1.45
[INFO] [stderr]    Compiling bitflags v2.4.0
[INFO] [stderr]    Compiling bytemuck v1.13.1
[INFO] [stderr]    Compiling smallvec v1.11.0
[INFO] [stderr]    Compiling safe_arch v0.7.1
[INFO] [stderr]    Compiling quote v1.0.32
[INFO] [stderr]    Compiling syn v2.0.28
[INFO] [stderr]    Compiling syn v1.0.109
[INFO] [stderr]    Compiling num-rational v0.4.1
[INFO] [stderr]    Compiling matrixmultiply v0.3.7
[INFO] [stderr]    Compiling tokio v1.29.1
[INFO] [stderr]    Compiling indexmap v1.9.3
[INFO] [stderr]    Compiling getrandom v0.2.10
[INFO] [stderr]    Compiling futures-core v0.3.28
[INFO] [stderr]    Compiling ppv-lite86 v0.2.17
[INFO] [stderr]    Compiling rand_core v0.6.4
[INFO] [stderr]    Compiling typenum v1.16.0
[INFO] [stderr]    Compiling is-terminal v0.4.9
[INFO] [stderr]    Compiling parking_lot v0.12.1
[INFO] [stderr]    Compiling num_cpus v1.16.0
[INFO] [stderr]    Compiling signal-hook-registry v1.4.1
[INFO] [stderr]    Compiling socket2 v0.4.9
[INFO] [stderr]    Compiling rand_chacha v0.3.1
[INFO] [stderr]    Compiling num-complex v0.4.3
[INFO] [stderr]    Compiling approx v0.5.1
[INFO] [stderr]    Compiling mio v0.8.8
[INFO] [stderr]    Compiling wide v0.7.11
[INFO] [stderr]    Compiling rawpointer v0.2.1
[INFO] [stderr]    Compiling unicode-segmentation v1.10.1
[INFO] [stderr]    Compiling bytes v1.4.0
[INFO] [stderr]    Compiling pin-project-lite v0.2.11
[INFO] [stderr]    Compiling hashbrown v0.12.3
[INFO] [stderr]    Compiling heck v0.4.1
[INFO] [stderr]    Compiling async-trait v0.1.72
[INFO] [stderr]    Compiling lazy_static v1.4.0
[INFO] [stderr]    Compiling colored v2.0.4
[INFO] [stderr]    Compiling convert_case v0.6.0
[INFO] [stderr]    Compiling rand v0.8.5
[INFO] [stderr]    Compiling simba v0.8.1
[INFO] [stderr]    Compiling fnv v1.0.7
[INFO] [stderr]    Compiling fixedbitset v0.4.2
[INFO] [stderr]    Compiling drawille v0.3.0
[INFO] [stderr]    Compiling petgraph v0.6.3
[INFO] [stderr]    Compiling uuid v1.4.1
[INFO] [stderr]    Compiling grid v0.11.0
[INFO] [stderr]    Compiling rand_distr v0.4.3
[INFO] [stderr]    Compiling tokio-macros v2.1.0
[INFO] [stderr]    Compiling enum-map-derive v1.0.0-0.gat.0
[INFO] [stderr]    Compiling strum_macros v0.25.2
[INFO] [stderr]    Compiling hollywood_macros v0.2.2
[INFO] [stderr]    Compiling nalgebra-macros v0.2.1
[INFO] [stderr]    Compiling enum-map v3.0.0-0.gat.0
[INFO] [stderr]    Compiling strum v0.25.0
[INFO] [stderr]    Compiling nalgebra v0.32.3
[INFO] [stderr]    Compiling tokio-stream v0.1.14
[INFO] [stderr]    Compiling hollywood v0.2.2 (/opt/rustwide/workdir)
[INFO] [stdout] warning: `&` without an explicit lifetime name cannot be used here
[INFO] [stdout]   --> src/compute/pipeline.rs:18:47
[INFO] [stdout]    |
[INFO] [stdout] 18 |     pub const CANCEL_REQUEST_INBOUND_CHANNEL: &str = "CANCEL";
[INFO] [stdout]    |                                               ^
[INFO] [stdout]    |
[INFO] [stdout]    = warning: this was previously accepted by the compiler but is being phased out; it will become a hard error in a future release!
[INFO] [stdout]    = note: for more information, see issue #115010 <https://github.com/rust-lang/rust/issues/115010>
[INFO] [stdout]    = note: `#[warn(elided_lifetimes_in_associated_constant)]` on by default
[INFO] [stdout] help: use the `'static` lifetime
[INFO] [stdout]    |
[INFO] [stdout] 18 |     pub const CANCEL_REQUEST_INBOUND_CHANNEL: &'static str = "CANCEL";
[INFO] [stdout]    |                                                +++++++
[INFO] [stdout] 
[INFO] [stdout] 
[INFO] [stdout] warning: call to `.clone()` on a reference in this situation does nothing
[INFO] [stdout]   --> src/actors/printer.rs:98:23
[INFO] [stdout]    |
[INFO] [stdout] 98 |             actor_name.clone(),
[INFO] [stdout]    |                       ^^^^^^^^ help: remove this redundant call
[INFO] [stdout]    |
[INFO] [stdout]    = note: the type `str` does not implement `Clone`, so calling `clone` on `&str` copies the reference, which does not do anything and can be removed
[INFO] [stdout]    = note: `#[warn(noop_method_call)]` on by default
[INFO] [stdout] 
[INFO] [stdout] 
[INFO] [stdout] warning: 2 warnings emitted
[INFO] [stdout] 
[INFO] [stdout] 
[INFO] [stderr]     Finished dev [unoptimized + debuginfo] target(s) in 50.81s
[INFO] running `Command { std: "docker" "inspect" "c32811a56ce717265eb1ce10a549cf2c9368caf8e085969122773897ab1d6905", kill_on_drop: false }`
[INFO] running `Command { std: "docker" "rm" "-f" "c32811a56ce717265eb1ce10a549cf2c9368caf8e085969122773897ab1d6905", kill_on_drop: false }`
[INFO] [stdout] c32811a56ce717265eb1ce10a549cf2c9368caf8e085969122773897ab1d6905
[INFO] running `Command { std: "docker" "create" "-v" "/var/lib/crater-agent-workspace/builds/worker-3-tc1/target:/opt/rustwide/target:rw,Z" "-v" "/var/lib/crater-agent-workspace/builds/worker-3-tc1/source:/opt/rustwide/workdir:ro,Z" "-v" "/var/lib/crater-agent-workspace/cargo-home:/opt/rustwide/cargo-home:ro,Z" "-v" "/var/lib/crater-agent-workspace/rustup-home:/opt/rustwide/rustup-home:ro,Z" "-e" "SOURCE_DIR=/opt/rustwide/workdir" "-e" "CARGO_TARGET_DIR=/opt/rustwide/target" "-e" "CARGO_INCREMENTAL=0" "-e" "RUST_BACKTRACE=full" "-e" "RUSTFLAGS=--cap-lints=warn" "-e" "RUSTDOCFLAGS=--cap-lints=warn" "-e" "CARGO_HOME=/opt/rustwide/cargo-home" "-e" "RUSTUP_HOME=/opt/rustwide/rustup-home" "-w" "/opt/rustwide/workdir" "-m" "1610612736" "--user" "0:0" "--network" "none" "ghcr.io/rust-lang/crates-build-env/linux@sha256:2788e3201cd34a07e3172128adcd8b3090168a8e3bcc40d7c032b9dda1df7d1c" "/opt/rustwide/cargo-home/bin/cargo" "+1.75.0" "test" "--frozen" "--no-run" "--message-format=json", kill_on_drop: false }`
[INFO] [stdout] c7e19bcefb5292745dc3ecf64c2d9b0d7267ea7665247f372335ae6c923a704d
[INFO] running `Command { std: "docker" "start" "-a" "c7e19bcefb5292745dc3ecf64c2d9b0d7267ea7665247f372335ae6c923a704d", kill_on_drop: false }`
[INFO] [stdout] warning: `&` without an explicit lifetime name cannot be used here
[INFO] [stdout]   --> src/compute/pipeline.rs:18:47
[INFO] [stdout]    |
[INFO] [stdout] 18 |     pub const CANCEL_REQUEST_INBOUND_CHANNEL: &str = "CANCEL";
[INFO] [stdout]    |                                               ^
[INFO] [stdout]    |
[INFO] [stdout]    = warning: this was previously accepted by the compiler but is being phased out; it will become a hard error in a future release!
[INFO] [stdout]    = note: for more information, see issue #115010 <https://github.com/rust-lang/rust/issues/115010>
[INFO] [stdout]    = note: `#[warn(elided_lifetimes_in_associated_constant)]` on by default
[INFO] [stdout] help: use the `'static` lifetime
[INFO] [stdout]    |
[INFO] [stdout] 18 |     pub const CANCEL_REQUEST_INBOUND_CHANNEL: &'static str = "CANCEL";
[INFO] [stdout]    |                                                +++++++
[INFO] [stdout] 
[INFO] [stdout] 
[INFO] [stdout] warning: call to `.clone()` on a reference in this situation does nothing
[INFO] [stdout]   --> src/actors/printer.rs:98:23
[INFO] [stdout]    |
[INFO] [stdout] 98 |             actor_name.clone(),
[INFO] [stdout]    |                       ^^^^^^^^ help: remove this redundant call
[INFO] [stdout]    |
[INFO] [stdout]    = note: the type `str` does not implement `Clone`, so calling `clone` on `&str` copies the reference, which does not do anything and can be removed
[INFO] [stdout]    = note: `#[warn(noop_method_call)]` on by default
[INFO] [stdout] 
[INFO] [stdout] 
[INFO] [stdout] warning: 2 warnings emitted
[INFO] [stdout] 
[INFO] [stdout] 
[INFO] [stderr]    Compiling hollywood v0.2.2 (/opt/rustwide/workdir)
[INFO] [stdout] warning: `&` without an explicit lifetime name cannot be used here
[INFO] [stdout]   --> src/compute/pipeline.rs:18:47
[INFO] [stdout]    |
[INFO] [stdout] 18 |     pub const CANCEL_REQUEST_INBOUND_CHANNEL: &str = "CANCEL";
[INFO] [stdout]    |                                               ^
[INFO] [stdout]    |
[INFO] [stdout]    = warning: this was previously accepted by the compiler but is being phased out; it will become a hard error in a future release!
[INFO] [stdout]    = note: for more information, see issue #115010 <https://github.com/rust-lang/rust/issues/115010>
[INFO] [stdout]    = note: `#[warn(elided_lifetimes_in_associated_constant)]` on by default
[INFO] [stdout] help: use the `'static` lifetime
[INFO] [stdout]    |
[INFO] [stdout] 18 |     pub const CANCEL_REQUEST_INBOUND_CHANNEL: &'static str = "CANCEL";
[INFO] [stdout]    |                                                +++++++
[INFO] [stdout] 
[INFO] [stdout] 
[INFO] [stdout] warning: call to `.clone()` on a reference in this situation does nothing
[INFO] [stdout]   --> src/actors/printer.rs:98:23
[INFO] [stdout]    |
[INFO] [stdout] 98 |             actor_name.clone(),
[INFO] [stdout]    |                       ^^^^^^^^ help: remove this redundant call
[INFO] [stdout]    |
[INFO] [stdout]    = note: the type `str` does not implement `Clone`, so calling `clone` on `&str` copies the reference, which does not do anything and can be removed
[INFO] [stdout]    = note: `#[warn(noop_method_call)]` on by default
[INFO] [stdout] 
[INFO] [stdout] 
[INFO] [stdout] warning: 2 warnings emitted
[INFO] [stdout] 
[INFO] [stdout] 
[INFO] [stderr]     Finished test [unoptimized + debuginfo] target(s) in 7.93s
[INFO] running `Command { std: "docker" "inspect" "c7e19bcefb5292745dc3ecf64c2d9b0d7267ea7665247f372335ae6c923a704d", kill_on_drop: false }`
[INFO] running `Command { std: "docker" "rm" "-f" "c7e19bcefb5292745dc3ecf64c2d9b0d7267ea7665247f372335ae6c923a704d", kill_on_drop: false }`
[INFO] [stdout] c7e19bcefb5292745dc3ecf64c2d9b0d7267ea7665247f372335ae6c923a704d
[INFO] running `Command { std: "docker" "create" "-v" "/var/lib/crater-agent-workspace/builds/worker-3-tc1/target:/opt/rustwide/target:rw,Z" "-v" "/var/lib/crater-agent-workspace/builds/worker-3-tc1/source:/opt/rustwide/workdir:ro,Z" "-v" "/var/lib/crater-agent-workspace/cargo-home:/opt/rustwide/cargo-home:ro,Z" "-v" "/var/lib/crater-agent-workspace/rustup-home:/opt/rustwide/rustup-home:ro,Z" "-e" "SOURCE_DIR=/opt/rustwide/workdir" "-e" "CARGO_TARGET_DIR=/opt/rustwide/target" "-e" "CARGO_INCREMENTAL=0" "-e" "RUST_BACKTRACE=full" "-e" "RUSTFLAGS=--cap-lints=warn" "-e" "RUSTDOCFLAGS=--cap-lints=warn" "-e" "CARGO_HOME=/opt/rustwide/cargo-home" "-e" "RUSTUP_HOME=/opt/rustwide/rustup-home" "-w" "/opt/rustwide/workdir" "-m" "1610612736" "--user" "0:0" "--network" "none" "ghcr.io/rust-lang/crates-build-env/linux@sha256:2788e3201cd34a07e3172128adcd8b3090168a8e3bcc40d7c032b9dda1df7d1c" "/opt/rustwide/cargo-home/bin/cargo" "+1.75.0" "test" "--frozen", kill_on_drop: false }`
[INFO] [stdout] 10d1f629620537eb72a80e38ceb68268480c7f9ba4c546f7ed0ff1c476209683
[INFO] running `Command { std: "docker" "start" "-a" "10d1f629620537eb72a80e38ceb68268480c7f9ba4c546f7ed0ff1c476209683", kill_on_drop: false }`
[INFO] [stderr] warning: `&` without an explicit lifetime name cannot be used here
[INFO] [stderr]   --> src/compute/pipeline.rs:18:47
[INFO] [stderr]    |
[INFO] [stderr] 18 |     pub const CANCEL_REQUEST_INBOUND_CHANNEL: &str = "CANCEL";
[INFO] [stderr]    |                                               ^
[INFO] [stderr]    |
[INFO] [stderr]    = warning: this was previously accepted by the compiler but is being phased out; it will become a hard error in a future release!
[INFO] [stderr]    = note: for more information, see issue #115010 <https://github.com/rust-lang/rust/issues/115010>
[INFO] [stderr]    = note: `#[warn(elided_lifetimes_in_associated_constant)]` on by default
[INFO] [stderr] help: use the `'static` lifetime
[INFO] [stderr]    |
[INFO] [stderr] 18 |     pub const CANCEL_REQUEST_INBOUND_CHANNEL: &'static str = "CANCEL";
[INFO] [stderr]    |                                                +++++++
[INFO] [stderr] 
[INFO] [stderr] warning: call to `.clone()` on a reference in this situation does nothing
[INFO] [stderr]   --> src/actors/printer.rs:98:23
[INFO] [stderr]    |
[INFO] [stderr] 98 |             actor_name.clone(),
[INFO] [stderr]    |                       ^^^^^^^^ help: remove this redundant call
[INFO] [stderr]    |
[INFO] [stderr]    = note: the type `str` does not implement `Clone`, so calling `clone` on `&str` copies the reference, which does not do anything and can be removed
[INFO] [stderr]    = note: `#[warn(noop_method_call)]` on by default
[INFO] [stderr] 
[INFO] [stderr] warning: `hollywood` (lib) generated 2 warnings (run `cargo fix --lib -p hollywood` to apply 2 suggestions)
[INFO] [stderr] warning: `hollywood` (lib test) generated 2 warnings (2 duplicates)
[INFO] [stderr]     Finished test [unoptimized + debuginfo] target(s) in 0.08s
[INFO] [stderr]      Running unittests src/lib.rs (/opt/rustwide/target/debug/deps/hollywood-7c3dc8f0b2ac4d5d)
[INFO] [stdout] 
[INFO] [stdout] running 0 tests
[INFO] [stdout] 
[INFO] [stdout] test result: ok. 0 passed; 0 failed; 0 ignored; 0 measured; 0 filtered out; finished in 0.00s
[INFO] [stdout] 
[INFO] [stderr]    Doc-tests hollywood
[INFO] [stdout] 
[INFO] [stdout] running 5 tests
[INFO] [stdout] test src/lib.rs - (line 107) ... ignored
[INFO] [stdout] test src/lib.rs - (line 148) ... ignored
[INFO] [stdout] test src/lib.rs - (line 51) ... ignored
[INFO] [stdout] test src/lib.rs - (line 65) ... ignored
[INFO] [stdout] test src/lib.rs - (line 170) ... FAILED
[INFO] [stdout] 
[INFO] [stdout] failures:
[INFO] [stdout] 
[INFO] [stdout] ---- src/lib.rs - (line 170) stdout ----
[INFO] [stdout] error[E0599]: no function or associated item named `new_default_init_state` found for struct `GenericActor` in the current scope
[INFO] [stdout]   --> src/lib.rs:178:45
[INFO] [stdout]    |
[INFO] [stdout] 11 |     let mut moving_average = MovingAverage::new_default_init_state(
[INFO] [stdout]    |                                             ^^^^^^^^^^^^^^^^^^^^^^ function or associated item not found in `GenericActor<MovingAverageProp, MovingAverageInbound, MovingAverageState, MovingAverageOutbound, ...>`
[INFO] [stdout]    |
[INFO] [stdout]    = note: the full type name has been written to '/tmp/rustdoctest0QQw7Y/rust_out.long-type-2665120198261312092.txt'
[INFO] [stdout] 
[INFO] [stdout] error[E0599]: no function or associated item named `new_default_init_state` found for struct `GenericActor` in the current scope
[INFO] [stdout]   --> src/lib.rs:185:44
[INFO] [stdout]    |
[INFO] [stdout] 18 |     let mut time_printer = Printer::<f64>::new_default_init_state(
[INFO] [stdout]    |                                            ^^^^^^^^^^^^^^^^^^^^^^ function or associated item not found in `GenericActor<PrinterProp, PrinterInbound<f64>, NullState, NullOutbound, DefaultRunner<..., ..., ..., ...>>`
[INFO] [stdout]    |
[INFO] [stdout]    = note: the full type name has been written to '/tmp/rustdoctest0QQw7Y/rust_out.long-type-12992803740900623350.txt'
[INFO] [stdout] 
[INFO] [stdout] error[E0599]: no function or associated item named `new_default_init_state` found for struct `GenericActor` in the current scope
[INFO] [stdout]   --> src/lib.rs:191:47
[INFO] [stdout]    |
[INFO] [stdout] 24 |     let mut average_printer = Printer::<f64>::new_default_init_state(
[INFO] [stdout]    |                                               ^^^^^^^^^^^^^^^^^^^^^^ function or associated item not found in `GenericActor<PrinterProp, PrinterInbound<f64>, NullState, NullOutbound, DefaultRunner<..., ..., ..., ...>>`
[INFO] [stdout]    |
[INFO] [stdout]    = note: the full type name has been written to '/tmp/rustdoctest0QQw7Y/rust_out.long-type-12992803740900623350.txt'
[INFO] [stdout] 
[INFO] [stdout] error: aborting due to 3 previous errors
[INFO] [stdout] 
[INFO] [stdout] For more information about this error, try `rustc --explain E0599`.
[INFO] [stdout] Couldn't compile the test.
[INFO] [stdout] 
[INFO] [stdout] failures:
[INFO] [stdout]     src/lib.rs - (line 170)
[INFO] [stdout] 
[INFO] [stdout] test result: FAILED. 0 passed; 1 failed; 4 ignored; 0 measured; 0 filtered out; finished in 0.14s
[INFO] [stdout] 
[INFO] [stderr] error: doctest failed, to rerun pass `--doc`
[INFO] running `Command { std: "docker" "inspect" "10d1f629620537eb72a80e38ceb68268480c7f9ba4c546f7ed0ff1c476209683", kill_on_drop: false }`
[INFO] running `Command { std: "docker" "rm" "-f" "10d1f629620537eb72a80e38ceb68268480c7f9ba4c546f7ed0ff1c476209683", kill_on_drop: false }`
[INFO] [stdout] 10d1f629620537eb72a80e38ceb68268480c7f9ba4c546f7ed0ff1c476209683
[INFO] testing hollywood-0.2.2 against beta-2023-12-22 for beta-1.76-1
[INFO] extracting crate hollywood 0.2.2 into /workspace/builds/worker-3-tc2/source
[INFO] validating manifest of crates.io crate hollywood 0.2.2 on toolchain beta-2023-12-22
[INFO] running `Command { std: CARGO_HOME="/workspace/cargo-home" RUSTUP_HOME="/workspace/rustup-home" "/workspace/cargo-home/bin/cargo" "+beta-2023-12-22" "metadata" "--manifest-path" "Cargo.toml" "--no-deps", kill_on_drop: false }`
[INFO] started tweaking crates.io crate hollywood 0.2.2
[INFO] finished tweaking crates.io crate hollywood 0.2.2
[INFO] tweaked toml for crates.io crate hollywood 0.2.2 written to /workspace/builds/worker-3-tc2/source/Cargo.toml
[INFO] crate crates.io crate hollywood 0.2.2 already has a lockfile, it will not be regenerated
[INFO] running `Command { std: CARGO_HOME="/workspace/cargo-home" RUSTUP_HOME="/workspace/rustup-home" "/workspace/cargo-home/bin/cargo" "+beta-2023-12-22" "fetch" "--manifest-path" "Cargo.toml", kill_on_drop: false }`
[INFO] running `Command { std: "docker" "create" "-v" "/var/lib/crater-agent-workspace/builds/worker-3-tc2/target:/opt/rustwide/target:rw,Z" "-v" "/var/lib/crater-agent-workspace/builds/worker-3-tc2/source:/opt/rustwide/workdir:ro,Z" "-v" "/var/lib/crater-agent-workspace/cargo-home:/opt/rustwide/cargo-home:ro,Z" "-v" "/var/lib/crater-agent-workspace/rustup-home:/opt/rustwide/rustup-home:ro,Z" "-e" "SOURCE_DIR=/opt/rustwide/workdir" "-e" "CARGO_TARGET_DIR=/opt/rustwide/target" "-e" "CARGO_HOME=/opt/rustwide/cargo-home" "-e" "RUSTUP_HOME=/opt/rustwide/rustup-home" "-w" "/opt/rustwide/workdir" "-m" "1610612736" "--user" "0:0" "--network" "none" "ghcr.io/rust-lang/crates-build-env/linux@sha256:2788e3201cd34a07e3172128adcd8b3090168a8e3bcc40d7c032b9dda1df7d1c" "/opt/rustwide/cargo-home/bin/cargo" "+beta-2023-12-22" "metadata" "--no-deps" "--format-version=1", kill_on_drop: false }`
[INFO] [stdout] 234b70ed7a2605f183a0ec323f4448718a1b52356f7599aa4d5294d745f3b1a7
[INFO] running `Command { std: "docker" "start" "-a" "234b70ed7a2605f183a0ec323f4448718a1b52356f7599aa4d5294d745f3b1a7", kill_on_drop: false }`
[INFO] running `Command { std: "docker" "inspect" "234b70ed7a2605f183a0ec323f4448718a1b52356f7599aa4d5294d745f3b1a7", kill_on_drop: false }`
[INFO] running `Command { std: "docker" "rm" "-f" "234b70ed7a2605f183a0ec323f4448718a1b52356f7599aa4d5294d745f3b1a7", kill_on_drop: false }`
[INFO] [stdout] 234b70ed7a2605f183a0ec323f4448718a1b52356f7599aa4d5294d745f3b1a7
[INFO] running `Command { std: "docker" "create" "-v" "/var/lib/crater-agent-workspace/builds/worker-3-tc2/target:/opt/rustwide/target:rw,Z" "-v" "/var/lib/crater-agent-workspace/builds/worker-3-tc2/source:/opt/rustwide/workdir:ro,Z" "-v" "/var/lib/crater-agent-workspace/cargo-home:/opt/rustwide/cargo-home:ro,Z" "-v" "/var/lib/crater-agent-workspace/rustup-home:/opt/rustwide/rustup-home:ro,Z" "-e" "SOURCE_DIR=/opt/rustwide/workdir" "-e" "CARGO_TARGET_DIR=/opt/rustwide/target" "-e" "CARGO_INCREMENTAL=0" "-e" "RUST_BACKTRACE=full" "-e" "RUSTFLAGS=--cap-lints=warn" "-e" "RUSTDOCFLAGS=--cap-lints=warn" "-e" "CARGO_HOME=/opt/rustwide/cargo-home" "-e" "RUSTUP_HOME=/opt/rustwide/rustup-home" "-w" "/opt/rustwide/workdir" "-m" "1610612736" "--user" "0:0" "--network" "none" "ghcr.io/rust-lang/crates-build-env/linux@sha256:2788e3201cd34a07e3172128adcd8b3090168a8e3bcc40d7c032b9dda1df7d1c" "/opt/rustwide/cargo-home/bin/cargo" "+beta-2023-12-22" "build" "--frozen" "--message-format=json", kill_on_drop: false }`
[INFO] [stdout] 965792013e81fbee8c2a6bc27a33985c3a19581b6bbd5fda8699fa5c707b7aed
[INFO] running `Command { std: "docker" "start" "-a" "965792013e81fbee8c2a6bc27a33985c3a19581b6bbd5fda8699fa5c707b7aed", kill_on_drop: false }`
[INFO] [stderr]    Compiling autocfg v1.1.0
[INFO] [stderr]    Compiling libc v0.2.147
[INFO] [stderr]    Compiling proc-macro2 v1.0.66
[INFO] [stderr]    Compiling unicode-ident v1.0.11
[INFO] [stderr]    Compiling libm v0.2.7
[INFO] [stderr]    Compiling rustix v0.38.13
[INFO] [stderr]    Compiling parking_lot_core v0.9.8
[INFO] [stderr]    Compiling rustversion v1.0.14
[INFO] [stderr]    Compiling linux-raw-sys v0.4.8
[INFO] [stderr]    Compiling paste v1.0.14
[INFO] [stderr]    Compiling smallvec v1.11.0
[INFO] [stderr]    Compiling num-traits v0.2.16
[INFO] [stderr]    Compiling lock_api v0.4.10
[INFO] [stderr]    Compiling num-integer v0.1.45
[INFO] [stderr]    Compiling bitflags v2.4.0
[INFO] [stderr]    Compiling scopeguard v1.2.0
[INFO] [stderr]    Compiling bytemuck v1.13.1
[INFO] [stderr]    Compiling quote v1.0.32
[INFO] [stderr]    Compiling getrandom v0.2.10
[INFO] [stderr]    Compiling safe_arch v0.7.1
[INFO] [stderr]    Compiling syn v2.0.28
[INFO] [stderr]    Compiling rand_core v0.6.4
[INFO] [stderr]    Compiling syn v1.0.109
[INFO] [stderr]    Compiling tokio v1.29.1
[INFO] [stderr]    Compiling num-rational v0.4.1
[INFO] [stderr]    Compiling indexmap v1.9.3
[INFO] [stderr]    Compiling matrixmultiply v0.3.7
[INFO] [stderr]    Compiling typenum v1.16.0
[INFO] [stderr]    Compiling futures-core v0.3.28
[INFO] [stderr]    Compiling ppv-lite86 v0.2.17
[INFO] [stderr]    Compiling wide v0.7.11
[INFO] [stderr]    Compiling approx v0.5.1
[INFO] [stderr]    Compiling is-terminal v0.4.9
[INFO] [stderr]    Compiling num-complex v0.4.3
[INFO] [stderr]    Compiling rand_chacha v0.3.1
[INFO] [stderr]    Compiling parking_lot v0.12.1
[INFO] [stderr]    Compiling socket2 v0.4.9
[INFO] [stderr]    Compiling signal-hook-registry v1.4.1
[INFO] [stderr]    Compiling mio v0.8.8
[INFO] [stderr]    Compiling num_cpus v1.16.0
[INFO] [stderr]    Compiling pin-project-lite v0.2.11
[INFO] [stderr]    Compiling heck v0.4.1
[INFO] [stderr]    Compiling rawpointer v0.2.1
[INFO] [stderr]    Compiling lazy_static v1.4.0
[INFO] [stderr]    Compiling bytes v1.4.0
[INFO] [stderr]    Compiling hashbrown v0.12.3
[INFO] [stderr]    Compiling unicode-segmentation v1.10.1
[INFO] [stderr]    Compiling async-trait v0.1.72
[INFO] [stderr]    Compiling colored v2.0.4
[INFO] [stderr]    Compiling simba v0.8.1
[INFO] [stderr]    Compiling convert_case v0.6.0
[INFO] [stderr]    Compiling rand v0.8.5
[INFO] [stderr]    Compiling fixedbitset v0.4.2
[INFO] [stderr]    Compiling fnv v1.0.7
[INFO] [stderr]    Compiling rand_distr v0.4.3
[INFO] [stderr]    Compiling drawille v0.3.0
[INFO] [stderr]    Compiling petgraph v0.6.3
[INFO] [stderr]    Compiling uuid v1.4.1
[INFO] [stderr]    Compiling grid v0.11.0
[INFO] [stderr]    Compiling nalgebra-macros v0.2.1
[INFO] [stderr]    Compiling tokio-macros v2.1.0
[INFO] [stderr]    Compiling enum-map-derive v1.0.0-0.gat.0
[INFO] [stderr]    Compiling strum_macros v0.25.2
[INFO] [stderr]    Compiling hollywood_macros v0.2.2
[INFO] [stderr]    Compiling enum-map v3.0.0-0.gat.0
[INFO] [stderr]    Compiling strum v0.25.0
[INFO] [stderr]    Compiling nalgebra v0.32.3
[INFO] [stderr]    Compiling tokio-stream v0.1.14
[INFO] [stderr]    Compiling hollywood v0.2.2 (/opt/rustwide/workdir)
[INFO] [stdout] warning: `&` without an explicit lifetime name cannot be used here
[INFO] [stdout]   --> src/compute/pipeline.rs:18:47
[INFO] [stdout]    |
[INFO] [stdout] 18 |     pub const CANCEL_REQUEST_INBOUND_CHANNEL: &str = "CANCEL";
[INFO] [stdout]    |                                               ^
[INFO] [stdout]    |
[INFO] [stdout]    = warning: this was previously accepted by the compiler but is being phased out; it will become a hard error in a future release!
[INFO] [stdout]    = note: for more information, see issue #115010 <https://github.com/rust-lang/rust/issues/115010>
[INFO] [stdout]    = note: `#[warn(elided_lifetimes_in_associated_constant)]` on by default
[INFO] [stdout] help: use the `'static` lifetime
[INFO] [stdout]    |
[INFO] [stdout] 18 |     pub const CANCEL_REQUEST_INBOUND_CHANNEL: &'static str = "CANCEL";
[INFO] [stdout]    |                                                +++++++
[INFO] [stdout] 
[INFO] [stdout] 
[INFO] [stdout] warning: call to `.clone()` on a reference in this situation does nothing
[INFO] [stdout]   --> src/actors/printer.rs:98:23
[INFO] [stdout]    |
[INFO] [stdout] 98 |             actor_name.clone(),
[INFO] [stdout]    |                       ^^^^^^^^ help: remove this redundant call
[INFO] [stdout]    |
[INFO] [stdout]    = note: the type `str` does not implement `Clone`, so calling `clone` on `&str` copies the reference, which does not do anything and can be removed
[INFO] [stdout]    = note: `#[warn(noop_method_call)]` on by default
[INFO] [stdout] 
[INFO] [stdout] 
[INFO] [stdout] warning: 2 warnings emitted
[INFO] [stdout] 
[INFO] [stdout] 
[INFO] [stderr]     Finished dev [unoptimized + debuginfo] target(s) in 47.33s
[INFO] running `Command { std: "docker" "inspect" "965792013e81fbee8c2a6bc27a33985c3a19581b6bbd5fda8699fa5c707b7aed", kill_on_drop: false }`
[INFO] running `Command { std: "docker" "rm" "-f" "965792013e81fbee8c2a6bc27a33985c3a19581b6bbd5fda8699fa5c707b7aed", kill_on_drop: false }`
[INFO] [stdout] 965792013e81fbee8c2a6bc27a33985c3a19581b6bbd5fda8699fa5c707b7aed
[INFO] running `Command { std: "docker" "create" "-v" "/var/lib/crater-agent-workspace/builds/worker-3-tc2/target:/opt/rustwide/target:rw,Z" "-v" "/var/lib/crater-agent-workspace/builds/worker-3-tc2/source:/opt/rustwide/workdir:ro,Z" "-v" "/var/lib/crater-agent-workspace/cargo-home:/opt/rustwide/cargo-home:ro,Z" "-v" "/var/lib/crater-agent-workspace/rustup-home:/opt/rustwide/rustup-home:ro,Z" "-e" "SOURCE_DIR=/opt/rustwide/workdir" "-e" "CARGO_TARGET_DIR=/opt/rustwide/target" "-e" "CARGO_INCREMENTAL=0" "-e" "RUST_BACKTRACE=full" "-e" "RUSTFLAGS=--cap-lints=warn" "-e" "RUSTDOCFLAGS=--cap-lints=warn" "-e" "CARGO_HOME=/opt/rustwide/cargo-home" "-e" "RUSTUP_HOME=/opt/rustwide/rustup-home" "-w" "/opt/rustwide/workdir" "-m" "1610612736" "--user" "0:0" "--network" "none" "ghcr.io/rust-lang/crates-build-env/linux@sha256:2788e3201cd34a07e3172128adcd8b3090168a8e3bcc40d7c032b9dda1df7d1c" "/opt/rustwide/cargo-home/bin/cargo" "+beta-2023-12-22" "test" "--frozen" "--no-run" "--message-format=json", kill_on_drop: false }`
[INFO] [stdout] f1178101f28d75b92fe4b52365d5053f1c22a32b7e1766f1e8f406e12725872c
[INFO] running `Command { std: "docker" "start" "-a" "f1178101f28d75b92fe4b52365d5053f1c22a32b7e1766f1e8f406e12725872c", kill_on_drop: false }`
[INFO] [stdout] warning: `&` without an explicit lifetime name cannot be used here
[INFO] [stdout]   --> src/compute/pipeline.rs:18:47
[INFO] [stdout]    |
[INFO] [stdout] 18 |     pub const CANCEL_REQUEST_INBOUND_CHANNEL: &str = "CANCEL";
[INFO] [stdout]    |                                               ^
[INFO] [stdout]    |
[INFO] [stdout]    = warning: this was previously accepted by the compiler but is being phased out; it will become a hard error in a future release!
[INFO] [stdout]    = note: for more information, see issue #115010 <https://github.com/rust-lang/rust/issues/115010>
[INFO] [stdout]    = note: `#[warn(elided_lifetimes_in_associated_constant)]` on by default
[INFO] [stdout] help: use the `'static` lifetime
[INFO] [stdout]    |
[INFO] [stdout] 18 |     pub const CANCEL_REQUEST_INBOUND_CHANNEL: &'static str = "CANCEL";
[INFO] [stdout]    |                                                +++++++
[INFO] [stdout] 
[INFO] [stdout] 
[INFO] [stderr]    Compiling hollywood v0.2.2 (/opt/rustwide/workdir)
[INFO] [stdout] warning: call to `.clone()` on a reference in this situation does nothing
[INFO] [stdout]   --> src/actors/printer.rs:98:23
[INFO] [stdout]    |
[INFO] [stdout] 98 |             actor_name.clone(),
[INFO] [stdout]    |                       ^^^^^^^^ help: remove this redundant call
[INFO] [stdout]    |
[INFO] [stdout]    = note: the type `str` does not implement `Clone`, so calling `clone` on `&str` copies the reference, which does not do anything and can be removed
[INFO] [stdout]    = note: `#[warn(noop_method_call)]` on by default
[INFO] [stdout] 
[INFO] [stdout] 
[INFO] [stdout] warning: 2 warnings emitted
[INFO] [stdout] 
[INFO] [stdout] 
[INFO] [stdout] warning: `&` without an explicit lifetime name cannot be used here
[INFO] [stdout]   --> src/compute/pipeline.rs:18:47
[INFO] [stdout]    |
[INFO] [stdout] 18 |     pub const CANCEL_REQUEST_INBOUND_CHANNEL: &str = "CANCEL";
[INFO] [stdout]    |                                               ^
[INFO] [stdout]    |
[INFO] [stdout]    = warning: this was previously accepted by the compiler but is being phased out; it will become a hard error in a future release!
[INFO] [stdout]    = note: for more information, see issue #115010 <https://github.com/rust-lang/rust/issues/115010>
[INFO] [stdout]    = note: `#[warn(elided_lifetimes_in_associated_constant)]` on by default
[INFO] [stdout] help: use the `'static` lifetime
[INFO] [stdout]    |
[INFO] [stdout] 18 |     pub const CANCEL_REQUEST_INBOUND_CHANNEL: &'static str = "CANCEL";
[INFO] [stdout]    |                                                +++++++
[INFO] [stdout] 
[INFO] [stdout] 
[INFO] [stdout] warning: call to `.clone()` on a reference in this situation does nothing
[INFO] [stdout]   --> src/actors/printer.rs:98:23
[INFO] [stdout]    |
[INFO] [stdout] 98 |             actor_name.clone(),
[INFO] [stdout]    |                       ^^^^^^^^ help: remove this redundant call
[INFO] [stdout]    |
[INFO] [stdout]    = note: the type `str` does not implement `Clone`, so calling `clone` on `&str` copies the reference, which does not do anything and can be removed
[INFO] [stdout]    = note: `#[warn(noop_method_call)]` on by default
[INFO] [stdout] 
[INFO] [stdout] 
[INFO] [stdout] warning: 2 warnings emitted
[INFO] [stdout] 
[INFO] [stdout] 
[INFO] [stderr]     Finished test [unoptimized + debuginfo] target(s) in 6.96s
[INFO] running `Command { std: "docker" "inspect" "f1178101f28d75b92fe4b52365d5053f1c22a32b7e1766f1e8f406e12725872c", kill_on_drop: false }`
[INFO] running `Command { std: "docker" "rm" "-f" "f1178101f28d75b92fe4b52365d5053f1c22a32b7e1766f1e8f406e12725872c", kill_on_drop: false }`
[INFO] [stdout] f1178101f28d75b92fe4b52365d5053f1c22a32b7e1766f1e8f406e12725872c
[INFO] running `Command { std: "docker" "create" "-v" "/var/lib/crater-agent-workspace/builds/worker-3-tc2/target:/opt/rustwide/target:rw,Z" "-v" "/var/lib/crater-agent-workspace/builds/worker-3-tc2/source:/opt/rustwide/workdir:ro,Z" "-v" "/var/lib/crater-agent-workspace/cargo-home:/opt/rustwide/cargo-home:ro,Z" "-v" "/var/lib/crater-agent-workspace/rustup-home:/opt/rustwide/rustup-home:ro,Z" "-e" "SOURCE_DIR=/opt/rustwide/workdir" "-e" "CARGO_TARGET_DIR=/opt/rustwide/target" "-e" "CARGO_INCREMENTAL=0" "-e" "RUST_BACKTRACE=full" "-e" "RUSTFLAGS=--cap-lints=warn" "-e" "RUSTDOCFLAGS=--cap-lints=warn" "-e" "CARGO_HOME=/opt/rustwide/cargo-home" "-e" "RUSTUP_HOME=/opt/rustwide/rustup-home" "-w" "/opt/rustwide/workdir" "-m" "1610612736" "--user" "0:0" "--network" "none" "ghcr.io/rust-lang/crates-build-env/linux@sha256:2788e3201cd34a07e3172128adcd8b3090168a8e3bcc40d7c032b9dda1df7d1c" "/opt/rustwide/cargo-home/bin/cargo" "+beta-2023-12-22" "test" "--frozen", kill_on_drop: false }`
[INFO] [stdout] 06ce5622962cac3955c4c015a561f26385c3cdf5bbdde51f27536f3fd4826991
[INFO] running `Command { std: "docker" "start" "-a" "06ce5622962cac3955c4c015a561f26385c3cdf5bbdde51f27536f3fd4826991", kill_on_drop: false }`
[INFO] [stderr] warning: `&` without an explicit lifetime name cannot be used here
[INFO] [stderr]   --> src/compute/pipeline.rs:18:47
[INFO] [stderr]    |
[INFO] [stderr] 18 |     pub const CANCEL_REQUEST_INBOUND_CHANNEL: &str = "CANCEL";
[INFO] [stderr]    |                                               ^
[INFO] [stderr]    |
[INFO] [stderr]    = warning: this was previously accepted by the compiler but is being phased out; it will become a hard error in a future release!
[INFO] [stderr]    = note: for more information, see issue #115010 <https://github.com/rust-lang/rust/issues/115010>
[INFO] [stderr]    = note: `#[warn(elided_lifetimes_in_associated_constant)]` on by default
[INFO] [stderr] help: use the `'static` lifetime
[INFO] [stderr]    |
[INFO] [stderr] 18 |     pub const CANCEL_REQUEST_INBOUND_CHANNEL: &'static str = "CANCEL";
[INFO] [stderr]    |                                                +++++++
[INFO] [stderr] 
[INFO] [stderr] warning: call to `.clone()` on a reference in this situation does nothing
[INFO] [stderr]   --> src/actors/printer.rs:98:23
[INFO] [stderr]    |
[INFO] [stderr] 98 |             actor_name.clone(),
[INFO] [stderr]    |                       ^^^^^^^^ help: remove this redundant call
[INFO] [stderr]    |
[INFO] [stderr]    = note: the type `str` does not implement `Clone`, so calling `clone` on `&str` copies the reference, which does not do anything and can be removed
[INFO] [stderr]    = note: `#[warn(noop_method_call)]` on by default
[INFO] [stderr] 
[INFO] [stderr] warning: `hollywood` (lib) generated 2 warnings (run `cargo fix --lib -p hollywood` to apply 2 suggestions)
[INFO] [stderr] warning: `hollywood` (lib test) generated 2 warnings (2 duplicates)
[INFO] [stderr]     Finished test [unoptimized + debuginfo] target(s) in 0.08s
[INFO] [stdout] 
[INFO] [stdout] running 0 tests
[INFO] [stdout] 
[INFO] [stdout] test result: ok. 0 passed; 0 failed; 0 ignored; 0 measured; 0 filtered out; finished in 0.00s
[INFO] [stdout] 
[INFO] [stderr]      Running unittests src/lib.rs (/opt/rustwide/target/debug/deps/hollywood-a841532ee5de6696)
[INFO] [stderr]    Doc-tests hollywood
[INFO] [stdout] 
[INFO] [stdout] running 5 tests
[INFO] [stdout] test src/lib.rs - (line 107) ... ignored
[INFO] [stdout] test src/lib.rs - (line 148) ... ignored
[INFO] [stdout] test src/lib.rs - (line 51) ... ignored
[INFO] [stdout] test src/lib.rs - (line 65) ... ignored
[INFO] [stdout] test src/lib.rs - (line 170) ... FAILED
[INFO] [stdout] 
[INFO] [stdout] failures:
[INFO] [stdout] 
[INFO] [stdout] ---- src/lib.rs - (line 170) stdout ----
[INFO] [stdout] error[E0599]: no function or associated item named `new_default_init_state` found for struct `GenericActor` in the current scope
[INFO] [stdout]   --> src/lib.rs:178:45
[INFO] [stdout]    |
[INFO] [stdout] 11 |     let mut moving_average = MovingAverage::new_default_init_state(
[INFO] [stdout]    |                                             ^^^^^^^^^^^^^^^^^^^^^^ function or associated item not found in `GenericActor<MovingAverageProp, MovingAverageInbound, MovingAverageState, MovingAverageOutbound, ...>`
[INFO] [stdout]    |
[INFO] [stdout]    = note: the full type name has been written to '/tmp/rustdoctestfcNtQw/rust_out.long-type-18312316690305311145.txt'
[INFO] [stdout] 
[INFO] [stdout] error[E0599]: no function or associated item named `new_default_init_state` found for struct `GenericActor` in the current scope
[INFO] [stdout]   --> src/lib.rs:185:44
[INFO] [stdout]    |
[INFO] [stdout] 18 |     let mut time_printer = Printer::<f64>::new_default_init_state(
[INFO] [stdout]    |                                            ^^^^^^^^^^^^^^^^^^^^^^ function or associated item not found in `GenericActor<PrinterProp, PrinterInbound<f64>, NullState, NullOutbound, DefaultRunner<..., ..., ..., ...>>`
[INFO] [stdout]    |
[INFO] [stdout]    = note: the full type name has been written to '/tmp/rustdoctestfcNtQw/rust_out.long-type-5710711883575662984.txt'
[INFO] [stdout] 
[INFO] [stdout] error[E0599]: no function or associated item named `new_default_init_state` found for struct `GenericActor` in the current scope
[INFO] [stdout]   --> src/lib.rs:191:47
[INFO] [stdout]    |
[INFO] [stdout] 24 |     let mut average_printer = Printer::<f64>::new_default_init_state(
[INFO] [stdout]    |                                               ^^^^^^^^^^^^^^^^^^^^^^ function or associated item not found in `GenericActor<PrinterProp, PrinterInbound<f64>, NullState, NullOutbound, DefaultRunner<..., ..., ..., ...>>`
[INFO] [stdout]    |
[INFO] [stdout]    = note: the full type name has been written to '/tmp/rustdoctestfcNtQw/rust_out.long-type-5710711883575662984.txt'
[INFO] [stdout] 
[INFO] [stdout] error: aborting due to 3 previous errors
[INFO] [stdout] 
[INFO] [stdout] For more information about this error, try `rustc --explain E0599`.
[INFO] [stdout] Couldn't compile the test.
[INFO] [stdout] 
[INFO] [stdout] failures:
[INFO] [stdout]     src/lib.rs - (line 170)
[INFO] [stdout] 
[INFO] [stdout] test result: FAILED. 0 passed; 1 failed; 4 ignored; 0 measured; 0 filtered out; finished in 0.12s
[INFO] [stdout] 
[INFO] [stderr] error: doctest failed, to rerun pass `--doc`
[INFO] running `Command { std: "docker" "inspect" "06ce5622962cac3955c4c015a561f26385c3cdf5bbdde51f27536f3fd4826991", kill_on_drop: false }`
[INFO] running `Command { std: "docker" "rm" "-f" "06ce5622962cac3955c4c015a561f26385c3cdf5bbdde51f27536f3fd4826991", kill_on_drop: false }`
[INFO] [stdout] 06ce5622962cac3955c4c015a561f26385c3cdf5bbdde51f27536f3fd4826991
