[INFO] fetching crate hodges 1.0.0...
[INFO] testing hodges-1.0.0 against 1.75.0 for beta-1.76-1
[INFO] extracting crate hodges 1.0.0 into /workspace/builds/worker-0-tc1/source
[INFO] validating manifest of crates.io crate hodges 1.0.0 on toolchain 1.75.0
[INFO] running `Command { std: CARGO_HOME="/workspace/cargo-home" RUSTUP_HOME="/workspace/rustup-home" "/workspace/cargo-home/bin/cargo" "+1.75.0" "metadata" "--manifest-path" "Cargo.toml" "--no-deps", kill_on_drop: false }`
[INFO] started tweaking crates.io crate hodges 1.0.0
[INFO] finished tweaking crates.io crate hodges 1.0.0
[INFO] tweaked toml for crates.io crate hodges 1.0.0 written to /workspace/builds/worker-0-tc1/source/Cargo.toml
[INFO] crate crates.io crate hodges 1.0.0 already has a lockfile, it will not be regenerated
[INFO] running `Command { std: CARGO_HOME="/workspace/cargo-home" RUSTUP_HOME="/workspace/rustup-home" "/workspace/cargo-home/bin/cargo" "+1.75.0" "fetch" "--manifest-path" "Cargo.toml", kill_on_drop: false }`
[INFO] [stderr] warning: file `/workspace/builds/worker-0-tc1/source/examples/decode.rs` found to be present in multiple build targets:
[INFO] [stderr]   * `bin` target `decode`
[INFO] [stderr]   * `example` target `decode`
[INFO] [stderr]     Updating crates.io index
[INFO] [stderr]  Downloading crates ...
[INFO] [stderr]   Downloaded cfg-if v0.1.6
[INFO] [stderr]   Downloaded redox_syscall v0.1.51
[INFO] [stderr]   Downloaded termcolor v1.0.4
[INFO] [stderr]   Downloaded quote v0.6.11
[INFO] [stderr]   Downloaded autocfg v0.1.2
[INFO] [stderr]   Downloaded libloading v0.5.0
[INFO] [stderr]   Downloaded humantime v1.2.0
[INFO] [stderr]   Downloaded proc-macro2 v0.4.27
[INFO] [stderr]   Downloaded ucd-util v0.1.3
[INFO] [stderr]   Downloaded byteorder v1.3.1
[INFO] [stderr]   Downloaded regex-syntax v0.6.5
[INFO] [stderr]   Downloaded clap v2.32.0
[INFO] [stderr]   Downloaded regex v1.1.0
[INFO] [stderr]   Downloaded libc v0.2.48
[INFO] [stderr]   Downloaded env_logger v0.6.0
[INFO] [stderr]   Downloaded strsim v0.7.0
[INFO] [stderr]   Downloaded aho-corasick v0.6.9
[INFO] [stderr]   Downloaded utf8-ranges v1.0.2
[INFO] [stderr]   Downloaded log v0.4.6
[INFO] [stderr]   Downloaded memchr v2.2.0
[INFO] [stderr]   Downloaded wincolor v1.0.1
[INFO] [stderr]   Downloaded rustc-demangle v0.1.13
[INFO] [stderr]   Downloaded cexpr v0.3.4
[INFO] [stderr]   Downloaded backtrace v0.3.13
[INFO] [stderr]   Downloaded cc v1.0.29
[INFO] [stderr]   Downloaded cmake v0.1.35
[INFO] [stderr]   Downloaded nom v4.2.0
[INFO] [stderr]   Downloaded bindgen v0.47.1
[INFO] running `Command { std: "docker" "create" "-v" "/var/lib/crater-agent-workspace/builds/worker-0-tc1/target:/opt/rustwide/target:rw,Z" "-v" "/var/lib/crater-agent-workspace/builds/worker-0-tc1/source:/opt/rustwide/workdir:ro,Z" "-v" "/var/lib/crater-agent-workspace/cargo-home:/opt/rustwide/cargo-home:ro,Z" "-v" "/var/lib/crater-agent-workspace/rustup-home:/opt/rustwide/rustup-home:ro,Z" "-e" "SOURCE_DIR=/opt/rustwide/workdir" "-e" "CARGO_TARGET_DIR=/opt/rustwide/target" "-e" "CARGO_HOME=/opt/rustwide/cargo-home" "-e" "RUSTUP_HOME=/opt/rustwide/rustup-home" "-w" "/opt/rustwide/workdir" "-m" "1610612736" "--user" "0:0" "--network" "none" "ghcr.io/rust-lang/crates-build-env/linux@sha256:2788e3201cd34a07e3172128adcd8b3090168a8e3bcc40d7c032b9dda1df7d1c" "/opt/rustwide/cargo-home/bin/cargo" "+1.75.0" "metadata" "--no-deps" "--format-version=1", kill_on_drop: false }`
[INFO] [stdout] 420aa6128d500644c161e9e1d49f965fb3c87c06a7071df0f9561af9ae280f9b
[INFO] running `Command { std: "docker" "start" "-a" "420aa6128d500644c161e9e1d49f965fb3c87c06a7071df0f9561af9ae280f9b", kill_on_drop: false }`
[INFO] running `Command { std: "docker" "inspect" "420aa6128d500644c161e9e1d49f965fb3c87c06a7071df0f9561af9ae280f9b", kill_on_drop: false }`
[INFO] running `Command { std: "docker" "rm" "-f" "420aa6128d500644c161e9e1d49f965fb3c87c06a7071df0f9561af9ae280f9b", kill_on_drop: false }`
[INFO] [stdout] 420aa6128d500644c161e9e1d49f965fb3c87c06a7071df0f9561af9ae280f9b
[INFO] running `Command { std: "docker" "create" "-v" "/var/lib/crater-agent-workspace/builds/worker-0-tc1/target:/opt/rustwide/target:rw,Z" "-v" "/var/lib/crater-agent-workspace/builds/worker-0-tc1/source:/opt/rustwide/workdir:ro,Z" "-v" "/var/lib/crater-agent-workspace/cargo-home:/opt/rustwide/cargo-home:ro,Z" "-v" "/var/lib/crater-agent-workspace/rustup-home:/opt/rustwide/rustup-home:ro,Z" "-e" "SOURCE_DIR=/opt/rustwide/workdir" "-e" "CARGO_TARGET_DIR=/opt/rustwide/target" "-e" "CARGO_INCREMENTAL=0" "-e" "RUST_BACKTRACE=full" "-e" "RUSTFLAGS=--cap-lints=warn" "-e" "RUSTDOCFLAGS=--cap-lints=warn" "-e" "CARGO_HOME=/opt/rustwide/cargo-home" "-e" "RUSTUP_HOME=/opt/rustwide/rustup-home" "-w" "/opt/rustwide/workdir" "-m" "1610612736" "--user" "0:0" "--network" "none" "ghcr.io/rust-lang/crates-build-env/linux@sha256:2788e3201cd34a07e3172128adcd8b3090168a8e3bcc40d7c032b9dda1df7d1c" "/opt/rustwide/cargo-home/bin/cargo" "+1.75.0" "build" "--frozen" "--message-format=json", kill_on_drop: false }`
[INFO] [stdout] 3774e0962cd32ecc64c563404e50ab91997c38d9603b413536bf3b87fac2bb2c
[INFO] running `Command { std: "docker" "start" "-a" "3774e0962cd32ecc64c563404e50ab91997c38d9603b413536bf3b87fac2bb2c", kill_on_drop: false }`
[INFO] [stderr] warning: file `/opt/rustwide/workdir/examples/decode.rs` found to be present in multiple build targets:
[INFO] [stderr]   * `bin` target `decode`
[INFO] [stderr]   * `example` target `decode`
[INFO] [stderr]    Compiling cc v1.0.29
[INFO] [stderr]    Compiling libc v0.2.48
[INFO] [stderr]    Compiling memchr v2.2.0
[INFO] [stderr]    Compiling cfg-if v0.1.6
[INFO] [stderr]    Compiling autocfg v0.1.2
[INFO] [stderr]    Compiling glob v0.2.11
[INFO] [stderr]    Compiling rustc-demangle v0.1.13
[INFO] [stderr]    Compiling ucd-util v0.1.3
[INFO] [stderr]    Compiling regex v1.1.0
[INFO] [stderr]    Compiling lazy_static v1.2.0
[INFO] [stderr]    Compiling proc-macro2 v0.4.27
[INFO] [stderr]    Compiling byteorder v1.3.1
[INFO] [stderr]    Compiling unicode-width v0.1.5
[INFO] [stderr]    Compiling unicode-xid v0.1.0
[INFO] [stderr]    Compiling quick-error v1.2.2
[INFO] [stderr]    Compiling utf8-ranges v1.0.2
[INFO] [stderr]    Compiling log v0.4.6
[INFO] [stderr]    Compiling thread_local v0.3.6
[INFO] [stderr]    Compiling regex-syntax v0.6.5
[INFO] [stderr]    Compiling humantime v1.2.0
[INFO] [stderr]    Compiling textwrap v0.10.0
[INFO] [stderr]    Compiling scopeguard v0.3.3
[INFO] [stderr]    Compiling vec_map v0.8.1
[INFO] [stderr]    Compiling termcolor v1.0.4
[INFO] [stderr]    Compiling bindgen v0.47.1
[INFO] [stderr]    Compiling strsim v0.7.0
[INFO] [stderr]    Compiling backtrace v0.3.13
[INFO] [stderr]    Compiling bitflags v1.0.4
[INFO] [stderr]    Compiling ansi_term v0.11.0
[INFO] [stderr]    Compiling peeking_take_while v0.1.2
[INFO] [stderr]    Compiling clang-sys v0.26.4
[INFO] [stderr]    Compiling cmake v0.1.35
[INFO] [stderr]    Compiling backtrace-sys v0.1.28
[INFO] [stderr]    Compiling libloading v0.5.0
[INFO] [stderr]    Compiling aho-corasick v0.6.9
[INFO] [stderr]    Compiling nom v4.2.0
[INFO] [stderr]    Compiling hashbrown v0.1.8
[INFO] [stderr]    Compiling quote v0.6.11
[INFO] [stderr]    Compiling atty v0.2.11
[INFO] [stderr]    Compiling clap v2.32.0
[INFO] [stderr]    Compiling cexpr v0.3.4
[INFO] [stderr]    Compiling failure v0.1.5
[INFO] [stderr]    Compiling which v2.0.1
[INFO] [stderr]    Compiling env_logger v0.6.0
[INFO] [stderr]    Compiling hodges v1.0.0 (/opt/rustwide/workdir)
[INFO] [stderr]     Finished dev [unoptimized + debuginfo] target(s) in 9.72s
[INFO] [stderr] warning: the following packages contain code that will be rejected by a future version of Rust: cexpr v0.3.4, nom v4.2.0
[INFO] [stderr] note: to see what the problems were, use the option `--future-incompat-report`, or run `cargo report future-incompatibilities --id 2`
[INFO] running `Command { std: "docker" "inspect" "3774e0962cd32ecc64c563404e50ab91997c38d9603b413536bf3b87fac2bb2c", kill_on_drop: false }`
[INFO] running `Command { std: "docker" "rm" "-f" "3774e0962cd32ecc64c563404e50ab91997c38d9603b413536bf3b87fac2bb2c", kill_on_drop: false }`
[INFO] [stdout] 3774e0962cd32ecc64c563404e50ab91997c38d9603b413536bf3b87fac2bb2c
[INFO] running `Command { std: "docker" "create" "-v" "/var/lib/crater-agent-workspace/builds/worker-0-tc1/target:/opt/rustwide/target:rw,Z" "-v" "/var/lib/crater-agent-workspace/builds/worker-0-tc1/source:/opt/rustwide/workdir:ro,Z" "-v" "/var/lib/crater-agent-workspace/cargo-home:/opt/rustwide/cargo-home:ro,Z" "-v" "/var/lib/crater-agent-workspace/rustup-home:/opt/rustwide/rustup-home:ro,Z" "-e" "SOURCE_DIR=/opt/rustwide/workdir" "-e" "CARGO_TARGET_DIR=/opt/rustwide/target" "-e" "CARGO_INCREMENTAL=0" "-e" "RUST_BACKTRACE=full" "-e" "RUSTFLAGS=--cap-lints=warn" "-e" "RUSTDOCFLAGS=--cap-lints=warn" "-e" "CARGO_HOME=/opt/rustwide/cargo-home" "-e" "RUSTUP_HOME=/opt/rustwide/rustup-home" "-w" "/opt/rustwide/workdir" "-m" "1610612736" "--user" "0:0" "--network" "none" "ghcr.io/rust-lang/crates-build-env/linux@sha256:2788e3201cd34a07e3172128adcd8b3090168a8e3bcc40d7c032b9dda1df7d1c" "/opt/rustwide/cargo-home/bin/cargo" "+1.75.0" "test" "--frozen" "--no-run" "--message-format=json", kill_on_drop: false }`
[INFO] [stdout] 38cc2fa1a7fbfaae3485229e9db5c34cd5ff128f56d9cd99b80ee30b4eee03ed
[INFO] running `Command { std: "docker" "start" "-a" "38cc2fa1a7fbfaae3485229e9db5c34cd5ff128f56d9cd99b80ee30b4eee03ed", kill_on_drop: false }`
[INFO] [stderr] warning: file `/opt/rustwide/workdir/examples/decode.rs` found to be present in multiple build targets:
[INFO] [stderr]   * `bin` target `decode`
[INFO] [stderr]   * `example` target `decode`
[INFO] [stderr]    Compiling hodges v1.0.0 (/opt/rustwide/workdir)
[INFO] [stderr]     Finished test [unoptimized + debuginfo] target(s) in 0.50s
[INFO] [stderr] warning: the following packages contain code that will be rejected by a future version of Rust: cexpr v0.3.4, nom v4.2.0
[INFO] [stderr] note: to see what the problems were, use the option `--future-incompat-report`, or run `cargo report future-incompatibilities --id 2`
[INFO] running `Command { std: "docker" "inspect" "38cc2fa1a7fbfaae3485229e9db5c34cd5ff128f56d9cd99b80ee30b4eee03ed", kill_on_drop: false }`
[INFO] running `Command { std: "docker" "rm" "-f" "38cc2fa1a7fbfaae3485229e9db5c34cd5ff128f56d9cd99b80ee30b4eee03ed", kill_on_drop: false }`
[INFO] [stdout] 38cc2fa1a7fbfaae3485229e9db5c34cd5ff128f56d9cd99b80ee30b4eee03ed
[INFO] running `Command { std: "docker" "create" "-v" "/var/lib/crater-agent-workspace/builds/worker-0-tc1/target:/opt/rustwide/target:rw,Z" "-v" "/var/lib/crater-agent-workspace/builds/worker-0-tc1/source:/opt/rustwide/workdir:ro,Z" "-v" "/var/lib/crater-agent-workspace/cargo-home:/opt/rustwide/cargo-home:ro,Z" "-v" "/var/lib/crater-agent-workspace/rustup-home:/opt/rustwide/rustup-home:ro,Z" "-e" "SOURCE_DIR=/opt/rustwide/workdir" "-e" "CARGO_TARGET_DIR=/opt/rustwide/target" "-e" "CARGO_INCREMENTAL=0" "-e" "RUST_BACKTRACE=full" "-e" "RUSTFLAGS=--cap-lints=warn" "-e" "RUSTDOCFLAGS=--cap-lints=warn" "-e" "CARGO_HOME=/opt/rustwide/cargo-home" "-e" "RUSTUP_HOME=/opt/rustwide/rustup-home" "-w" "/opt/rustwide/workdir" "-m" "1610612736" "--user" "0:0" "--network" "none" "ghcr.io/rust-lang/crates-build-env/linux@sha256:2788e3201cd34a07e3172128adcd8b3090168a8e3bcc40d7c032b9dda1df7d1c" "/opt/rustwide/cargo-home/bin/cargo" "+1.75.0" "test" "--frozen", kill_on_drop: false }`
[INFO] [stdout] 1b3fabf3a8db1e4f387de4e26587fb0f514a9e1f450c780176a3ca52b2b6a4ab
[INFO] running `Command { std: "docker" "start" "-a" "1b3fabf3a8db1e4f387de4e26587fb0f514a9e1f450c780176a3ca52b2b6a4ab", kill_on_drop: false }`
[INFO] [stderr] warning: file `/opt/rustwide/workdir/examples/decode.rs` found to be present in multiple build targets:
[INFO] [stderr]   * `bin` target `decode`
[INFO] [stderr]   * `example` target `decode`
[INFO] [stderr]     Finished test [unoptimized + debuginfo] target(s) in 0.03s
[INFO] [stderr] warning: the following packages contain code that will be rejected by a future version of Rust: cexpr v0.3.4, nom v4.2.0
[INFO] [stderr] note: to see what the problems were, use the option `--future-incompat-report`, or run `cargo report future-incompatibilities --id 2`
[INFO] [stderr]      Running unittests src/lib.rs (/opt/rustwide/target/debug/deps/hodges-f4a9735bb1da3152)
[INFO] [stdout] 
[INFO] [stdout] running 0 tests
[INFO] [stdout] 
[INFO] [stdout] test result: ok. 0 passed; 0 failed; 0 ignored; 0 measured; 0 filtered out; finished in 0.00s
[INFO] [stdout] 
[INFO] [stderr]      Running unittests examples/decode.rs (/opt/rustwide/target/debug/deps/decode-05f6ef26fb69cb9f)
[INFO] [stdout] 
[INFO] [stdout] running 0 tests
[INFO] [stdout] 
[INFO] [stdout] test result: ok. 0 passed; 0 failed; 0 ignored; 0 measured; 0 filtered out; finished in 0.00s
[INFO] [stdout] 
[INFO] [stderr]    Doc-tests hodges
[INFO] [stdout] 
[INFO] [stdout] running 2 tests
[INFO] [stdout] test src/lib.rs - (line 4) ... FAILED
[INFO] [stdout] test src/lib.rs - (line 8) ... FAILED
[INFO] [stdout] 
[INFO] [stdout] failures:
[INFO] [stdout] 
[INFO] [stdout] ---- src/lib.rs - (line 4) stdout ----
[INFO] [stdout] error: expected one of `!`, `.`, `::`, `;`, `?`, `{`, `}`, or an operator, found `quiet`
[INFO] [stdout]  --> src/lib.rs:5:18
[INFO] [stdout]   |
[INFO] [stdout] 3 | ffmpeg -loglevel quiet -i <filename> -f f32le -acodec pcm_f32le -ac 1 -ar 44100 pipe:1
[INFO] [stdout]   |                  ^^^^^ expected one of 8 possible tokens
[INFO] [stdout] 
[INFO] [stdout] error: aborting due to previous error
[INFO] [stdout] 
[INFO] [stdout] Couldn't compile the test.
[INFO] [stdout] ---- src/lib.rs - (line 8) stdout ----
[INFO] [stdout] error[E0412]: cannot find type `State` in this scope
[INFO] [stdout]  --> src/lib.rs:9:12
[INFO] [stdout]   |
[INFO] [stdout] 3 | let state: State<u8> =
[INFO] [stdout]   |            ^^^^^ not found in this scope
[INFO] [stdout]   |
[INFO] [stdout] help: consider importing this struct
[INFO] [stdout]   |
[INFO] [stdout] 2 + use hodges::State;
[INFO] [stdout]   |
[INFO] [stdout] 
[INFO] [stdout] error[E0433]: failed to resolve: use of undeclared type `State`
[INFO] [stdout]  --> src/lib.rs:10:5
[INFO] [stdout]   |
[INFO] [stdout] 4 |     State::from_file(filename.clone())?;
[INFO] [stdout]   |     ^^^^^ use of undeclared type `State`
[INFO] [stdout]   |
[INFO] [stdout] help: consider importing this struct
[INFO] [stdout]   |
[INFO] [stdout] 2 + use hodges::State;
[INFO] [stdout]   |
[INFO] [stdout] 
[INFO] [stdout] error[E0425]: cannot find value `filename` in this scope
[INFO] [stdout]  --> src/lib.rs:10:22
[INFO] [stdout]   |
[INFO] [stdout] 4 |     State::from_file(filename.clone())?;
[INFO] [stdout]   |                      ^^^^^^^^ not found in this scope
[INFO] [stdout] 
[INFO] [stdout] error[E0433]: failed to resolve: use of undeclared crate or module `io`
[INFO] [stdout]  --> src/lib.rs:12:5
[INFO] [stdout]   |
[INFO] [stdout] 6 |     io::stdout().write(&[c])?;
[INFO] [stdout]   |     ^^ use of undeclared crate or module `io`
[INFO] [stdout]   |
[INFO] [stdout] help: a builtin type with a similar name exists
[INFO] [stdout]   |
[INFO] [stdout] 6 |     i8::stdout().write(&[c])?;
[INFO] [stdout]   |     ~~
[INFO] [stdout] help: consider importing this module
[INFO] [stdout]   |
[INFO] [stdout] 2 + use std::io;
[INFO] [stdout]   |
[INFO] [stdout] 
[INFO] [stdout] error[E0433]: failed to resolve: use of undeclared crate or module `io`
[INFO] [stdout]  --> src/lib.rs:14:1
[INFO] [stdout]   |
[INFO] [stdout] 8 | io::stdout().flush()?;
[INFO] [stdout]   | ^^ use of undeclared crate or module `io`
[INFO] [stdout]   |
[INFO] [stdout] help: a builtin type with a similar name exists
[INFO] [stdout]   |
[INFO] [stdout] 8 | i8::stdout().flush()?;
[INFO] [stdout]   | ~~
[INFO] [stdout] help: consider importing this module
[INFO] [stdout]   |
[INFO] [stdout] 2 + use std::io;
[INFO] [stdout]   |
[INFO] [stdout] 
[INFO] [stdout] error: aborting due to 5 previous errors
[INFO] [stdout] 
[INFO] [stdout] Some errors have detailed explanations: E0412, E0425, E0433.
[INFO] [stdout] For more information about an error, try `rustc --explain E0412`.
[INFO] [stdout] Couldn't compile the test.
[INFO] [stdout] 
[INFO] [stdout] failures:
[INFO] [stdout]     src/lib.rs - (line 4)
[INFO] [stdout]     src/lib.rs - (line 8)
[INFO] [stdout] 
[INFO] [stdout] test result: FAILED. 0 passed; 2 failed; 0 ignored; 0 measured; 0 filtered out; finished in 0.05s
[INFO] [stdout] 
[INFO] [stderr] error: doctest failed, to rerun pass `--doc`
[INFO] running `Command { std: "docker" "inspect" "1b3fabf3a8db1e4f387de4e26587fb0f514a9e1f450c780176a3ca52b2b6a4ab", kill_on_drop: false }`
[INFO] running `Command { std: "docker" "rm" "-f" "1b3fabf3a8db1e4f387de4e26587fb0f514a9e1f450c780176a3ca52b2b6a4ab", kill_on_drop: false }`
[INFO] [stdout] 1b3fabf3a8db1e4f387de4e26587fb0f514a9e1f450c780176a3ca52b2b6a4ab
