[INFO] fetching crate hls_m3u8 0.4.1...
[INFO] testing hls_m3u8-0.4.1 against 1.75.0 for beta-1.76-1
[INFO] extracting crate hls_m3u8 0.4.1 into /workspace/builds/worker-6-tc1/source
[INFO] validating manifest of crates.io crate hls_m3u8 0.4.1 on toolchain 1.75.0
[INFO] running `Command { std: CARGO_HOME="/workspace/cargo-home" RUSTUP_HOME="/workspace/rustup-home" "/workspace/cargo-home/bin/cargo" "+1.75.0" "metadata" "--manifest-path" "Cargo.toml" "--no-deps", kill_on_drop: false }`
[INFO] started tweaking crates.io crate hls_m3u8 0.4.1
[INFO] finished tweaking crates.io crate hls_m3u8 0.4.1
[INFO] tweaked toml for crates.io crate hls_m3u8 0.4.1 written to /workspace/builds/worker-6-tc1/source/Cargo.toml
[INFO] running `Command { std: CARGO_HOME="/workspace/cargo-home" RUSTUP_HOME="/workspace/rustup-home" "/workspace/cargo-home/bin/cargo" "+1.75.0" "generate-lockfile" "--manifest-path" "Cargo.toml", kill_on_drop: false }`
[INFO] [stderr]     Updating crates.io index
[INFO] running `Command { std: CARGO_HOME="/workspace/cargo-home" RUSTUP_HOME="/workspace/rustup-home" "/workspace/cargo-home/bin/cargo" "+1.75.0" "fetch" "--manifest-path" "Cargo.toml", kill_on_drop: false }`
[INFO] [stderr]  Downloading crates ...
[INFO] [stderr]   Downloaded strum v0.17.1
[INFO] [stderr]   Downloaded stable-vec v0.4.0
[INFO] [stderr]   Downloaded strum_macros v0.17.1
[INFO] [stderr]   Downloaded pretty_assertions v0.6.1
[INFO] [stderr]   Downloaded no-std-compat v0.2.0
[INFO] [stderr]   Downloaded from_map v0.1.0
[INFO] [stderr]   Downloaded hashmap_derive v0.1.0
[INFO] [stderr]   Downloaded automod v0.2.2
[INFO] [stderr]   Downloaded shorthand v0.1.1
[INFO] running `Command { std: "docker" "create" "-v" "/var/lib/crater-agent-workspace/builds/worker-6-tc1/target:/opt/rustwide/target:rw,Z" "-v" "/var/lib/crater-agent-workspace/builds/worker-6-tc1/source:/opt/rustwide/workdir:ro,Z" "-v" "/var/lib/crater-agent-workspace/cargo-home:/opt/rustwide/cargo-home:ro,Z" "-v" "/var/lib/crater-agent-workspace/rustup-home:/opt/rustwide/rustup-home:ro,Z" "-e" "SOURCE_DIR=/opt/rustwide/workdir" "-e" "CARGO_TARGET_DIR=/opt/rustwide/target" "-e" "CARGO_HOME=/opt/rustwide/cargo-home" "-e" "RUSTUP_HOME=/opt/rustwide/rustup-home" "-w" "/opt/rustwide/workdir" "-m" "1610612736" "--user" "0:0" "--network" "none" "ghcr.io/rust-lang/crates-build-env/linux@sha256:2788e3201cd34a07e3172128adcd8b3090168a8e3bcc40d7c032b9dda1df7d1c" "/opt/rustwide/cargo-home/bin/cargo" "+1.75.0" "metadata" "--no-deps" "--format-version=1", kill_on_drop: false }`
[INFO] [stdout] c782a515ee4c552bf768f7af0294d603017b1ae90234d83338446dcf70017338
[INFO] running `Command { std: "docker" "start" "-a" "c782a515ee4c552bf768f7af0294d603017b1ae90234d83338446dcf70017338", kill_on_drop: false }`
[INFO] running `Command { std: "docker" "inspect" "c782a515ee4c552bf768f7af0294d603017b1ae90234d83338446dcf70017338", kill_on_drop: false }`
[INFO] running `Command { std: "docker" "rm" "-f" "c782a515ee4c552bf768f7af0294d603017b1ae90234d83338446dcf70017338", kill_on_drop: false }`
[INFO] [stdout] c782a515ee4c552bf768f7af0294d603017b1ae90234d83338446dcf70017338
[INFO] running `Command { std: "docker" "create" "-v" "/var/lib/crater-agent-workspace/builds/worker-6-tc1/target:/opt/rustwide/target:rw,Z" "-v" "/var/lib/crater-agent-workspace/builds/worker-6-tc1/source:/opt/rustwide/workdir:ro,Z" "-v" "/var/lib/crater-agent-workspace/cargo-home:/opt/rustwide/cargo-home:ro,Z" "-v" "/var/lib/crater-agent-workspace/rustup-home:/opt/rustwide/rustup-home:ro,Z" "-e" "SOURCE_DIR=/opt/rustwide/workdir" "-e" "CARGO_TARGET_DIR=/opt/rustwide/target" "-e" "CARGO_INCREMENTAL=0" "-e" "RUST_BACKTRACE=full" "-e" "RUSTFLAGS=--cap-lints=warn" "-e" "RUSTDOCFLAGS=--cap-lints=warn" "-e" "CARGO_HOME=/opt/rustwide/cargo-home" "-e" "RUSTUP_HOME=/opt/rustwide/rustup-home" "-w" "/opt/rustwide/workdir" "-m" "1610612736" "--user" "0:0" "--network" "none" "ghcr.io/rust-lang/crates-build-env/linux@sha256:2788e3201cd34a07e3172128adcd8b3090168a8e3bcc40d7c032b9dda1df7d1c" "/opt/rustwide/cargo-home/bin/cargo" "+1.75.0" "build" "--frozen" "--message-format=json", kill_on_drop: false }`
[INFO] [stdout] 5019763244f91980ef0630b7f7fecd3fc585a0fa553fd087062b929eb4d50a7d
[INFO] running `Command { std: "docker" "start" "-a" "5019763244f91980ef0630b7f7fecd3fc585a0fa553fd087062b929eb4d50a7d", kill_on_drop: false }`
[INFO] [stderr]    Compiling proc-macro2 v1.0.75
[INFO] [stderr]    Compiling unicode-ident v1.0.12
[INFO] [stderr]    Compiling syn v1.0.109
[INFO] [stderr]    Compiling ident_case v1.0.1
[INFO] [stderr]    Compiling fnv v1.0.7
[INFO] [stderr]    Compiling strsim v0.9.3
[INFO] [stderr]    Compiling unicode-segmentation v1.10.1
[INFO] [stderr]    Compiling derive_builder v0.9.0
[INFO] [stderr]    Compiling thiserror v1.0.56
[INFO] [stderr]    Compiling no-std-compat v0.2.0
[INFO] [stderr]    Compiling hex v0.4.3
[INFO] [stderr]    Compiling stable-vec v0.4.0
[INFO] [stderr]    Compiling heck v0.3.3
[INFO] [stderr]    Compiling quote v1.0.35
[INFO] [stderr]    Compiling syn v2.0.48
[INFO] [stderr]    Compiling darling_core v0.10.2
[INFO] [stderr]    Compiling thiserror-impl v1.0.56
[INFO] [stderr]    Compiling hashmap_derive v0.1.0
[INFO] [stderr]    Compiling strum_macros v0.17.1
[INFO] [stderr]    Compiling derive_more v0.99.17
[INFO] [stderr]    Compiling from_map v0.1.0
[INFO] [stderr]    Compiling darling_macro v0.10.2
[INFO] [stderr]    Compiling shorthand v0.1.1
[INFO] [stderr]    Compiling strum v0.17.1
[INFO] [stderr]    Compiling darling v0.10.2
[INFO] [stderr]    Compiling derive_builder_core v0.9.0
[INFO] [stderr]    Compiling hls_m3u8 v0.4.1 (/opt/rustwide/workdir)
[INFO] [stdout] warning: `#[must_use]` has no effect when applied to an implementation block
[INFO] [stdout]    --> src/types/byte_range.rs:354:1
[INFO] [stdout]     |
[INFO] [stdout] 354 | #[must_use]
[INFO] [stdout]     | ^^^^^^^^^^^
[INFO] [stdout]     |
[INFO] [stdout]     = note: `#[warn(unused_attributes)]` on by default
[INFO] [stdout] 
[INFO] [stdout] 
[INFO] [stdout] warning: 1 warning emitted
[INFO] [stdout] 
[INFO] [stdout] 
[INFO] [stderr]     Finished dev [unoptimized + debuginfo] target(s) in 5.92s
[INFO] running `Command { std: "docker" "inspect" "5019763244f91980ef0630b7f7fecd3fc585a0fa553fd087062b929eb4d50a7d", kill_on_drop: false }`
[INFO] running `Command { std: "docker" "rm" "-f" "5019763244f91980ef0630b7f7fecd3fc585a0fa553fd087062b929eb4d50a7d", kill_on_drop: false }`
[INFO] [stdout] 5019763244f91980ef0630b7f7fecd3fc585a0fa553fd087062b929eb4d50a7d
[INFO] running `Command { std: "docker" "create" "-v" "/var/lib/crater-agent-workspace/builds/worker-6-tc1/target:/opt/rustwide/target:rw,Z" "-v" "/var/lib/crater-agent-workspace/builds/worker-6-tc1/source:/opt/rustwide/workdir:ro,Z" "-v" "/var/lib/crater-agent-workspace/cargo-home:/opt/rustwide/cargo-home:ro,Z" "-v" "/var/lib/crater-agent-workspace/rustup-home:/opt/rustwide/rustup-home:ro,Z" "-e" "SOURCE_DIR=/opt/rustwide/workdir" "-e" "CARGO_TARGET_DIR=/opt/rustwide/target" "-e" "CARGO_INCREMENTAL=0" "-e" "RUST_BACKTRACE=full" "-e" "RUSTFLAGS=--cap-lints=warn" "-e" "RUSTDOCFLAGS=--cap-lints=warn" "-e" "CARGO_HOME=/opt/rustwide/cargo-home" "-e" "RUSTUP_HOME=/opt/rustwide/rustup-home" "-w" "/opt/rustwide/workdir" "-m" "1610612736" "--user" "0:0" "--network" "none" "ghcr.io/rust-lang/crates-build-env/linux@sha256:2788e3201cd34a07e3172128adcd8b3090168a8e3bcc40d7c032b9dda1df7d1c" "/opt/rustwide/cargo-home/bin/cargo" "+1.75.0" "test" "--frozen" "--no-run" "--message-format=json", kill_on_drop: false }`
[INFO] [stdout] 491e787cb442d3db3217378848c704f53cbb15a6063c5e674574f83050f02fa0
[INFO] running `Command { std: "docker" "start" "-a" "491e787cb442d3db3217378848c704f53cbb15a6063c5e674574f83050f02fa0", kill_on_drop: false }`
[INFO] [stderr]    Compiling proc-macro2 v1.0.75
[INFO] [stderr]    Compiling unicode-ident v1.0.12
[INFO] [stderr]    Compiling crossbeam-utils v0.8.18
[INFO] [stderr]    Compiling autocfg v1.1.0
[INFO] [stderr]    Compiling memchr v2.7.1
[INFO] [stderr]    Compiling version_check v0.9.4
[INFO] [stderr]    Compiling tinyvec_macros v0.1.1
[INFO] [stderr]    Compiling rayon-core v1.12.0
[INFO] [stderr]    Compiling hashbrown v0.14.3
[INFO] [stderr]    Compiling serde_json v1.0.111
[INFO] [stderr]    Compiling serde v1.0.194
[INFO] [stderr]    Compiling equivalent v1.0.1
[INFO] [stderr]    Compiling regex-syntax v0.8.2
[INFO] [stderr]    Compiling ryu v1.0.16
[INFO] [stderr]    Compiling libc v0.2.151
[INFO] [stderr]    Compiling either v1.9.0
[INFO] [stderr]    Compiling tinyvec v1.6.0
[INFO] [stderr]    Compiling itoa v1.0.10
[INFO] [stderr]    Compiling bitflags v1.3.2
[INFO] [stderr]    Compiling unicode-width v0.1.11
[INFO] [stderr]    Compiling pulldown-cmark v0.9.3
[INFO] [stderr]    Compiling unicode-bidi v0.3.14
[INFO] [stderr]    Compiling semver v1.0.21
[INFO] [stderr]    Compiling winnow v0.5.32
[INFO] [stderr]    Compiling percent-encoding v2.3.1
[INFO] [stderr]    Compiling plotters-backend v0.3.5
[INFO] [stderr]    Compiling unicase v2.7.0
[INFO] [stderr]    Compiling num-traits v0.2.17
[INFO] [stderr]    Compiling form_urlencoded v1.2.1
[INFO] [stderr]    Compiling textwrap v0.11.0
[INFO] [stderr]    Compiling quote v1.0.35
[INFO] [stderr]    Compiling plotters-svg v0.3.5
[INFO] [stderr]    Compiling csv-core v0.1.11
[INFO] [stderr]    Compiling syn v1.0.109
[INFO] [stderr]    Compiling syn v2.0.48
[INFO] [stderr]    Compiling indexmap v2.1.0
[INFO] [stderr]    Compiling crossbeam-epoch v0.9.17
[INFO] [stderr]    Compiling itertools v0.10.5
[INFO] [stderr]    Compiling half v1.8.2
[INFO] [stderr]    Compiling unicode-normalization v0.1.22
[INFO] [stderr]    Compiling crossbeam-deque v0.8.4
[INFO] [stderr]    Compiling cast v0.3.0
[INFO] [stderr]    Compiling same-file v1.0.6
[INFO] [stderr]    Compiling atty v0.2.14
[INFO] [stderr]    Compiling clap v2.34.0
[INFO] [stderr]    Compiling walkdir v2.4.0
[INFO] [stderr]    Compiling difference v2.0.0
[INFO] [stderr]    Compiling oorandom v11.1.3
[INFO] [stderr]    Compiling pretty_assertions v0.6.1
[INFO] [stderr]    Compiling idna v0.5.0
[INFO] [stderr]    Compiling rayon v1.8.0
[INFO] [stderr]    Compiling plotters v0.3.5
[INFO] [stderr]    Compiling url v2.5.0
[INFO] [stderr]    Compiling regex-automata v0.4.3
[INFO] [stderr]    Compiling criterion-plot v0.4.5
[INFO] [stderr]    Compiling toml_datetime v0.6.5
[INFO] [stderr]    Compiling serde_spanned v0.6.5
[INFO] [stderr]    Compiling serde_cbor v0.11.2
[INFO] [stderr]    Compiling csv v1.3.0
[INFO] [stderr]    Compiling toml_edit v0.19.15
[INFO] [stderr]    Compiling regex v1.10.2
[INFO] [stderr]    Compiling tinytemplate v1.2.1
[INFO] [stderr]    Compiling darling_core v0.10.2
[INFO] [stderr]    Compiling hashmap_derive v0.1.0
[INFO] [stderr]    Compiling strum_macros v0.17.1
[INFO] [stderr]    Compiling derive_more v0.99.17
[INFO] [stderr]    Compiling automod v0.2.2
[INFO] [stderr]    Compiling toml v0.7.8
[INFO] [stderr]    Compiling thiserror-impl v1.0.56
[INFO] [stderr]    Compiling serde_derive v1.0.194
[INFO] [stderr]    Compiling version-sync v0.9.5
[INFO] [stderr]    Compiling from_map v0.1.0
[INFO] [stderr]    Compiling darling_macro v0.10.2
[INFO] [stderr]    Compiling shorthand v0.1.1
[INFO] [stderr]    Compiling strum v0.17.1
[INFO] [stderr]    Compiling darling v0.10.2
[INFO] [stderr]    Compiling derive_builder_core v0.9.0
[INFO] [stderr]    Compiling thiserror v1.0.56
[INFO] [stderr]    Compiling derive_builder v0.9.0
[INFO] [stderr]    Compiling hls_m3u8 v0.4.1 (/opt/rustwide/workdir)
[INFO] [stdout] warning: `#[must_use]` has no effect when applied to an implementation block
[INFO] [stdout]    --> src/types/byte_range.rs:354:1
[INFO] [stdout]     |
[INFO] [stdout] 354 | #[must_use]
[INFO] [stdout]     | ^^^^^^^^^^^
[INFO] [stdout]     |
[INFO] [stdout]     = note: `#[warn(unused_attributes)]` on by default
[INFO] [stdout] 
[INFO] [stdout] 
[INFO] [stderr]    Compiling criterion v0.3.6
[INFO] [stdout] warning: 1 warning emitted
[INFO] [stdout] 
[INFO] [stdout] 
[INFO] [stdout] warning: `#[must_use]` has no effect when applied to an implementation block
[INFO] [stdout]    --> src/types/byte_range.rs:354:1
[INFO] [stdout]     |
[INFO] [stdout] 354 | #[must_use]
[INFO] [stdout]     | ^^^^^^^^^^^
[INFO] [stdout]     |
[INFO] [stdout]     = note: `#[warn(unused_attributes)]` on by default
[INFO] [stdout] 
[INFO] [stdout] 
[INFO] [stdout] warning: 1 warning emitted
[INFO] [stdout] 
[INFO] [stdout] 
[INFO] [stderr]     Finished test [unoptimized + debuginfo] target(s) in 11.98s
[INFO] running `Command { std: "docker" "inspect" "491e787cb442d3db3217378848c704f53cbb15a6063c5e674574f83050f02fa0", kill_on_drop: false }`
[INFO] running `Command { std: "docker" "rm" "-f" "491e787cb442d3db3217378848c704f53cbb15a6063c5e674574f83050f02fa0", kill_on_drop: false }`
[INFO] [stdout] 491e787cb442d3db3217378848c704f53cbb15a6063c5e674574f83050f02fa0
[INFO] running `Command { std: "docker" "create" "-v" "/var/lib/crater-agent-workspace/builds/worker-6-tc1/target:/opt/rustwide/target:rw,Z" "-v" "/var/lib/crater-agent-workspace/builds/worker-6-tc1/source:/opt/rustwide/workdir:ro,Z" "-v" "/var/lib/crater-agent-workspace/cargo-home:/opt/rustwide/cargo-home:ro,Z" "-v" "/var/lib/crater-agent-workspace/rustup-home:/opt/rustwide/rustup-home:ro,Z" "-e" "SOURCE_DIR=/opt/rustwide/workdir" "-e" "CARGO_TARGET_DIR=/opt/rustwide/target" "-e" "CARGO_INCREMENTAL=0" "-e" "RUST_BACKTRACE=full" "-e" "RUSTFLAGS=--cap-lints=warn" "-e" "RUSTDOCFLAGS=--cap-lints=warn" "-e" "CARGO_HOME=/opt/rustwide/cargo-home" "-e" "RUSTUP_HOME=/opt/rustwide/rustup-home" "-w" "/opt/rustwide/workdir" "-m" "1610612736" "--user" "0:0" "--network" "none" "ghcr.io/rust-lang/crates-build-env/linux@sha256:2788e3201cd34a07e3172128adcd8b3090168a8e3bcc40d7c032b9dda1df7d1c" "/opt/rustwide/cargo-home/bin/cargo" "+1.75.0" "test" "--frozen", kill_on_drop: false }`
[INFO] [stdout] 4533a229d6fc498b186816515b7d9dbf9243ed23e16bf464ec0483278fbd5e34
[INFO] running `Command { std: "docker" "start" "-a" "4533a229d6fc498b186816515b7d9dbf9243ed23e16bf464ec0483278fbd5e34", kill_on_drop: false }`
[INFO] [stderr] warning: `#[must_use]` has no effect when applied to an implementation block
[INFO] [stderr]    --> src/types/byte_range.rs:354:1
[INFO] [stderr]     |
[INFO] [stderr] 354 | #[must_use]
[INFO] [stderr]     | ^^^^^^^^^^^
[INFO] [stderr]     |
[INFO] [stderr]     = note: `#[warn(unused_attributes)]` on by default
[INFO] [stderr] 
[INFO] [stderr] warning: `hls_m3u8` (lib) generated 1 warning
[INFO] [stderr] warning: `hls_m3u8` (lib test) generated 1 warning (1 duplicate)
[INFO] [stderr]     Finished test [unoptimized + debuginfo] target(s) in 0.07s
[INFO] [stderr]      Running unittests src/lib.rs (/opt/rustwide/target/debug/deps/hls_m3u8-419dda90b9a60595)
[INFO] [stdout] 
[INFO] [stdout] running 189 tests
[INFO] [stdout] test attribute::test::test_attributes ... ok
[INFO] [stdout] test error::tests::test_parse_float_error ... ok
[INFO] [stdout] test attribute::test::test_parser ... ok
[INFO] [stdout] test error::tests::test_parse_int_error ... ok
[INFO] [stdout] test master_playlist::tests::test_audio_streams ... ok
[INFO] [stdout] test master_playlist::tests::test_display ... ok
[INFO] [stdout] test media_playlist::tests::test_empty_playlist ... ok
[INFO] [stdout] test master_playlist::tests::test_parser ... ok
[INFO] [stdout] test media_playlist::tests::test_segment_number_sequence ... ok
[INFO] [stdout] test media_playlist::tests::test_segment_number_simple ... ok
[INFO] [stdout] test media_playlist::tests::too_large_segment_duration_test ... ok
[INFO] [stdout] test media_segment::tests::test_display ... ok
[INFO] [stdout] test tags::basic::m3u::test::test_display ... ok
[INFO] [stdout] test tags::basic::m3u::test::test_parser ... ok
[INFO] [stdout] test tags::basic::m3u::test::test_required_version ... ok
[INFO] [stdout] test tags::basic::version::test::test_default_and_from ... ok
[INFO] [stdout] test tags::basic::version::test::test_display ... ok
[INFO] [stdout] test tags::basic::version::test::test_parser ... ok
[INFO] [stdout] test tags::basic::version::test::test_required_version ... ok
[INFO] [stdout] test tags::master_playlist::media::test::test_parser_error ... ok
[INFO] [stdout] test tags::master_playlist::media::test::test_parser ... ok
[INFO] [stdout] test tags::master_playlist::media::test::test_display ... ok
[INFO] [stdout] test tags::master_playlist::media::test::test_required_version ... ok
[INFO] [stdout] test tags::master_playlist::session_data::test::test_parser ... ok
[INFO] [stdout] test tags::master_playlist::session_data::test::test_required_version ... ok
[INFO] [stdout] test tags::master_playlist::session_key::test::test_parser ... ok
[INFO] [stdout] test tags::media_playlist::discontinuity_sequence::test::test_required_version ... ok
[INFO] [stdout] test tags::media_playlist::end_list::test::test_display ... ok
[INFO] [stdout] test tags::master_playlist::session_key::test::test_display ... ok
[INFO] [stdout] test tags::master_playlist::session_key::test::test_required_version ... ok
[INFO] [stdout] test tags::master_playlist::variant_stream::tests::test_required_version ... ok
[INFO] [stdout] test tags::media_playlist::discontinuity_sequence::test::test_display ... ok
[INFO] [stdout] test tags::media_playlist::discontinuity_sequence::test::test_parser ... ok
[INFO] [stdout] test tags::master_playlist::session_data::test::test_display ... ok
[INFO] [stdout] test tags::master_playlist::variant_stream::tests::test_is_associated ... ok
[INFO] [stdout] test tags::media_playlist::end_list::test::test_parser ... ok
[INFO] [stdout] test tags::media_playlist::end_list::test::test_required_version ... ok
[INFO] [stdout] test tags::media_playlist::i_frames_only::test::test_display ... ok
[INFO] [stdout] test tags::media_playlist::i_frames_only::test::test_parser ... ok
[INFO] [stdout] test tags::media_playlist::media_sequence::test::test_display ... ok
[INFO] [stdout] test tags::media_playlist::media_sequence::test::test_parser ... ok
[INFO] [stdout] test tags::media_playlist::i_frames_only::test::test_required_version ... ok
[INFO] [stdout] test tags::media_playlist::media_sequence::test::test_required_version ... ok
[INFO] [stdout] test tags::media_playlist::target_duration::test::test_display ... ok
[INFO] [stdout] test tags::media_playlist::target_duration::test::test_parser ... ok
[INFO] [stdout] test tags::media_playlist::target_duration::test::test_required_version ... ok
[INFO] [stdout] test tags::media_segment::byte_range::test::test_deref ... ok
[INFO] [stdout] test tags::media_segment::byte_range::test::test_deref_mut ... ok
[INFO] [stdout] test tags::media_segment::byte_range::test::test_display ... ok
[INFO] [stdout] test tags::media_segment::byte_range::test::test_parser ... ok
[INFO] [stdout] test tags::media_segment::byte_range::test::test_required_version ... ok
[INFO] [stdout] test tags::media_segment::date_range::test::test_required_version ... ok
[INFO] [stdout] test tags::media_segment::date_range::test::test_parser ... ok
[INFO] [stdout] test tags::media_segment::date_range::test::test_display ... ok
[INFO] [stdout] test tags::media_segment::discontinuity::test::test_display ... ok
[INFO] [stdout] test tags::media_segment::discontinuity::test::test_parser ... ok
[INFO] [stdout] test tags::media_segment::discontinuity::test::test_required_version ... ok
[INFO] [stdout] test tags::media_segment::inf::test::test_display ... ok
[INFO] [stdout] test tags::media_segment::inf::test::test_from ... ok
[INFO] [stdout] test tags::media_segment::inf::test::test_parser ... ok
[INFO] [stdout] test tags::media_segment::inf::test::test_required_version ... ok
[INFO] [stdout] test tags::media_segment::inf::test::test_title ... ok
[INFO] [stdout] test tags::media_segment::key::test::test_display ... ok
[INFO] [stdout] test tags::media_segment::key::test::test_parser ... ok
[INFO] [stdout] test tags::media_segment::key::test::test_required_version ... ok
[INFO] [stdout] test tags::media_segment::map::test::test_display ... ok
[INFO] [stdout] test tags::media_segment::program_date_time::test::test_display ... ok
[INFO] [stdout] test tags::media_segment::program_date_time::test::test_parser ... ok
[INFO] [stdout] test tags::media_segment::program_date_time::test::test_required_version ... ok
[INFO] [stdout] test tags::shared::independent_segments::test::test_parser ... ok
[INFO] [stdout] test tags::shared::independent_segments::test::test_display ... ok
[INFO] [stdout] test tags::media_segment::map::test::test_required_version ... ok
[INFO] [stdout] test tags::media_segment::map::test::test_parser ... ok
[INFO] [stdout] test tags::shared::independent_segments::test::test_required_version ... ok
[INFO] [stdout] test tags::shared::start::test::test_display ... ok
[INFO] [stdout] test tags::shared::start::test::test_parser ... ok
[INFO] [stdout] test tags::shared::start::test::test_required_version ... ok
[INFO] [stdout] test traits::tests::test_required_version_trait ... ok
[INFO] [stdout] test types::byte_range::tests::test_add ... ok
[INFO] [stdout] test types::byte_range::tests::test_display ... ok
[INFO] [stdout] test tags::media_segment::map::test::test_decryptable ... ok
[INFO] [stdout] test types::byte_range::tests::test_parser ... ok
[INFO] [stdout] test types::byte_range::tests::test_range_bounds ... ok
[INFO] [stdout] test types::byte_range::tests::test_saturating_add ... ok
[INFO] [stdout] test types::byte_range::tests::test_from_ranges ... ok
[INFO] [stdout] test types::byte_range::tests::test_try_into ... ok
[INFO] [stdout] test types::channels::tests::test_display ... ok
[INFO] [stdout] test types::closed_captions::tests::test_display ... ok
[INFO] [stdout] test types::closed_captions::tests::test_parser ... ok
[INFO] [stdout] test types::decryption_key::test::test_builder ... ok
[INFO] [stdout] test types::codecs::tests::test_parser ... ok
[INFO] [stdout] test types::byte_range::tests::test_add_assign ... ok
[INFO] [stdout] test types::channels::tests::test_parser ... ok
[INFO] [stdout] test types::byte_range::tests::test_saturating_sub ... ok
[INFO] [stdout] test types::encryption_method::tests::test_display ... ok
[INFO] [stdout] test types::codecs::tests::test_display ... ok
[INFO] [stdout] test types::byte_range::tests::test_sub_assign ... ok
[INFO] [stdout] test types::decryption_key::test::test_required_version ... ok
[INFO] [stdout] test types::decryption_key::test::test_parser ... ok
[INFO] [stdout] test types::codecs::tests::test_from ... ok
[INFO] [stdout] test types::byte_range::tests::test_sub ... ok
[INFO] [stdout] test types::float::tests::test_eq ... ok
[INFO] [stdout] test types::float::tests::test_as_f32 ... ok
[INFO] [stdout] test types::float::tests::test_from ... ok
[INFO] [stdout] test types::encryption_method::tests::test_parser ... ok
[INFO] [stdout] test types::float::tests::test_hash ... ok
[INFO] [stdout] test types::decryption_key::test::test_display ... ok
[INFO] [stdout] test types::float::tests::test_ord ... ok
[INFO] [stdout] test types::float::tests::test_display ... ok
[INFO] [stdout] test types::float::tests::test_partial_ord ... ok
[INFO] [stdout] test types::float::tests::test_try_from ... ok
[INFO] [stdout] test types::float::tests::test_partial_eq ... ok
[INFO] [stdout] test types::in_stream_id::tests::test_display ... ok
[INFO] [stdout] test types::float::tests::test_parser ... ok
[INFO] [stdout] test types::hdcp_level::tests::test_parser ... ok
[INFO] [stdout] test types::in_stream_id::tests::test_parser ... ok
[INFO] [stdout] test types::initialization_vector::tests::test_parser ... ok
[INFO] [stdout] test types::hdcp_level::tests::test_display ... ok
[INFO] [stdout] test types::key_format::tests::test_default ... ok
[INFO] [stdout] test types::initialization_vector::tests::test_from ... ok
[INFO] [stdout] test types::initialization_vector::tests::test_default ... ok
[INFO] [stdout] test types::key_format::tests::test_display ... ok
[INFO] [stdout] test types::key_format::tests::test_required_version ... ok
[INFO] [stdout] test types::key_format::tests::test_parser ... ok
[INFO] [stdout] test types::key_format_versions::tests::test_default ... ok
[INFO] [stdout] test types::key_format_versions::tests::test_from_iter ... ok
[INFO] [stdout] test types::key_format_versions::tests::test_display ... ok
[INFO] [stdout] test types::key_format_versions::tests::test_hash ... ok
[INFO] [stdout] test types::initialization_vector::tests::test_display ... ok
[INFO] [stdout] test types::key_format_versions::tests::test_index ... ok
[INFO] [stdout] test types::key_format_versions::tests::test_is_default ... ok
[INFO] [stdout] test types::key_format_versions::tests::test_as_ref ... ok
[INFO] [stdout] test types::key_format_versions::tests::test_extend ... ok
[INFO] [stdout] test types::key_format_versions::tests::test_ord ... ok
[INFO] [stdout] test types::key_format_versions::tests::test_parser ... ok
[INFO] [stdout] test types::key_format_versions::tests::test_into_iter ... ok
[INFO] [stdout] test types::key_format_versions::tests::test_push ... ok
[INFO] [stdout] test types::media_type::tests::test_display ... ok
[INFO] [stdout] test types::key_format_versions::tests::test_required_version ... ok
[INFO] [stdout] test types::media_type::tests::test_parser ... ok
[INFO] [stdout] test types::playlist_type::test::test_parser ... ok
[INFO] [stdout] test types::protocol_version::tests::test_default ... ok
[INFO] [stdout] test types::protocol_version::tests::test_display ... ok
[INFO] [stdout] test types::protocol_version::tests::test_latest ... ok
[INFO] [stdout] test types::resolution::tests::test_display ... ok
[INFO] [stdout] test types::resolution::tests::test_from ... ok
[INFO] [stdout] test types::resolution::tests::test_height ... ok
[INFO] [stdout] test types::resolution::tests::test_into ... ok
[INFO] [stdout] test types::resolution::tests::test_parser ... ok
[INFO] [stdout] test types::resolution::tests::test_width ... ok
[INFO] [stdout] test types::protocol_version::tests::test_parser ... ok
[INFO] [stdout] test types::playlist_type::test::test_required_version ... ok
[INFO] [stdout] test types::playlist_type::test::test_display ... ok
[INFO] [stdout] test types::stream_data::tests::test_display ... ok
[INFO] [stdout] test types::key_format_versions::tests::test_partial_eq ... ok
[INFO] [stdout] test types::ufloat::tests::test_as_f32 ... ok
[INFO] [stdout] test types::ufloat::tests::test_eq ... ok
[INFO] [stdout] test types::ufloat::tests::test_display ... ok
[INFO] [stdout] test types::key_format_versions::tests::test_as_mut ... ok
[INFO] [stdout] test types::ufloat::tests::test_hash ... ok
[INFO] [stdout] test types::ufloat::tests::test_from ... ok
[INFO] [stdout] test types::stream_data::tests::test_parser ... ok
[INFO] [stdout] test types::ufloat::tests::test_ord ... ok
[INFO] [stdout] test types::ufloat::tests::test_parser ... ok
[INFO] [stdout] test types::byte_range::tests::test_add_assign_panic - should panic ... ok
[INFO] [stdout] test types::ufloat::tests::test_partial_ord ... ok
[INFO] [stdout] test types::byte_range::tests::test_add_panic - should panic ... ok
[INFO] [stdout] test types::ufloat::tests::test_partial_eq ... ok
[INFO] [stdout] test types::value::tests::test_from ... ok
[INFO] [stdout] test types::byte_range::tests::test_from_range_panic - should panic ... ok
[INFO] [stdout] test types::ufloat::tests::test_try_from ... ok
[INFO] [stdout] test types::byte_range::tests::test_set_start - should panic ... ok
[INFO] [stdout] test types::byte_range::tests::test_from_range_inclusive_panic - should panic ... ok
[INFO] [stdout] test types::value::tests::test_parser ... ok
[INFO] [stdout] test utils::tests::test_unquote ... ok
[INFO] [stdout] test types::byte_range::tests::test_sub_assign_panic - should panic ... ok
[INFO] [stdout] test utils::tests::test_parse_yes_or_no ... ok
[INFO] [stdout] test utils::tests::test_quote ... ok
[INFO] [stdout] test types::byte_range::tests::test_sub_panic - should panic ... ok
[INFO] [stdout] test types::value::tests::test_display ... ok
[INFO] [stdout] test types::float::tests::test_new_infinite - should panic ... ok
[INFO] [stdout] test utils::tests::test_tag ... ok
[INFO] [stdout] test types::float::tests::test_new_nan - should panic ... ok
[INFO] [stdout] test types::float::tests::test_new_neg_infinite - should panic ... ok
[INFO] [stdout] test types::ufloat::tests::test_new_nan - should panic ... ok
[INFO] [stdout] test types::ufloat::tests::test_new_infinite - should panic ... ok
[INFO] [stdout] test types::ufloat::tests::test_new_negative - should panic ... ok
[INFO] [stdout] test types::ufloat::tests::test_new_neg_infinite - should panic ... ok
[INFO] [stdout] test types::ufloat::tests::test_new_negative_zero - should panic ... FAILED
[INFO] [stdout] 
[INFO] [stdout] failures:
[INFO] [stdout] 
[INFO] [stdout] ---- types::ufloat::tests::test_new_negative_zero stdout ----
[INFO] [stdout] thread 'types::ufloat::tests::test_new_negative_zero' panicked at src/types/ufloat.rs:52:13:
[INFO] [stdout] float must be positive: `-0`
[INFO] [stdout] stack backtrace:
[INFO] [stdout]    0:     0x563bfc02a32c - std::backtrace_rs::backtrace::libunwind::trace::ha637c64ce894333a
[INFO] [stdout]                                at /rustc/82e1608dfa6e0b5569232559e3d385fea5a93112/library/std/src/../../backtrace/src/backtrace/libunwind.rs:104:5
[INFO] [stdout]    1:     0x563bfc02a32c - std::backtrace_rs::backtrace::trace_unsynchronized::h47f62dea28e0c88d
[INFO] [stdout]                                at /rustc/82e1608dfa6e0b5569232559e3d385fea5a93112/library/std/src/../../backtrace/src/backtrace/mod.rs:66:5
[INFO] [stdout]    2:     0x563bfc02a32c - std::sys_common::backtrace::_print_fmt::h9eef0abe20ede486
[INFO] [stdout]                                at /rustc/82e1608dfa6e0b5569232559e3d385fea5a93112/library/std/src/sys_common/backtrace.rs:67:5
[INFO] [stdout]    3:     0x563bfc02a32c - <std::sys_common::backtrace::_print::DisplayBacktrace as core::fmt::Display>::fmt::hed7f999df88cc644
[INFO] [stdout]                                at /rustc/82e1608dfa6e0b5569232559e3d385fea5a93112/library/std/src/sys_common/backtrace.rs:44:22
[INFO] [stdout]    4:     0x563bfc055bb0 - core::fmt::rt::Argument::fmt::h1539a9308b8d058d
[INFO] [stdout]                                at /rustc/82e1608dfa6e0b5569232559e3d385fea5a93112/library/core/src/fmt/rt.rs:142:9
[INFO] [stdout]    5:     0x563bfc055bb0 - core::fmt::write::h3a39390d8560d9c9
[INFO] [stdout]                                at /rustc/82e1608dfa6e0b5569232559e3d385fea5a93112/library/core/src/fmt/mod.rs:1120:17
[INFO] [stdout]    6:     0x563bfc027cdf - std::io::Write::write_fmt::h040b369f3a0f9cbc
[INFO] [stdout]                                at /rustc/82e1608dfa6e0b5569232559e3d385fea5a93112/library/std/src/io/mod.rs:1762:15
[INFO] [stdout]    7:     0x563bfc02a114 - std::sys_common::backtrace::_print::h894006fb5c6f3d45
[INFO] [stdout]                                at /rustc/82e1608dfa6e0b5569232559e3d385fea5a93112/library/std/src/sys_common/backtrace.rs:47:5
[INFO] [stdout]    8:     0x563bfc02a114 - std::sys_common::backtrace::print::h23a2d212c6fff936
[INFO] [stdout]                                at /rustc/82e1608dfa6e0b5569232559e3d385fea5a93112/library/std/src/sys_common/backtrace.rs:34:9
[INFO] [stdout]    9:     0x563bfc02bdd7 - std::panicking::default_hook::{{closure}}::h8a1d2ee00185001a
[INFO] [stdout]   10:     0x563bfc02bac3 - std::panicking::default_hook::h6038f2eba384e475
[INFO] [stdout]                                at /rustc/82e1608dfa6e0b5569232559e3d385fea5a93112/library/std/src/panicking.rs:289:9
[INFO] [stdout]   11:     0x563bfbfe8097 - <alloc::boxed::Box<F,A> as core::ops::function::Fn<Args>>::call::h0ad024c9bdc6d768
[INFO] [stdout]                                at /rustc/82e1608dfa6e0b5569232559e3d385fea5a93112/library/alloc/src/boxed.rs:2021:9
[INFO] [stdout]   12:     0x563bfbfe8097 - test::test_main::{{closure}}::h7500b54257359db6
[INFO] [stdout]                                at /rustc/82e1608dfa6e0b5569232559e3d385fea5a93112/library/test/src/lib.rs:138:21
[INFO] [stdout]   13:     0x563bfc02c3e8 - <alloc::boxed::Box<F,A> as core::ops::function::Fn<Args>>::call::h1f8f335eaa9cfaee
[INFO] [stdout]                                at /rustc/82e1608dfa6e0b5569232559e3d385fea5a93112/library/alloc/src/boxed.rs:2021:9
[INFO] [stdout]   14:     0x563bfc02c3e8 - std::panicking::rust_panic_with_hook::h2b5517d590cab22e
[INFO] [stdout]                                at /rustc/82e1608dfa6e0b5569232559e3d385fea5a93112/library/std/src/panicking.rs:783:13
[INFO] [stdout]   15:     0x563bfc02c13e - std::panicking::begin_panic_handler::{{closure}}::h233112c06e0ef43e
[INFO] [stdout]                                at /rustc/82e1608dfa6e0b5569232559e3d385fea5a93112/library/std/src/panicking.rs:657:13
[INFO] [stdout]   16:     0x563bfc02a7f6 - std::sys_common::backtrace::__rust_end_short_backtrace::h6e893f24d7ebbff8
[INFO] [stdout]                                at /rustc/82e1608dfa6e0b5569232559e3d385fea5a93112/library/std/src/sys_common/backtrace.rs:170:18
[INFO] [stdout]   17:     0x563bfc02bea2 - rust_begin_unwind
[INFO] [stdout]                                at /rustc/82e1608dfa6e0b5569232559e3d385fea5a93112/library/std/src/panicking.rs:645:5
[INFO] [stdout]   18:     0x563bfbeaecf5 - core::panicking::panic_fmt::hbf0e066aabfa482c
[INFO] [stdout]                                at /rustc/82e1608dfa6e0b5569232559e3d385fea5a93112/library/core/src/panicking.rs:72:14
[INFO] [stdout]   19:     0x563bfbebbea4 - hls_m3u8::types::ufloat::UFloat::new::hbe57082ed5c30a88
[INFO] [stdout]                                at /opt/rustwide/workdir/src/types/ufloat.rs:52:13
[INFO] [stdout]   20:     0x563bfbf7cbde - hls_m3u8::types::ufloat::tests::test_new_negative_zero::hdc2aeba2dfc12158
[INFO] [stdout]                                at /opt/rustwide/workdir/src/types/ufloat.rs:275:43
[INFO] [stdout]   21:     0x563bfbf7cbb7 - hls_m3u8::types::ufloat::tests::test_new_negative_zero::{{closure}}::h36ad7c3775368836
[INFO] [stdout]                                at /opt/rustwide/workdir/src/types/ufloat.rs:275:32
[INFO] [stdout]   22:     0x563bfbed1fb6 - core::ops::function::FnOnce::call_once::h1d5f6d3baa30b118
[INFO] [stdout]                                at /rustc/82e1608dfa6e0b5569232559e3d385fea5a93112/library/core/src/ops/function.rs:250:5
[INFO] [stdout]   23:     0x563bfbfed6ef - core::ops::function::FnOnce::call_once::h2b5d431d5046312d
[INFO] [stdout]                                at /rustc/82e1608dfa6e0b5569232559e3d385fea5a93112/library/core/src/ops/function.rs:250:5
[INFO] [stdout]   24:     0x563bfbfed6ef - test::__rust_begin_short_backtrace::h7714669af176e207
[INFO] [stdout]                                at /rustc/82e1608dfa6e0b5569232559e3d385fea5a93112/library/test/src/lib.rs:628:18
[INFO] [stdout]   25:     0x563bfbfec705 - test::run_test_in_process::{{closure}}::h85218797dcbcec12
[INFO] [stdout]                                at /rustc/82e1608dfa6e0b5569232559e3d385fea5a93112/library/test/src/lib.rs:651:60
[INFO] [stdout]   26:     0x563bfbfec705 - <core::panic::unwind_safe::AssertUnwindSafe<F> as core::ops::function::FnOnce<()>>::call_once::h76c106ea31c14d7b
[INFO] [stdout]                                at /rustc/82e1608dfa6e0b5569232559e3d385fea5a93112/library/core/src/panic/unwind_safe.rs:272:9
[INFO] [stdout]   27:     0x563bfbfec705 - std::panicking::try::do_call::h3bd5d0f6620ee946
[INFO] [stdout]                                at /rustc/82e1608dfa6e0b5569232559e3d385fea5a93112/library/std/src/panicking.rs:552:40
[INFO] [stdout]   28:     0x563bfbfec705 - std::panicking::try::h232e535e4744fe31
[INFO] [stdout]                                at /rustc/82e1608dfa6e0b5569232559e3d385fea5a93112/library/std/src/panicking.rs:516:19
[INFO] [stdout]   29:     0x563bfbfec705 - std::panic::catch_unwind::h3ce3bd6ca8dbac68
[INFO] [stdout]                                at /rustc/82e1608dfa6e0b5569232559e3d385fea5a93112/library/std/src/panic.rs:142:14
[INFO] [stdout]   30:     0x563bfbfec705 - test::run_test_in_process::hc97b257c9621286a
[INFO] [stdout]                                at /rustc/82e1608dfa6e0b5569232559e3d385fea5a93112/library/test/src/lib.rs:651:27
[INFO] [stdout]   31:     0x563bfbfec705 - test::run_test::{{closure}}::h2aa798823a438d38
[INFO] [stdout]                                at /rustc/82e1608dfa6e0b5569232559e3d385fea5a93112/library/test/src/lib.rs:574:43
[INFO] [stdout]   32:     0x563bfbfb49c6 - test::run_test::{{closure}}::h87d231c78fb59832
[INFO] [stdout]                                at /rustc/82e1608dfa6e0b5569232559e3d385fea5a93112/library/test/src/lib.rs:602:41
[INFO] [stdout]   33:     0x563bfbfb49c6 - std::sys_common::backtrace::__rust_begin_short_backtrace::he6df152596625789
[INFO] [stdout]                                at /rustc/82e1608dfa6e0b5569232559e3d385fea5a93112/library/std/src/sys_common/backtrace.rs:154:18
[INFO] [stdout]   34:     0x563bfbfb9a77 - std::thread::Builder::spawn_unchecked_::{{closure}}::{{closure}}::ha94be15d1e0acf36
[INFO] [stdout]                                at /rustc/82e1608dfa6e0b5569232559e3d385fea5a93112/library/std/src/thread/mod.rs:529:17
[INFO] [stdout]   35:     0x563bfbfb9a77 - <core::panic::unwind_safe::AssertUnwindSafe<F> as core::ops::function::FnOnce<()>>::call_once::h9dc6bd6372f16606
[INFO] [stdout]                                at /rustc/82e1608dfa6e0b5569232559e3d385fea5a93112/library/core/src/panic/unwind_safe.rs:272:9
[INFO] [stdout]   36:     0x563bfbfb9a77 - std::panicking::try::do_call::h9057517f80303cd4
[INFO] [stdout]                                at /rustc/82e1608dfa6e0b5569232559e3d385fea5a93112/library/std/src/panicking.rs:552:40
[INFO] [stdout]   37:     0x563bfbfb9a77 - std::panicking::try::he3a30b11ee45340c
[INFO] [stdout]                                at /rustc/82e1608dfa6e0b5569232559e3d385fea5a93112/library/std/src/panicking.rs:516:19
[INFO] [stdout]   38:     0x563bfbfb9a77 - std::panic::catch_unwind::h410458cfd3528b8b
[INFO] [stdout]                                at /rustc/82e1608dfa6e0b5569232559e3d385fea5a93112/library/std/src/panic.rs:142:14
[INFO] [stdout]   39:     0x563bfbfb9a77 - std::thread::Builder::spawn_unchecked_::{{closure}}::h72ac3bdb567b737b
[INFO] [stdout]                                at /rustc/82e1608dfa6e0b5569232559e3d385fea5a93112/library/std/src/thread/mod.rs:528:30
[INFO] [stdout]   40:     0x563bfbfb9a77 - core::ops::function::FnOnce::call_once{{vtable.shim}}::h38f34da3654a8344
[INFO] [stdout]                                at /rustc/82e1608dfa6e0b5569232559e3d385fea5a93112/library/core/src/ops/function.rs:250:5
[INFO] [stdout]   41:     0x563bfc030e75 - <alloc::boxed::Box<F,A> as core::ops::function::FnOnce<Args>>::call_once::hc7eafaff61e32df9
[INFO] [stdout]                                at /rustc/82e1608dfa6e0b5569232559e3d385fea5a93112/library/alloc/src/boxed.rs:2007:9
[INFO] [stdout]   42:     0x563bfc030e75 - <alloc::boxed::Box<F,A> as core::ops::function::FnOnce<Args>>::call_once::h6ba4a5de48dd2304
[INFO] [stdout]                                at /rustc/82e1608dfa6e0b5569232559e3d385fea5a93112/library/alloc/src/boxed.rs:2007:9
[INFO] [stdout]   43:     0x563bfc030e75 - std::sys::unix::thread::Thread::new::thread_start::he469335aef763e45
[INFO] [stdout]                                at /rustc/82e1608dfa6e0b5569232559e3d385fea5a93112/library/std/src/sys/unix/thread.rs:108:17
[INFO] [stdout]   44:     0x7ff7dcd08ac3 - <unknown>
[INFO] [stdout]   45:     0x7ff7dcd99bf4 - __clone
[INFO] [stdout]   46:                0x0 - <unknown>
[INFO] [stdout] note: panic did not contain expected string
[INFO] [stdout]       panic message: `"float must be positive: `-0`"`,
[INFO] [stdout]  expected substring: `"float must be positive: `0`"`
[INFO] [stdout] 
[INFO] [stdout] failures:
[INFO] [stdout]     types::ufloat::tests::test_new_negative_zero
[INFO] [stdout] 
[INFO] [stdout] test result: FAILED. 188 passed; 1 failed; 0 ignored; 0 measured; 0 filtered out; finished in 0.06s
[INFO] [stdout] 
[INFO] [stderr] error: test failed, to rerun pass `--lib`
[INFO] running `Command { std: "docker" "inspect" "4533a229d6fc498b186816515b7d9dbf9243ed23e16bf464ec0483278fbd5e34", kill_on_drop: false }`
[INFO] running `Command { std: "docker" "rm" "-f" "4533a229d6fc498b186816515b7d9dbf9243ed23e16bf464ec0483278fbd5e34", kill_on_drop: false }`
[INFO] [stdout] 4533a229d6fc498b186816515b7d9dbf9243ed23e16bf464ec0483278fbd5e34
[INFO] testing hls_m3u8-0.4.1 against beta-2023-12-22 for beta-1.76-1
[INFO] extracting crate hls_m3u8 0.4.1 into /workspace/builds/worker-6-tc2/source
[INFO] validating manifest of crates.io crate hls_m3u8 0.4.1 on toolchain beta-2023-12-22
[INFO] running `Command { std: CARGO_HOME="/workspace/cargo-home" RUSTUP_HOME="/workspace/rustup-home" "/workspace/cargo-home/bin/cargo" "+beta-2023-12-22" "metadata" "--manifest-path" "Cargo.toml" "--no-deps", kill_on_drop: false }`
[INFO] started tweaking crates.io crate hls_m3u8 0.4.1
[INFO] finished tweaking crates.io crate hls_m3u8 0.4.1
[INFO] tweaked toml for crates.io crate hls_m3u8 0.4.1 written to /workspace/builds/worker-6-tc2/source/Cargo.toml
[INFO] running `Command { std: CARGO_HOME="/workspace/cargo-home" RUSTUP_HOME="/workspace/rustup-home" "/workspace/cargo-home/bin/cargo" "+beta-2023-12-22" "generate-lockfile" "--manifest-path" "Cargo.toml", kill_on_drop: false }`
[INFO] [stderr]     Updating crates.io index
[INFO] running `Command { std: CARGO_HOME="/workspace/cargo-home" RUSTUP_HOME="/workspace/rustup-home" "/workspace/cargo-home/bin/cargo" "+beta-2023-12-22" "fetch" "--manifest-path" "Cargo.toml", kill_on_drop: false }`
[INFO] running `Command { std: "docker" "create" "-v" "/var/lib/crater-agent-workspace/builds/worker-6-tc2/target:/opt/rustwide/target:rw,Z" "-v" "/var/lib/crater-agent-workspace/builds/worker-6-tc2/source:/opt/rustwide/workdir:ro,Z" "-v" "/var/lib/crater-agent-workspace/cargo-home:/opt/rustwide/cargo-home:ro,Z" "-v" "/var/lib/crater-agent-workspace/rustup-home:/opt/rustwide/rustup-home:ro,Z" "-e" "SOURCE_DIR=/opt/rustwide/workdir" "-e" "CARGO_TARGET_DIR=/opt/rustwide/target" "-e" "CARGO_HOME=/opt/rustwide/cargo-home" "-e" "RUSTUP_HOME=/opt/rustwide/rustup-home" "-w" "/opt/rustwide/workdir" "-m" "1610612736" "--user" "0:0" "--network" "none" "ghcr.io/rust-lang/crates-build-env/linux@sha256:2788e3201cd34a07e3172128adcd8b3090168a8e3bcc40d7c032b9dda1df7d1c" "/opt/rustwide/cargo-home/bin/cargo" "+beta-2023-12-22" "metadata" "--no-deps" "--format-version=1", kill_on_drop: false }`
[INFO] [stdout] 03e634f6ec26f9a2a26996380a01c6a99373356b2a6f99c41b8d2d4ed76482f7
[INFO] running `Command { std: "docker" "start" "-a" "03e634f6ec26f9a2a26996380a01c6a99373356b2a6f99c41b8d2d4ed76482f7", kill_on_drop: false }`
[INFO] running `Command { std: "docker" "inspect" "03e634f6ec26f9a2a26996380a01c6a99373356b2a6f99c41b8d2d4ed76482f7", kill_on_drop: false }`
[INFO] running `Command { std: "docker" "rm" "-f" "03e634f6ec26f9a2a26996380a01c6a99373356b2a6f99c41b8d2d4ed76482f7", kill_on_drop: false }`
[INFO] [stdout] 03e634f6ec26f9a2a26996380a01c6a99373356b2a6f99c41b8d2d4ed76482f7
[INFO] running `Command { std: "docker" "create" "-v" "/var/lib/crater-agent-workspace/builds/worker-6-tc2/target:/opt/rustwide/target:rw,Z" "-v" "/var/lib/crater-agent-workspace/builds/worker-6-tc2/source:/opt/rustwide/workdir:ro,Z" "-v" "/var/lib/crater-agent-workspace/cargo-home:/opt/rustwide/cargo-home:ro,Z" "-v" "/var/lib/crater-agent-workspace/rustup-home:/opt/rustwide/rustup-home:ro,Z" "-e" "SOURCE_DIR=/opt/rustwide/workdir" "-e" "CARGO_TARGET_DIR=/opt/rustwide/target" "-e" "CARGO_INCREMENTAL=0" "-e" "RUST_BACKTRACE=full" "-e" "RUSTFLAGS=--cap-lints=warn" "-e" "RUSTDOCFLAGS=--cap-lints=warn" "-e" "CARGO_HOME=/opt/rustwide/cargo-home" "-e" "RUSTUP_HOME=/opt/rustwide/rustup-home" "-w" "/opt/rustwide/workdir" "-m" "1610612736" "--user" "0:0" "--network" "none" "ghcr.io/rust-lang/crates-build-env/linux@sha256:2788e3201cd34a07e3172128adcd8b3090168a8e3bcc40d7c032b9dda1df7d1c" "/opt/rustwide/cargo-home/bin/cargo" "+beta-2023-12-22" "build" "--frozen" "--message-format=json", kill_on_drop: false }`
[INFO] [stdout] 9896e7c1216a5277cd12275e65104fb77b950e939f614c43cffb067e64f415f2
[INFO] running `Command { std: "docker" "start" "-a" "9896e7c1216a5277cd12275e65104fb77b950e939f614c43cffb067e64f415f2", kill_on_drop: false }`
[INFO] [stderr]    Compiling proc-macro2 v1.0.75
[INFO] [stderr]    Compiling unicode-ident v1.0.12
[INFO] [stderr]    Compiling syn v1.0.109
[INFO] [stderr]    Compiling fnv v1.0.7
[INFO] [stderr]    Compiling ident_case v1.0.1
[INFO] [stderr]    Compiling strsim v0.9.3
[INFO] [stderr]    Compiling unicode-segmentation v1.10.1
[INFO] [stderr]    Compiling thiserror v1.0.56
[INFO] [stderr]    Compiling derive_builder v0.9.0
[INFO] [stderr]    Compiling no-std-compat v0.2.0
[INFO] [stderr]    Compiling hex v0.4.3
[INFO] [stderr]    Compiling stable-vec v0.4.0
[INFO] [stderr]    Compiling heck v0.3.3
[INFO] [stderr]    Compiling quote v1.0.35
[INFO] [stderr]    Compiling syn v2.0.48
[INFO] [stderr]    Compiling darling_core v0.10.2
[INFO] [stderr]    Compiling thiserror-impl v1.0.56
[INFO] [stderr]    Compiling hashmap_derive v0.1.0
[INFO] [stderr]    Compiling strum_macros v0.17.1
[INFO] [stderr]    Compiling derive_more v0.99.17
[INFO] [stderr]    Compiling darling_macro v0.10.2
[INFO] [stderr]    Compiling from_map v0.1.0
[INFO] [stderr]    Compiling shorthand v0.1.1
[INFO] [stderr]    Compiling strum v0.17.1
[INFO] [stderr]    Compiling darling v0.10.2
[INFO] [stderr]    Compiling derive_builder_core v0.9.0
[INFO] [stderr]    Compiling hls_m3u8 v0.4.1 (/opt/rustwide/workdir)
[INFO] [stdout] warning: `#[must_use]` has no effect when applied to an implementation block
[INFO] [stdout]    --> src/types/byte_range.rs:354:1
[INFO] [stdout]     |
[INFO] [stdout] 354 | #[must_use]
[INFO] [stdout]     | ^^^^^^^^^^^
[INFO] [stdout]     |
[INFO] [stdout]     = note: `#[warn(unused_attributes)]` on by default
[INFO] [stdout] 
[INFO] [stdout] 
[INFO] [stdout] warning: 1 warning emitted
[INFO] [stdout] 
[INFO] [stdout] 
[INFO] [stderr]     Finished dev [unoptimized + debuginfo] target(s) in 7.19s
[INFO] running `Command { std: "docker" "inspect" "9896e7c1216a5277cd12275e65104fb77b950e939f614c43cffb067e64f415f2", kill_on_drop: false }`
[INFO] running `Command { std: "docker" "rm" "-f" "9896e7c1216a5277cd12275e65104fb77b950e939f614c43cffb067e64f415f2", kill_on_drop: false }`
[INFO] [stdout] 9896e7c1216a5277cd12275e65104fb77b950e939f614c43cffb067e64f415f2
[INFO] running `Command { std: "docker" "create" "-v" "/var/lib/crater-agent-workspace/builds/worker-6-tc2/target:/opt/rustwide/target:rw,Z" "-v" "/var/lib/crater-agent-workspace/builds/worker-6-tc2/source:/opt/rustwide/workdir:ro,Z" "-v" "/var/lib/crater-agent-workspace/cargo-home:/opt/rustwide/cargo-home:ro,Z" "-v" "/var/lib/crater-agent-workspace/rustup-home:/opt/rustwide/rustup-home:ro,Z" "-e" "SOURCE_DIR=/opt/rustwide/workdir" "-e" "CARGO_TARGET_DIR=/opt/rustwide/target" "-e" "CARGO_INCREMENTAL=0" "-e" "RUST_BACKTRACE=full" "-e" "RUSTFLAGS=--cap-lints=warn" "-e" "RUSTDOCFLAGS=--cap-lints=warn" "-e" "CARGO_HOME=/opt/rustwide/cargo-home" "-e" "RUSTUP_HOME=/opt/rustwide/rustup-home" "-w" "/opt/rustwide/workdir" "-m" "1610612736" "--user" "0:0" "--network" "none" "ghcr.io/rust-lang/crates-build-env/linux@sha256:2788e3201cd34a07e3172128adcd8b3090168a8e3bcc40d7c032b9dda1df7d1c" "/opt/rustwide/cargo-home/bin/cargo" "+beta-2023-12-22" "test" "--frozen" "--no-run" "--message-format=json", kill_on_drop: false }`
[INFO] [stdout] 52f75f5a0d910395b7542c9e1aa0effb7f0dbf392df1772cd9a938ac37ab6d82
[INFO] running `Command { std: "docker" "start" "-a" "52f75f5a0d910395b7542c9e1aa0effb7f0dbf392df1772cd9a938ac37ab6d82", kill_on_drop: false }`
[INFO] [stderr]    Compiling proc-macro2 v1.0.75
[INFO] [stderr]    Compiling unicode-ident v1.0.12
[INFO] [stderr]    Compiling crossbeam-utils v0.8.18
[INFO] [stderr]    Compiling version_check v0.9.4
[INFO] [stderr]    Compiling tinyvec_macros v0.1.1
[INFO] [stderr]    Compiling autocfg v1.1.0
[INFO] [stderr]    Compiling memchr v2.7.1
[INFO] [stderr]    Compiling either v1.9.0
[INFO] [stderr]    Compiling itoa v1.0.10
[INFO] [stderr]    Compiling serde_json v1.0.111
[INFO] [stderr]    Compiling serde v1.0.194
[INFO] [stderr]    Compiling rayon-core v1.12.0
[INFO] [stderr]    Compiling ryu v1.0.16
[INFO] [stderr]    Compiling equivalent v1.0.1
[INFO] [stderr]    Compiling hashbrown v0.14.3
[INFO] [stderr]    Compiling libc v0.2.151
[INFO] [stderr]    Compiling tinyvec v1.6.0
[INFO] [stderr]    Compiling bitflags v1.3.2
[INFO] [stderr]    Compiling regex-syntax v0.8.2
[INFO] [stderr]    Compiling unicode-bidi v0.3.14
[INFO] [stderr]    Compiling pulldown-cmark v0.9.3
[INFO] [stderr]    Compiling unicode-width v0.1.11
[INFO] [stderr]    Compiling semver v1.0.21
[INFO] [stderr]    Compiling winnow v0.5.32
[INFO] [stderr]    Compiling percent-encoding v2.3.1
[INFO] [stderr]    Compiling plotters-backend v0.3.5
[INFO] [stderr]    Compiling textwrap v0.11.0
[INFO] [stderr]    Compiling num-traits v0.2.17
[INFO] [stderr]    Compiling unicase v2.7.0
[INFO] [stderr]    Compiling form_urlencoded v1.2.1
[INFO] [stderr]    Compiling quote v1.0.35
[INFO] [stderr]    Compiling indexmap v2.1.0
[INFO] [stderr]    Compiling plotters-svg v0.3.5
[INFO] [stderr]    Compiling csv-core v0.1.11
[INFO] [stderr]    Compiling syn v1.0.109
[INFO] [stderr]    Compiling syn v2.0.48
[INFO] [stderr]    Compiling crossbeam-epoch v0.9.17
[INFO] [stderr]    Compiling unicode-normalization v0.1.22
[INFO] [stderr]    Compiling itertools v0.10.5
[INFO] [stderr]    Compiling half v1.8.2
[INFO] [stderr]    Compiling cast v0.3.0
[INFO] [stderr]    Compiling same-file v1.0.6
[INFO] [stderr]    Compiling crossbeam-deque v0.8.4
[INFO] [stderr]    Compiling walkdir v2.4.0
[INFO] [stderr]    Compiling idna v0.5.0
[INFO] [stderr]    Compiling atty v0.2.14
[INFO] [stderr]    Compiling clap v2.34.0
[INFO] [stderr]    Compiling oorandom v11.1.3
[INFO] [stderr]    Compiling difference v2.0.0
[INFO] [stderr]    Compiling pretty_assertions v0.6.1
[INFO] [stderr]    Compiling url v2.5.0
[INFO] [stderr]    Compiling rayon v1.8.0
[INFO] [stderr]    Compiling regex-automata v0.4.3
[INFO] [stderr]    Compiling plotters v0.3.5
[INFO] [stderr]    Compiling criterion-plot v0.4.5
[INFO] [stderr]    Compiling serde_spanned v0.6.5
[INFO] [stderr]    Compiling toml_datetime v0.6.5
[INFO] [stderr]    Compiling serde_cbor v0.11.2
[INFO] [stderr]    Compiling csv v1.3.0
[INFO] [stderr]    Compiling toml_edit v0.19.15
[INFO] [stderr]    Compiling tinytemplate v1.2.1
[INFO] [stderr]    Compiling regex v1.10.2
[INFO] [stderr]    Compiling darling_core v0.10.2
[INFO] [stderr]    Compiling thiserror-impl v1.0.56
[INFO] [stderr]    Compiling serde_derive v1.0.194
[INFO] [stderr]    Compiling toml v0.7.8
[INFO] [stderr]    Compiling hashmap_derive v0.1.0
[INFO] [stderr]    Compiling strum_macros v0.17.1
[INFO] [stderr]    Compiling derive_more v0.99.17
[INFO] [stderr]    Compiling automod v0.2.2
[INFO] [stderr]    Compiling version-sync v0.9.5
[INFO] [stderr]    Compiling darling_macro v0.10.2
[INFO] [stderr]    Compiling from_map v0.1.0
[INFO] [stderr]    Compiling shorthand v0.1.1
[INFO] [stderr]    Compiling thiserror v1.0.56
[INFO] [stderr]    Compiling darling v0.10.2
[INFO] [stderr]    Compiling derive_builder_core v0.9.0
[INFO] [stderr]    Compiling strum v0.17.1
[INFO] [stderr]    Compiling derive_builder v0.9.0
[INFO] [stderr]    Compiling criterion v0.3.6
[INFO] [stderr]    Compiling hls_m3u8 v0.4.1 (/opt/rustwide/workdir)
[INFO] [stdout] warning: `#[must_use]` has no effect when applied to an implementation block
[INFO] [stdout]    --> src/types/byte_range.rs:354:1
[INFO] [stdout]     |
[INFO] [stdout] 354 | #[must_use]
[INFO] [stdout]     | ^^^^^^^^^^^
[INFO] [stdout]     |
[INFO] [stdout]     = note: `#[warn(unused_attributes)]` on by default
[INFO] [stdout] 
[INFO] [stdout] 
[INFO] [stdout] warning: 1 warning emitted
[INFO] [stdout] 
[INFO] [stdout] 
[INFO] [stdout] warning: `#[must_use]` has no effect when applied to an implementation block
[INFO] [stdout]    --> src/types/byte_range.rs:354:1
[INFO] [stdout]     |
[INFO] [stdout] 354 | #[must_use]
[INFO] [stdout]     | ^^^^^^^^^^^
[INFO] [stdout]     |
[INFO] [stdout]     = note: `#[warn(unused_attributes)]` on by default
[INFO] [stdout] 
[INFO] [stdout] 
[INFO] [stdout] warning: 1 warning emitted
[INFO] [stdout] 
[INFO] [stdout] 
[INFO] [stderr]     Finished test [unoptimized + debuginfo] target(s) in 15.22s
[INFO] running `Command { std: "docker" "inspect" "52f75f5a0d910395b7542c9e1aa0effb7f0dbf392df1772cd9a938ac37ab6d82", kill_on_drop: false }`
[INFO] running `Command { std: "docker" "rm" "-f" "52f75f5a0d910395b7542c9e1aa0effb7f0dbf392df1772cd9a938ac37ab6d82", kill_on_drop: false }`
[INFO] [stdout] 52f75f5a0d910395b7542c9e1aa0effb7f0dbf392df1772cd9a938ac37ab6d82
[INFO] running `Command { std: "docker" "create" "-v" "/var/lib/crater-agent-workspace/builds/worker-6-tc2/target:/opt/rustwide/target:rw,Z" "-v" "/var/lib/crater-agent-workspace/builds/worker-6-tc2/source:/opt/rustwide/workdir:ro,Z" "-v" "/var/lib/crater-agent-workspace/cargo-home:/opt/rustwide/cargo-home:ro,Z" "-v" "/var/lib/crater-agent-workspace/rustup-home:/opt/rustwide/rustup-home:ro,Z" "-e" "SOURCE_DIR=/opt/rustwide/workdir" "-e" "CARGO_TARGET_DIR=/opt/rustwide/target" "-e" "CARGO_INCREMENTAL=0" "-e" "RUST_BACKTRACE=full" "-e" "RUSTFLAGS=--cap-lints=warn" "-e" "RUSTDOCFLAGS=--cap-lints=warn" "-e" "CARGO_HOME=/opt/rustwide/cargo-home" "-e" "RUSTUP_HOME=/opt/rustwide/rustup-home" "-w" "/opt/rustwide/workdir" "-m" "1610612736" "--user" "0:0" "--network" "none" "ghcr.io/rust-lang/crates-build-env/linux@sha256:2788e3201cd34a07e3172128adcd8b3090168a8e3bcc40d7c032b9dda1df7d1c" "/opt/rustwide/cargo-home/bin/cargo" "+beta-2023-12-22" "test" "--frozen", kill_on_drop: false }`
[INFO] [stdout] f7f64231a4d31b661184efd2273bc2f99c46317ed700e6dbc67ad935a15c6d08
[INFO] running `Command { std: "docker" "start" "-a" "f7f64231a4d31b661184efd2273bc2f99c46317ed700e6dbc67ad935a15c6d08", kill_on_drop: false }`
[INFO] [stderr] warning: `#[must_use]` has no effect when applied to an implementation block
[INFO] [stderr]    --> src/types/byte_range.rs:354:1
[INFO] [stderr]     |
[INFO] [stderr] 354 | #[must_use]
[INFO] [stderr]     | ^^^^^^^^^^^
[INFO] [stderr]     |
[INFO] [stderr]     = note: `#[warn(unused_attributes)]` on by default
[INFO] [stderr] 
[INFO] [stderr] warning: `hls_m3u8` (lib) generated 1 warning
[INFO] [stderr] warning: `hls_m3u8` (lib test) generated 1 warning (1 duplicate)
[INFO] [stderr]     Finished test [unoptimized + debuginfo] target(s) in 0.09s
[INFO] [stderr]      Running unittests src/lib.rs (/opt/rustwide/target/debug/deps/hls_m3u8-2ac01abf8ef2239c)
[INFO] [stdout] 
[INFO] [stdout] running 189 tests
[INFO] [stdout] test attribute::test::test_attributes ... ok
[INFO] [stdout] test attribute::test::test_parser ... ok
[INFO] [stdout] test error::tests::test_parse_float_error ... ok
[INFO] [stdout] test error::tests::test_parse_int_error ... ok
[INFO] [stdout] test master_playlist::tests::test_audio_streams ... ok
[INFO] [stdout] test master_playlist::tests::test_display ... ok
[INFO] [stdout] test media_playlist::tests::test_empty_playlist ... ok
[INFO] [stdout] test master_playlist::tests::test_parser ... ok
[INFO] [stdout] test media_playlist::tests::test_segment_number_simple ... ok
[INFO] [stdout] test media_playlist::tests::test_segment_number_sequence ... ok
[INFO] [stdout] test media_playlist::tests::too_large_segment_duration_test ... ok
[INFO] [stdout] test media_segment::tests::test_display ... ok
[INFO] [stdout] test tags::basic::m3u::test::test_display ... ok
[INFO] [stdout] test tags::basic::m3u::test::test_parser ... ok
[INFO] [stdout] test tags::basic::m3u::test::test_required_version ... ok
[INFO] [stdout] test tags::basic::version::test::test_default_and_from ... ok
[INFO] [stdout] test tags::basic::version::test::test_display ... ok
[INFO] [stdout] test tags::basic::version::test::test_parser ... ok
[INFO] [stdout] test tags::basic::version::test::test_required_version ... ok
[INFO] [stdout] test tags::master_playlist::media::test::test_display ... ok
[INFO] [stdout] test tags::master_playlist::media::test::test_parser_error ... ok
[INFO] [stdout] test tags::master_playlist::media::test::test_required_version ... ok
[INFO] [stdout] test tags::master_playlist::media::test::test_parser ... ok
[INFO] [stdout] test tags::master_playlist::session_data::test::test_display ... ok
[INFO] [stdout] test tags::master_playlist::session_data::test::test_parser ... ok
[INFO] [stdout] test tags::master_playlist::session_key::test::test_display ... ok
[INFO] [stdout] test tags::master_playlist::variant_stream::tests::test_required_version ... ok
[INFO] [stdout] test tags::master_playlist::variant_stream::tests::test_is_associated ... ok
[INFO] [stdout] test tags::master_playlist::session_data::test::test_required_version ... ok
[INFO] [stdout] test tags::master_playlist::session_key::test::test_parser ... ok
[INFO] [stdout] test tags::media_playlist::discontinuity_sequence::test::test_parser ... ok
[INFO] [stdout] test tags::media_playlist::discontinuity_sequence::test::test_display ... ok
[INFO] [stdout] test tags::master_playlist::session_key::test::test_required_version ... ok
[INFO] [stdout] test tags::media_playlist::discontinuity_sequence::test::test_required_version ... ok
[INFO] [stdout] test tags::media_playlist::end_list::test::test_parser ... ok
[INFO] [stdout] test tags::media_playlist::end_list::test::test_display ... ok
[INFO] [stdout] test tags::media_playlist::i_frames_only::test::test_parser ... ok
[INFO] [stdout] test tags::media_playlist::i_frames_only::test::test_required_version ... ok
[INFO] [stdout] test tags::media_playlist::media_sequence::test::test_display ... ok
[INFO] [stdout] test tags::media_playlist::i_frames_only::test::test_display ... ok
[INFO] [stdout] test tags::media_playlist::media_sequence::test::test_parser ... ok
[INFO] [stdout] test tags::media_playlist::target_duration::test::test_display ... ok
[INFO] [stdout] test tags::media_playlist::target_duration::test::test_required_version ... ok
[INFO] [stdout] test tags::media_segment::byte_range::test::test_deref ... ok
[INFO] [stdout] test tags::media_playlist::end_list::test::test_required_version ... ok
[INFO] [stdout] test tags::media_segment::byte_range::test::test_deref_mut ... ok
[INFO] [stdout] test tags::media_segment::byte_range::test::test_display ... ok
[INFO] [stdout] test tags::media_playlist::target_duration::test::test_parser ... ok
[INFO] [stdout] test tags::media_segment::byte_range::test::test_required_version ... ok
[INFO] [stdout] test tags::media_segment::date_range::test::test_required_version ... ok
[INFO] [stdout] test tags::media_segment::discontinuity::test::test_display ... ok
[INFO] [stdout] test tags::media_segment::discontinuity::test::test_parser ... ok
[INFO] [stdout] test tags::media_playlist::media_sequence::test::test_required_version ... ok
[INFO] [stdout] test tags::media_segment::discontinuity::test::test_required_version ... ok
[INFO] [stdout] test tags::media_segment::byte_range::test::test_parser ... ok
[INFO] [stdout] test tags::media_segment::inf::test::test_display ... ok
[INFO] [stdout] test tags::media_segment::date_range::test::test_display ... ok
[INFO] [stdout] test tags::media_segment::inf::test::test_required_version ... ok
[INFO] [stdout] test tags::media_segment::inf::test::test_title ... ok
[INFO] [stdout] test tags::media_segment::date_range::test::test_parser ... ok
[INFO] [stdout] test tags::media_segment::key::test::test_display ... ok
[INFO] [stdout] test tags::media_segment::inf::test::test_from ... ok
[INFO] [stdout] test tags::media_segment::inf::test::test_parser ... ok
[INFO] [stdout] test tags::media_segment::key::test::test_parser ... ok
[INFO] [stdout] test tags::media_segment::map::test::test_parser ... ok
[INFO] [stdout] test tags::media_segment::map::test::test_required_version ... ok
[INFO] [stdout] test tags::media_segment::map::test::test_decryptable ... ok
[INFO] [stdout] test tags::media_segment::program_date_time::test::test_display ... ok
[INFO] [stdout] test tags::media_segment::program_date_time::test::test_parser ... ok
[INFO] [stdout] test tags::media_segment::program_date_time::test::test_required_version ... ok
[INFO] [stdout] test tags::shared::independent_segments::test::test_display ... ok
[INFO] [stdout] test tags::media_segment::map::test::test_display ... ok
[INFO] [stdout] test tags::media_segment::key::test::test_required_version ... ok
[INFO] [stdout] test tags::shared::start::test::test_required_version ... ok
[INFO] [stdout] test tags::shared::independent_segments::test::test_parser ... ok
[INFO] [stdout] test traits::tests::test_required_version_trait ... ok
[INFO] [stdout] test tags::shared::independent_segments::test::test_required_version ... ok
[INFO] [stdout] test types::byte_range::tests::test_add ... ok
[INFO] [stdout] test tags::shared::start::test::test_display ... ok
[INFO] [stdout] test tags::shared::start::test::test_parser ... ok
[INFO] [stdout] test types::byte_range::tests::test_add_assign ... ok
[INFO] [stdout] test types::byte_range::tests::test_parser ... ok
[INFO] [stdout] test types::byte_range::tests::test_display ... ok
[INFO] [stdout] test types::byte_range::tests::test_from_ranges ... ok
[INFO] [stdout] test types::byte_range::tests::test_range_bounds ... ok
[INFO] [stdout] test types::byte_range::tests::test_saturating_add ... ok
[INFO] [stdout] test types::byte_range::tests::test_sub_assign ... ok
[INFO] [stdout] test types::byte_range::tests::test_saturating_sub ... ok
[INFO] [stdout] test types::byte_range::tests::test_sub ... ok
[INFO] [stdout] test types::channels::tests::test_parser ... ok
[INFO] [stdout] test types::channels::tests::test_display ... ok
[INFO] [stdout] test types::byte_range::tests::test_try_into ... ok
[INFO] [stdout] test types::closed_captions::tests::test_parser ... ok
[INFO] [stdout] test types::closed_captions::tests::test_display ... ok
[INFO] [stdout] test types::codecs::tests::test_parser ... ok
[INFO] [stdout] test types::codecs::tests::test_from ... ok
[INFO] [stdout] test types::decryption_key::test::test_display ... ok
[INFO] [stdout] test types::decryption_key::test::test_required_version ... ok
[INFO] [stdout] test types::decryption_key::test::test_parser ... ok
[INFO] [stdout] test types::decryption_key::test::test_builder ... ok
[INFO] [stdout] test types::float::tests::test_as_f32 ... ok
[INFO] [stdout] test types::float::tests::test_eq ... ok
[INFO] [stdout] test types::float::tests::test_display ... ok
[INFO] [stdout] test types::encryption_method::tests::test_parser ... ok
[INFO] [stdout] test types::encryption_method::tests::test_display ... ok
[INFO] [stdout] test types::codecs::tests::test_display ... ok
[INFO] [stdout] test types::float::tests::test_from ... ok
[INFO] [stdout] test types::float::tests::test_hash ... ok
[INFO] [stdout] test types::float::tests::test_ord ... ok
[INFO] [stdout] test types::float::tests::test_parser ... ok
[INFO] [stdout] test types::float::tests::test_partial_eq ... ok
[INFO] [stdout] test types::float::tests::test_partial_ord ... ok
[INFO] [stdout] test types::hdcp_level::tests::test_display ... ok
[INFO] [stdout] test types::hdcp_level::tests::test_parser ... ok
[INFO] [stdout] test types::float::tests::test_try_from ... ok
[INFO] [stdout] test types::in_stream_id::tests::test_display ... ok
[INFO] [stdout] test types::in_stream_id::tests::test_parser ... ok
[INFO] [stdout] test types::initialization_vector::tests::test_default ... ok
[INFO] [stdout] test types::initialization_vector::tests::test_display ... ok
[INFO] [stdout] test types::initialization_vector::tests::test_from ... ok
[INFO] [stdout] test types::key_format::tests::test_default ... ok
[INFO] [stdout] test types::key_format::tests::test_display ... ok
[INFO] [stdout] test types::key_format::tests::test_parser ... ok
[INFO] [stdout] test types::initialization_vector::tests::test_parser ... ok
[INFO] [stdout] test types::key_format_versions::tests::test_as_ref ... ok
[INFO] [stdout] test types::key_format::tests::test_required_version ... ok
[INFO] [stdout] test types::key_format_versions::tests::test_default ... ok
[INFO] [stdout] test types::key_format_versions::tests::test_as_mut ... ok
[INFO] [stdout] test types::key_format_versions::tests::test_display ... ok
[INFO] [stdout] test types::key_format_versions::tests::test_extend ... ok
[INFO] [stdout] test types::key_format_versions::tests::test_from_iter ... ok
[INFO] [stdout] test types::key_format_versions::tests::test_hash ... ok
[INFO] [stdout] test types::key_format_versions::tests::test_index ... ok
[INFO] [stdout] test types::key_format_versions::tests::test_into_iter ... ok
[INFO] [stdout] test types::key_format_versions::tests::test_is_default ... ok
[INFO] [stdout] test types::key_format_versions::tests::test_ord ... ok
[INFO] [stdout] test types::key_format_versions::tests::test_partial_eq ... ok
[INFO] [stdout] test types::key_format_versions::tests::test_parser ... ok
[INFO] [stdout] test types::key_format_versions::tests::test_push ... ok
[INFO] [stdout] test types::key_format_versions::tests::test_required_version ... ok
[INFO] [stdout] test types::media_type::tests::test_display ... ok
[INFO] [stdout] test types::playlist_type::test::test_display ... ok
[INFO] [stdout] test types::playlist_type::test::test_parser ... ok
[INFO] [stdout] test types::playlist_type::test::test_required_version ... ok
[INFO] [stdout] test types::media_type::tests::test_parser ... ok
[INFO] [stdout] test types::protocol_version::tests::test_latest ... ok
[INFO] [stdout] test types::protocol_version::tests::test_parser ... ok
[INFO] [stdout] test types::resolution::tests::test_display ... ok
[INFO] [stdout] test types::protocol_version::tests::test_default ... ok
[INFO] [stdout] test types::protocol_version::tests::test_display ... ok
[INFO] [stdout] test types::resolution::tests::test_from ... ok
[INFO] [stdout] test types::resolution::tests::test_height ... ok
[INFO] [stdout] test types::resolution::tests::test_parser ... ok
[INFO] [stdout] test types::resolution::tests::test_width ... ok
[INFO] [stdout] test types::resolution::tests::test_into ... ok
[INFO] [stdout] test types::stream_data::tests::test_display ... ok
[INFO] [stdout] test types::stream_data::tests::test_parser ... ok
[INFO] [stdout] test types::ufloat::tests::test_as_f32 ... ok
[INFO] [stdout] test types::ufloat::tests::test_display ... ok
[INFO] [stdout] test types::ufloat::tests::test_eq ... ok
[INFO] [stdout] test types::ufloat::tests::test_from ... ok
[INFO] [stdout] test types::ufloat::tests::test_hash ... ok
[INFO] [stdout] test types::ufloat::tests::test_ord ... ok
[INFO] [stdout] test types::ufloat::tests::test_parser ... ok
[INFO] [stdout] test types::ufloat::tests::test_partial_eq ... ok
[INFO] [stdout] test types::ufloat::tests::test_partial_ord ... ok
[INFO] [stdout] test types::ufloat::tests::test_try_from ... ok
[INFO] [stdout] test types::value::tests::test_display ... ok
[INFO] [stdout] test types::value::tests::test_from ... ok
[INFO] [stdout] test types::value::tests::test_parser ... ok
[INFO] [stdout] test utils::tests::test_parse_yes_or_no ... ok
[INFO] [stdout] test utils::tests::test_quote ... ok
[INFO] [stdout] test utils::tests::test_tag ... ok
[INFO] [stdout] test utils::tests::test_unquote ... ok
[INFO] [stdout] test types::byte_range::tests::test_from_range_inclusive_panic - should panic ... ok
[INFO] [stdout] test types::byte_range::tests::test_add_assign_panic - should panic ... ok
[INFO] [stdout] test types::byte_range::tests::test_add_panic - should panic ... ok
[INFO] [stdout] test types::byte_range::tests::test_from_range_panic - should panic ... ok
[INFO] [stdout] test types::byte_range::tests::test_sub_assign_panic - should panic ... ok
[INFO] [stdout] test types::byte_range::tests::test_set_start - should panic ... ok
[INFO] [stdout] test types::byte_range::tests::test_sub_panic - should panic ... ok
[INFO] [stdout] test types::float::tests::test_new_neg_infinite - should panic ... ok
[INFO] [stdout] test types::float::tests::test_new_nan - should panic ... ok
[INFO] [stdout] test types::float::tests::test_new_infinite - should panic ... ok
[INFO] [stdout] test types::ufloat::tests::test_new_infinite - should panic ... ok
[INFO] [stdout] test types::ufloat::tests::test_new_nan - should panic ... ok
[INFO] [stdout] test types::ufloat::tests::test_new_neg_infinite - should panic ... ok
[INFO] [stdout] test types::ufloat::tests::test_new_negative_zero - should panic ... FAILED
[INFO] [stdout] test types::ufloat::tests::test_new_negative - should panic ... ok
[INFO] [stdout] 
[INFO] [stdout] failures:
[INFO] [stdout] 
[INFO] [stdout] ---- types::ufloat::tests::test_new_negative_zero stdout ----
[INFO] [stdout] thread 'types::ufloat::tests::test_new_negative_zero' panicked at src/types/ufloat.rs:52:13:
[INFO] [stdout] float must be positive: `-0`
[INFO] [stdout] stack backtrace:
[INFO] [stdout]    0:     0x5611f1195e06 - std::backtrace_rs::backtrace::libunwind::trace::h261606ad26a499c1
[INFO] [stdout]                                at /rustc/0e09125c6c3c2fd70d7de961bcf0e51575235fad/library/std/src/../../backtrace/src/backtrace/libunwind.rs:104:5
[INFO] [stdout]    1:     0x5611f1195e06 - std::backtrace_rs::backtrace::trace_unsynchronized::hd183f0625477fb28
[INFO] [stdout]                                at /rustc/0e09125c6c3c2fd70d7de961bcf0e51575235fad/library/std/src/../../backtrace/src/backtrace/mod.rs:66:5
[INFO] [stdout]    2:     0x5611f1195e06 - std::sys_common::backtrace::_print_fmt::hd7f8fef21b4eda67
[INFO] [stdout]                                at /rustc/0e09125c6c3c2fd70d7de961bcf0e51575235fad/library/std/src/sys_common/backtrace.rs:68:5
[INFO] [stdout]    3:     0x5611f1195e06 - <std::sys_common::backtrace::_print::DisplayBacktrace as core::fmt::Display>::fmt::h623d9b51f2f453f1
[INFO] [stdout]                                at /rustc/0e09125c6c3c2fd70d7de961bcf0e51575235fad/library/std/src/sys_common/backtrace.rs:44:22
[INFO] [stdout]    4:     0x5611f11c0970 - core::fmt::rt::Argument::fmt::h9f417ac76a86f368
[INFO] [stdout]                                at /rustc/0e09125c6c3c2fd70d7de961bcf0e51575235fad/library/core/src/fmt/rt.rs:142:9
[INFO] [stdout]    5:     0x5611f11c0970 - core::fmt::write::hc9b6faf4ac2aeff7
[INFO] [stdout]                                at /rustc/0e09125c6c3c2fd70d7de961bcf0e51575235fad/library/core/src/fmt/mod.rs:1120:17
[INFO] [stdout]    6:     0x5611f119386f - std::io::Write::write_fmt::he04625a3a989fec3
[INFO] [stdout]                                at /rustc/0e09125c6c3c2fd70d7de961bcf0e51575235fad/library/std/src/io/mod.rs:1810:15
[INFO] [stdout]    7:     0x5611f1195be4 - std::sys_common::backtrace::_print::hd5d66399c7df88a2
[INFO] [stdout]                                at /rustc/0e09125c6c3c2fd70d7de961bcf0e51575235fad/library/std/src/sys_common/backtrace.rs:47:5
[INFO] [stdout]    8:     0x5611f1195be4 - std::sys_common::backtrace::print::he81ed2da642d37e5
[INFO] [stdout]                                at /rustc/0e09125c6c3c2fd70d7de961bcf0e51575235fad/library/std/src/sys_common/backtrace.rs:34:9
[INFO] [stdout]    9:     0x5611f1197957 - std::panicking::default_hook::{{closure}}::h85773f4fa117163d
[INFO] [stdout]   10:     0x5611f119763d - std::panicking::default_hook::h6a1694a91d09b278
[INFO] [stdout]                                at /rustc/0e09125c6c3c2fd70d7de961bcf0e51575235fad/library/std/src/panicking.rs:289:9
[INFO] [stdout]   11:     0x5611f1153387 - <alloc::boxed::Box<F,A> as core::ops::function::Fn<Args>>::call::h616ac37fa3cd6c8f
[INFO] [stdout]                                at /rustc/0e09125c6c3c2fd70d7de961bcf0e51575235fad/library/alloc/src/boxed.rs:2029:9
[INFO] [stdout]   12:     0x5611f1153387 - test::test_main::{{closure}}::h00d84697cefdcbb6
[INFO] [stdout]                                at /rustc/0e09125c6c3c2fd70d7de961bcf0e51575235fad/library/test/src/lib.rs:138:21
[INFO] [stdout]   13:     0x5611f1197f76 - <alloc::boxed::Box<F,A> as core::ops::function::Fn<Args>>::call::hcb3fe3b9bb537ba8
[INFO] [stdout]                                at /rustc/0e09125c6c3c2fd70d7de961bcf0e51575235fad/library/alloc/src/boxed.rs:2029:9
[INFO] [stdout]   14:     0x5611f1197f76 - std::panicking::rust_panic_with_hook::h0a7ad96e90f7145b
[INFO] [stdout]                                at /rustc/0e09125c6c3c2fd70d7de961bcf0e51575235fad/library/std/src/panicking.rs:783:13
[INFO] [stdout]   15:     0x5611f1197cc2 - std::panicking::begin_panic_handler::{{closure}}::h7919090525c6485e
[INFO] [stdout]                                at /rustc/0e09125c6c3c2fd70d7de961bcf0e51575235fad/library/std/src/panicking.rs:657:13
[INFO] [stdout]   16:     0x5611f1196306 - std::sys_common::backtrace::__rust_end_short_backtrace::hf3289479464f7dfe
[INFO] [stdout]                                at /rustc/0e09125c6c3c2fd70d7de961bcf0e51575235fad/library/std/src/sys_common/backtrace.rs:171:18
[INFO] [stdout]   17:     0x5611f1197a20 - rust_begin_unwind
[INFO] [stdout]                                at /rustc/0e09125c6c3c2fd70d7de961bcf0e51575235fad/library/std/src/panicking.rs:645:5
[INFO] [stdout]   18:     0x5611f1018cd5 - core::panicking::panic_fmt::hcc9f77c5c132af55
[INFO] [stdout]                                at /rustc/0e09125c6c3c2fd70d7de961bcf0e51575235fad/library/core/src/panicking.rs:72:14
[INFO] [stdout]   19:     0x5611f1115f50 - hls_m3u8::types::ufloat::UFloat::new::hc243fcc011703c23
[INFO] [stdout]                                at /opt/rustwide/workdir/src/types/ufloat.rs:52:13
[INFO] [stdout]   20:     0x5611f1089f0e - hls_m3u8::types::ufloat::tests::test_new_negative_zero::h89e2d0437c9ce175
[INFO] [stdout]                                at /opt/rustwide/workdir/src/types/ufloat.rs:275:43
[INFO] [stdout]   21:     0x5611f1089ee7 - hls_m3u8::types::ufloat::tests::test_new_negative_zero::{{closure}}::h21ddab946fccd739
[INFO] [stdout]                                at /opt/rustwide/workdir/src/types/ufloat.rs:275:32
[INFO] [stdout]   22:     0x5611f1062706 - core::ops::function::FnOnce::call_once::h302c53f5885d5d30
[INFO] [stdout]                                at /rustc/0e09125c6c3c2fd70d7de961bcf0e51575235fad/library/core/src/ops/function.rs:250:5
[INFO] [stdout]   23:     0x5611f1158c5f - core::ops::function::FnOnce::call_once::hd64d26f405258157
[INFO] [stdout]                                at /rustc/0e09125c6c3c2fd70d7de961bcf0e51575235fad/library/core/src/ops/function.rs:250:5
[INFO] [stdout]   24:     0x5611f1158c5f - test::__rust_begin_short_backtrace::he21b0b7a6d731bf9
[INFO] [stdout]                                at /rustc/0e09125c6c3c2fd70d7de961bcf0e51575235fad/library/test/src/lib.rs:627:18
[INFO] [stdout]   25:     0x5611f11579e1 - test::run_test_in_process::{{closure}}::hf5c73986d7bdfde2
[INFO] [stdout]                                at /rustc/0e09125c6c3c2fd70d7de961bcf0e51575235fad/library/test/src/lib.rs:650:60
[INFO] [stdout]   26:     0x5611f11579e1 - <core::panic::unwind_safe::AssertUnwindSafe<F> as core::ops::function::FnOnce<()>>::call_once::h330011ad032aadc0
[INFO] [stdout]                                at /rustc/0e09125c6c3c2fd70d7de961bcf0e51575235fad/library/core/src/panic/unwind_safe.rs:272:9
[INFO] [stdout]   27:     0x5611f11579e1 - std::panicking::try::do_call::he61b0a958b795a41
[INFO] [stdout]                                at /rustc/0e09125c6c3c2fd70d7de961bcf0e51575235fad/library/std/src/panicking.rs:552:40
[INFO] [stdout]   28:     0x5611f11579e1 - std::panicking::try::h7309da130f906eb7
[INFO] [stdout]                                at /rustc/0e09125c6c3c2fd70d7de961bcf0e51575235fad/library/std/src/panicking.rs:516:19
[INFO] [stdout]   29:     0x5611f11579e1 - std::panic::catch_unwind::hc5c3a06fdaf0a92a
[INFO] [stdout]                                at /rustc/0e09125c6c3c2fd70d7de961bcf0e51575235fad/library/std/src/panic.rs:142:14
[INFO] [stdout]   30:     0x5611f11579e1 - test::run_test_in_process::h7e7b7c71c3324e0f
[INFO] [stdout]                                at /rustc/0e09125c6c3c2fd70d7de961bcf0e51575235fad/library/test/src/lib.rs:650:27
[INFO] [stdout]   31:     0x5611f11579e1 - test::run_test::{{closure}}::h1f509f28f5cf20b1
[INFO] [stdout]                                at /rustc/0e09125c6c3c2fd70d7de961bcf0e51575235fad/library/test/src/lib.rs:573:43
[INFO] [stdout]   32:     0x5611f111ed16 - test::run_test::{{closure}}::h1754218abf443f6d
[INFO] [stdout]                                at /rustc/0e09125c6c3c2fd70d7de961bcf0e51575235fad/library/test/src/lib.rs:601:41
[INFO] [stdout]   33:     0x5611f111ed16 - std::sys_common::backtrace::__rust_begin_short_backtrace::h2ee174b9d5954948
[INFO] [stdout]                                at /rustc/0e09125c6c3c2fd70d7de961bcf0e51575235fad/library/std/src/sys_common/backtrace.rs:155:18
[INFO] [stdout]   34:     0x5611f1123d77 - std::thread::Builder::spawn_unchecked_::{{closure}}::{{closure}}::hf60bee9c1a17ef09
[INFO] [stdout]                                at /rustc/0e09125c6c3c2fd70d7de961bcf0e51575235fad/library/std/src/thread/mod.rs:529:17
[INFO] [stdout]   35:     0x5611f1123d77 - <core::panic::unwind_safe::AssertUnwindSafe<F> as core::ops::function::FnOnce<()>>::call_once::h33d0dddec5216160
[INFO] [stdout]                                at /rustc/0e09125c6c3c2fd70d7de961bcf0e51575235fad/library/core/src/panic/unwind_safe.rs:272:9
[INFO] [stdout]   36:     0x5611f1123d77 - std::panicking::try::do_call::h144b3048b546f835
[INFO] [stdout]                                at /rustc/0e09125c6c3c2fd70d7de961bcf0e51575235fad/library/std/src/panicking.rs:552:40
[INFO] [stdout]   37:     0x5611f1123d77 - std::panicking::try::h978244d04646189f
[INFO] [stdout]                                at /rustc/0e09125c6c3c2fd70d7de961bcf0e51575235fad/library/std/src/panicking.rs:516:19
[INFO] [stdout]   38:     0x5611f1123d77 - std::panic::catch_unwind::hdf436369d188fe86
[INFO] [stdout]                                at /rustc/0e09125c6c3c2fd70d7de961bcf0e51575235fad/library/std/src/panic.rs:142:14
[INFO] [stdout]   39:     0x5611f1123d77 - std::thread::Builder::spawn_unchecked_::{{closure}}::h87329cbdd33c79ec
[INFO] [stdout]                                at /rustc/0e09125c6c3c2fd70d7de961bcf0e51575235fad/library/std/src/thread/mod.rs:528:30
[INFO] [stdout]   40:     0x5611f1123d77 - core::ops::function::FnOnce::call_once{{vtable.shim}}::h401abbe67897d450
[INFO] [stdout]                                at /rustc/0e09125c6c3c2fd70d7de961bcf0e51575235fad/library/core/src/ops/function.rs:250:5
[INFO] [stdout]   41:     0x5611f119ca25 - <alloc::boxed::Box<F,A> as core::ops::function::FnOnce<Args>>::call_once::h5d7c8f150ab9c84c
[INFO] [stdout]                                at /rustc/0e09125c6c3c2fd70d7de961bcf0e51575235fad/library/alloc/src/boxed.rs:2015:9
[INFO] [stdout]   42:     0x5611f119ca25 - <alloc::boxed::Box<F,A> as core::ops::function::FnOnce<Args>>::call_once::h570d5b005c242c15
[INFO] [stdout]                                at /rustc/0e09125c6c3c2fd70d7de961bcf0e51575235fad/library/alloc/src/boxed.rs:2015:9
[INFO] [stdout]   43:     0x5611f119ca25 - std::sys::unix::thread::Thread::new::thread_start::h36b0a20c0b2361ad
[INFO] [stdout]                                at /rustc/0e09125c6c3c2fd70d7de961bcf0e51575235fad/library/std/src/sys/unix/thread.rs:108:17
[INFO] [stdout]   44:     0x7f17c1fedac3 - <unknown>
[INFO] [stdout]   45:     0x7f17c207ebf4 - __clone
[INFO] [stdout]   46:                0x0 - <unknown>
[INFO] [stdout] note: panic did not contain expected string
[INFO] [stdout]       panic message: `"float must be positive: `-0`"`,
[INFO] [stdout]  expected substring: `"float must be positive: `0`"`
[INFO] [stdout] 
[INFO] [stdout] failures:
[INFO] [stdout]     types::ufloat::tests::test_new_negative_zero
[INFO] [stdout] 
[INFO] [stdout] test result: FAILED. 188 passed; 1 failed; 0 ignored; 0 measured; 0 filtered out; finished in 0.03s
[INFO] [stdout] 
[INFO] [stderr] error: test failed, to rerun pass `--lib`
[INFO] running `Command { std: "docker" "inspect" "f7f64231a4d31b661184efd2273bc2f99c46317ed700e6dbc67ad935a15c6d08", kill_on_drop: false }`
[INFO] running `Command { std: "docker" "rm" "-f" "f7f64231a4d31b661184efd2273bc2f99c46317ed700e6dbc67ad935a15c6d08", kill_on_drop: false }`
[INFO] [stdout] f7f64231a4d31b661184efd2273bc2f99c46317ed700e6dbc67ad935a15c6d08
