[INFO] fetching crate hlight 0.0.1...
[INFO] testing hlight-0.0.1 against 1.75.0 for beta-1.76-1
[INFO] extracting crate hlight 0.0.1 into /workspace/builds/worker-6-tc1/source
[INFO] validating manifest of crates.io crate hlight 0.0.1 on toolchain 1.75.0
[INFO] running `Command { std: CARGO_HOME="/workspace/cargo-home" RUSTUP_HOME="/workspace/rustup-home" "/workspace/cargo-home/bin/cargo" "+1.75.0" "metadata" "--manifest-path" "Cargo.toml" "--no-deps", kill_on_drop: false }`
[INFO] started tweaking crates.io crate hlight 0.0.1
[INFO] finished tweaking crates.io crate hlight 0.0.1
[INFO] tweaked toml for crates.io crate hlight 0.0.1 written to /workspace/builds/worker-6-tc1/source/Cargo.toml
[INFO] running `Command { std: CARGO_HOME="/workspace/cargo-home" RUSTUP_HOME="/workspace/rustup-home" "/workspace/cargo-home/bin/cargo" "+1.75.0" "generate-lockfile" "--manifest-path" "Cargo.toml", kill_on_drop: false }`
[INFO] [stderr]     Updating crates.io index
[INFO] running `Command { std: CARGO_HOME="/workspace/cargo-home" RUSTUP_HOME="/workspace/rustup-home" "/workspace/cargo-home/bin/cargo" "+1.75.0" "fetch" "--manifest-path" "Cargo.toml", kill_on_drop: false }`
[INFO] [stderr]  Downloading crates ...
[INFO] [stderr]   Downloaded syntect v5.1.0
[INFO] running `Command { std: "docker" "create" "-v" "/var/lib/crater-agent-workspace/builds/worker-6-tc1/target:/opt/rustwide/target:rw,Z" "-v" "/var/lib/crater-agent-workspace/builds/worker-6-tc1/source:/opt/rustwide/workdir:ro,Z" "-v" "/var/lib/crater-agent-workspace/cargo-home:/opt/rustwide/cargo-home:ro,Z" "-v" "/var/lib/crater-agent-workspace/rustup-home:/opt/rustwide/rustup-home:ro,Z" "-e" "SOURCE_DIR=/opt/rustwide/workdir" "-e" "CARGO_TARGET_DIR=/opt/rustwide/target" "-e" "CARGO_HOME=/opt/rustwide/cargo-home" "-e" "RUSTUP_HOME=/opt/rustwide/rustup-home" "-w" "/opt/rustwide/workdir" "-m" "1610612736" "--user" "0:0" "--network" "none" "ghcr.io/rust-lang/crates-build-env/linux@sha256:2788e3201cd34a07e3172128adcd8b3090168a8e3bcc40d7c032b9dda1df7d1c" "/opt/rustwide/cargo-home/bin/cargo" "+1.75.0" "metadata" "--no-deps" "--format-version=1", kill_on_drop: false }`
[INFO] [stdout] a0c851afe7ef53f6f3dec17d4b5a00761f49bb69fc72f7e32e031ae6f306ba29
[INFO] running `Command { std: "docker" "start" "-a" "a0c851afe7ef53f6f3dec17d4b5a00761f49bb69fc72f7e32e031ae6f306ba29", kill_on_drop: false }`
[INFO] running `Command { std: "docker" "inspect" "a0c851afe7ef53f6f3dec17d4b5a00761f49bb69fc72f7e32e031ae6f306ba29", kill_on_drop: false }`
[INFO] running `Command { std: "docker" "rm" "-f" "a0c851afe7ef53f6f3dec17d4b5a00761f49bb69fc72f7e32e031ae6f306ba29", kill_on_drop: false }`
[INFO] [stdout] a0c851afe7ef53f6f3dec17d4b5a00761f49bb69fc72f7e32e031ae6f306ba29
[INFO] running `Command { std: "docker" "create" "-v" "/var/lib/crater-agent-workspace/builds/worker-6-tc1/target:/opt/rustwide/target:rw,Z" "-v" "/var/lib/crater-agent-workspace/builds/worker-6-tc1/source:/opt/rustwide/workdir:ro,Z" "-v" "/var/lib/crater-agent-workspace/cargo-home:/opt/rustwide/cargo-home:ro,Z" "-v" "/var/lib/crater-agent-workspace/rustup-home:/opt/rustwide/rustup-home:ro,Z" "-e" "SOURCE_DIR=/opt/rustwide/workdir" "-e" "CARGO_TARGET_DIR=/opt/rustwide/target" "-e" "CARGO_INCREMENTAL=0" "-e" "RUST_BACKTRACE=full" "-e" "RUSTFLAGS=--cap-lints=warn" "-e" "RUSTDOCFLAGS=--cap-lints=warn" "-e" "CARGO_HOME=/opt/rustwide/cargo-home" "-e" "RUSTUP_HOME=/opt/rustwide/rustup-home" "-w" "/opt/rustwide/workdir" "-m" "1610612736" "--user" "0:0" "--network" "none" "ghcr.io/rust-lang/crates-build-env/linux@sha256:2788e3201cd34a07e3172128adcd8b3090168a8e3bcc40d7c032b9dda1df7d1c" "/opt/rustwide/cargo-home/bin/cargo" "+1.75.0" "build" "--frozen" "--message-format=json", kill_on_drop: false }`
[INFO] [stdout] cfa1a3be4041ce159467d8249cb7a207ab3928782eb999647e5d9d19761ac30b
[INFO] running `Command { std: "docker" "start" "-a" "cfa1a3be4041ce159467d8249cb7a207ab3928782eb999647e5d9d19761ac30b", kill_on_drop: false }`
[INFO] [stderr]    Compiling regex-syntax v0.8.2
[INFO] [stderr]    Compiling bit-vec v0.6.3
[INFO] [stderr]    Compiling regex-syntax v0.7.5
[INFO] [stderr]    Compiling syn v2.0.48
[INFO] [stderr]    Compiling proc-macro-error v1.0.4
[INFO] [stderr]    Compiling bit-set v0.5.3
[INFO] [stderr]    Compiling getset v0.1.2
[INFO] [stderr]    Compiling regex-automata v0.4.3
[INFO] [stderr]    Compiling serde_derive v1.0.194
[INFO] [stderr]    Compiling thiserror-impl v1.0.56
[INFO] [stderr]    Compiling thiserror v1.0.56
[INFO] [stderr]    Compiling regex v1.10.2
[INFO] [stderr]    Compiling fancy-regex v0.11.0
[INFO] [stderr]    Compiling serde v1.0.194
[INFO] [stderr]    Compiling serde_json v1.0.111
[INFO] [stderr]    Compiling bincode v1.3.3
[INFO] [stderr]    Compiling syntect v5.1.0
[INFO] [stderr]    Compiling hlight v0.0.1 (/opt/rustwide/workdir)
[INFO] [stdout] warning: unused import: `dumps`
[INFO] [stdout]  --> src/resource.rs:4:19
[INFO] [stdout]   |
[INFO] [stdout] 4 | pub use syntect::{dumps, highlighting::ThemeSet};
[INFO] [stdout]   |                   ^^^^^
[INFO] [stdout]   |
[INFO] [stdout]   = note: `#[warn(unused_imports)]` on by default
[INFO] [stdout] 
[INFO] [stdout] 
[INFO] [stdout] warning: 1 warning emitted
[INFO] [stdout] 
[INFO] [stdout] 
[INFO] [stderr]     Finished dev [unoptimized + debuginfo] target(s) in 8.91s
[INFO] running `Command { std: "docker" "inspect" "cfa1a3be4041ce159467d8249cb7a207ab3928782eb999647e5d9d19761ac30b", kill_on_drop: false }`
[INFO] running `Command { std: "docker" "rm" "-f" "cfa1a3be4041ce159467d8249cb7a207ab3928782eb999647e5d9d19761ac30b", kill_on_drop: false }`
[INFO] [stdout] cfa1a3be4041ce159467d8249cb7a207ab3928782eb999647e5d9d19761ac30b
[INFO] running `Command { std: "docker" "create" "-v" "/var/lib/crater-agent-workspace/builds/worker-6-tc1/target:/opt/rustwide/target:rw,Z" "-v" "/var/lib/crater-agent-workspace/builds/worker-6-tc1/source:/opt/rustwide/workdir:ro,Z" "-v" "/var/lib/crater-agent-workspace/cargo-home:/opt/rustwide/cargo-home:ro,Z" "-v" "/var/lib/crater-agent-workspace/rustup-home:/opt/rustwide/rustup-home:ro,Z" "-e" "SOURCE_DIR=/opt/rustwide/workdir" "-e" "CARGO_TARGET_DIR=/opt/rustwide/target" "-e" "CARGO_INCREMENTAL=0" "-e" "RUST_BACKTRACE=full" "-e" "RUSTFLAGS=--cap-lints=warn" "-e" "RUSTDOCFLAGS=--cap-lints=warn" "-e" "CARGO_HOME=/opt/rustwide/cargo-home" "-e" "RUSTUP_HOME=/opt/rustwide/rustup-home" "-w" "/opt/rustwide/workdir" "-m" "1610612736" "--user" "0:0" "--network" "none" "ghcr.io/rust-lang/crates-build-env/linux@sha256:2788e3201cd34a07e3172128adcd8b3090168a8e3bcc40d7c032b9dda1df7d1c" "/opt/rustwide/cargo-home/bin/cargo" "+1.75.0" "test" "--frozen" "--no-run" "--message-format=json", kill_on_drop: false }`
[INFO] [stdout] e49da5e0950e361f23e76c8ecb21bbd0b36141f31378f5a7ee239593772e5410
[INFO] running `Command { std: "docker" "start" "-a" "e49da5e0950e361f23e76c8ecb21bbd0b36141f31378f5a7ee239593772e5410", kill_on_drop: false }`
[INFO] [stderr]    Compiling hlight v0.0.1 (/opt/rustwide/workdir)
[INFO] [stdout] warning: unused import: `dumps`
[INFO] [stdout]  --> src/resource.rs:4:19
[INFO] [stdout]   |
[INFO] [stdout] 4 | pub use syntect::{dumps, highlighting::ThemeSet};
[INFO] [stdout]   |                   ^^^^^
[INFO] [stdout]   |
[INFO] [stdout]   = note: `#[warn(unused_imports)]` on by default
[INFO] [stdout] 
[INFO] [stdout] 
[INFO] [stdout] warning: 1 warning emitted
[INFO] [stdout] 
[INFO] [stdout] 
[INFO] [stdout] warning: unused import: `dumps`
[INFO] [stdout]  --> src/resource.rs:4:19
[INFO] [stdout]   |
[INFO] [stdout] 4 | pub use syntect::{dumps, highlighting::ThemeSet};
[INFO] [stdout]   |                   ^^^^^
[INFO] [stdout]   |
[INFO] [stdout]   = note: `#[warn(unused_imports)]` on by default
[INFO] [stdout] 
[INFO] [stdout] 
[INFO] [stdout] warning: 1 warning emitted
[INFO] [stdout] 
[INFO] [stdout] 
[INFO] [stderr]     Finished test [unoptimized + debuginfo] target(s) in 1.49s
[INFO] running `Command { std: "docker" "inspect" "e49da5e0950e361f23e76c8ecb21bbd0b36141f31378f5a7ee239593772e5410", kill_on_drop: false }`
[INFO] running `Command { std: "docker" "rm" "-f" "e49da5e0950e361f23e76c8ecb21bbd0b36141f31378f5a7ee239593772e5410", kill_on_drop: false }`
[INFO] [stdout] e49da5e0950e361f23e76c8ecb21bbd0b36141f31378f5a7ee239593772e5410
[INFO] running `Command { std: "docker" "create" "-v" "/var/lib/crater-agent-workspace/builds/worker-6-tc1/target:/opt/rustwide/target:rw,Z" "-v" "/var/lib/crater-agent-workspace/builds/worker-6-tc1/source:/opt/rustwide/workdir:ro,Z" "-v" "/var/lib/crater-agent-workspace/cargo-home:/opt/rustwide/cargo-home:ro,Z" "-v" "/var/lib/crater-agent-workspace/rustup-home:/opt/rustwide/rustup-home:ro,Z" "-e" "SOURCE_DIR=/opt/rustwide/workdir" "-e" "CARGO_TARGET_DIR=/opt/rustwide/target" "-e" "CARGO_INCREMENTAL=0" "-e" "RUST_BACKTRACE=full" "-e" "RUSTFLAGS=--cap-lints=warn" "-e" "RUSTDOCFLAGS=--cap-lints=warn" "-e" "CARGO_HOME=/opt/rustwide/cargo-home" "-e" "RUSTUP_HOME=/opt/rustwide/rustup-home" "-w" "/opt/rustwide/workdir" "-m" "1610612736" "--user" "0:0" "--network" "none" "ghcr.io/rust-lang/crates-build-env/linux@sha256:2788e3201cd34a07e3172128adcd8b3090168a8e3bcc40d7c032b9dda1df7d1c" "/opt/rustwide/cargo-home/bin/cargo" "+1.75.0" "test" "--frozen", kill_on_drop: false }`
[INFO] [stdout] f6cfb6160b3d5e3213bcff6ddab0ec51fdbc1ce647c11705f9426f9b2a02f8a2
[INFO] running `Command { std: "docker" "start" "-a" "f6cfb6160b3d5e3213bcff6ddab0ec51fdbc1ce647c11705f9426f9b2a02f8a2", kill_on_drop: false }`
[INFO] [stderr] warning: unused import: `dumps`
[INFO] [stderr]  --> src/resource.rs:4:19
[INFO] [stderr]   |
[INFO] [stderr] 4 | pub use syntect::{dumps, highlighting::ThemeSet};
[INFO] [stderr]   |                   ^^^^^
[INFO] [stderr]   |
[INFO] [stderr]   = note: `#[warn(unused_imports)]` on by default
[INFO] [stderr] 
[INFO] [stderr] warning: `hlight` (lib) generated 1 warning (run `cargo fix --lib -p hlight` to apply 1 suggestion)
[INFO] [stderr] warning: `hlight` (lib test) generated 1 warning (1 duplicate)
[INFO] [stderr]     Finished test [unoptimized + debuginfo] target(s) in 0.03s
[INFO] [stderr]      Running unittests src/lib.rs (/opt/rustwide/target/debug/deps/hlight-a2b12e79d7c24b34)
[INFO] [stdout] 
[INFO] [stdout] running 6 tests
[INFO] [stdout] test syntax::tests::static_set ... ok
[INFO] [stdout] test theme::tests::get_theme_set ... ok
[INFO] [stdout] [48;2;34;34;34m[38;2;248;248;242m
[INFO] [stdout] [48;2;34;34;34m[38;2;248;248;242m    [48;2;34;34;34m[38;2;248;248;242m[[48;2;34;34;34m[38;2;166;226;46mmain[48;2;34;34;34m[38;2;248;248;242m][48;2;34;34;34m[38;2;248;248;242m
[INFO] [stdout] [48;2;34;34;34m[38;2;248;248;242m    [48;2;34;34;34m[38;2;249;38;114menabled[48;2;34;34;34m[38;2;248;248;242m [48;2;34;34;34m[38;2;248;248;242m=[48;2;34;34;34m[38;2;248;248;242m [48;2;34;34;34m[38;2;190;132;255mfalse[48;2;34;34;34m[38;2;248;248;242m
[INFO] [stdout] [48;2;34;34;34m[38;2;248;248;242m    [48;2;34;34;34m[38;2;230;219;116m"[48;2;34;34;34m[38;2;230;219;116m😎[48;2;34;34;34m[38;2;230;219;116m"[48;2;34;34;34m[38;2;248;248;242m [48;2;34;34;34m[38;2;248;248;242m=[48;2;34;34;34m[38;2;248;248;242m [48;2;34;34;34m[38;2;230;219;116m"[48;2;34;34;34m[38;2;230;219;116m🍥[48;2;34;34;34m[38;2;230;219;116m"[48;2;34;34;34m[38;2;248;248;242m
[INFO] [stdout] [48;2;34;34;34m[38;2;248;248;242m    [48;2;34;34;34m[38;2;249;38;114mfloat[48;2;34;34;34m[38;2;248;248;242m [48;2;34;34;34m[38;2;248;248;242m=[48;2;34;34;34m[38;2;248;248;242m [48;2;34;34;34m[38;2;190;132;255mnan[48;2;34;34;34m[38;2;248;248;242m
[INFO] [stdout] [48;2;34;34;34m[38;2;248;248;242m    [0mtest output::tests::write_to_file ... ok
[INFO] [stdout] test output::tests::print_highlighted_text ... ok
[INFO] [stdout] [48;2;34;34;34m[38;2;248;248;242m
[INFO] [stdout] [48;2;34;34;34m[38;2;248;248;242m        [48;2;34;34;34m[38;2;117;113;94m#[48;2;34;34;34m[38;2;117;113;94mcompdef tomlyre
[INFO] [stdout] [48;2;34;34;34m[38;2;248;248;242m
[INFO] [stdout] [48;2;34;34;34m[38;2;248;248;242m        autoload [48;2;34;34;34m[38;2;249;38;114m-[48;2;34;34;34m[38;2;248;248;242mU is[48;2;34;34;34m[38;2;249;38;114m-[48;2;34;34;34m[38;2;248;248;242mat[48;2;34;34;34m[38;2;249;38;114m-[48;2;34;34;34m[38;2;248;248;242mleast
[INFO] [stdout] [48;2;34;34;34m[38;2;248;248;242m        
[INFO] [stdout] [48;2;34;34;34m[38;2;248;248;242m        _tomlyre[48;2;34;34;34m[38;2;248;248;242m([48;2;34;34;34m[38;2;248;248;242m)[48;2;34;34;34m[38;2;248;248;242m [48;2;34;34;34m[38;2;248;248;242m{[48;2;34;34;34m[38;2;248;248;242m
[INFO] [stdout] [48;2;34;34;34m[38;2;248;248;242m            typeset [48;2;34;34;34m[38;2;249;38;114m-[48;2;34;34;34m[38;2;248;248;242mA opt_args
[INFO] [stdout] [48;2;34;34;34m[38;2;248;248;242m            typeset [48;2;34;34;34m[38;2;249;38;114m-[48;2;34;34;34m[38;2;248;248;242ma _arguments_options
[INFO] [stdout] [48;2;34;34;34m[38;2;248;248;242m            local ret[48;2;34;34;34m[38;2;249;38;114m=[48;2;34;34;34m[38;2;190;132;255m1[48;2;34;34;34m[38;2;248;248;242m
[INFO] [stdout] [48;2;34;34;34m[38;2;248;248;242m        
[INFO] [stdout] [48;2;34;34;34m[38;2;248;248;242m            [48;2;34;34;34m[38;2;249;38;114mif[48;2;34;34;34m[38;2;248;248;242m is[48;2;34;34;34m[38;2;249;38;114m-[48;2;34;34;34m[38;2;248;248;242mat[48;2;34;34;34m[38;2;249;38;114m-[48;2;34;34;34m[38;2;248;248;242mleast [48;2;34;34;34m[38;2;190;132;255m5.2[48;2;34;34;34m[38;2;248;248;242m;[48;2;34;34;34m[38;2;248;248;242m then
[INFO] [stdout] [48;2;34;34;34m[38;2;248;248;242m                _arguments_options[48;2;34;34;34m[38;2;249;38;114m=[48;2;34;34;34m[38;2;248;248;242m([48;2;34;34;34m[38;2;249;38;114m-[48;2;34;34;34m[38;2;248;248;242ms [48;2;34;34;34m[38;2;249;38;114m-[48;2;34;34;34m[38;2;248;248;242mS [48;2;34;34;34m[38;2;249;38;114m-[48;2;34;34;34m[38;2;248;248;242mC[48;2;34;34;34m[38;2;248;248;242m)[48;2;34;34;34m[38;2;248;248;242m
[INFO] [stdout] [48;2;34;34;34m[38;2;248;248;242m            [48;2;34;34;34m[38;2;249;38;114melse[48;2;34;34;34m[38;2;248;248;242m
[INFO] [stdout] [48;2;34;34;34m[38;2;248;248;242m                _arguments_options[48;2;34;34;34m[38;2;249;38;114m=[48;2;34;34;34m[38;2;248;248;242m([48;2;34;34;34m[38;2;249;38;114m-[48;2;34;34;34m[38;2;248;248;242ms [48;2;34;34;34m[38;2;249;38;114m-[48;2;34;34;34m[38;2;248;248;242mC[48;2;34;34;34m[38;2;248;248;242m)[48;2;34;34;34m[38;2;248;248;242m
[INFO] [stdout] [48;2;34;34;34m[38;2;248;248;242m            fi
[INFO] [stdout] [48;2;34;34;34m[38;2;248;248;242m        
[INFO] [stdout] [48;2;34;34;34m[38;2;248;248;242m            local context curcontext[48;2;34;34;34m[38;2;249;38;114m=[48;2;34;34;34m[38;2;230;219;116m"[48;2;34;34;34m[38;2;255;255;255m$[48;2;34;34;34m[38;2;255;255;255mcurcontext[48;2;34;34;34m[38;2;230;219;116m"[48;2;34;34;34m[38;2;248;248;242m state line
[INFO] [stdout] [48;2;34;34;34m[38;2;248;248;242m            _arguments [48;2;34;34;34m[38;2;230;219;116m"[48;2;34;34;34m[38;2;255;255;255m$[48;2;34;34;34m[38;2;255;255;255m{[48;2;34;34;34m[38;2;255;255;255m_arguments_options[@][48;2;34;34;34m[38;2;255;255;255m}[48;2;34;34;34m[38;2;230;219;116m"[48;2;34;34;34m[38;2;248;248;242m \
[INFO] [stdout] [48;2;34;34;34m[38;2;248;248;242m        [0mtest output::tests::zsh_high_light ... ok
[INFO] [stdout] [38;2;248;248;242m
[INFO] [stdout] [38;2;248;248;242m        [38;2;249;38;114musing[38;2;248;248;242m [38;2;249;38;114mnamespace[38;2;248;248;242m [38;2;253;151;31mSystem[38;2;248;248;242m
[INFO] [stdout] [38;2;248;248;242m
[INFO] [stdout] [38;2;248;248;242m        [38;2;255;255;255m$[38;2;255;255;255mdir[38;2;248;248;242m [38;2;249;38;114m=[38;2;248;248;242m [38;2;248;248;242m[[38;2;102;217;239mIO.Path[38;2;248;248;242m][38;2;248;248;242m::GetDirectoryName[38;2;248;248;242m([38;2;255;255;255m$[38;2;248;248;242mprofile[38;2;248;248;242m)[38;2;248;248;242m
[INFO] [stdout] [38;2;248;248;242m        
[INFO] [stdout] [38;2;248;248;242m        [38;2;249;38;114mif[38;2;248;248;242m [38;2;248;248;242m([38;2;249;38;114m![38;2;248;248;242m [38;2;248;248;242m[[38;2;102;217;239mIO.Directory[38;2;248;248;242m][38;2;248;248;242m::Exists[38;2;248;248;242m([38;2;255;255;255m$[38;2;255;255;255mdir[38;2;248;248;242m)[38;2;248;248;242m)[38;2;248;248;242m [38;2;248;248;242m{[38;2;248;248;242m
[INFO] [stdout] [38;2;248;248;242m            [38;2;248;248;242m[[38;2;102;217;239mConsole[38;2;248;248;242m][38;2;248;248;242m::Write[38;2;248;248;242m([38;2;230;219;116m"[38;2;230;219;116mCreating Directory: [38;2;230;219;116m"[38;2;248;248;242m)[38;2;248;248;242m
[INFO] [stdout] [38;2;248;248;242m            [38;2;102;217;239mWrite-Host[38;2;248;248;242m [38;2;230;219;116m"[38;2;255;255;255m$[38;2;255;255;255mdir[38;2;230;219;116m"[38;2;248;248;242m [38;2;249;38;114m-[38;2;248;248;242mForegroundColor Cyan
[INFO] [stdout] [38;2;248;248;242m            [38;2;248;248;242m[[38;2;102;217;239mIO.Directory[38;2;248;248;242m][38;2;248;248;242m::CreateDirectory[38;2;248;248;242m([38;2;255;255;255m$[38;2;255;255;255mdir[38;2;248;248;242m)[38;2;248;248;242m [38;2;249;38;114m|[38;2;248;248;242m [38;2;102;217;239mOut-Null[38;2;248;248;242m
[INFO] [stdout] [38;2;248;248;242m        [38;2;248;248;242m}[38;2;248;248;242m
[INFO] [stdout] [38;2;248;248;242m        [38;2;255;255;255m$[38;2;255;255;255mfile[38;2;248;248;242m [38;2;249;38;114m=[38;2;248;248;242m [38;2;102;217;239mJoin-Path[38;2;248;248;242m [38;2;255;255;255m$[38;2;255;255;255mdir[38;2;248;248;242m [38;2;230;219;116m"[38;2;230;219;116m_tomlyre.ps1[38;2;230;219;116m"[38;2;248;248;242m
[INFO] [stdout] [38;2;248;248;242m        
[INFO] [stdout] [38;2;248;248;242m        [38;2;248;248;242m[[38;2;102;217;239mConsole[38;2;248;248;242m][38;2;248;248;242m::OutputEncoding [38;2;249;38;114m=[38;2;248;248;242m [38;2;248;248;242m[[38;2;102;217;239mText.Encoding[38;2;248;248;242m][38;2;248;248;242m::UTF8
[INFO] [stdout] [38;2;248;248;242m        [38;2;117;113;94m#[38;2;117;113;94m tomlyre --sh-comp pwsh | Out-File -FilePath $file -Encoding utf8
[INFO] [stdout] [38;2;248;248;242m        tomlyre [38;2;249;38;114m-[38;2;249;38;114m-[38;2;248;248;242msh[38;2;249;38;114m-[38;2;248;248;242mcomp pwsh [38;2;249;38;114m>[38;2;248;248;242m [38;2;255;255;255m$[38;2;255;255;255mfile[38;2;248;248;242m
[INFO] [stdout] [38;2;248;248;242m        
[INFO] [stdout] [38;2;248;248;242m        [38;2;249;38;114m.[38;2;248;248;242m [38;2;255;255;255m$[38;2;255;255;255mfile[38;2;248;248;242m
[INFO] [stdout] [38;2;248;248;242m        [38;2;117;113;94m#[38;2;117;113;94m [IO.File]::AppendAllText($profile, "`nInvoke-Expression '$file'`n")
[INFO] [stdout] [38;2;248;248;242m        [38;2;230;219;116m"[38;2;190;132;255m`n[38;2;230;219;116mInvoke-Expression '[38;2;255;255;255m$[38;2;255;255;255mfile[38;2;230;219;116m'[38;2;230;219;116m"[38;2;248;248;242m [38;2;249;38;114m>>[38;2;248;248;242m [38;2;255;255;255m$[38;2;248;248;242mprofile[38;2;248;248;242m
[INFO] [stderr]    Doc-tests hlight
[INFO] [stdout] [38;2;248;248;242m        [0mtest output::tests::get_pwsh ... ok
[INFO] [stdout] 
[INFO] [stdout] test result: ok. 6 passed; 0 failed; 0 ignored; 0 measured; 0 filtered out; finished in 0.43s
[INFO] [stdout] 
[INFO] [stdout] 
[INFO] [stdout] running 12 tests
[INFO] [stdout] test src/syntax.rs - syntax::load_syntax_set (line 23) - compile ... FAILED
[INFO] [stdout] test src/output.rs - output::gen_syntax_highlight (line 13) - compile ... ok
[INFO] [stdout] test src/theme.rs - theme::load_theme_set (line 25) - compile ... FAILED
[INFO] [stdout] test src/lib.rs - (line 66) ... FAILED
[INFO] [stdout] test src/lib.rs - (line 48) - compile ... FAILED
[INFO] [stdout] test src/resource.rs - resource::HighLightRes<'name>::new (line 24) - compile ... ok
[INFO] [stdout] test src/syntax.rs - syntax::HighLightRes<'name>::static_syntax_set (line 51) ... ok
[INFO] [stdout] test src/theme.rs - theme::HighLightRes<'name>::static_theme_set (line 62) ... ok
[INFO] [stdout] test src/syntax.rs - syntax::find_syntax_name (line 127) ... ok
[INFO] [stdout] test src/syntax.rs - syntax::match_static_syntax (line 78) ... ok
[INFO] [stdout] test src/resource.rs - resource::HighLightRes<'name>::with_background (line 50) ... ok
[INFO] [stdout] test src/lib.rs - (line 18) ... ok
[INFO] [stdout] 
[INFO] [stdout] failures:
[INFO] [stdout] 
[INFO] [stdout] ---- src/syntax.rs - syntax::load_syntax_set (line 23) stdout ----
[INFO] [stdout] error: couldn't read /opt/rustwide/workdir/assets/syntax-set.packdump: No such file or directory (os error 2)
[INFO] [stdout]   --> src/syntax.rs:27:25
[INFO] [stdout]    |
[INFO] [stdout] 7  |   const SYNTAXES: &[u8] = include_bytes!(concat!(
[INFO] [stdout]    |  _________________________^
[INFO] [stdout] 8  | |     env!("CARGO_MANIFEST_DIR"),
[INFO] [stdout] 9  | |     "/assets/syntax-set.packdump"
[INFO] [stdout] 10 | | ));
[INFO] [stdout]    | |__^
[INFO] [stdout]    |
[INFO] [stdout]    = note: this error originates in the macro `include_bytes` (in Nightly builds, run with -Z macro-backtrace for more info)
[INFO] [stdout] 
[INFO] [stdout] error: aborting due to previous error
[INFO] [stdout] 
[INFO] [stdout] Couldn't compile the test.
[INFO] [stdout] ---- src/theme.rs - theme::load_theme_set (line 25) stdout ----
[INFO] [stdout] error: couldn't read /opt/rustwide/workdir/assets/theme-set.packdump: No such file or directory (os error 2)
[INFO] [stdout]   --> src/theme.rs:29:23
[INFO] [stdout]    |
[INFO] [stdout] 7  |   const THEMES: &[u8] = include_bytes!(concat!(
[INFO] [stdout]    |  _______________________^
[INFO] [stdout] 8  | |     env!("CARGO_MANIFEST_DIR"),
[INFO] [stdout] 9  | |     "/assets/theme-set.packdump"
[INFO] [stdout] 10 | | ));
[INFO] [stdout]    | |__^
[INFO] [stdout]    |
[INFO] [stdout]    = note: this error originates in the macro `include_bytes` (in Nightly builds, run with -Z macro-backtrace for more info)
[INFO] [stdout] 
[INFO] [stdout] error: aborting due to previous error
[INFO] [stdout] 
[INFO] [stdout] Couldn't compile the test.
[INFO] [stdout] ---- src/lib.rs - (line 66) stdout ----
[INFO] [stdout] error[E0425]: cannot find function `gen_syntax_highlight` in this scope
[INFO] [stdout]  --> src/lib.rs:71:1
[INFO] [stdout]   |
[INFO] [stdout] 8 | gen_syntax_highlight("toml", s, Some(&res), Some(&mut file))
[INFO] [stdout]   | ^^^^^^^^^^^^^^^^^^^^ not found in this scope
[INFO] [stdout]   |
[INFO] [stdout] help: consider importing this function
[INFO] [stdout]   |
[INFO] [stdout] 2 + use hlight::gen_syntax_highlight;
[INFO] [stdout]   |
[INFO] [stdout] 
[INFO] [stdout] error[E0425]: cannot find value `s` in this scope
[INFO] [stdout]  --> src/lib.rs:71:30
[INFO] [stdout]   |
[INFO] [stdout] 8 | gen_syntax_highlight("toml", s, Some(&res), Some(&mut file))
[INFO] [stdout]   |                              ^ not found in this scope
[INFO] [stdout] 
[INFO] [stdout] error[E0425]: cannot find value `res` in this scope
[INFO] [stdout]  --> src/lib.rs:71:39
[INFO] [stdout]   |
[INFO] [stdout] 8 | gen_syntax_highlight("toml", s, Some(&res), Some(&mut file))
[INFO] [stdout]   |                                       ^^^ not found in this scope
[INFO] [stdout] 
[INFO] [stdout] error: aborting due to 3 previous errors
[INFO] [stdout] 
[INFO] [stdout] For more information about this error, try `rustc --explain E0425`.
[INFO] [stdout] Couldn't compile the test.
[INFO] [stdout] ---- src/lib.rs - (line 48) stdout ----
[INFO] [stdout] error[E0425]: cannot find value `res` in this scope
[INFO] [stdout]  --> src/lib.rs:51:2
[INFO] [stdout]   |
[INFO] [stdout] 6 | *res.get_name_mut() = Cow::from("OneHalfLight");
[INFO] [stdout]   |  ^^^ not found in this scope
[INFO] [stdout] 
[INFO] [stdout] error[E0425]: cannot find function `gen_syntax_highlight` in this scope
[INFO] [stdout]  --> src/lib.rs:53:1
[INFO] [stdout]   |
[INFO] [stdout] 8 | gen_syntax_highlight("toml", s, Some(&res), None)?;
[INFO] [stdout]   | ^^^^^^^^^^^^^^^^^^^^ not found in this scope
[INFO] [stdout]   |
[INFO] [stdout] help: consider importing this function
[INFO] [stdout]   |
[INFO] [stdout] 2 + use hlight::gen_syntax_highlight;
[INFO] [stdout]   |
[INFO] [stdout] 
[INFO] [stdout] error[E0425]: cannot find value `s` in this scope
[INFO] [stdout]  --> src/lib.rs:53:30
[INFO] [stdout]   |
[INFO] [stdout] 8 | gen_syntax_highlight("toml", s, Some(&res), None)?;
[INFO] [stdout]   |                              ^ not found in this scope
[INFO] [stdout] 
[INFO] [stdout] error[E0425]: cannot find value `res` in this scope
[INFO] [stdout]  --> src/lib.rs:53:39
[INFO] [stdout]   |
[INFO] [stdout] 8 | gen_syntax_highlight("toml", s, Some(&res), None)?;
[INFO] [stdout]   |                                       ^^^ not found in this scope
[INFO] [stdout] 
[INFO] [stdout] error: aborting due to 4 previous errors
[INFO] [stdout] 
[INFO] [stdout] For more information about this error, try `rustc --explain E0425`.
[INFO] [stdout] Couldn't compile the test.
[INFO] [stdout] 
[INFO] [stdout] failures:
[INFO] [stdout]     src/lib.rs - (line 48)
[INFO] [stdout]     src/lib.rs - (line 66)
[INFO] [stdout]     src/syntax.rs - syntax::load_syntax_set (line 23)
[INFO] [stdout]     src/theme.rs - theme::load_theme_set (line 25)
[INFO] [stdout] 
[INFO] [stdout] test result: FAILED. 8 passed; 4 failed; 0 ignored; 0 measured; 0 filtered out; finished in 2.69s
[INFO] [stdout] 
[INFO] [stderr] error: doctest failed, to rerun pass `--doc`
[INFO] running `Command { std: "docker" "inspect" "f6cfb6160b3d5e3213bcff6ddab0ec51fdbc1ce647c11705f9426f9b2a02f8a2", kill_on_drop: false }`
[INFO] running `Command { std: "docker" "rm" "-f" "f6cfb6160b3d5e3213bcff6ddab0ec51fdbc1ce647c11705f9426f9b2a02f8a2", kill_on_drop: false }`
[INFO] [stdout] f6cfb6160b3d5e3213bcff6ddab0ec51fdbc1ce647c11705f9426f9b2a02f8a2
[INFO] testing hlight-0.0.1 against beta-2023-12-22 for beta-1.76-1
[INFO] extracting crate hlight 0.0.1 into /workspace/builds/worker-6-tc2/source
[INFO] validating manifest of crates.io crate hlight 0.0.1 on toolchain beta-2023-12-22
[INFO] running `Command { std: CARGO_HOME="/workspace/cargo-home" RUSTUP_HOME="/workspace/rustup-home" "/workspace/cargo-home/bin/cargo" "+beta-2023-12-22" "metadata" "--manifest-path" "Cargo.toml" "--no-deps", kill_on_drop: false }`
[INFO] started tweaking crates.io crate hlight 0.0.1
[INFO] finished tweaking crates.io crate hlight 0.0.1
[INFO] tweaked toml for crates.io crate hlight 0.0.1 written to /workspace/builds/worker-6-tc2/source/Cargo.toml
[INFO] running `Command { std: CARGO_HOME="/workspace/cargo-home" RUSTUP_HOME="/workspace/rustup-home" "/workspace/cargo-home/bin/cargo" "+beta-2023-12-22" "generate-lockfile" "--manifest-path" "Cargo.toml", kill_on_drop: false }`
[INFO] [stderr]     Updating crates.io index
[INFO] running `Command { std: CARGO_HOME="/workspace/cargo-home" RUSTUP_HOME="/workspace/rustup-home" "/workspace/cargo-home/bin/cargo" "+beta-2023-12-22" "fetch" "--manifest-path" "Cargo.toml", kill_on_drop: false }`
[INFO] running `Command { std: "docker" "create" "-v" "/var/lib/crater-agent-workspace/builds/worker-6-tc2/target:/opt/rustwide/target:rw,Z" "-v" "/var/lib/crater-agent-workspace/builds/worker-6-tc2/source:/opt/rustwide/workdir:ro,Z" "-v" "/var/lib/crater-agent-workspace/cargo-home:/opt/rustwide/cargo-home:ro,Z" "-v" "/var/lib/crater-agent-workspace/rustup-home:/opt/rustwide/rustup-home:ro,Z" "-e" "SOURCE_DIR=/opt/rustwide/workdir" "-e" "CARGO_TARGET_DIR=/opt/rustwide/target" "-e" "CARGO_HOME=/opt/rustwide/cargo-home" "-e" "RUSTUP_HOME=/opt/rustwide/rustup-home" "-w" "/opt/rustwide/workdir" "-m" "1610612736" "--user" "0:0" "--network" "none" "ghcr.io/rust-lang/crates-build-env/linux@sha256:2788e3201cd34a07e3172128adcd8b3090168a8e3bcc40d7c032b9dda1df7d1c" "/opt/rustwide/cargo-home/bin/cargo" "+beta-2023-12-22" "metadata" "--no-deps" "--format-version=1", kill_on_drop: false }`
[INFO] [stdout] 9b0e2206aeadb0b4c6b796b20477d3b0fc706038f98caeb883dd1604e9c273cf
[INFO] running `Command { std: "docker" "start" "-a" "9b0e2206aeadb0b4c6b796b20477d3b0fc706038f98caeb883dd1604e9c273cf", kill_on_drop: false }`
[INFO] running `Command { std: "docker" "inspect" "9b0e2206aeadb0b4c6b796b20477d3b0fc706038f98caeb883dd1604e9c273cf", kill_on_drop: false }`
[INFO] running `Command { std: "docker" "rm" "-f" "9b0e2206aeadb0b4c6b796b20477d3b0fc706038f98caeb883dd1604e9c273cf", kill_on_drop: false }`
[INFO] [stdout] 9b0e2206aeadb0b4c6b796b20477d3b0fc706038f98caeb883dd1604e9c273cf
[INFO] running `Command { std: "docker" "create" "-v" "/var/lib/crater-agent-workspace/builds/worker-6-tc2/target:/opt/rustwide/target:rw,Z" "-v" "/var/lib/crater-agent-workspace/builds/worker-6-tc2/source:/opt/rustwide/workdir:ro,Z" "-v" "/var/lib/crater-agent-workspace/cargo-home:/opt/rustwide/cargo-home:ro,Z" "-v" "/var/lib/crater-agent-workspace/rustup-home:/opt/rustwide/rustup-home:ro,Z" "-e" "SOURCE_DIR=/opt/rustwide/workdir" "-e" "CARGO_TARGET_DIR=/opt/rustwide/target" "-e" "CARGO_INCREMENTAL=0" "-e" "RUST_BACKTRACE=full" "-e" "RUSTFLAGS=--cap-lints=warn" "-e" "RUSTDOCFLAGS=--cap-lints=warn" "-e" "CARGO_HOME=/opt/rustwide/cargo-home" "-e" "RUSTUP_HOME=/opt/rustwide/rustup-home" "-w" "/opt/rustwide/workdir" "-m" "1610612736" "--user" "0:0" "--network" "none" "ghcr.io/rust-lang/crates-build-env/linux@sha256:2788e3201cd34a07e3172128adcd8b3090168a8e3bcc40d7c032b9dda1df7d1c" "/opt/rustwide/cargo-home/bin/cargo" "+beta-2023-12-22" "build" "--frozen" "--message-format=json", kill_on_drop: false }`
[INFO] [stdout] 2c8c33ad7e8cd77cc25cb49f7e40915360a231df958449c8ec6838cf0c6ffc32
[INFO] running `Command { std: "docker" "start" "-a" "2c8c33ad7e8cd77cc25cb49f7e40915360a231df958449c8ec6838cf0c6ffc32", kill_on_drop: false }`
[INFO] [stderr]    Compiling regex-syntax v0.8.2
[INFO] [stderr]    Compiling bit-vec v0.6.3
[INFO] [stderr]    Compiling regex-syntax v0.7.5
[INFO] [stderr]    Compiling syn v2.0.48
[INFO] [stderr]    Compiling proc-macro-error v1.0.4
[INFO] [stderr]    Compiling bit-set v0.5.3
[INFO] [stderr]    Compiling getset v0.1.2
[INFO] [stderr]    Compiling regex-automata v0.4.3
[INFO] [stderr]    Compiling serde_derive v1.0.194
[INFO] [stderr]    Compiling thiserror-impl v1.0.56
[INFO] [stderr]    Compiling thiserror v1.0.56
[INFO] [stderr]    Compiling regex v1.10.2
[INFO] [stderr]    Compiling fancy-regex v0.11.0
[INFO] [stderr]    Compiling serde v1.0.194
[INFO] [stderr]    Compiling bincode v1.3.3
[INFO] [stderr]    Compiling serde_json v1.0.111
[INFO] [stderr]    Compiling syntect v5.1.0
[INFO] [stderr]    Compiling hlight v0.0.1 (/opt/rustwide/workdir)
[INFO] [stdout] warning: unused import: `dumps`
[INFO] [stdout]  --> src/resource.rs:4:19
[INFO] [stdout]   |
[INFO] [stdout] 4 | pub use syntect::{dumps, highlighting::ThemeSet};
[INFO] [stdout]   |                   ^^^^^
[INFO] [stdout]   |
[INFO] [stdout]   = note: `#[warn(unused_imports)]` on by default
[INFO] [stdout] 
[INFO] [stdout] 
[INFO] [stdout] warning: 1 warning emitted
[INFO] [stdout] 
[INFO] [stdout] 
[INFO] [stderr]     Finished dev [unoptimized + debuginfo] target(s) in 11.34s
[INFO] running `Command { std: "docker" "inspect" "2c8c33ad7e8cd77cc25cb49f7e40915360a231df958449c8ec6838cf0c6ffc32", kill_on_drop: false }`
[INFO] running `Command { std: "docker" "rm" "-f" "2c8c33ad7e8cd77cc25cb49f7e40915360a231df958449c8ec6838cf0c6ffc32", kill_on_drop: false }`
[INFO] [stdout] 2c8c33ad7e8cd77cc25cb49f7e40915360a231df958449c8ec6838cf0c6ffc32
[INFO] running `Command { std: "docker" "create" "-v" "/var/lib/crater-agent-workspace/builds/worker-6-tc2/target:/opt/rustwide/target:rw,Z" "-v" "/var/lib/crater-agent-workspace/builds/worker-6-tc2/source:/opt/rustwide/workdir:ro,Z" "-v" "/var/lib/crater-agent-workspace/cargo-home:/opt/rustwide/cargo-home:ro,Z" "-v" "/var/lib/crater-agent-workspace/rustup-home:/opt/rustwide/rustup-home:ro,Z" "-e" "SOURCE_DIR=/opt/rustwide/workdir" "-e" "CARGO_TARGET_DIR=/opt/rustwide/target" "-e" "CARGO_INCREMENTAL=0" "-e" "RUST_BACKTRACE=full" "-e" "RUSTFLAGS=--cap-lints=warn" "-e" "RUSTDOCFLAGS=--cap-lints=warn" "-e" "CARGO_HOME=/opt/rustwide/cargo-home" "-e" "RUSTUP_HOME=/opt/rustwide/rustup-home" "-w" "/opt/rustwide/workdir" "-m" "1610612736" "--user" "0:0" "--network" "none" "ghcr.io/rust-lang/crates-build-env/linux@sha256:2788e3201cd34a07e3172128adcd8b3090168a8e3bcc40d7c032b9dda1df7d1c" "/opt/rustwide/cargo-home/bin/cargo" "+beta-2023-12-22" "test" "--frozen" "--no-run" "--message-format=json", kill_on_drop: false }`
[INFO] [stdout] 5ba16d24c7aa393aa6c5aac6e3f85f1f88c9a08527e8644f05944bf1bcd4ecc9
[INFO] running `Command { std: "docker" "start" "-a" "5ba16d24c7aa393aa6c5aac6e3f85f1f88c9a08527e8644f05944bf1bcd4ecc9", kill_on_drop: false }`
[INFO] [stderr]    Compiling hlight v0.0.1 (/opt/rustwide/workdir)
[INFO] [stdout] warning: unused import: `dumps`
[INFO] [stdout]  --> src/resource.rs:4:19
[INFO] [stdout]   |
[INFO] [stdout] 4 | pub use syntect::{dumps, highlighting::ThemeSet};
[INFO] [stdout]   |                   ^^^^^
[INFO] [stdout]   |
[INFO] [stdout]   = note: `#[warn(unused_imports)]` on by default
[INFO] [stdout] 
[INFO] [stdout] 
[INFO] [stdout] warning: 1 warning emitted
[INFO] [stdout] 
[INFO] [stdout] 
[INFO] [stdout] warning: unused import: `dumps`
[INFO] [stdout]  --> src/resource.rs:4:19
[INFO] [stdout]   |
[INFO] [stdout] 4 | pub use syntect::{dumps, highlighting::ThemeSet};
[INFO] [stdout]   |                   ^^^^^
[INFO] [stdout]   |
[INFO] [stdout]   = note: `#[warn(unused_imports)]` on by default
[INFO] [stdout] 
[INFO] [stdout] 
[INFO] [stdout] warning: 1 warning emitted
[INFO] [stdout] 
[INFO] [stdout] 
[INFO] [stderr]     Finished test [unoptimized + debuginfo] target(s) in 2.48s
[INFO] running `Command { std: "docker" "inspect" "5ba16d24c7aa393aa6c5aac6e3f85f1f88c9a08527e8644f05944bf1bcd4ecc9", kill_on_drop: false }`
[INFO] running `Command { std: "docker" "rm" "-f" "5ba16d24c7aa393aa6c5aac6e3f85f1f88c9a08527e8644f05944bf1bcd4ecc9", kill_on_drop: false }`
[INFO] [stdout] 5ba16d24c7aa393aa6c5aac6e3f85f1f88c9a08527e8644f05944bf1bcd4ecc9
[INFO] running `Command { std: "docker" "create" "-v" "/var/lib/crater-agent-workspace/builds/worker-6-tc2/target:/opt/rustwide/target:rw,Z" "-v" "/var/lib/crater-agent-workspace/builds/worker-6-tc2/source:/opt/rustwide/workdir:ro,Z" "-v" "/var/lib/crater-agent-workspace/cargo-home:/opt/rustwide/cargo-home:ro,Z" "-v" "/var/lib/crater-agent-workspace/rustup-home:/opt/rustwide/rustup-home:ro,Z" "-e" "SOURCE_DIR=/opt/rustwide/workdir" "-e" "CARGO_TARGET_DIR=/opt/rustwide/target" "-e" "CARGO_INCREMENTAL=0" "-e" "RUST_BACKTRACE=full" "-e" "RUSTFLAGS=--cap-lints=warn" "-e" "RUSTDOCFLAGS=--cap-lints=warn" "-e" "CARGO_HOME=/opt/rustwide/cargo-home" "-e" "RUSTUP_HOME=/opt/rustwide/rustup-home" "-w" "/opt/rustwide/workdir" "-m" "1610612736" "--user" "0:0" "--network" "none" "ghcr.io/rust-lang/crates-build-env/linux@sha256:2788e3201cd34a07e3172128adcd8b3090168a8e3bcc40d7c032b9dda1df7d1c" "/opt/rustwide/cargo-home/bin/cargo" "+beta-2023-12-22" "test" "--frozen", kill_on_drop: false }`
[INFO] [stdout] 7304af28a6501cf71b21a47f4248ccbe2e47a553b2d5f4849af67083128d0c1e
[INFO] running `Command { std: "docker" "start" "-a" "7304af28a6501cf71b21a47f4248ccbe2e47a553b2d5f4849af67083128d0c1e", kill_on_drop: false }`
[INFO] [stderr] warning: unused import: `dumps`
[INFO] [stderr]  --> src/resource.rs:4:19
[INFO] [stderr]   |
[INFO] [stderr] 4 | pub use syntect::{dumps, highlighting::ThemeSet};
[INFO] [stderr]   |                   ^^^^^
[INFO] [stderr]   |
[INFO] [stderr]   = note: `#[warn(unused_imports)]` on by default
[INFO] [stderr] 
[INFO] [stderr] warning: `hlight` (lib) generated 1 warning (run `cargo fix --lib -p hlight` to apply 1 suggestion)
[INFO] [stderr] warning: `hlight` (lib test) generated 1 warning (1 duplicate)
[INFO] [stderr]     Finished test [unoptimized + debuginfo] target(s) in 0.06s
[INFO] [stderr]      Running unittests src/lib.rs (/opt/rustwide/target/debug/deps/hlight-cf224f867daaf62f)
[INFO] [stdout] 
[INFO] [stdout] running 6 tests
[INFO] [stdout] test syntax::tests::static_set ... ok
[INFO] [stdout] test theme::tests::get_theme_set ... ok
[INFO] [stdout] [48;2;34;34;34m[38;2;248;248;242m
[INFO] [stdout] [48;2;34;34;34m[38;2;248;248;242m    [48;2;34;34;34m[38;2;248;248;242m[[48;2;34;34;34m[38;2;166;226;46mmain[48;2;34;34;34m[38;2;248;248;242m][48;2;34;34;34m[38;2;248;248;242m
[INFO] [stdout] [48;2;34;34;34m[38;2;248;248;242m    [48;2;34;34;34m[38;2;249;38;114menabled[48;2;34;34;34m[38;2;248;248;242m [48;2;34;34;34m[38;2;248;248;242m=[48;2;34;34;34m[38;2;248;248;242m [48;2;34;34;34m[38;2;190;132;255mfalse[48;2;34;34;34m[38;2;248;248;242m
[INFO] [stdout] [48;2;34;34;34m[38;2;248;248;242m    [48;2;34;34;34m[38;2;230;219;116m"[48;2;34;34;34m[38;2;230;219;116m😎[48;2;34;34;34m[38;2;230;219;116m"[48;2;34;34;34m[38;2;248;248;242m [48;2;34;34;34m[38;2;248;248;242m=[48;2;34;34;34m[38;2;248;248;242m [48;2;34;34;34m[38;2;230;219;116m"[48;2;34;34;34m[38;2;230;219;116m🍥[48;2;34;34;34m[38;2;230;219;116m"[48;2;34;34;34m[38;2;248;248;242m
[INFO] [stdout] [48;2;34;34;34m[38;2;248;248;242m    [48;2;34;34;34m[38;2;249;38;114mfloat[48;2;34;34;34m[38;2;248;248;242m [48;2;34;34;34m[38;2;248;248;242m=[48;2;34;34;34m[38;2;248;248;242m [48;2;34;34;34m[38;2;190;132;255mnan[48;2;34;34;34m[38;2;248;248;242m
[INFO] [stdout] [48;2;34;34;34m[38;2;248;248;242m    [0mtest output::tests::print_highlighted_text ... ok
[INFO] [stdout] test output::tests::write_to_file ... ok
[INFO] [stdout] [48;2;34;34;34m[38;2;248;248;242m
[INFO] [stdout] [48;2;34;34;34m[38;2;248;248;242m        [48;2;34;34;34m[38;2;117;113;94m#[48;2;34;34;34m[38;2;117;113;94mcompdef tomlyre
[INFO] [stdout] [48;2;34;34;34m[38;2;248;248;242m
[INFO] [stdout] [48;2;34;34;34m[38;2;248;248;242m        autoload [48;2;34;34;34m[38;2;249;38;114m-[48;2;34;34;34m[38;2;248;248;242mU is[48;2;34;34;34m[38;2;249;38;114m-[48;2;34;34;34m[38;2;248;248;242mat[48;2;34;34;34m[38;2;249;38;114m-[48;2;34;34;34m[38;2;248;248;242mleast
[INFO] [stdout] [48;2;34;34;34m[38;2;248;248;242m        
[INFO] [stdout] [48;2;34;34;34m[38;2;248;248;242m        _tomlyre[48;2;34;34;34m[38;2;248;248;242m([48;2;34;34;34m[38;2;248;248;242m)[48;2;34;34;34m[38;2;248;248;242m [48;2;34;34;34m[38;2;248;248;242m{[48;2;34;34;34m[38;2;248;248;242m
[INFO] [stdout] [48;2;34;34;34m[38;2;248;248;242m            typeset [48;2;34;34;34m[38;2;249;38;114m-[48;2;34;34;34m[38;2;248;248;242mA opt_args
[INFO] [stdout] [48;2;34;34;34m[38;2;248;248;242m            typeset [48;2;34;34;34m[38;2;249;38;114m-[48;2;34;34;34m[38;2;248;248;242ma _arguments_options
[INFO] [stdout] [48;2;34;34;34m[38;2;248;248;242m            local ret[48;2;34;34;34m[38;2;249;38;114m=[48;2;34;34;34m[38;2;190;132;255m1[48;2;34;34;34m[38;2;248;248;242m
[INFO] [stdout] [48;2;34;34;34m[38;2;248;248;242m        
[INFO] [stdout] [48;2;34;34;34m[38;2;248;248;242m            [48;2;34;34;34m[38;2;249;38;114mif[48;2;34;34;34m[38;2;248;248;242m is[48;2;34;34;34m[38;2;249;38;114m-[48;2;34;34;34m[38;2;248;248;242mat[48;2;34;34;34m[38;2;249;38;114m-[48;2;34;34;34m[38;2;248;248;242mleast [48;2;34;34;34m[38;2;190;132;255m5.2[48;2;34;34;34m[38;2;248;248;242m;[48;2;34;34;34m[38;2;248;248;242m then
[INFO] [stdout] [48;2;34;34;34m[38;2;248;248;242m                _arguments_options[48;2;34;34;34m[38;2;249;38;114m=[48;2;34;34;34m[38;2;248;248;242m([48;2;34;34;34m[38;2;249;38;114m-[48;2;34;34;34m[38;2;248;248;242ms [48;2;34;34;34m[38;2;249;38;114m-[48;2;34;34;34m[38;2;248;248;242mS [48;2;34;34;34m[38;2;249;38;114m-[48;2;34;34;34m[38;2;248;248;242mC[48;2;34;34;34m[38;2;248;248;242m)[48;2;34;34;34m[38;2;248;248;242m
[INFO] [stdout] [48;2;34;34;34m[38;2;248;248;242m            [48;2;34;34;34m[38;2;249;38;114melse[48;2;34;34;34m[38;2;248;248;242m
[INFO] [stdout] [48;2;34;34;34m[38;2;248;248;242m                _arguments_options[48;2;34;34;34m[38;2;249;38;114m=[48;2;34;34;34m[38;2;248;248;242m([48;2;34;34;34m[38;2;249;38;114m-[48;2;34;34;34m[38;2;248;248;242ms [48;2;34;34;34m[38;2;249;38;114m-[48;2;34;34;34m[38;2;248;248;242mC[48;2;34;34;34m[38;2;248;248;242m)[48;2;34;34;34m[38;2;248;248;242m
[INFO] [stdout] [48;2;34;34;34m[38;2;248;248;242m            fi
[INFO] [stdout] [48;2;34;34;34m[38;2;248;248;242m        
[INFO] [stdout] [48;2;34;34;34m[38;2;248;248;242m            local context curcontext[48;2;34;34;34m[38;2;249;38;114m=[48;2;34;34;34m[38;2;230;219;116m"[48;2;34;34;34m[38;2;255;255;255m$[48;2;34;34;34m[38;2;255;255;255mcurcontext[48;2;34;34;34m[38;2;230;219;116m"[48;2;34;34;34m[38;2;248;248;242m state line
[INFO] [stdout] [48;2;34;34;34m[38;2;248;248;242m            _arguments [48;2;34;34;34m[38;2;230;219;116m"[48;2;34;34;34m[38;2;255;255;255m$[48;2;34;34;34m[38;2;255;255;255m{[48;2;34;34;34m[38;2;255;255;255m_arguments_options[@][48;2;34;34;34m[38;2;255;255;255m}[48;2;34;34;34m[38;2;230;219;116m"[48;2;34;34;34m[38;2;248;248;242m \
[INFO] [stdout] [48;2;34;34;34m[38;2;248;248;242m        [0mtest output::tests::zsh_high_light ... ok
[INFO] [stdout] [38;2;248;248;242m
[INFO] [stdout] [38;2;248;248;242m        [38;2;249;38;114musing[38;2;248;248;242m [38;2;249;38;114mnamespace[38;2;248;248;242m [38;2;253;151;31mSystem[38;2;248;248;242m
[INFO] [stdout] [38;2;248;248;242m
[INFO] [stdout] [38;2;248;248;242m        [38;2;255;255;255m$[38;2;255;255;255mdir[38;2;248;248;242m [38;2;249;38;114m=[38;2;248;248;242m [38;2;248;248;242m[[38;2;102;217;239mIO.Path[38;2;248;248;242m][38;2;248;248;242m::GetDirectoryName[38;2;248;248;242m([38;2;255;255;255m$[38;2;248;248;242mprofile[38;2;248;248;242m)[38;2;248;248;242m
[INFO] [stdout] [38;2;248;248;242m        
[INFO] [stdout] [38;2;248;248;242m        [38;2;249;38;114mif[38;2;248;248;242m [38;2;248;248;242m([38;2;249;38;114m![38;2;248;248;242m [38;2;248;248;242m[[38;2;102;217;239mIO.Directory[38;2;248;248;242m][38;2;248;248;242m::Exists[38;2;248;248;242m([38;2;255;255;255m$[38;2;255;255;255mdir[38;2;248;248;242m)[38;2;248;248;242m)[38;2;248;248;242m [38;2;248;248;242m{[38;2;248;248;242m
[INFO] [stdout] [38;2;248;248;242m            [38;2;248;248;242m[[38;2;102;217;239mConsole[38;2;248;248;242m][38;2;248;248;242m::Write[38;2;248;248;242m([38;2;230;219;116m"[38;2;230;219;116mCreating Directory: [38;2;230;219;116m"[38;2;248;248;242m)[38;2;248;248;242m
[INFO] [stdout] [38;2;248;248;242m            [38;2;102;217;239mWrite-Host[38;2;248;248;242m [38;2;230;219;116m"[38;2;255;255;255m$[38;2;255;255;255mdir[38;2;230;219;116m"[38;2;248;248;242m [38;2;249;38;114m-[38;2;248;248;242mForegroundColor Cyan
[INFO] [stdout] [38;2;248;248;242m            [38;2;248;248;242m[[38;2;102;217;239mIO.Directory[38;2;248;248;242m][38;2;248;248;242m::CreateDirectory[38;2;248;248;242m([38;2;255;255;255m$[38;2;255;255;255mdir[38;2;248;248;242m)[38;2;248;248;242m [38;2;249;38;114m|[38;2;248;248;242m [38;2;102;217;239mOut-Null[38;2;248;248;242m
[INFO] [stdout] [38;2;248;248;242m        [38;2;248;248;242m}[38;2;248;248;242m
[INFO] [stdout] [38;2;248;248;242m        [38;2;255;255;255m$[38;2;255;255;255mfile[38;2;248;248;242m [38;2;249;38;114m=[38;2;248;248;242m [38;2;102;217;239mJoin-Path[38;2;248;248;242m [38;2;255;255;255m$[38;2;255;255;255mdir[38;2;248;248;242m [38;2;230;219;116m"[38;2;230;219;116m_tomlyre.ps1[38;2;230;219;116m"[38;2;248;248;242m
[INFO] [stdout] [38;2;248;248;242m        
[INFO] [stdout] [38;2;248;248;242m        [38;2;248;248;242m[[38;2;102;217;239mConsole[38;2;248;248;242m][38;2;248;248;242m::OutputEncoding [38;2;249;38;114m=[38;2;248;248;242m [38;2;248;248;242m[[38;2;102;217;239mText.Encoding[38;2;248;248;242m][38;2;248;248;242m::UTF8
[INFO] [stdout] [38;2;248;248;242m        [38;2;117;113;94m#[38;2;117;113;94m tomlyre --sh-comp pwsh | Out-File -FilePath $file -Encoding utf8
[INFO] [stdout] [38;2;248;248;242m        tomlyre [38;2;249;38;114m-[38;2;249;38;114m-[38;2;248;248;242msh[38;2;249;38;114m-[38;2;248;248;242mcomp pwsh [38;2;249;38;114m>[38;2;248;248;242m [38;2;255;255;255m$[38;2;255;255;255mfile[38;2;248;248;242m
[INFO] [stdout] [38;2;248;248;242m        
[INFO] [stdout] [38;2;248;248;242m        [38;2;249;38;114m.[38;2;248;248;242m [38;2;255;255;255m$[38;2;255;255;255mfile[38;2;248;248;242m
[INFO] [stdout] [38;2;248;248;242m        [38;2;117;113;94m#[38;2;117;113;94m [IO.File]::AppendAllText($profile, "`nInvoke-Expression '$file'`n")
[INFO] [stdout] [38;2;248;248;242m        [38;2;230;219;116m"[38;2;190;132;255m`n[38;2;230;219;116mInvoke-Expression '[38;2;255;255;255m$[38;2;255;255;255mfile[38;2;230;219;116m'[38;2;230;219;116m"[38;2;248;248;242m [38;2;249;38;114m>>[38;2;248;248;242m [38;2;255;255;255m$[38;2;248;248;242mprofile[38;2;248;248;242m
[INFO] [stdout] [38;2;248;248;242m        [0mtest output::tests::get_pwsh ... ok
[INFO] [stdout] 
[INFO] [stdout] test result: ok. 6 passed; 0 failed; 0 ignored; 0 measured; 0 filtered out; finished in 0.78s
[INFO] [stdout] 
[INFO] [stderr]    Doc-tests hlight
[INFO] [stdout] 
[INFO] [stdout] running 12 tests
[INFO] [stdout] test src/theme.rs - theme::load_theme_set (line 25) - compile ... FAILED
[INFO] [stdout] test src/syntax.rs - syntax::load_syntax_set (line 23) - compile ... FAILED
[INFO] [stdout] test src/lib.rs - (line 48) - compile ... FAILED
[INFO] [stdout] test src/resource.rs - resource::HighLightRes<'name>::new (line 24) - compile ... ok
[INFO] [stdout] test src/output.rs - output::gen_syntax_highlight (line 13) - compile ... ok
[INFO] [stdout] test src/lib.rs - (line 66) ... FAILED
[INFO] [stdout] test src/syntax.rs - syntax::find_syntax_name (line 127) ... ok
[INFO] [stdout] test src/syntax.rs - syntax::HighLightRes<'name>::static_syntax_set (line 51) ... ok
[INFO] [stdout] test src/theme.rs - theme::HighLightRes<'name>::static_theme_set (line 62) ... ok
[INFO] [stdout] test src/resource.rs - resource::HighLightRes<'name>::with_background (line 50) ... ok
[INFO] [stdout] test src/syntax.rs - syntax::match_static_syntax (line 78) ... ok
[INFO] [stderr] error: doctest failed, to rerun pass `--doc`
[INFO] [stdout] test src/lib.rs - (line 18) ... ok
[INFO] [stdout] 
[INFO] [stdout] failures:
[INFO] [stdout] 
[INFO] [stdout] ---- src/theme.rs - theme::load_theme_set (line 25) stdout ----
[INFO] [stdout] error: couldn't read /opt/rustwide/workdir/assets/theme-set.packdump: No such file or directory (os error 2)
[INFO] [stdout]   --> src/theme.rs:29:23
[INFO] [stdout]    |
[INFO] [stdout] 7  |   const THEMES: &[u8] = include_bytes!(concat!(
[INFO] [stdout]    |  _______________________^
[INFO] [stdout] 8  | |     env!("CARGO_MANIFEST_DIR"),
[INFO] [stdout] 9  | |     "/assets/theme-set.packdump"
[INFO] [stdout] 10 | | ));
[INFO] [stdout]    | |__^
[INFO] [stdout]    |
[INFO] [stdout]    = note: this error originates in the macro `include_bytes` (in Nightly builds, run with -Z macro-backtrace for more info)
[INFO] [stdout] 
[INFO] [stdout] error: aborting due to 1 previous error
[INFO] [stdout] 
[INFO] [stdout] Couldn't compile the test.
[INFO] [stdout] ---- src/syntax.rs - syntax::load_syntax_set (line 23) stdout ----
[INFO] [stdout] error: couldn't read /opt/rustwide/workdir/assets/syntax-set.packdump: No such file or directory (os error 2)
[INFO] [stdout]   --> src/syntax.rs:27:25
[INFO] [stdout]    |
[INFO] [stdout] 7  |   const SYNTAXES: &[u8] = include_bytes!(concat!(
[INFO] [stdout]    |  _________________________^
[INFO] [stdout] 8  | |     env!("CARGO_MANIFEST_DIR"),
[INFO] [stdout] 9  | |     "/assets/syntax-set.packdump"
[INFO] [stdout] 10 | | ));
[INFO] [stdout]    | |__^
[INFO] [stdout]    |
[INFO] [stdout]    = note: this error originates in the macro `include_bytes` (in Nightly builds, run with -Z macro-backtrace for more info)
[INFO] [stdout] 
[INFO] [stdout] error: aborting due to 1 previous error
[INFO] [stdout] 
[INFO] [stdout] Couldn't compile the test.
[INFO] [stdout] ---- src/lib.rs - (line 48) stdout ----
[INFO] [stdout] error[E0425]: cannot find value `res` in this scope
[INFO] [stdout]  --> src/lib.rs:51:2
[INFO] [stdout]   |
[INFO] [stdout] 6 | *res.get_name_mut() = Cow::from("OneHalfLight");
[INFO] [stdout]   |  ^^^ not found in this scope
[INFO] [stdout] 
[INFO] [stdout] error[E0425]: cannot find function `gen_syntax_highlight` in this scope
[INFO] [stdout]  --> src/lib.rs:53:1
[INFO] [stdout]   |
[INFO] [stdout] 8 | gen_syntax_highlight("toml", s, Some(&res), None)?;
[INFO] [stdout]   | ^^^^^^^^^^^^^^^^^^^^ not found in this scope
[INFO] [stdout]   |
[INFO] [stdout] help: consider importing this function
[INFO] [stdout]   |
[INFO] [stdout] 2 + use hlight::gen_syntax_highlight;
[INFO] [stdout]   |
[INFO] [stdout] 
[INFO] [stdout] error[E0425]: cannot find value `s` in this scope
[INFO] [stdout]  --> src/lib.rs:53:30
[INFO] [stdout]   |
[INFO] [stdout] 8 | gen_syntax_highlight("toml", s, Some(&res), None)?;
[INFO] [stdout]   |                              ^ not found in this scope
[INFO] [stdout] 
[INFO] [stdout] error[E0425]: cannot find value `res` in this scope
[INFO] [stdout]  --> src/lib.rs:53:39
[INFO] [stdout]   |
[INFO] [stdout] 8 | gen_syntax_highlight("toml", s, Some(&res), None)?;
[INFO] [stdout]   |                                       ^^^ not found in this scope
[INFO] [stdout] 
[INFO] [stdout] error: aborting due to 4 previous errors
[INFO] [stdout] 
[INFO] [stdout] For more information about this error, try `rustc --explain E0425`.
[INFO] [stdout] Couldn't compile the test.
[INFO] [stdout] ---- src/lib.rs - (line 66) stdout ----
[INFO] [stdout] error[E0425]: cannot find function `gen_syntax_highlight` in this scope
[INFO] [stdout]  --> src/lib.rs:71:1
[INFO] [stdout]   |
[INFO] [stdout] 8 | gen_syntax_highlight("toml", s, Some(&res), Some(&mut file))
[INFO] [stdout]   | ^^^^^^^^^^^^^^^^^^^^ not found in this scope
[INFO] [stdout]   |
[INFO] [stdout] help: consider importing this function
[INFO] [stdout]   |
[INFO] [stdout] 2 + use hlight::gen_syntax_highlight;
[INFO] [stdout]   |
[INFO] [stdout] 
[INFO] [stdout] error[E0425]: cannot find value `s` in this scope
[INFO] [stdout]  --> src/lib.rs:71:30
[INFO] [stdout]   |
[INFO] [stdout] 8 | gen_syntax_highlight("toml", s, Some(&res), Some(&mut file))
[INFO] [stdout]   |                              ^ not found in this scope
[INFO] [stdout] 
[INFO] [stdout] error[E0425]: cannot find value `res` in this scope
[INFO] [stdout]  --> src/lib.rs:71:39
[INFO] [stdout]   |
[INFO] [stdout] 8 | gen_syntax_highlight("toml", s, Some(&res), Some(&mut file))
[INFO] [stdout]   |                                       ^^^ not found in this scope
[INFO] [stdout] 
[INFO] [stdout] error: aborting due to 3 previous errors
[INFO] [stdout] 
[INFO] [stdout] For more information about this error, try `rustc --explain E0425`.
[INFO] [stdout] Couldn't compile the test.
[INFO] [stdout] 
[INFO] [stdout] failures:
[INFO] [stdout]     src/lib.rs - (line 48)
[INFO] [stdout]     src/lib.rs - (line 66)
[INFO] [stdout]     src/syntax.rs - syntax::load_syntax_set (line 23)
[INFO] [stdout]     src/theme.rs - theme::load_theme_set (line 25)
[INFO] [stdout] 
[INFO] [stdout] test result: FAILED. 8 passed; 4 failed; 0 ignored; 0 measured; 0 filtered out; finished in 2.95s
[INFO] [stdout] 
[INFO] running `Command { std: "docker" "inspect" "7304af28a6501cf71b21a47f4248ccbe2e47a553b2d5f4849af67083128d0c1e", kill_on_drop: false }`
[INFO] running `Command { std: "docker" "rm" "-f" "7304af28a6501cf71b21a47f4248ccbe2e47a553b2d5f4849af67083128d0c1e", kill_on_drop: false }`
[INFO] [stdout] 7304af28a6501cf71b21a47f4248ccbe2e47a553b2d5f4849af67083128d0c1e
