[INFO] fetching crate hisho_core 1.1.0-rc.1...
[INFO] testing hisho_core-1.1.0-rc.1 against 1.75.0 for beta-1.76-1
[INFO] extracting crate hisho_core 1.1.0-rc.1 into /workspace/builds/worker-1-tc1/source
[INFO] validating manifest of crates.io crate hisho_core 1.1.0-rc.1 on toolchain 1.75.0
[INFO] running `Command { std: CARGO_HOME="/workspace/cargo-home" RUSTUP_HOME="/workspace/rustup-home" "/workspace/cargo-home/bin/cargo" "+1.75.0" "metadata" "--manifest-path" "Cargo.toml" "--no-deps", kill_on_drop: false }`
[INFO] started tweaking crates.io crate hisho_core 1.1.0-rc.1
[INFO] finished tweaking crates.io crate hisho_core 1.1.0-rc.1
[INFO] tweaked toml for crates.io crate hisho_core 1.1.0-rc.1 written to /workspace/builds/worker-1-tc1/source/Cargo.toml
[INFO] running `Command { std: CARGO_HOME="/workspace/cargo-home" RUSTUP_HOME="/workspace/rustup-home" "/workspace/cargo-home/bin/cargo" "+1.75.0" "generate-lockfile" "--manifest-path" "Cargo.toml", kill_on_drop: false }`
[INFO] [stderr]     Updating crates.io index
[INFO] running `Command { std: CARGO_HOME="/workspace/cargo-home" RUSTUP_HOME="/workspace/rustup-home" "/workspace/cargo-home/bin/cargo" "+1.75.0" "fetch" "--manifest-path" "Cargo.toml", kill_on_drop: false }`
[INFO] [stderr]  Downloading crates ...
[INFO] [stderr]   Downloaded gix-revision v0.23.0
[INFO] [stderr]   Downloaded gix-refspec v0.19.0
[INFO] [stderr]   Downloaded gix-utils v0.1.8
[INFO] [stderr]   Downloaded gix-config-value v0.14.3
[INFO] [stderr]   Downloaded gix-pathspec v0.4.1
[INFO] [stderr]   Downloaded gix-worktree-state v0.4.0
[INFO] [stderr]   Downloaded gix-quote v0.4.10
[INFO] [stderr]   Downloaded gix-hashtable v0.4.1
[INFO] [stderr]   Downloaded gix-fs v0.8.1
[INFO] [stderr]   Downloaded gix-glob v0.14.1
[INFO] [stderr]   Downloaded gix-chunk v0.4.7
[INFO] [stderr]   Downloaded gix-url v0.25.2
[INFO] [stderr]   Downloaded gix-status v0.2.0
[INFO] [stderr]   Downloaded gix-traverse v0.34.0
[INFO] [stderr]   Downloaded gix-features v0.36.1
[INFO] [stderr]   Downloaded gix-attributes v0.20.1
[INFO] [stderr]   Downloaded gix-odb v0.54.0
[INFO] [stderr]   Downloaded gix-pack v0.44.0
[INFO] [stderr]   Downloaded gix-config v0.31.0
[INFO] [stderr]   Downloaded gix-index v0.26.0
[INFO] [stderr]   Downloaded gix-negotiate v0.9.0
[INFO] [stderr]   Downloaded gix v0.55.2
[INFO] [stderr]   Downloaded gix-filter v0.6.0
[INFO] [stderr]   Downloaded gix-credentials v0.21.0
[INFO] [stderr]   Downloaded gix-submodule v0.5.0
[INFO] [stderr]   Downloaded gix-worktree v0.27.0
[INFO] [stderr]   Downloaded gix-worktree-stream v0.6.0
[INFO] [stderr]   Downloaded unicode-bom v2.0.3
[INFO] [stderr]   Downloaded gix-discover v0.26.0
[INFO] [stderr]   Downloaded gix-ignore v0.9.1
[INFO] [stderr]   Downloaded gix-date v0.8.3
[INFO] [stderr]   Downloaded memmap2 v0.9.3
[INFO] [stderr]   Downloaded gix-actor v0.28.1
[INFO] [stderr]   Downloaded gix-commitgraph v0.22.1
[INFO] [stderr]   Downloaded gix-hash v0.13.3
[INFO] [stderr]   Downloaded gix-tempfile v11.0.1
[INFO] [stderr]   Downloaded gix-lock v11.0.1
[INFO] [stderr]   Downloaded gix-path v0.10.3
[INFO] [stderr]   Downloaded gix-diff v0.37.0
[INFO] [stderr]   Downloaded gix-revwalk v0.9.0
[INFO] [stderr]   Downloaded gix-sec v0.10.3
[INFO] [stderr]   Downloaded gix-bitmap v0.2.10
[INFO] [stderr]   Downloaded gix-trace v0.1.6
[INFO] [stderr]   Downloaded faster-hex v0.9.0
[INFO] [stderr]   Downloaded dotenv-parser v0.1.3
[INFO] [stderr]   Downloaded gix-archive v0.6.0
[INFO] [stderr]   Downloaded gix-mailmap v0.20.1
[INFO] [stderr]   Downloaded gix-validate v0.8.3
[INFO] [stderr]   Downloaded gix-macros v0.1.3
[INFO] [stderr]   Downloaded gix-ref v0.38.0
[INFO] [stderr]   Downloaded dockworker v0.3.0
[INFO] running `Command { std: "docker" "create" "-v" "/var/lib/crater-agent-workspace/builds/worker-1-tc1/target:/opt/rustwide/target:rw,Z" "-v" "/var/lib/crater-agent-workspace/builds/worker-1-tc1/source:/opt/rustwide/workdir:ro,Z" "-v" "/var/lib/crater-agent-workspace/cargo-home:/opt/rustwide/cargo-home:ro,Z" "-v" "/var/lib/crater-agent-workspace/rustup-home:/opt/rustwide/rustup-home:ro,Z" "-e" "SOURCE_DIR=/opt/rustwide/workdir" "-e" "CARGO_TARGET_DIR=/opt/rustwide/target" "-e" "CARGO_HOME=/opt/rustwide/cargo-home" "-e" "RUSTUP_HOME=/opt/rustwide/rustup-home" "-w" "/opt/rustwide/workdir" "-m" "1610612736" "--user" "0:0" "--network" "none" "ghcr.io/rust-lang/crates-build-env/linux@sha256:2788e3201cd34a07e3172128adcd8b3090168a8e3bcc40d7c032b9dda1df7d1c" "/opt/rustwide/cargo-home/bin/cargo" "+1.75.0" "metadata" "--no-deps" "--format-version=1", kill_on_drop: false }`
[INFO] [stdout] 10a61a3da920fe56f16b199c8d82a1dc60448ecbfa26d71c92c67fd4de9b75d7
[INFO] running `Command { std: "docker" "start" "-a" "10a61a3da920fe56f16b199c8d82a1dc60448ecbfa26d71c92c67fd4de9b75d7", kill_on_drop: false }`
[INFO] running `Command { std: "docker" "inspect" "10a61a3da920fe56f16b199c8d82a1dc60448ecbfa26d71c92c67fd4de9b75d7", kill_on_drop: false }`
[INFO] running `Command { std: "docker" "rm" "-f" "10a61a3da920fe56f16b199c8d82a1dc60448ecbfa26d71c92c67fd4de9b75d7", kill_on_drop: false }`
[INFO] [stdout] 10a61a3da920fe56f16b199c8d82a1dc60448ecbfa26d71c92c67fd4de9b75d7
[INFO] running `Command { std: "docker" "create" "-v" "/var/lib/crater-agent-workspace/builds/worker-1-tc1/target:/opt/rustwide/target:rw,Z" "-v" "/var/lib/crater-agent-workspace/builds/worker-1-tc1/source:/opt/rustwide/workdir:ro,Z" "-v" "/var/lib/crater-agent-workspace/cargo-home:/opt/rustwide/cargo-home:ro,Z" "-v" "/var/lib/crater-agent-workspace/rustup-home:/opt/rustwide/rustup-home:ro,Z" "-e" "SOURCE_DIR=/opt/rustwide/workdir" "-e" "CARGO_TARGET_DIR=/opt/rustwide/target" "-e" "CARGO_INCREMENTAL=0" "-e" "RUST_BACKTRACE=full" "-e" "RUSTFLAGS=--cap-lints=warn" "-e" "RUSTDOCFLAGS=--cap-lints=warn" "-e" "CARGO_HOME=/opt/rustwide/cargo-home" "-e" "RUSTUP_HOME=/opt/rustwide/rustup-home" "-w" "/opt/rustwide/workdir" "-m" "1610612736" "--user" "0:0" "--network" "none" "ghcr.io/rust-lang/crates-build-env/linux@sha256:2788e3201cd34a07e3172128adcd8b3090168a8e3bcc40d7c032b9dda1df7d1c" "/opt/rustwide/cargo-home/bin/cargo" "+1.75.0" "build" "--frozen" "--message-format=json", kill_on_drop: false }`
[INFO] [stdout] beb479502212d4e5db04a064c8ee9d39e866efe88903fb8bfb76ef0d3f74b183
[INFO] running `Command { std: "docker" "start" "-a" "beb479502212d4e5db04a064c8ee9d39e866efe88903fb8bfb76ef0d3f74b183", kill_on_drop: false }`
[INFO] [stderr]    Compiling libc v0.2.151
[INFO] [stderr]    Compiling thiserror v1.0.56
[INFO] [stderr]    Compiling parking_lot_core v0.9.9
[INFO] [stderr]    Compiling smallvec v1.11.2
[INFO] [stderr]    Compiling aho-corasick v1.1.2
[INFO] [stderr]    Compiling lock_api v0.4.11
[INFO] [stderr]    Compiling crc32fast v1.3.2
[INFO] [stderr]    Compiling gix-trace v0.1.6
[INFO] [stderr]    Compiling num-traits v0.2.17
[INFO] [stderr]    Compiling bytesize v1.3.0
[INFO] [stderr]    Compiling miniz_oxide v0.7.1
[INFO] [stderr]    Compiling same-file v1.0.6
[INFO] [stderr]    Compiling human_format v1.0.3
[INFO] [stderr]    Compiling syn v2.0.48
[INFO] [stderr]    Compiling crossbeam-queue v0.3.10
[INFO] [stderr]    Compiling crossbeam-channel v0.5.10
[INFO] [stderr]    Compiling sha1_smol v1.0.0
[INFO] [stderr]    Compiling prodash v26.2.2
[INFO] [stderr]    Compiling bitflags v2.4.1
[INFO] [stderr]    Compiling walkdir v2.4.0
[INFO] [stderr]    Compiling deranged v0.3.11
[INFO] [stderr]    Compiling time-macros v0.2.16
[INFO] [stderr]    Compiling winnow v0.5.32
[INFO] [stderr]    Compiling hashbrown v0.14.3
[INFO] [stderr]    Compiling crossbeam v0.8.3
[INFO] [stderr]    Compiling home v0.5.9
[INFO] [stderr]    Compiling rustix v0.38.28
[INFO] [stderr]    Compiling jwalk v0.8.1
[INFO] [stderr]    Compiling linux-raw-sys v0.4.12
[INFO] [stderr]    Compiling signal-hook v0.3.17
[INFO] [stderr]    Compiling flate2 v1.0.28
[INFO] [stderr]    Compiling fastrand v2.0.1
[INFO] [stderr]    Compiling regex-automata v0.4.3
[INFO] [stderr]    Compiling static_assertions v1.1.0
[INFO] [stderr]    Compiling unicode-bom v2.0.3
[INFO] [stderr]    Compiling gix-utils v0.1.8
[INFO] [stderr]    Compiling ring v0.17.7
[INFO] [stderr]    Compiling ucd-trie v0.1.6
[INFO] [stderr]    Compiling indexmap v2.1.0
[INFO] [stderr]    Compiling url v2.5.0
[INFO] [stderr]    Compiling version_check v0.9.4
[INFO] [stderr]    Compiling rustls v0.21.10
[INFO] [stderr]    Compiling memoffset v0.7.1
[INFO] [stderr]    Compiling btoi v0.4.3
[INFO] [stderr]    Compiling syn v1.0.109
[INFO] [stderr]    Compiling zerocopy v0.7.32
[INFO] [stderr]    Compiling ahash v0.8.7
[INFO] [stderr]    Compiling arrayvec v0.7.4
[INFO] [stderr]    Compiling uluru v3.0.0
[INFO] [stderr]    Compiling doc-comment v0.3.3
[INFO] [stderr]    Compiling minimal-lexical v0.2.1
[INFO] [stderr]    Compiling signal-hook-registry v1.4.1
[INFO] [stderr]    Compiling memmap2 v0.9.3
[INFO] [stderr]    Compiling getrandom v0.2.11
[INFO] [stderr]    Compiling memmap2 v0.7.1
[INFO] [stderr]    Compiling mio v0.8.10
[INFO] [stderr]    Compiling parking_lot v0.12.1
[INFO] [stderr]    Compiling socket2 v0.5.5
[INFO] [stderr]    Compiling num_cpus v1.16.0
[INFO] [stderr]    Compiling filetime v0.2.23
[INFO] [stderr]    Compiling gix-sec v0.10.3
[INFO] [stderr]    Compiling clru v0.6.1
[INFO] [stderr]    Compiling hashbrown v0.12.3
[INFO] [stderr]    Compiling anymap2 v0.13.0
[INFO] [stderr]    Compiling option-ext v0.2.0
[INFO] [stderr]    Compiling dirs-sys v0.4.1
[INFO] [stderr]    Compiling nom v7.1.3
[INFO] [stderr]    Compiling io-close v0.3.7
[INFO] [stderr]    Compiling time v0.3.31
[INFO] [stderr]    Compiling unicode-segmentation v1.10.1
[INFO] [stderr]    Compiling hex v0.4.3
[INFO] [stderr]    Compiling arc-swap v1.6.0
[INFO] [stderr]    Compiling chrono v0.4.31
[INFO] [stderr]    Compiling nix v0.26.4
[INFO] [stderr]    Compiling imara-diff v0.1.5
[INFO] [stderr]    Compiling dirs v5.0.1
[INFO] [stderr]    Compiling webpki-roots v0.25.3
[INFO] [stderr]    Compiling glob v0.3.1
[INFO] [stderr]    Compiling tempfile v3.9.0
[INFO] [stderr]    Compiling xattr v1.2.0
[INFO] [stderr]    Compiling tar v0.4.40
[INFO] [stderr]    Compiling bstr v1.9.0
[INFO] [stderr]    Compiling regex v1.10.2
[INFO] [stderr]    Compiling thiserror-impl v1.0.56
[INFO] [stderr]    Compiling serde_derive v1.0.194
[INFO] [stderr]    Compiling tokio-macros v2.2.0
[INFO] [stderr]    Compiling gix-command v0.2.10
[INFO] [stderr]    Compiling futures-macro v0.3.30
[INFO] [stderr]    Compiling liquid-derive v0.26.4
[INFO] [stderr]    Compiling pin-project-internal v1.1.3
[INFO] [stderr]    Compiling async-stream-impl v0.3.5
[INFO] [stderr]    Compiling color-print-proc-macro v0.3.5
[INFO] [stderr]    Compiling gix-macros v0.1.3
[INFO] [stderr]    Compiling async-trait v0.1.77
[INFO] [stderr]    Compiling tokio v1.35.1
[INFO] [stderr]    Compiling async-stream v0.3.5
[INFO] [stderr]    Compiling sct v0.7.1
[INFO] [stderr]    Compiling rustls-webpki v0.101.7
[INFO] [stderr]    Compiling pin-project v1.1.3
[INFO] [stderr]    Compiling futures-util v0.3.30
[INFO] [stderr]    Compiling color-print v0.3.5
[INFO] [stderr]    Compiling gix-date v0.8.3
[INFO] [stderr]    Compiling gix-validate v0.8.3
[INFO] [stderr]    Compiling gix-path v0.10.3
[INFO] [stderr]    Compiling gix-chunk v0.4.7
[INFO] [stderr]    Compiling gix-quote v0.4.10
[INFO] [stderr]    Compiling gix-actor v0.28.1
[INFO] [stderr]    Compiling pest v2.7.6
[INFO] [stderr]    Compiling gix-bitmap v0.2.10
[INFO] [stderr]    Compiling gix-config-value v0.14.3
[INFO] [stderr]    Compiling gix-mailmap v0.20.1
[INFO] [stderr]    Compiling gix-prompt v0.7.0
[INFO] [stderr]    Compiling pest_meta v2.7.6
[INFO] [stderr]    Compiling serde v1.0.194
[INFO] [stderr]    Compiling pest_generator v2.7.6
[INFO] [stderr]    Compiling futures v0.3.30
[INFO] [stderr]    Compiling pest_derive v2.7.6
[INFO] [stderr]    Compiling dotenv-parser v0.1.3
[INFO] [stderr]    Compiling tokio-util v0.7.10
[INFO] [stderr]    Compiling tokio-rustls v0.24.1
[INFO] [stderr]    Compiling tokio-stream v0.1.14
[INFO] [stderr]    Compiling h2 v0.3.22
[INFO] [stderr]    Compiling faster-hex v0.9.0
[INFO] [stderr]    Compiling kstring v2.0.0
[INFO] [stderr]    Compiling faster-hex v0.8.1
[INFO] [stderr]    Compiling serde_urlencoded v0.7.1
[INFO] [stderr]    Compiling serde_json v1.0.111
[INFO] [stderr]    Compiling gix-packetline-blocking v0.16.6
[INFO] [stderr]    Compiling gix-hash v0.13.3
[INFO] [stderr]    Compiling liquid-core v0.26.4
[INFO] [stderr]    Compiling gix-features v0.36.1
[INFO] [stderr]    Compiling gix-hashtable v0.4.1
[INFO] [stderr]    Compiling gix-object v0.38.0
[INFO] [stderr]    Compiling gix-fs v0.8.1
[INFO] [stderr]    Compiling gix-commitgraph v0.22.1
[INFO] [stderr]    Compiling gix-glob v0.14.1
[INFO] [stderr]    Compiling gix-url v0.25.2
[INFO] [stderr]    Compiling gix-tempfile v11.0.1
[INFO] [stderr]    Compiling gix-attributes v0.20.1
[INFO] [stderr]    Compiling gix-ignore v0.9.1
[INFO] [stderr]    Compiling gix-lock v11.0.1
[INFO] [stderr]    Compiling gix-credentials v0.21.0
[INFO] [stderr]    Compiling gix-pathspec v0.4.1
[INFO] [stderr]    Compiling gix-revwalk v0.9.0
[INFO] [stderr]    Compiling gix-filter v0.6.0
[INFO] [stderr]    Compiling gix-ref v0.38.0
[INFO] [stderr]    Compiling gix-pack v0.44.0
[INFO] [stderr]    Compiling gix-diff v0.37.0
[INFO] [stderr]    Compiling gix-traverse v0.34.0
[INFO] [stderr]    Compiling gix-revision v0.23.0
[INFO] [stderr]    Compiling gix-negotiate v0.9.0
[INFO] [stderr]    Compiling liquid-lib v0.26.4
[INFO] [stderr]    Compiling gix-index v0.26.0
[INFO] [stderr]    Compiling gix-worktree-stream v0.6.0
[INFO] [stderr]    Compiling hyper v0.14.28
[INFO] [stderr]    Compiling gix-refspec v0.19.0
[INFO] [stderr]    Compiling gix-archive v0.6.0
[INFO] [stderr]    Compiling gix-odb v0.54.0
[INFO] [stderr]    Compiling gix-config v0.31.0
[INFO] [stderr]    Compiling gix-discover v0.26.0
[INFO] [stderr]    Compiling gix-worktree v0.27.0
[INFO] [stderr]    Compiling gix-worktree-state v0.4.0
[INFO] [stderr]    Compiling gix-status v0.2.0
[INFO] [stderr]    Compiling liquid v0.26.4
[INFO] [stderr]    Compiling gix-submodule v0.5.0
[INFO] [stderr]    Compiling gix v0.55.2
[INFO] [stderr]    Compiling hyperlocal v0.8.0
[INFO] [stderr]    Compiling hyper-rustls v0.24.2
[INFO] [stderr]    Compiling dockworker v0.3.0
[INFO] [stderr]    Compiling reqwest v0.11.23
[INFO] [stderr]    Compiling hisho_core v1.1.0-rc.1 (/opt/rustwide/workdir)
[INFO] [stderr]     Finished dev [unoptimized + debuginfo] target(s) in 46.14s
[INFO] running `Command { std: "docker" "inspect" "beb479502212d4e5db04a064c8ee9d39e866efe88903fb8bfb76ef0d3f74b183", kill_on_drop: false }`
[INFO] running `Command { std: "docker" "rm" "-f" "beb479502212d4e5db04a064c8ee9d39e866efe88903fb8bfb76ef0d3f74b183", kill_on_drop: false }`
[INFO] [stdout] beb479502212d4e5db04a064c8ee9d39e866efe88903fb8bfb76ef0d3f74b183
[INFO] running `Command { std: "docker" "create" "-v" "/var/lib/crater-agent-workspace/builds/worker-1-tc1/target:/opt/rustwide/target:rw,Z" "-v" "/var/lib/crater-agent-workspace/builds/worker-1-tc1/source:/opt/rustwide/workdir:ro,Z" "-v" "/var/lib/crater-agent-workspace/cargo-home:/opt/rustwide/cargo-home:ro,Z" "-v" "/var/lib/crater-agent-workspace/rustup-home:/opt/rustwide/rustup-home:ro,Z" "-e" "SOURCE_DIR=/opt/rustwide/workdir" "-e" "CARGO_TARGET_DIR=/opt/rustwide/target" "-e" "CARGO_INCREMENTAL=0" "-e" "RUST_BACKTRACE=full" "-e" "RUSTFLAGS=--cap-lints=warn" "-e" "RUSTDOCFLAGS=--cap-lints=warn" "-e" "CARGO_HOME=/opt/rustwide/cargo-home" "-e" "RUSTUP_HOME=/opt/rustwide/rustup-home" "-w" "/opt/rustwide/workdir" "-m" "1610612736" "--user" "0:0" "--network" "none" "ghcr.io/rust-lang/crates-build-env/linux@sha256:2788e3201cd34a07e3172128adcd8b3090168a8e3bcc40d7c032b9dda1df7d1c" "/opt/rustwide/cargo-home/bin/cargo" "+1.75.0" "test" "--frozen" "--no-run" "--message-format=json", kill_on_drop: false }`
[INFO] [stdout] 69d48f2ad24a76063c161e06ee510b88db9c85b96a289cfa1cfead58639bf714
[INFO] running `Command { std: "docker" "start" "-a" "69d48f2ad24a76063c161e06ee510b88db9c85b96a289cfa1cfead58639bf714", kill_on_drop: false }`
[INFO] [stderr]    Compiling hisho_core v1.1.0-rc.1 (/opt/rustwide/workdir)
[INFO] [stderr]     Finished test [unoptimized + debuginfo] target(s) in 8.85s
[INFO] running `Command { std: "docker" "inspect" "69d48f2ad24a76063c161e06ee510b88db9c85b96a289cfa1cfead58639bf714", kill_on_drop: false }`
[INFO] running `Command { std: "docker" "rm" "-f" "69d48f2ad24a76063c161e06ee510b88db9c85b96a289cfa1cfead58639bf714", kill_on_drop: false }`
[INFO] [stdout] 69d48f2ad24a76063c161e06ee510b88db9c85b96a289cfa1cfead58639bf714
[INFO] running `Command { std: "docker" "create" "-v" "/var/lib/crater-agent-workspace/builds/worker-1-tc1/target:/opt/rustwide/target:rw,Z" "-v" "/var/lib/crater-agent-workspace/builds/worker-1-tc1/source:/opt/rustwide/workdir:ro,Z" "-v" "/var/lib/crater-agent-workspace/cargo-home:/opt/rustwide/cargo-home:ro,Z" "-v" "/var/lib/crater-agent-workspace/rustup-home:/opt/rustwide/rustup-home:ro,Z" "-e" "SOURCE_DIR=/opt/rustwide/workdir" "-e" "CARGO_TARGET_DIR=/opt/rustwide/target" "-e" "CARGO_INCREMENTAL=0" "-e" "RUST_BACKTRACE=full" "-e" "RUSTFLAGS=--cap-lints=warn" "-e" "RUSTDOCFLAGS=--cap-lints=warn" "-e" "CARGO_HOME=/opt/rustwide/cargo-home" "-e" "RUSTUP_HOME=/opt/rustwide/rustup-home" "-w" "/opt/rustwide/workdir" "-m" "1610612736" "--user" "0:0" "--network" "none" "ghcr.io/rust-lang/crates-build-env/linux@sha256:2788e3201cd34a07e3172128adcd8b3090168a8e3bcc40d7c032b9dda1df7d1c" "/opt/rustwide/cargo-home/bin/cargo" "+1.75.0" "test" "--frozen", kill_on_drop: false }`
[INFO] [stdout] 971f17092f5f3722394c36b626998d95da5dd3a80674cb46d9f471599bc220b4
[INFO] running `Command { std: "docker" "start" "-a" "971f17092f5f3722394c36b626998d95da5dd3a80674cb46d9f471599bc220b4", kill_on_drop: false }`
[INFO] [stderr]     Finished test [unoptimized + debuginfo] target(s) in 0.24s
[INFO] [stderr]      Running unittests src/lib.rs (/opt/rustwide/target/debug/deps/hisho_core-25f0f990bccdf514)
[INFO] [stdout] 
[INFO] [stdout] running 9 tests
[INFO] [stdout] test arg_parse::test::parsing_of_options_and_flags ... ok
[INFO] [stdout] test service::tests::ip_172_32_137_254_port_31330_wont_tcp_ping ... ok
[INFO] [stdout] test template::tests::render_valid_environment_template ... ok
[INFO] [stdout] test template::tests::render_valid_process_template ... ok
[INFO] [stdout] test template::tests::fail_with_invalid_string_template ... ok
[INFO] [stdout] test template::tests::render_valid_string_template ... ok
[INFO] [stdout] test service::tests::ip_172_32_137_254_port_31330_is_offline ... ok
[INFO] [stdout] test service::tests::cloudflare_tcp_ping ... FAILED
[INFO] [stdout] test service::tests::cloudflare_is_running ... FAILED
[INFO] [stdout] 
[INFO] [stdout] failures:
[INFO] [stdout] 
[INFO] [stdout] ---- service::tests::cloudflare_tcp_ping stdout ----
[INFO] [stdout] [32m[[36mHisho[32m][39m  [31m	Service 'cloudflare tcp' is not reachable: failed to lookup address information: Temporary failure in name resolution[39m
[INFO] [stdout] thread 'service::tests::cloudflare_tcp_ping' panicked at src/service.rs:80:9:
[INFO] [stdout] assertion failed: is_running(&test_service).await
[INFO] [stdout] stack backtrace:
[INFO] [stdout]    0:     0x55a6ed7162fc - std::backtrace_rs::backtrace::libunwind::trace::ha637c64ce894333a
[INFO] [stdout]                                at /rustc/82e1608dfa6e0b5569232559e3d385fea5a93112/library/std/src/../../backtrace/src/backtrace/libunwind.rs:104:5
[INFO] [stdout]    1:     0x55a6ed7162fc - std::backtrace_rs::backtrace::trace_unsynchronized::h47f62dea28e0c88d
[INFO] [stdout]                                at /rustc/82e1608dfa6e0b5569232559e3d385fea5a93112/library/std/src/../../backtrace/src/backtrace/mod.rs:66:5
[INFO] [stdout]    2:     0x55a6ed7162fc - std::sys_common::backtrace::_print_fmt::h9eef0abe20ede486
[INFO] [stdout]                                at /rustc/82e1608dfa6e0b5569232559e3d385fea5a93112/library/std/src/sys_common/backtrace.rs:67:5
[INFO] [stdout]    3:     0x55a6ed7162fc - <std::sys_common::backtrace::_print::DisplayBacktrace as core::fmt::Display>::fmt::hed7f999df88cc644
[INFO] [stdout]                                at /rustc/82e1608dfa6e0b5569232559e3d385fea5a93112/library/std/src/sys_common/backtrace.rs:44:22
[INFO] [stdout]    4:     0x55a6ed745bd0 - core::fmt::rt::Argument::fmt::h1539a9308b8d058d
[INFO] [stdout]                                at /rustc/82e1608dfa6e0b5569232559e3d385fea5a93112/library/core/src/fmt/rt.rs:142:9
[INFO] [stdout]    5:     0x55a6ed745bd0 - core::fmt::write::h3a39390d8560d9c9
[INFO] [stdout]                                at /rustc/82e1608dfa6e0b5569232559e3d385fea5a93112/library/core/src/fmt/mod.rs:1120:17
[INFO] [stdout]    6:     0x55a6ed71310f - std::io::Write::write_fmt::h040b369f3a0f9cbc
[INFO] [stdout]                                at /rustc/82e1608dfa6e0b5569232559e3d385fea5a93112/library/std/src/io/mod.rs:1762:15
[INFO] [stdout]    7:     0x55a6ed7160e4 - std::sys_common::backtrace::_print::h894006fb5c6f3d45
[INFO] [stdout]                                at /rustc/82e1608dfa6e0b5569232559e3d385fea5a93112/library/std/src/sys_common/backtrace.rs:47:5
[INFO] [stdout]    8:     0x55a6ed7160e4 - std::sys_common::backtrace::print::h23a2d212c6fff936
[INFO] [stdout]                                at /rustc/82e1608dfa6e0b5569232559e3d385fea5a93112/library/std/src/sys_common/backtrace.rs:34:9
[INFO] [stdout]    9:     0x55a6ed717da7 - std::panicking::default_hook::{{closure}}::h8a1d2ee00185001a
[INFO] [stdout]   10:     0x55a6ed717a93 - std::panicking::default_hook::h6038f2eba384e475
[INFO] [stdout]                                at /rustc/82e1608dfa6e0b5569232559e3d385fea5a93112/library/std/src/panicking.rs:289:9
[INFO] [stdout]   11:     0x55a6ed00f327 - <alloc::boxed::Box<F,A> as core::ops::function::Fn<Args>>::call::h0ad024c9bdc6d768
[INFO] [stdout]                                at /rustc/82e1608dfa6e0b5569232559e3d385fea5a93112/library/alloc/src/boxed.rs:2021:9
[INFO] [stdout]   12:     0x55a6ed00f327 - test::test_main::{{closure}}::h7500b54257359db6
[INFO] [stdout]                                at /rustc/82e1608dfa6e0b5569232559e3d385fea5a93112/library/test/src/lib.rs:138:21
[INFO] [stdout]   13:     0x55a6ed7183b8 - <alloc::boxed::Box<F,A> as core::ops::function::Fn<Args>>::call::h1f8f335eaa9cfaee
[INFO] [stdout]                                at /rustc/82e1608dfa6e0b5569232559e3d385fea5a93112/library/alloc/src/boxed.rs:2021:9
[INFO] [stdout]   14:     0x55a6ed7183b8 - std::panicking::rust_panic_with_hook::h2b5517d590cab22e
[INFO] [stdout]                                at /rustc/82e1608dfa6e0b5569232559e3d385fea5a93112/library/std/src/panicking.rs:783:13
[INFO] [stdout]   15:     0x55a6ed7180d9 - std::panicking::begin_panic_handler::{{closure}}::h233112c06e0ef43e
[INFO] [stdout]                                at /rustc/82e1608dfa6e0b5569232559e3d385fea5a93112/library/std/src/panicking.rs:649:13
[INFO] [stdout]   16:     0x55a6ed7167c6 - std::sys_common::backtrace::__rust_end_short_backtrace::h6e893f24d7ebbff8
[INFO] [stdout]                                at /rustc/82e1608dfa6e0b5569232559e3d385fea5a93112/library/std/src/sys_common/backtrace.rs:170:18
[INFO] [stdout]   17:     0x55a6ed717e72 - rust_begin_unwind
[INFO] [stdout]                                at /rustc/82e1608dfa6e0b5569232559e3d385fea5a93112/library/std/src/panicking.rs:645:5
[INFO] [stdout]   18:     0x55a6ecc8d4c5 - core::panicking::panic_fmt::hbf0e066aabfa482c
[INFO] [stdout]                                at /rustc/82e1608dfa6e0b5569232559e3d385fea5a93112/library/core/src/panicking.rs:72:14
[INFO] [stdout]   19:     0x55a6ecc8d563 - core::panicking::panic::h195fc2a96298d4c3
[INFO] [stdout]                                at /rustc/82e1608dfa6e0b5569232559e3d385fea5a93112/library/core/src/panicking.rs:127:5
[INFO] [stdout]   20:     0x55a6ecca6d64 - hisho_core::service::tests::cloudflare_tcp_ping::{{closure}}::h842d8bb5fc801250
[INFO] [stdout]                                at /opt/rustwide/workdir/src/service.rs:80:9
[INFO] [stdout]   21:     0x55a6ecc96ed8 - <core::pin::Pin<P> as core::future::future::Future>::poll::h4a7e523efed36fb8
[INFO] [stdout]                                at /rustc/82e1608dfa6e0b5569232559e3d385fea5a93112/library/core/src/future/future.rs:125:9
[INFO] [stdout]   22:     0x55a6ecc96f2b - <core::pin::Pin<P> as core::future::future::Future>::poll::h5251d54d42fd8708
[INFO] [stdout]                                at /rustc/82e1608dfa6e0b5569232559e3d385fea5a93112/library/core/src/future/future.rs:125:9
[INFO] [stdout]   23:     0x55a6eccac974 - tokio::runtime::scheduler::current_thread::CoreGuard::block_on::{{closure}}::{{closure}}::{{closure}}::h8f5f41667561fa21
[INFO] [stdout]                                at /opt/rustwide/cargo-home/registry/src/index.crates.io-6f17d22bba15001f/tokio-1.35.1/src/runtime/scheduler/current_thread/mod.rs:665:57
[INFO] [stdout]   24:     0x55a6eccac89a - tokio::runtime::coop::with_budget::h3610168cc5713c2c
[INFO] [stdout]                                at /opt/rustwide/cargo-home/registry/src/index.crates.io-6f17d22bba15001f/tokio-1.35.1/src/runtime/coop.rs:107:5
[INFO] [stdout]   25:     0x55a6eccac89a - tokio::runtime::coop::budget::h429fe872742a7b8b
[INFO] [stdout]                                at /opt/rustwide/cargo-home/registry/src/index.crates.io-6f17d22bba15001f/tokio-1.35.1/src/runtime/coop.rs:73:5
[INFO] [stdout]   26:     0x55a6eccac89a - tokio::runtime::scheduler::current_thread::CoreGuard::block_on::{{closure}}::{{closure}}::h464187b8e605f40f
[INFO] [stdout]                                at /opt/rustwide/cargo-home/registry/src/index.crates.io-6f17d22bba15001f/tokio-1.35.1/src/runtime/scheduler/current_thread/mod.rs:665:25
[INFO] [stdout]   27:     0x55a6eccab23c - tokio::runtime::scheduler::current_thread::Context::enter::h1018c0040d07d7c9
[INFO] [stdout]                                at /opt/rustwide/cargo-home/registry/src/index.crates.io-6f17d22bba15001f/tokio-1.35.1/src/runtime/scheduler/current_thread/mod.rs:410:19
[INFO] [stdout]   28:     0x55a6eccac0ab - tokio::runtime::scheduler::current_thread::CoreGuard::block_on::{{closure}}::h46b777ac67d87780
[INFO] [stdout]                                at /opt/rustwide/cargo-home/registry/src/index.crates.io-6f17d22bba15001f/tokio-1.35.1/src/runtime/scheduler/current_thread/mod.rs:664:36
[INFO] [stdout]   29:     0x55a6eccabdbb - tokio::runtime::scheduler::current_thread::CoreGuard::enter::{{closure}}::hbaad2f1a44fdad4f
[INFO] [stdout]                                at /opt/rustwide/cargo-home/registry/src/index.crates.io-6f17d22bba15001f/tokio-1.35.1/src/runtime/scheduler/current_thread/mod.rs:743:68
[INFO] [stdout]   30:     0x55a6ecc9695b - tokio::runtime::context::scoped::Scoped<T>::set::hc7018c615a802fe5
[INFO] [stdout]                                at /opt/rustwide/cargo-home/registry/src/index.crates.io-6f17d22bba15001f/tokio-1.35.1/src/runtime/context/scoped.rs:40:9
[INFO] [stdout]   31:     0x55a6ecca4699 - tokio::runtime::context::set_scheduler::{{closure}}::hf3095e6bcd708b72
[INFO] [stdout]                                at /opt/rustwide/cargo-home/registry/src/index.crates.io-6f17d22bba15001f/tokio-1.35.1/src/runtime/context.rs:176:26
[INFO] [stdout]   32:     0x55a6ecc99f46 - std::thread::local::LocalKey<T>::try_with::he125a00939ea87ed
[INFO] [stdout]                                at /rustc/82e1608dfa6e0b5569232559e3d385fea5a93112/library/std/src/thread/local.rs:270:16
[INFO] [stdout]   33:     0x55a6ecc9969a - std::thread::local::LocalKey<T>::with::ha7e375ea9131b736
[INFO] [stdout]                                at /rustc/82e1608dfa6e0b5569232559e3d385fea5a93112/library/std/src/thread/local.rs:246:9
[INFO] [stdout]   34:     0x55a6ecca464d - tokio::runtime::context::set_scheduler::h16c35ea5950a28c7
[INFO] [stdout]                                at /opt/rustwide/cargo-home/registry/src/index.crates.io-6f17d22bba15001f/tokio-1.35.1/src/runtime/context.rs:176:9
[INFO] [stdout]   35:     0x55a6eccabb50 - tokio::runtime::scheduler::current_thread::CoreGuard::enter::hfa8342d37a06aa70
[INFO] [stdout]                                at /opt/rustwide/cargo-home/registry/src/index.crates.io-6f17d22bba15001f/tokio-1.35.1/src/runtime/scheduler/current_thread/mod.rs:743:27
[INFO] [stdout]   36:     0x55a6eccabded - tokio::runtime::scheduler::current_thread::CoreGuard::block_on::h4dc865b4a2f92cd1
[INFO] [stdout]                                at /opt/rustwide/cargo-home/registry/src/index.crates.io-6f17d22bba15001f/tokio-1.35.1/src/runtime/scheduler/current_thread/mod.rs:652:19
[INFO] [stdout]   37:     0x55a6eccaad1d - tokio::runtime::scheduler::current_thread::CurrentThread::block_on::{{closure}}::hab47f202db99362f
[INFO] [stdout]                                at /opt/rustwide/cargo-home/registry/src/index.crates.io-6f17d22bba15001f/tokio-1.35.1/src/runtime/scheduler/current_thread/mod.rs:175:28
[INFO] [stdout]   38:     0x55a6eccaa3da - tokio::runtime::context::runtime::enter_runtime::h2107b0821229cedc
[INFO] [stdout]                                at /opt/rustwide/cargo-home/registry/src/index.crates.io-6f17d22bba15001f/tokio-1.35.1/src/runtime/context/runtime.rs:65:16
[INFO] [stdout]   39:     0x55a6eccaac30 - tokio::runtime::scheduler::current_thread::CurrentThread::block_on::h63639815ecb64c4c
[INFO] [stdout]                                at /opt/rustwide/cargo-home/registry/src/index.crates.io-6f17d22bba15001f/tokio-1.35.1/src/runtime/scheduler/current_thread/mod.rs:167:9
[INFO] [stdout]   40:     0x55a6eccaaafd - tokio::runtime::runtime::Runtime::block_on::hadf82295bea6b983
[INFO] [stdout]                                at /opt/rustwide/cargo-home/registry/src/index.crates.io-6f17d22bba15001f/tokio-1.35.1/src/runtime/runtime.rs:348:47
[INFO] [stdout]   41:     0x55a6ecca6a0c - hisho_core::service::tests::cloudflare_tcp_ping::h7e48cb1b6f32d23d
[INFO] [stdout]                                at /opt/rustwide/workdir/src/service.rs:80:9
[INFO] [stdout]   42:     0x55a6ecca6897 - hisho_core::service::tests::cloudflare_tcp_ping::{{closure}}::hcfdfb700b7f3af02
[INFO] [stdout]                                at /opt/rustwide/workdir/src/service.rs:74:35
[INFO] [stdout]   43:     0x55a6ecca1f46 - core::ops::function::FnOnce::call_once::h6fec4873a04e3e4b
[INFO] [stdout]                                at /rustc/82e1608dfa6e0b5569232559e3d385fea5a93112/library/core/src/ops/function.rs:250:5
[INFO] [stdout]   44:     0x55a6ed01497f - core::ops::function::FnOnce::call_once::h2b5d431d5046312d
[INFO] [stdout]                                at /rustc/82e1608dfa6e0b5569232559e3d385fea5a93112/library/core/src/ops/function.rs:250:5
[INFO] [stdout]   45:     0x55a6ed01497f - test::__rust_begin_short_backtrace::h7714669af176e207
[INFO] [stdout]                                at /rustc/82e1608dfa6e0b5569232559e3d385fea5a93112/library/test/src/lib.rs:628:18
[INFO] [stdout]   46:     0x55a6ed013995 - test::run_test_in_process::{{closure}}::h85218797dcbcec12
[INFO] [stdout]                                at /rustc/82e1608dfa6e0b5569232559e3d385fea5a93112/library/test/src/lib.rs:651:60
[INFO] [stdout]   47:     0x55a6ed013995 - <core::panic::unwind_safe::AssertUnwindSafe<F> as core::ops::function::FnOnce<()>>::call_once::h76c106ea31c14d7b
[INFO] [stdout]                                at /rustc/82e1608dfa6e0b5569232559e3d385fea5a93112/library/core/src/panic/unwind_safe.rs:272:9
[INFO] [stdout]   48:     0x55a6ed013995 - std::panicking::try::do_call::h3bd5d0f6620ee946
[INFO] [stdout]                                at /rustc/82e1608dfa6e0b5569232559e3d385fea5a93112/library/std/src/panicking.rs:552:40
[INFO] [stdout]   49:     0x55a6ed013995 - std::panicking::try::h232e535e4744fe31
[INFO] [stdout]                                at /rustc/82e1608dfa6e0b5569232559e3d385fea5a93112/library/std/src/panicking.rs:516:19
[INFO] [stdout]   50:     0x55a6ed013995 - std::panic::catch_unwind::h3ce3bd6ca8dbac68
[INFO] [stdout]                                at /rustc/82e1608dfa6e0b5569232559e3d385fea5a93112/library/std/src/panic.rs:142:14
[INFO] [stdout]   51:     0x55a6ed013995 - test::run_test_in_process::hc97b257c9621286a
[INFO] [stdout]                                at /rustc/82e1608dfa6e0b5569232559e3d385fea5a93112/library/test/src/lib.rs:651:27
[INFO] [stdout]   52:     0x55a6ed013995 - test::run_test::{{closure}}::h2aa798823a438d38
[INFO] [stdout]                                at /rustc/82e1608dfa6e0b5569232559e3d385fea5a93112/library/test/src/lib.rs:574:43
[INFO] [stdout]   53:     0x55a6ecfdbc56 - test::run_test::{{closure}}::h87d231c78fb59832
[INFO] [stdout]                                at /rustc/82e1608dfa6e0b5569232559e3d385fea5a93112/library/test/src/lib.rs:602:41
[INFO] [stdout]   54:     0x55a6ecfdbc56 - std::sys_common::backtrace::__rust_begin_short_backtrace::he6df152596625789
[INFO] [stdout]                                at /rustc/82e1608dfa6e0b5569232559e3d385fea5a93112/library/std/src/sys_common/backtrace.rs:154:18
[INFO] [stdout]   55:     0x55a6ecfe0d07 - std::thread::Builder::spawn_unchecked_::{{closure}}::{{closure}}::ha94be15d1e0acf36
[INFO] [stdout]                                at /rustc/82e1608dfa6e0b5569232559e3d385fea5a93112/library/std/src/thread/mod.rs:529:17
[INFO] [stdout]   56:     0x55a6ecfe0d07 - <core::panic::unwind_safe::AssertUnwindSafe<F> as core::ops::function::FnOnce<()>>::call_once::h9dc6bd6372f16606
[INFO] [stdout]                                at /rustc/82e1608dfa6e0b5569232559e3d385fea5a93112/library/core/src/panic/unwind_safe.rs:272:9
[INFO] [stdout]   57:     0x55a6ecfe0d07 - std::panicking::try::do_call::h9057517f80303cd4
[INFO] [stdout]                                at /rustc/82e1608dfa6e0b5569232559e3d385fea5a93112/library/std/src/panicking.rs:552:40
[INFO] [stdout]   58:     0x55a6ecfe0d07 - std::panicking::try::he3a30b11ee45340c
[INFO] [stdout]                                at /rustc/82e1608dfa6e0b5569232559e3d385fea5a93112/library/std/src/panicking.rs:516:19
[INFO] [stdout]   59:     0x55a6ecfe0d07 - std::panic::catch_unwind::h410458cfd3528b8b
[INFO] [stdout]                                at /rustc/82e1608dfa6e0b5569232559e3d385fea5a93112/library/std/src/panic.rs:142:14
[INFO] [stdout]   60:     0x55a6ecfe0d07 - std::thread::Builder::spawn_unchecked_::{{closure}}::h72ac3bdb567b737b
[INFO] [stdout]                                at /rustc/82e1608dfa6e0b5569232559e3d385fea5a93112/library/std/src/thread/mod.rs:528:30
[INFO] [stdout]   61:     0x55a6ecfe0d07 - core::ops::function::FnOnce::call_once{{vtable.shim}}::h38f34da3654a8344
[INFO] [stdout]                                at /rustc/82e1608dfa6e0b5569232559e3d385fea5a93112/library/core/src/ops/function.rs:250:5
[INFO] [stdout]   62:     0x55a6ed71cfc5 - <alloc::boxed::Box<F,A> as core::ops::function::FnOnce<Args>>::call_once::hc7eafaff61e32df9
[INFO] [stdout]                                at /rustc/82e1608dfa6e0b5569232559e3d385fea5a93112/library/alloc/src/boxed.rs:2007:9
[INFO] [stdout]   63:     0x55a6ed71cfc5 - <alloc::boxed::Box<F,A> as core::ops::function::FnOnce<Args>>::call_once::h6ba4a5de48dd2304
[INFO] [stdout]                                at /rustc/82e1608dfa6e0b5569232559e3d385fea5a93112/library/alloc/src/boxed.rs:2007:9
[INFO] [stdout]   64:     0x55a6ed71cfc5 - std::sys::unix::thread::Thread::new::thread_start::he469335aef763e45
[INFO] [stdout]                                at /rustc/82e1608dfa6e0b5569232559e3d385fea5a93112/library/std/src/sys/unix/thread.rs:108:17
[INFO] [stdout]   65:     0x7fb94b359ac3 - <unknown>
[INFO] [stdout]   66:     0x7fb94b3eabf4 - __clone
[INFO] [stdout]   67:                0x0 - <unknown>
[INFO] [stdout] 
[INFO] [stdout] ---- service::tests::cloudflare_is_running stdout ----
[INFO] [stdout] [32m[[36mHisho[32m][39m  [31m	Service 'cloudflare' is not reachable: error sending request for url (https://cloudflare.com/): error trying to connect: dns error: failed to lookup address information: Temporary failure in name resolution[39m
[INFO] [stdout] thread 'service::tests::cloudflare_is_running' panicked at src/service.rs:70:9:
[INFO] [stdout] assertion failed: is_running(&test_service).await
[INFO] [stdout] stack backtrace:
[INFO] [stdout]    0:     0x55a6ed7162fc - std::backtrace_rs::backtrace::libunwind::trace::ha637c64ce894333a
[INFO] [stdout]                                at /rustc/82e1608dfa6e0b5569232559e3d385fea5a93112/library/std/src/../../backtrace/src/backtrace/libunwind.rs:104:5
[INFO] [stdout]    1:     0x55a6ed7162fc - std::backtrace_rs::backtrace::trace_unsynchronized::h47f62dea28e0c88d
[INFO] [stdout]                                at /rustc/82e1608dfa6e0b5569232559e3d385fea5a93112/library/std/src/../../backtrace/src/backtrace/mod.rs:66:5
[INFO] [stdout]    2:     0x55a6ed7162fc - std::sys_common::backtrace::_print_fmt::h9eef0abe20ede486
[INFO] [stdout]                                at /rustc/82e1608dfa6e0b5569232559e3d385fea5a93112/library/std/src/sys_common/backtrace.rs:67:5
[INFO] [stdout]    3:     0x55a6ed7162fc - <std::sys_common::backtrace::_print::DisplayBacktrace as core::fmt::Display>::fmt::hed7f999df88cc644
[INFO] [stdout]                                at /rustc/82e1608dfa6e0b5569232559e3d385fea5a93112/library/std/src/sys_common/backtrace.rs:44:22
[INFO] [stdout]    4:     0x55a6ed745bd0 - core::fmt::rt::Argument::fmt::h1539a9308b8d058d
[INFO] [stdout]                                at /rustc/82e1608dfa6e0b5569232559e3d385fea5a93112/library/core/src/fmt/rt.rs:142:9
[INFO] [stdout]    5:     0x55a6ed745bd0 - core::fmt::write::h3a39390d8560d9c9
[INFO] [stdout]                                at /rustc/82e1608dfa6e0b5569232559e3d385fea5a93112/library/core/src/fmt/mod.rs:1120:17
[INFO] [stdout]    6:     0x55a6ed71310f - std::io::Write::write_fmt::h040b369f3a0f9cbc
[INFO] [stdout]                                at /rustc/82e1608dfa6e0b5569232559e3d385fea5a93112/library/std/src/io/mod.rs:1762:15
[INFO] [stdout]    7:     0x55a6ed7160e4 - std::sys_common::backtrace::_print::h894006fb5c6f3d45
[INFO] [stdout]                                at /rustc/82e1608dfa6e0b5569232559e3d385fea5a93112/library/std/src/sys_common/backtrace.rs:47:5
[INFO] [stdout]    8:     0x55a6ed7160e4 - std::sys_common::backtrace::print::h23a2d212c6fff936
[INFO] [stdout]                                at /rustc/82e1608dfa6e0b5569232559e3d385fea5a93112/library/std/src/sys_common/backtrace.rs:34:9
[INFO] [stdout]    9:     0x55a6ed717da7 - std::panicking::default_hook::{{closure}}::h8a1d2ee00185001a
[INFO] [stdout]   10:     0x55a6ed717a93 - std::panicking::default_hook::h6038f2eba384e475
[INFO] [stdout]                                at /rustc/82e1608dfa6e0b5569232559e3d385fea5a93112/library/std/src/panicking.rs:289:9
[INFO] [stdout]   11:     0x55a6ed00f327 - <alloc::boxed::Box<F,A> as core::ops::function::Fn<Args>>::call::h0ad024c9bdc6d768
[INFO] [stdout]                                at /rustc/82e1608dfa6e0b5569232559e3d385fea5a93112/library/alloc/src/boxed.rs:2021:9
[INFO] [stdout]   12:     0x55a6ed00f327 - test::test_main::{{closure}}::h7500b54257359db6
[INFO] [stdout]                                at /rustc/82e1608dfa6e0b5569232559e3d385fea5a93112/library/test/src/lib.rs:138:21
[INFO] [stdout]   13:     0x55a6ed7183b8 - <alloc::boxed::Box<F,A> as core::ops::function::Fn<Args>>::call::h1f8f335eaa9cfaee
[INFO] [stdout]                                at /rustc/82e1608dfa6e0b5569232559e3d385fea5a93112/library/alloc/src/boxed.rs:2021:9
[INFO] [stdout]   14:     0x55a6ed7183b8 - std::panicking::rust_panic_with_hook::h2b5517d590cab22e
[INFO] [stdout]                                at /rustc/82e1608dfa6e0b5569232559e3d385fea5a93112/library/std/src/panicking.rs:783:13
[INFO] [stdout]   15:     0x55a6ed7180d9 - std::panicking::begin_panic_handler::{{closure}}::h233112c06e0ef43e
[INFO] [stdout]                                at /rustc/82e1608dfa6e0b5569232559e3d385fea5a93112/library/std/src/panicking.rs:649:13
[INFO] [stdout]   16:     0x55a6ed7167c6 - std::sys_common::backtrace::__rust_end_short_backtrace::h6e893f24d7ebbff8
[INFO] [stdout]                                at /rustc/82e1608dfa6e0b5569232559e3d385fea5a93112/library/std/src/sys_common/backtrace.rs:170:18
[INFO] [stdout]   17:     0x55a6ed717e72 - rust_begin_unwind
[INFO] [stdout]                                at /rustc/82e1608dfa6e0b5569232559e3d385fea5a93112/library/std/src/panicking.rs:645:5
[INFO] [stdout]   18:     0x55a6ecc8d4c5 - core::panicking::panic_fmt::hbf0e066aabfa482c
[INFO] [stdout]                                at /rustc/82e1608dfa6e0b5569232559e3d385fea5a93112/library/core/src/panicking.rs:72:14
[INFO] [stdout]   19:     0x55a6ecc8d563 - core::panicking::panic::h195fc2a96298d4c3
[INFO] [stdout]                                at /rustc/82e1608dfa6e0b5569232559e3d385fea5a93112/library/core/src/panicking.rs:127:5
[INFO] [stdout]   20:     0x55a6ecca6844 - hisho_core::service::tests::cloudflare_is_running::{{closure}}::h600684bca4462440
[INFO] [stdout]                                at /opt/rustwide/workdir/src/service.rs:70:9
[INFO] [stdout]   21:     0x55a6ecc96ed8 - <core::pin::Pin<P> as core::future::future::Future>::poll::h4a7e523efed36fb8
[INFO] [stdout]                                at /rustc/82e1608dfa6e0b5569232559e3d385fea5a93112/library/core/src/future/future.rs:125:9
[INFO] [stdout]   22:     0x55a6ecc96f2b - <core::pin::Pin<P> as core::future::future::Future>::poll::h5251d54d42fd8708
[INFO] [stdout]                                at /rustc/82e1608dfa6e0b5569232559e3d385fea5a93112/library/core/src/future/future.rs:125:9
[INFO] [stdout]   23:     0x55a6eccac974 - tokio::runtime::scheduler::current_thread::CoreGuard::block_on::{{closure}}::{{closure}}::{{closure}}::h8f5f41667561fa21
[INFO] [stdout]                                at /opt/rustwide/cargo-home/registry/src/index.crates.io-6f17d22bba15001f/tokio-1.35.1/src/runtime/scheduler/current_thread/mod.rs:665:57
[INFO] [stdout]   24:     0x55a6eccac89a - tokio::runtime::coop::with_budget::h3610168cc5713c2c
[INFO] [stdout]                                at /opt/rustwide/cargo-home/registry/src/index.crates.io-6f17d22bba15001f/tokio-1.35.1/src/runtime/coop.rs:107:5
[INFO] [stdout]   25:     0x55a6eccac89a - tokio::runtime::coop::budget::h429fe872742a7b8b
[INFO] [stdout]                                at /opt/rustwide/cargo-home/registry/src/index.crates.io-6f17d22bba15001f/tokio-1.35.1/src/runtime/coop.rs:73:5
[INFO] [stdout]   26:     0x55a6eccac89a - tokio::runtime::scheduler::current_thread::CoreGuard::block_on::{{closure}}::{{closure}}::h464187b8e605f40f
[INFO] [stdout]                                at /opt/rustwide/cargo-home/registry/src/index.crates.io-6f17d22bba15001f/tokio-1.35.1/src/runtime/scheduler/current_thread/mod.rs:665:25
[INFO] [stdout]   27:     0x55a6eccab23c - tokio::runtime::scheduler::current_thread::Context::enter::h1018c0040d07d7c9
[INFO] [stdout]                                at /opt/rustwide/cargo-home/registry/src/index.crates.io-6f17d22bba15001f/tokio-1.35.1/src/runtime/scheduler/current_thread/mod.rs:410:19
[INFO] [stdout]   28:     0x55a6eccac0ab - tokio::runtime::scheduler::current_thread::CoreGuard::block_on::{{closure}}::h46b777ac67d87780
[INFO] [stdout]                                at /opt/rustwide/cargo-home/registry/src/index.crates.io-6f17d22bba15001f/tokio-1.35.1/src/runtime/scheduler/current_thread/mod.rs:664:36
[INFO] [stdout]   29:     0x55a6eccabdbb - tokio::runtime::scheduler::current_thread::CoreGuard::enter::{{closure}}::hbaad2f1a44fdad4f
[INFO] [stdout]                                at /opt/rustwide/cargo-home/registry/src/index.crates.io-6f17d22bba15001f/tokio-1.35.1/src/runtime/scheduler/current_thread/mod.rs:743:68
[INFO] [stdout]   30:     0x55a6ecc9695b - tokio::runtime::context::scoped::Scoped<T>::set::hc7018c615a802fe5
[INFO] [stdout]                                at /opt/rustwide/cargo-home/registry/src/index.crates.io-6f17d22bba15001f/tokio-1.35.1/src/runtime/context/scoped.rs:40:9
[INFO] [stdout]   31:     0x55a6ecca4699 - tokio::runtime::context::set_scheduler::{{closure}}::hf3095e6bcd708b72
[INFO] [stdout]                                at /opt/rustwide/cargo-home/registry/src/index.crates.io-6f17d22bba15001f/tokio-1.35.1/src/runtime/context.rs:176:26
[INFO] [stdout]   32:     0x55a6ecc99f46 - std::thread::local::LocalKey<T>::try_with::he125a00939ea87ed
[INFO] [stdout]                                at /rustc/82e1608dfa6e0b5569232559e3d385fea5a93112/library/std/src/thread/local.rs:270:16
[INFO] [stdout]   33:     0x55a6ecc9969a - std::thread::local::LocalKey<T>::with::ha7e375ea9131b736
[INFO] [stdout]                                at /rustc/82e1608dfa6e0b5569232559e3d385fea5a93112/library/std/src/thread/local.rs:246:9
[INFO] [stdout]   34:     0x55a6ecca464d - tokio::runtime::context::set_scheduler::h16c35ea5950a28c7
[INFO] [stdout]                                at /opt/rustwide/cargo-home/registry/src/index.crates.io-6f17d22bba15001f/tokio-1.35.1/src/runtime/context.rs:176:9
[INFO] [stdout]   35:     0x55a6eccabb50 - tokio::runtime::scheduler::current_thread::CoreGuard::enter::hfa8342d37a06aa70
[INFO] [stdout]                                at /opt/rustwide/cargo-home/registry/src/index.crates.io-6f17d22bba15001f/tokio-1.35.1/src/runtime/scheduler/current_thread/mod.rs:743:27
[INFO] [stdout]   36:     0x55a6eccabded - tokio::runtime::scheduler::current_thread::CoreGuard::block_on::h4dc865b4a2f92cd1
[INFO] [stdout]                                at /opt/rustwide/cargo-home/registry/src/index.crates.io-6f17d22bba15001f/tokio-1.35.1/src/runtime/scheduler/current_thread/mod.rs:652:19
[INFO] [stdout]   37:     0x55a6eccaad1d - tokio::runtime::scheduler::current_thread::CurrentThread::block_on::{{closure}}::hab47f202db99362f
[INFO] [stdout]                                at /opt/rustwide/cargo-home/registry/src/index.crates.io-6f17d22bba15001f/tokio-1.35.1/src/runtime/scheduler/current_thread/mod.rs:175:28
[INFO] [stdout]   38:     0x55a6eccaa3da - tokio::runtime::context::runtime::enter_runtime::h2107b0821229cedc
[INFO] [stdout]                                at /opt/rustwide/cargo-home/registry/src/index.crates.io-6f17d22bba15001f/tokio-1.35.1/src/runtime/context/runtime.rs:65:16
[INFO] [stdout]   39:     0x55a6eccaac30 - tokio::runtime::scheduler::current_thread::CurrentThread::block_on::h63639815ecb64c4c
[INFO] [stdout]                                at /opt/rustwide/cargo-home/registry/src/index.crates.io-6f17d22bba15001f/tokio-1.35.1/src/runtime/scheduler/current_thread/mod.rs:167:9
[INFO] [stdout]   40:     0x55a6eccaaafd - tokio::runtime::runtime::Runtime::block_on::hadf82295bea6b983
[INFO] [stdout]                                at /opt/rustwide/cargo-home/registry/src/index.crates.io-6f17d22bba15001f/tokio-1.35.1/src/runtime/runtime.rs:348:47
[INFO] [stdout]   41:     0x55a6ecca64ec - hisho_core::service::tests::cloudflare_is_running::hc4c63b64a9e1cf5a
[INFO] [stdout]                                at /opt/rustwide/workdir/src/service.rs:70:9
[INFO] [stdout]   42:     0x55a6ecca6377 - hisho_core::service::tests::cloudflare_is_running::{{closure}}::hffd41d4addd9a20f
[INFO] [stdout]                                at /opt/rustwide/workdir/src/service.rs:64:37
[INFO] [stdout]   43:     0x55a6ecca1fc6 - core::ops::function::FnOnce::call_once::h8f19fa506051e79d
[INFO] [stdout]                                at /rustc/82e1608dfa6e0b5569232559e3d385fea5a93112/library/core/src/ops/function.rs:250:5
[INFO] [stdout]   44:     0x55a6ed01497f - core::ops::function::FnOnce::call_once::h2b5d431d5046312d
[INFO] [stdout]                                at /rustc/82e1608dfa6e0b5569232559e3d385fea5a93112/library/core/src/ops/function.rs:250:5
[INFO] [stdout]   45:     0x55a6ed01497f - test::__rust_begin_short_backtrace::h7714669af176e207
[INFO] [stdout]                                at /rustc/82e1608dfa6e0b5569232559e3d385fea5a93112/library/test/src/lib.rs:628:18
[INFO] [stdout]   46:     0x55a6ed013995 - test::run_test_in_process::{{closure}}::h85218797dcbcec12
[INFO] [stdout]                                at /rustc/82e1608dfa6e0b5569232559e3d385fea5a93112/library/test/src/lib.rs:651:60
[INFO] [stdout]   47:     0x55a6ed013995 - <core::panic::unwind_safe::AssertUnwindSafe<F> as core::ops::function::FnOnce<()>>::call_once::h76c106ea31c14d7b
[INFO] [stdout]                                at /rustc/82e1608dfa6e0b5569232559e3d385fea5a93112/library/core/src/panic/unwind_safe.rs:272:9
[INFO] [stdout]   48:     0x55a6ed013995 - std::panicking::try::do_call::h3bd5d0f6620ee946
[INFO] [stdout]                                at /rustc/82e1608dfa6e0b5569232559e3d385fea5a93112/library/std/src/panicking.rs:552:40
[INFO] [stdout]   49:     0x55a6ed013995 - std::panicking::try::h232e535e4744fe31
[INFO] [stdout]                                at /rustc/82e1608dfa6e0b5569232559e3d385fea5a93112/library/std/src/panicking.rs:516:19
[INFO] [stdout]   50:     0x55a6ed013995 - std::panic::catch_unwind::h3ce3bd6ca8dbac68
[INFO] [stdout]                                at /rustc/82e1608dfa6e0b5569232559e3d385fea5a93112/library/std/src/panic.rs:142:14
[INFO] [stdout]   51:     0x55a6ed013995 - test::run_test_in_process::hc97b257c9621286a
[INFO] [stdout]                                at /rustc/82e1608dfa6e0b5569232559e3d385fea5a93112/library/test/src/lib.rs:651:27
[INFO] [stdout]   52:     0x55a6ed013995 - test::run_test::{{closure}}::h2aa798823a438d38
[INFO] [stdout]                                at /rustc/82e1608dfa6e0b5569232559e3d385fea5a93112/library/test/src/lib.rs:574:43
[INFO] [stdout]   53:     0x55a6ecfdbc56 - test::run_test::{{closure}}::h87d231c78fb59832
[INFO] [stdout]                                at /rustc/82e1608dfa6e0b5569232559e3d385fea5a93112/library/test/src/lib.rs:602:41
[INFO] [stdout]   54:     0x55a6ecfdbc56 - std::sys_common::backtrace::__rust_begin_short_backtrace::he6df152596625789
[INFO] [stdout]                                at /rustc/82e1608dfa6e0b5569232559e3d385fea5a93112/library/std/src/sys_common/backtrace.rs:154:18
[INFO] [stdout]   55:     0x55a6ecfe0d07 - std::thread::Builder::spawn_unchecked_::{{closure}}::{{closure}}::ha94be15d1e0acf36
[INFO] [stdout]                                at /rustc/82e1608dfa6e0b5569232559e3d385fea5a93112/library/std/src/thread/mod.rs:529:17
[INFO] [stdout]   56:     0x55a6ecfe0d07 - <core::panic::unwind_safe::AssertUnwindSafe<F> as core::ops::function::FnOnce<()>>::call_once::h9dc6bd6372f16606
[INFO] [stdout]                                at /rustc/82e1608dfa6e0b5569232559e3d385fea5a93112/library/core/src/panic/unwind_safe.rs:272:9
[INFO] [stdout]   57:     0x55a6ecfe0d07 - std::panicking::try::do_call::h9057517f80303cd4
[INFO] [stdout]                                at /rustc/82e1608dfa6e0b5569232559e3d385fea5a93112/library/std/src/panicking.rs:552:40
[INFO] [stdout]   58:     0x55a6ecfe0d07 - std::panicking::try::he3a30b11ee45340c
[INFO] [stdout]                                at /rustc/82e1608dfa6e0b5569232559e3d385fea5a93112/library/std/src/panicking.rs:516:19
[INFO] [stdout]   59:     0x55a6ecfe0d07 - std::panic::catch_unwind::h410458cfd3528b8b
[INFO] [stdout]                                at /rustc/82e1608dfa6e0b5569232559e3d385fea5a93112/library/std/src/panic.rs:142:14
[INFO] [stdout]   60:     0x55a6ecfe0d07 - std::thread::Builder::spawn_unchecked_::{{closure}}::h72ac3bdb567b737b
[INFO] [stdout]                                at /rustc/82e1608dfa6e0b5569232559e3d385fea5a93112/library/std/src/thread/mod.rs:528:30
[INFO] [stdout]   61:     0x55a6ecfe0d07 - core::ops::function::FnOnce::call_once{{vtable.shim}}::h38f34da3654a8344
[INFO] [stdout]                                at /rustc/82e1608dfa6e0b5569232559e3d385fea5a93112/library/core/src/ops/function.rs:250:5
[INFO] [stdout]   62:     0x55a6ed71cfc5 - <alloc::boxed::Box<F,A> as core::ops::function::FnOnce<Args>>::call_once::hc7eafaff61e32df9
[INFO] [stdout]                                at /rustc/82e1608dfa6e0b5569232559e3d385fea5a93112/library/alloc/src/boxed.rs:2007:9
[INFO] [stdout]   63:     0x55a6ed71cfc5 - <alloc::boxed::Box<F,A> as core::ops::function::FnOnce<Args>>::call_once::h6ba4a5de48dd2304
[INFO] [stdout]                                at /rustc/82e1608dfa6e0b5569232559e3d385fea5a93112/library/alloc/src/boxed.rs:2007:9
[INFO] [stdout]   64:     0x55a6ed71cfc5 - std::sys::unix::thread::Thread::new::thread_start::he469335aef763e45
[INFO] [stdout]                                at /rustc/82e1608dfa6e0b5569232559e3d385fea5a93112/library/std/src/sys/unix/thread.rs:108:17
[INFO] [stdout]   65:     0x7fb94b359ac3 - <unknown>
[INFO] [stdout]   66:     0x7fb94b3eabf4 - __clone
[INFO] [stdout]   67:                0x0 - <unknown>
[INFO] [stdout] 
[INFO] [stdout] 
[INFO] [stdout] failures:
[INFO] [stdout]     service::tests::cloudflare_is_running
[INFO] [stdout]     service::tests::cloudflare_tcp_ping
[INFO] [stdout] 
[INFO] [stdout] test result: FAILED. 7 passed; 2 failed; 0 ignored; 0 measured; 0 filtered out; finished in 0.10s
[INFO] [stdout] 
[INFO] [stderr] error: test failed, to rerun pass `--lib`
[INFO] running `Command { std: "docker" "inspect" "971f17092f5f3722394c36b626998d95da5dd3a80674cb46d9f471599bc220b4", kill_on_drop: false }`
[INFO] running `Command { std: "docker" "rm" "-f" "971f17092f5f3722394c36b626998d95da5dd3a80674cb46d9f471599bc220b4", kill_on_drop: false }`
[INFO] [stdout] 971f17092f5f3722394c36b626998d95da5dd3a80674cb46d9f471599bc220b4
[INFO] testing hisho_core-1.1.0-rc.1 against beta-2023-12-22 for beta-1.76-1
[INFO] extracting crate hisho_core 1.1.0-rc.1 into /workspace/builds/worker-1-tc2/source
[INFO] validating manifest of crates.io crate hisho_core 1.1.0-rc.1 on toolchain beta-2023-12-22
[INFO] running `Command { std: CARGO_HOME="/workspace/cargo-home" RUSTUP_HOME="/workspace/rustup-home" "/workspace/cargo-home/bin/cargo" "+beta-2023-12-22" "metadata" "--manifest-path" "Cargo.toml" "--no-deps", kill_on_drop: false }`
[INFO] started tweaking crates.io crate hisho_core 1.1.0-rc.1
[INFO] finished tweaking crates.io crate hisho_core 1.1.0-rc.1
[INFO] tweaked toml for crates.io crate hisho_core 1.1.0-rc.1 written to /workspace/builds/worker-1-tc2/source/Cargo.toml
[INFO] running `Command { std: CARGO_HOME="/workspace/cargo-home" RUSTUP_HOME="/workspace/rustup-home" "/workspace/cargo-home/bin/cargo" "+beta-2023-12-22" "generate-lockfile" "--manifest-path" "Cargo.toml", kill_on_drop: false }`
[INFO] [stderr]     Updating crates.io index
[INFO] running `Command { std: CARGO_HOME="/workspace/cargo-home" RUSTUP_HOME="/workspace/rustup-home" "/workspace/cargo-home/bin/cargo" "+beta-2023-12-22" "fetch" "--manifest-path" "Cargo.toml", kill_on_drop: false }`
[INFO] running `Command { std: "docker" "create" "-v" "/var/lib/crater-agent-workspace/builds/worker-1-tc2/target:/opt/rustwide/target:rw,Z" "-v" "/var/lib/crater-agent-workspace/builds/worker-1-tc2/source:/opt/rustwide/workdir:ro,Z" "-v" "/var/lib/crater-agent-workspace/cargo-home:/opt/rustwide/cargo-home:ro,Z" "-v" "/var/lib/crater-agent-workspace/rustup-home:/opt/rustwide/rustup-home:ro,Z" "-e" "SOURCE_DIR=/opt/rustwide/workdir" "-e" "CARGO_TARGET_DIR=/opt/rustwide/target" "-e" "CARGO_HOME=/opt/rustwide/cargo-home" "-e" "RUSTUP_HOME=/opt/rustwide/rustup-home" "-w" "/opt/rustwide/workdir" "-m" "1610612736" "--user" "0:0" "--network" "none" "ghcr.io/rust-lang/crates-build-env/linux@sha256:2788e3201cd34a07e3172128adcd8b3090168a8e3bcc40d7c032b9dda1df7d1c" "/opt/rustwide/cargo-home/bin/cargo" "+beta-2023-12-22" "metadata" "--no-deps" "--format-version=1", kill_on_drop: false }`
[INFO] [stdout] 8a5a408865f5ad5fd51a1db64cb22bcc593a9d0d158e78e12b306c0c0a7cc4d3
[INFO] running `Command { std: "docker" "start" "-a" "8a5a408865f5ad5fd51a1db64cb22bcc593a9d0d158e78e12b306c0c0a7cc4d3", kill_on_drop: false }`
[INFO] running `Command { std: "docker" "inspect" "8a5a408865f5ad5fd51a1db64cb22bcc593a9d0d158e78e12b306c0c0a7cc4d3", kill_on_drop: false }`
[INFO] running `Command { std: "docker" "rm" "-f" "8a5a408865f5ad5fd51a1db64cb22bcc593a9d0d158e78e12b306c0c0a7cc4d3", kill_on_drop: false }`
[INFO] [stdout] 8a5a408865f5ad5fd51a1db64cb22bcc593a9d0d158e78e12b306c0c0a7cc4d3
[INFO] running `Command { std: "docker" "create" "-v" "/var/lib/crater-agent-workspace/builds/worker-1-tc2/target:/opt/rustwide/target:rw,Z" "-v" "/var/lib/crater-agent-workspace/builds/worker-1-tc2/source:/opt/rustwide/workdir:ro,Z" "-v" "/var/lib/crater-agent-workspace/cargo-home:/opt/rustwide/cargo-home:ro,Z" "-v" "/var/lib/crater-agent-workspace/rustup-home:/opt/rustwide/rustup-home:ro,Z" "-e" "SOURCE_DIR=/opt/rustwide/workdir" "-e" "CARGO_TARGET_DIR=/opt/rustwide/target" "-e" "CARGO_INCREMENTAL=0" "-e" "RUST_BACKTRACE=full" "-e" "RUSTFLAGS=--cap-lints=warn" "-e" "RUSTDOCFLAGS=--cap-lints=warn" "-e" "CARGO_HOME=/opt/rustwide/cargo-home" "-e" "RUSTUP_HOME=/opt/rustwide/rustup-home" "-w" "/opt/rustwide/workdir" "-m" "1610612736" "--user" "0:0" "--network" "none" "ghcr.io/rust-lang/crates-build-env/linux@sha256:2788e3201cd34a07e3172128adcd8b3090168a8e3bcc40d7c032b9dda1df7d1c" "/opt/rustwide/cargo-home/bin/cargo" "+beta-2023-12-22" "build" "--frozen" "--message-format=json", kill_on_drop: false }`
[INFO] [stdout] 64d31cd05320202c23fc7a0d276b96cbd7f906ed3f3a15bc0233fb3dff575b1d
[INFO] running `Command { std: "docker" "start" "-a" "64d31cd05320202c23fc7a0d276b96cbd7f906ed3f3a15bc0233fb3dff575b1d", kill_on_drop: false }`
[INFO] [stderr]    Compiling libc v0.2.151
[INFO] [stderr]    Compiling thiserror v1.0.56
[INFO] [stderr]    Compiling parking_lot_core v0.9.9
[INFO] [stderr]    Compiling smallvec v1.11.2
[INFO] [stderr]    Compiling aho-corasick v1.1.2
[INFO] [stderr]    Compiling lock_api v0.4.11
[INFO] [stderr]    Compiling gix-trace v0.1.6
[INFO] [stderr]    Compiling crc32fast v1.3.2
[INFO] [stderr]    Compiling num-traits v0.2.17
[INFO] [stderr]    Compiling human_format v1.0.3
[INFO] [stderr]    Compiling miniz_oxide v0.7.1
[INFO] [stderr]    Compiling same-file v1.0.6
[INFO] [stderr]    Compiling bytesize v1.3.0
[INFO] [stderr]    Compiling syn v2.0.48
[INFO] [stderr]    Compiling crossbeam-channel v0.5.10
[INFO] [stderr]    Compiling crossbeam-queue v0.3.10
[INFO] [stderr]    Compiling prodash v26.2.2
[INFO] [stderr]    Compiling walkdir v2.4.0
[INFO] [stderr]    Compiling sha1_smol v1.0.0
[INFO] [stderr]    Compiling bitflags v2.4.1
[INFO] [stderr]    Compiling deranged v0.3.11
[INFO] [stderr]    Compiling time-macros v0.2.16
[INFO] [stderr]    Compiling crossbeam v0.8.3
[INFO] [stderr]    Compiling winnow v0.5.32
[INFO] [stderr]    Compiling jwalk v0.8.1
[INFO] [stderr]    Compiling hashbrown v0.14.3
[INFO] [stderr]    Compiling home v0.5.9
[INFO] [stderr]    Compiling rustix v0.38.28
[INFO] [stderr]    Compiling linux-raw-sys v0.4.12
[INFO] [stderr]    Compiling flate2 v1.0.28
[INFO] [stderr]    Compiling signal-hook v0.3.17
[INFO] [stderr]    Compiling fastrand v2.0.1
[INFO] [stderr]    Compiling static_assertions v1.1.0
[INFO] [stderr]    Compiling unicode-bom v2.0.3
[INFO] [stderr]    Compiling ring v0.17.7
[INFO] [stderr]    Compiling gix-utils v0.1.8
[INFO] [stderr]    Compiling ucd-trie v0.1.6
[INFO] [stderr]    Compiling indexmap v2.1.0
[INFO] [stderr]    Compiling url v2.5.0
[INFO] [stderr]    Compiling version_check v0.9.4
[INFO] [stderr]    Compiling rustls v0.21.10
[INFO] [stderr]    Compiling memoffset v0.7.1
[INFO] [stderr]    Compiling syn v1.0.109
[INFO] [stderr]    Compiling arrayvec v0.7.4
[INFO] [stderr]    Compiling zerocopy v0.7.32
[INFO] [stderr]    Compiling doc-comment v0.3.3
[INFO] [stderr]    Compiling regex-automata v0.4.3
[INFO] [stderr]    Compiling ahash v0.8.7
[INFO] [stderr]    Compiling uluru v3.0.0
[INFO] [stderr]    Compiling anymap2 v0.13.0
[INFO] [stderr]    Compiling minimal-lexical v0.2.1
[INFO] [stderr]    Compiling hashbrown v0.12.3
[INFO] [stderr]    Compiling btoi v0.4.3
[INFO] [stderr]    Compiling clru v0.6.1
[INFO] [stderr]    Compiling option-ext v0.2.0
[INFO] [stderr]    Compiling arc-swap v1.6.0
[INFO] [stderr]    Compiling hex v0.4.3
[INFO] [stderr]    Compiling unicode-segmentation v1.10.1
[INFO] [stderr]    Compiling nom v7.1.3
[INFO] [stderr]    Compiling chrono v0.4.31
[INFO] [stderr]    Compiling webpki-roots v0.25.3
[INFO] [stderr]    Compiling glob v0.3.1
[INFO] [stderr]    Compiling signal-hook-registry v1.4.1
[INFO] [stderr]    Compiling time v0.3.31
[INFO] [stderr]    Compiling memmap2 v0.9.3
[INFO] [stderr]    Compiling getrandom v0.2.11
[INFO] [stderr]    Compiling parking_lot v0.12.1
[INFO] [stderr]    Compiling memmap2 v0.7.1
[INFO] [stderr]    Compiling num_cpus v1.16.0
[INFO] [stderr]    Compiling socket2 v0.5.5
[INFO] [stderr]    Compiling mio v0.8.10
[INFO] [stderr]    Compiling filetime v0.2.23
[INFO] [stderr]    Compiling gix-sec v0.10.3
[INFO] [stderr]    Compiling io-close v0.3.7
[INFO] [stderr]    Compiling dirs-sys v0.4.1
[INFO] [stderr]    Compiling nix v0.26.4
[INFO] [stderr]    Compiling tempfile v3.9.0
[INFO] [stderr]    Compiling xattr v1.2.0
[INFO] [stderr]    Compiling imara-diff v0.1.5
[INFO] [stderr]    Compiling dirs v5.0.1
[INFO] [stderr]    Compiling tar v0.4.40
[INFO] [stderr]    Compiling color-print-proc-macro v0.3.5
[INFO] [stderr]    Compiling bstr v1.9.0
[INFO] [stderr]    Compiling regex v1.10.2
[INFO] [stderr]    Compiling thiserror-impl v1.0.56
[INFO] [stderr]    Compiling serde_derive v1.0.194
[INFO] [stderr]    Compiling tokio-macros v2.2.0
[INFO] [stderr]    Compiling futures-macro v0.3.30
[INFO] [stderr]    Compiling pin-project-internal v1.1.3
[INFO] [stderr]    Compiling liquid-derive v0.26.4
[INFO] [stderr]    Compiling async-stream-impl v0.3.5
[INFO] [stderr]    Compiling async-trait v0.1.77
[INFO] [stderr]    Compiling gix-macros v0.1.3
[INFO] [stderr]    Compiling gix-command v0.2.10
[INFO] [stderr]    Compiling color-print v0.3.5
[INFO] [stderr]    Compiling async-stream v0.3.5
[INFO] [stderr]    Compiling tokio v1.35.1
[INFO] [stderr]    Compiling futures-util v0.3.30
[INFO] [stderr]    Compiling gix-date v0.8.3
[INFO] [stderr]    Compiling gix-path v0.10.3
[INFO] [stderr]    Compiling gix-validate v0.8.3
[INFO] [stderr]    Compiling gix-chunk v0.4.7
[INFO] [stderr]    Compiling gix-quote v0.4.10
[INFO] [stderr]    Compiling pest v2.7.6
[INFO] [stderr]    Compiling gix-bitmap v0.2.10
[INFO] [stderr]    Compiling gix-config-value v0.14.3
[INFO] [stderr]    Compiling pin-project v1.1.3
[INFO] [stderr]    Compiling gix-actor v0.28.1
[INFO] [stderr]    Compiling gix-mailmap v0.20.1
[INFO] [stderr]    Compiling rustls-webpki v0.101.7
[INFO] [stderr]    Compiling sct v0.7.1
[INFO] [stderr]    Compiling gix-prompt v0.7.0
[INFO] [stderr]    Compiling pest_meta v2.7.6
[INFO] [stderr]    Compiling pest_generator v2.7.6
[INFO] [stderr]    Compiling serde v1.0.194
[INFO] [stderr]    Compiling pest_derive v2.7.6
[INFO] [stderr]    Compiling futures v0.3.30
[INFO] [stderr]    Compiling tokio-util v0.7.10
[INFO] [stderr]    Compiling tokio-rustls v0.24.1
[INFO] [stderr]    Compiling tokio-stream v0.1.14
[INFO] [stderr]    Compiling dotenv-parser v0.1.3
[INFO] [stderr]    Compiling h2 v0.3.22
[INFO] [stderr]    Compiling faster-hex v0.9.0
[INFO] [stderr]    Compiling kstring v2.0.0
[INFO] [stderr]    Compiling faster-hex v0.8.1
[INFO] [stderr]    Compiling serde_urlencoded v0.7.1
[INFO] [stderr]    Compiling serde_json v1.0.111
[INFO] [stderr]    Compiling gix-packetline-blocking v0.16.6
[INFO] [stderr]    Compiling liquid-core v0.26.4
[INFO] [stderr]    Compiling gix-hash v0.13.3
[INFO] [stderr]    Compiling gix-features v0.36.1
[INFO] [stderr]    Compiling gix-hashtable v0.4.1
[INFO] [stderr]    Compiling gix-object v0.38.0
[INFO] [stderr]    Compiling gix-fs v0.8.1
[INFO] [stderr]    Compiling gix-commitgraph v0.22.1
[INFO] [stderr]    Compiling gix-glob v0.14.1
[INFO] [stderr]    Compiling gix-url v0.25.2
[INFO] [stderr]    Compiling gix-tempfile v11.0.1
[INFO] [stderr]    Compiling gix-attributes v0.20.1
[INFO] [stderr]    Compiling gix-ignore v0.9.1
[INFO] [stderr]    Compiling gix-credentials v0.21.0
[INFO] [stderr]    Compiling gix-lock v11.0.1
[INFO] [stderr]    Compiling liquid-lib v0.26.4
[INFO] [stderr]    Compiling gix-revwalk v0.9.0
[INFO] [stderr]    Compiling gix-ref v0.38.0
[INFO] [stderr]    Compiling gix-pack v0.44.0
[INFO] [stderr]    Compiling gix-diff v0.37.0
[INFO] [stderr]    Compiling gix-filter v0.6.0
[INFO] [stderr]    Compiling gix-pathspec v0.4.1
[INFO] [stderr]    Compiling gix-traverse v0.34.0
[INFO] [stderr]    Compiling gix-revision v0.23.0
[INFO] [stderr]    Compiling gix-negotiate v0.9.0
[INFO] [stderr]    Compiling gix-index v0.26.0
[INFO] [stderr]    Compiling gix-worktree-stream v0.6.0
[INFO] [stderr]    Compiling gix-archive v0.6.0
[INFO] [stderr]    Compiling gix-refspec v0.19.0
[INFO] [stderr]    Compiling gix-odb v0.54.0
[INFO] [stderr]    Compiling hyper v0.14.28
[INFO] [stderr]    Compiling gix-config v0.31.0
[INFO] [stderr]    Compiling gix-discover v0.26.0
[INFO] [stderr]    Compiling liquid v0.26.4
[INFO] [stderr]    Compiling gix-worktree v0.27.0
[INFO] [stderr]    Compiling gix-status v0.2.0
[INFO] [stderr]    Compiling gix-submodule v0.5.0
[INFO] [stderr]    Compiling gix-worktree-state v0.4.0
[INFO] [stderr]    Compiling gix v0.55.2
[INFO] [stderr]    Compiling hyperlocal v0.8.0
[INFO] [stderr]    Compiling hyper-rustls v0.24.2
[INFO] [stderr]    Compiling dockworker v0.3.0
[INFO] [stderr]    Compiling reqwest v0.11.23
[INFO] [stderr]    Compiling hisho_core v1.1.0-rc.1 (/opt/rustwide/workdir)
[INFO] [stderr]     Finished dev [unoptimized + debuginfo] target(s) in 51.78s
[INFO] running `Command { std: "docker" "inspect" "64d31cd05320202c23fc7a0d276b96cbd7f906ed3f3a15bc0233fb3dff575b1d", kill_on_drop: false }`
[INFO] running `Command { std: "docker" "rm" "-f" "64d31cd05320202c23fc7a0d276b96cbd7f906ed3f3a15bc0233fb3dff575b1d", kill_on_drop: false }`
[INFO] [stdout] 64d31cd05320202c23fc7a0d276b96cbd7f906ed3f3a15bc0233fb3dff575b1d
[INFO] running `Command { std: "docker" "create" "-v" "/var/lib/crater-agent-workspace/builds/worker-1-tc2/target:/opt/rustwide/target:rw,Z" "-v" "/var/lib/crater-agent-workspace/builds/worker-1-tc2/source:/opt/rustwide/workdir:ro,Z" "-v" "/var/lib/crater-agent-workspace/cargo-home:/opt/rustwide/cargo-home:ro,Z" "-v" "/var/lib/crater-agent-workspace/rustup-home:/opt/rustwide/rustup-home:ro,Z" "-e" "SOURCE_DIR=/opt/rustwide/workdir" "-e" "CARGO_TARGET_DIR=/opt/rustwide/target" "-e" "CARGO_INCREMENTAL=0" "-e" "RUST_BACKTRACE=full" "-e" "RUSTFLAGS=--cap-lints=warn" "-e" "RUSTDOCFLAGS=--cap-lints=warn" "-e" "CARGO_HOME=/opt/rustwide/cargo-home" "-e" "RUSTUP_HOME=/opt/rustwide/rustup-home" "-w" "/opt/rustwide/workdir" "-m" "1610612736" "--user" "0:0" "--network" "none" "ghcr.io/rust-lang/crates-build-env/linux@sha256:2788e3201cd34a07e3172128adcd8b3090168a8e3bcc40d7c032b9dda1df7d1c" "/opt/rustwide/cargo-home/bin/cargo" "+beta-2023-12-22" "test" "--frozen" "--no-run" "--message-format=json", kill_on_drop: false }`
[INFO] [stdout] 7218399fef327abb5d300f77e14abccfb0a7e6e247d55af0ee2f3b47e66c025d
[INFO] running `Command { std: "docker" "start" "-a" "7218399fef327abb5d300f77e14abccfb0a7e6e247d55af0ee2f3b47e66c025d", kill_on_drop: false }`
[INFO] [stderr]    Compiling hisho_core v1.1.0-rc.1 (/opt/rustwide/workdir)
[INFO] [stderr]     Finished test [unoptimized + debuginfo] target(s) in 10.30s
[INFO] running `Command { std: "docker" "inspect" "7218399fef327abb5d300f77e14abccfb0a7e6e247d55af0ee2f3b47e66c025d", kill_on_drop: false }`
[INFO] running `Command { std: "docker" "rm" "-f" "7218399fef327abb5d300f77e14abccfb0a7e6e247d55af0ee2f3b47e66c025d", kill_on_drop: false }`
[INFO] [stdout] 7218399fef327abb5d300f77e14abccfb0a7e6e247d55af0ee2f3b47e66c025d
[INFO] running `Command { std: "docker" "create" "-v" "/var/lib/crater-agent-workspace/builds/worker-1-tc2/target:/opt/rustwide/target:rw,Z" "-v" "/var/lib/crater-agent-workspace/builds/worker-1-tc2/source:/opt/rustwide/workdir:ro,Z" "-v" "/var/lib/crater-agent-workspace/cargo-home:/opt/rustwide/cargo-home:ro,Z" "-v" "/var/lib/crater-agent-workspace/rustup-home:/opt/rustwide/rustup-home:ro,Z" "-e" "SOURCE_DIR=/opt/rustwide/workdir" "-e" "CARGO_TARGET_DIR=/opt/rustwide/target" "-e" "CARGO_INCREMENTAL=0" "-e" "RUST_BACKTRACE=full" "-e" "RUSTFLAGS=--cap-lints=warn" "-e" "RUSTDOCFLAGS=--cap-lints=warn" "-e" "CARGO_HOME=/opt/rustwide/cargo-home" "-e" "RUSTUP_HOME=/opt/rustwide/rustup-home" "-w" "/opt/rustwide/workdir" "-m" "1610612736" "--user" "0:0" "--network" "none" "ghcr.io/rust-lang/crates-build-env/linux@sha256:2788e3201cd34a07e3172128adcd8b3090168a8e3bcc40d7c032b9dda1df7d1c" "/opt/rustwide/cargo-home/bin/cargo" "+beta-2023-12-22" "test" "--frozen", kill_on_drop: false }`
[INFO] [stdout] c9512c2e0a0ad94a3509083bd533bd6943359405dbe1887efa54acab1c89b6b7
[INFO] running `Command { std: "docker" "start" "-a" "c9512c2e0a0ad94a3509083bd533bd6943359405dbe1887efa54acab1c89b6b7", kill_on_drop: false }`
[INFO] [stderr]     Finished test [unoptimized + debuginfo] target(s) in 0.39s
[INFO] [stderr]      Running unittests src/lib.rs (/opt/rustwide/target/debug/deps/hisho_core-bde2d969b0a18424)
[INFO] [stdout] 
[INFO] [stdout] running 9 tests
[INFO] [stdout] test template::tests::render_valid_environment_template ... ok
[INFO] [stdout] test service::tests::ip_172_32_137_254_port_31330_is_offline ... ok
[INFO] [stdout] test arg_parse::test::parsing_of_options_and_flags ... ok
[INFO] [stdout] test template::tests::render_valid_process_template ... ok
[INFO] [stdout] test service::tests::ip_172_32_137_254_port_31330_wont_tcp_ping ... ok
[INFO] [stdout] test template::tests::render_valid_string_template ... ok
[INFO] [stdout] test template::tests::fail_with_invalid_string_template ... ok
[INFO] [stdout] test service::tests::cloudflare_tcp_ping ... FAILED
[INFO] [stdout] test service::tests::cloudflare_is_running ... FAILED
[INFO] [stdout] 
[INFO] [stdout] failures:
[INFO] [stdout] 
[INFO] [stdout] ---- service::tests::cloudflare_tcp_ping stdout ----
[INFO] [stdout] [32m[[36mHisho[32m][39m  [31m	Service 'cloudflare tcp' is not reachable: failed to lookup address information: Temporary failure in name resolution[39m
[INFO] [stdout] thread 'service::tests::cloudflare_tcp_ping' panicked at src/service.rs:80:9:
[INFO] [stdout] assertion failed: is_running(&test_service).await
[INFO] [stdout] stack backtrace:
[INFO] [stdout]    0:     0x5607decd61a6 - std::backtrace_rs::backtrace::libunwind::trace::h261606ad26a499c1
[INFO] [stdout]                                at /rustc/0e09125c6c3c2fd70d7de961bcf0e51575235fad/library/std/src/../../backtrace/src/backtrace/libunwind.rs:104:5
[INFO] [stdout]    1:     0x5607decd61a6 - std::backtrace_rs::backtrace::trace_unsynchronized::hd183f0625477fb28
[INFO] [stdout]                                at /rustc/0e09125c6c3c2fd70d7de961bcf0e51575235fad/library/std/src/../../backtrace/src/backtrace/mod.rs:66:5
[INFO] [stdout]    2:     0x5607decd61a6 - std::sys_common::backtrace::_print_fmt::hd7f8fef21b4eda67
[INFO] [stdout]                                at /rustc/0e09125c6c3c2fd70d7de961bcf0e51575235fad/library/std/src/sys_common/backtrace.rs:68:5
[INFO] [stdout]    3:     0x5607decd61a6 - <std::sys_common::backtrace::_print::DisplayBacktrace as core::fmt::Display>::fmt::h623d9b51f2f453f1
[INFO] [stdout]                                at /rustc/0e09125c6c3c2fd70d7de961bcf0e51575235fad/library/std/src/sys_common/backtrace.rs:44:22
[INFO] [stdout]    4:     0x5607ded04d00 - core::fmt::rt::Argument::fmt::h9f417ac76a86f368
[INFO] [stdout]                                at /rustc/0e09125c6c3c2fd70d7de961bcf0e51575235fad/library/core/src/fmt/rt.rs:142:9
[INFO] [stdout]    5:     0x5607ded04d00 - core::fmt::write::hc9b6faf4ac2aeff7
[INFO] [stdout]                                at /rustc/0e09125c6c3c2fd70d7de961bcf0e51575235fad/library/core/src/fmt/mod.rs:1120:17
[INFO] [stdout]    6:     0x5607decd308f - std::io::Write::write_fmt::he04625a3a989fec3
[INFO] [stdout]                                at /rustc/0e09125c6c3c2fd70d7de961bcf0e51575235fad/library/std/src/io/mod.rs:1810:15
[INFO] [stdout]    7:     0x5607decd5f84 - std::sys_common::backtrace::_print::hd5d66399c7df88a2
[INFO] [stdout]                                at /rustc/0e09125c6c3c2fd70d7de961bcf0e51575235fad/library/std/src/sys_common/backtrace.rs:47:5
[INFO] [stdout]    8:     0x5607decd5f84 - std::sys_common::backtrace::print::he81ed2da642d37e5
[INFO] [stdout]                                at /rustc/0e09125c6c3c2fd70d7de961bcf0e51575235fad/library/std/src/sys_common/backtrace.rs:34:9
[INFO] [stdout]    9:     0x5607decd7cf7 - std::panicking::default_hook::{{closure}}::h85773f4fa117163d
[INFO] [stdout]   10:     0x5607decd79dd - std::panicking::default_hook::h6a1694a91d09b278
[INFO] [stdout]                                at /rustc/0e09125c6c3c2fd70d7de961bcf0e51575235fad/library/std/src/panicking.rs:289:9
[INFO] [stdout]   11:     0x5607de5d4217 - <alloc::boxed::Box<F,A> as core::ops::function::Fn<Args>>::call::h616ac37fa3cd6c8f
[INFO] [stdout]                                at /rustc/0e09125c6c3c2fd70d7de961bcf0e51575235fad/library/alloc/src/boxed.rs:2029:9
[INFO] [stdout]   12:     0x5607de5d4217 - test::test_main::{{closure}}::h00d84697cefdcbb6
[INFO] [stdout]                                at /rustc/0e09125c6c3c2fd70d7de961bcf0e51575235fad/library/test/src/lib.rs:138:21
[INFO] [stdout]   13:     0x5607decd8316 - <alloc::boxed::Box<F,A> as core::ops::function::Fn<Args>>::call::hcb3fe3b9bb537ba8
[INFO] [stdout]                                at /rustc/0e09125c6c3c2fd70d7de961bcf0e51575235fad/library/alloc/src/boxed.rs:2029:9
[INFO] [stdout]   14:     0x5607decd8316 - std::panicking::rust_panic_with_hook::h0a7ad96e90f7145b
[INFO] [stdout]                                at /rustc/0e09125c6c3c2fd70d7de961bcf0e51575235fad/library/std/src/panicking.rs:783:13
[INFO] [stdout]   15:     0x5607decd8029 - std::panicking::begin_panic_handler::{{closure}}::h7919090525c6485e
[INFO] [stdout]                                at /rustc/0e09125c6c3c2fd70d7de961bcf0e51575235fad/library/std/src/panicking.rs:649:13
[INFO] [stdout]   16:     0x5607decd66a6 - std::sys_common::backtrace::__rust_end_short_backtrace::hf3289479464f7dfe
[INFO] [stdout]                                at /rustc/0e09125c6c3c2fd70d7de961bcf0e51575235fad/library/std/src/sys_common/backtrace.rs:171:18
[INFO] [stdout]   17:     0x5607decd7dc0 - rust_begin_unwind
[INFO] [stdout]                                at /rustc/0e09125c6c3c2fd70d7de961bcf0e51575235fad/library/std/src/panicking.rs:645:5
[INFO] [stdout]   18:     0x5607de2534a5 - core::panicking::panic_fmt::hcc9f77c5c132af55
[INFO] [stdout]                                at /rustc/0e09125c6c3c2fd70d7de961bcf0e51575235fad/library/core/src/panicking.rs:72:14
[INFO] [stdout]   19:     0x5607de253563 - core::panicking::panic::h5a1259c1164bd480
[INFO] [stdout]                                at /rustc/0e09125c6c3c2fd70d7de961bcf0e51575235fad/library/core/src/panicking.rs:144:5
[INFO] [stdout]   20:     0x5607de25ebec - hisho_core::service::tests::cloudflare_tcp_ping::{{closure}}::hf2a2de7ca9969f72
[INFO] [stdout]                                at /opt/rustwide/workdir/src/service.rs:80:9
[INFO] [stdout]   21:     0x5607de26b1b8 - <core::pin::Pin<P> as core::future::future::Future>::poll::h8042057533c55784
[INFO] [stdout]                                at /rustc/0e09125c6c3c2fd70d7de961bcf0e51575235fad/library/core/src/future/future.rs:124:9
[INFO] [stdout]   22:     0x5607de26b20b - <core::pin::Pin<P> as core::future::future::Future>::poll::hc91f72806d7ca36a
[INFO] [stdout]                                at /rustc/0e09125c6c3c2fd70d7de961bcf0e51575235fad/library/core/src/future/future.rs:124:9
[INFO] [stdout]   23:     0x5607de263e44 - tokio::runtime::scheduler::current_thread::CoreGuard::block_on::{{closure}}::{{closure}}::{{closure}}::h7bb97f156969a3c7
[INFO] [stdout]                                at /opt/rustwide/cargo-home/registry/src/index.crates.io-6f17d22bba15001f/tokio-1.35.1/src/runtime/scheduler/current_thread/mod.rs:665:57
[INFO] [stdout]   24:     0x5607de263d6a - tokio::runtime::coop::with_budget::h3f4e49d174f36a8c
[INFO] [stdout]                                at /opt/rustwide/cargo-home/registry/src/index.crates.io-6f17d22bba15001f/tokio-1.35.1/src/runtime/coop.rs:107:5
[INFO] [stdout]   25:     0x5607de263d6a - tokio::runtime::coop::budget::h68fd3334b966a470
[INFO] [stdout]                                at /opt/rustwide/cargo-home/registry/src/index.crates.io-6f17d22bba15001f/tokio-1.35.1/src/runtime/coop.rs:73:5
[INFO] [stdout]   26:     0x5607de263d6a - tokio::runtime::scheduler::current_thread::CoreGuard::block_on::{{closure}}::{{closure}}::h0a9dbe4a8ed341b1
[INFO] [stdout]                                at /opt/rustwide/cargo-home/registry/src/index.crates.io-6f17d22bba15001f/tokio-1.35.1/src/runtime/scheduler/current_thread/mod.rs:665:25
[INFO] [stdout]   27:     0x5607de262a1c - tokio::runtime::scheduler::current_thread::Context::enter::hb7e2af80768889be
[INFO] [stdout]                                at /opt/rustwide/cargo-home/registry/src/index.crates.io-6f17d22bba15001f/tokio-1.35.1/src/runtime/scheduler/current_thread/mod.rs:410:19
[INFO] [stdout]   28:     0x5607de26357b - tokio::runtime::scheduler::current_thread::CoreGuard::block_on::{{closure}}::ha138384cafd28398
[INFO] [stdout]                                at /opt/rustwide/cargo-home/registry/src/index.crates.io-6f17d22bba15001f/tokio-1.35.1/src/runtime/scheduler/current_thread/mod.rs:664:36
[INFO] [stdout]   29:     0x5607de26328b - tokio::runtime::scheduler::current_thread::CoreGuard::enter::{{closure}}::h35960f2e5e5248e7
[INFO] [stdout]                                at /opt/rustwide/cargo-home/registry/src/index.crates.io-6f17d22bba15001f/tokio-1.35.1/src/runtime/scheduler/current_thread/mod.rs:743:68
[INFO] [stdout]   30:     0x5607de26179b - tokio::runtime::context::scoped::Scoped<T>::set::hfcb9ab71a006e4e4
[INFO] [stdout]                                at /opt/rustwide/cargo-home/registry/src/index.crates.io-6f17d22bba15001f/tokio-1.35.1/src/runtime/context/scoped.rs:40:9
[INFO] [stdout]   31:     0x5607de25d419 - tokio::runtime::context::set_scheduler::{{closure}}::hde250c9003eb6eb5
[INFO] [stdout]                                at /opt/rustwide/cargo-home/registry/src/index.crates.io-6f17d22bba15001f/tokio-1.35.1/src/runtime/context.rs:176:26
[INFO] [stdout]   32:     0x5607de25feb6 - std::thread::local::LocalKey<T>::try_with::h43dc37ab20bd6cff
[INFO] [stdout]                                at /rustc/0e09125c6c3c2fd70d7de961bcf0e51575235fad/library/std/src/thread/local.rs:270:16
[INFO] [stdout]   33:     0x5607de25fd4a - std::thread::local::LocalKey<T>::with::h7e6955a3b3e025f0
[INFO] [stdout]                                at /rustc/0e09125c6c3c2fd70d7de961bcf0e51575235fad/library/std/src/thread/local.rs:246:9
[INFO] [stdout]   34:     0x5607de25d3cd - tokio::runtime::context::set_scheduler::he914f8886b27ed07
[INFO] [stdout]                                at /opt/rustwide/cargo-home/registry/src/index.crates.io-6f17d22bba15001f/tokio-1.35.1/src/runtime/context.rs:176:9
[INFO] [stdout]   35:     0x5607de263020 - tokio::runtime::scheduler::current_thread::CoreGuard::enter::hd28d272429bdc2a8
[INFO] [stdout]                                at /opt/rustwide/cargo-home/registry/src/index.crates.io-6f17d22bba15001f/tokio-1.35.1/src/runtime/scheduler/current_thread/mod.rs:743:27
[INFO] [stdout]   36:     0x5607de2632bd - tokio::runtime::scheduler::current_thread::CoreGuard::block_on::h8ed630198b74390f
[INFO] [stdout]                                at /opt/rustwide/cargo-home/registry/src/index.crates.io-6f17d22bba15001f/tokio-1.35.1/src/runtime/scheduler/current_thread/mod.rs:652:19
[INFO] [stdout]   37:     0x5607de2621fd - tokio::runtime::scheduler::current_thread::CurrentThread::block_on::{{closure}}::h3befe9fcb0aed08c
[INFO] [stdout]                                at /opt/rustwide/cargo-home/registry/src/index.crates.io-6f17d22bba15001f/tokio-1.35.1/src/runtime/scheduler/current_thread/mod.rs:175:28
[INFO] [stdout]   38:     0x5607de26193a - tokio::runtime::context::runtime::enter_runtime::h0c5e12f7c85fe972
[INFO] [stdout]                                at /opt/rustwide/cargo-home/registry/src/index.crates.io-6f17d22bba15001f/tokio-1.35.1/src/runtime/context/runtime.rs:65:16
[INFO] [stdout]   39:     0x5607de26210e - tokio::runtime::scheduler::current_thread::CurrentThread::block_on::h98c6e9297d61da88
[INFO] [stdout]                                at /opt/rustwide/cargo-home/registry/src/index.crates.io-6f17d22bba15001f/tokio-1.35.1/src/runtime/scheduler/current_thread/mod.rs:167:9
[INFO] [stdout]   40:     0x5607de25d73d - tokio::runtime::runtime::Runtime::block_on::h14fc694ad36e46a7
[INFO] [stdout]                                at /opt/rustwide/cargo-home/registry/src/index.crates.io-6f17d22bba15001f/tokio-1.35.1/src/runtime/runtime.rs:348:47
[INFO] [stdout]   41:     0x5607de25e89c - hisho_core::service::tests::cloudflare_tcp_ping::h0ba577832afdf5b4
[INFO] [stdout]                                at /opt/rustwide/workdir/src/service.rs:80:9
[INFO] [stdout]   42:     0x5607de25e727 - hisho_core::service::tests::cloudflare_tcp_ping::{{closure}}::hdea047535c12145d
[INFO] [stdout]                                at /opt/rustwide/workdir/src/service.rs:74:35
[INFO] [stdout]   43:     0x5607de25a786 - core::ops::function::FnOnce::call_once::hba911c23d4a1f4ed
[INFO] [stdout]                                at /rustc/0e09125c6c3c2fd70d7de961bcf0e51575235fad/library/core/src/ops/function.rs:250:5
[INFO] [stdout]   44:     0x5607de5d9aef - core::ops::function::FnOnce::call_once::hd64d26f405258157
[INFO] [stdout]                                at /rustc/0e09125c6c3c2fd70d7de961bcf0e51575235fad/library/core/src/ops/function.rs:250:5
[INFO] [stdout]   45:     0x5607de5d9aef - test::__rust_begin_short_backtrace::he21b0b7a6d731bf9
[INFO] [stdout]                                at /rustc/0e09125c6c3c2fd70d7de961bcf0e51575235fad/library/test/src/lib.rs:627:18
[INFO] [stdout]   46:     0x5607de5d8871 - test::run_test_in_process::{{closure}}::hf5c73986d7bdfde2
[INFO] [stdout]                                at /rustc/0e09125c6c3c2fd70d7de961bcf0e51575235fad/library/test/src/lib.rs:650:60
[INFO] [stdout]   47:     0x5607de5d8871 - <core::panic::unwind_safe::AssertUnwindSafe<F> as core::ops::function::FnOnce<()>>::call_once::h330011ad032aadc0
[INFO] [stdout]                                at /rustc/0e09125c6c3c2fd70d7de961bcf0e51575235fad/library/core/src/panic/unwind_safe.rs:272:9
[INFO] [stdout]   48:     0x5607de5d8871 - std::panicking::try::do_call::he61b0a958b795a41
[INFO] [stdout]                                at /rustc/0e09125c6c3c2fd70d7de961bcf0e51575235fad/library/std/src/panicking.rs:552:40
[INFO] [stdout]   49:     0x5607de5d8871 - std::panicking::try::h7309da130f906eb7
[INFO] [stdout]                                at /rustc/0e09125c6c3c2fd70d7de961bcf0e51575235fad/library/std/src/panicking.rs:516:19
[INFO] [stdout]   50:     0x5607de5d8871 - std::panic::catch_unwind::hc5c3a06fdaf0a92a
[INFO] [stdout]                                at /rustc/0e09125c6c3c2fd70d7de961bcf0e51575235fad/library/std/src/panic.rs:142:14
[INFO] [stdout]   51:     0x5607de5d8871 - test::run_test_in_process::h7e7b7c71c3324e0f
[INFO] [stdout]                                at /rustc/0e09125c6c3c2fd70d7de961bcf0e51575235fad/library/test/src/lib.rs:650:27
[INFO] [stdout]   52:     0x5607de5d8871 - test::run_test::{{closure}}::h1f509f28f5cf20b1
[INFO] [stdout]                                at /rustc/0e09125c6c3c2fd70d7de961bcf0e51575235fad/library/test/src/lib.rs:573:43
[INFO] [stdout]   53:     0x5607de59fba6 - test::run_test::{{closure}}::h1754218abf443f6d
[INFO] [stdout]                                at /rustc/0e09125c6c3c2fd70d7de961bcf0e51575235fad/library/test/src/lib.rs:601:41
[INFO] [stdout]   54:     0x5607de59fba6 - std::sys_common::backtrace::__rust_begin_short_backtrace::h2ee174b9d5954948
[INFO] [stdout]                                at /rustc/0e09125c6c3c2fd70d7de961bcf0e51575235fad/library/std/src/sys_common/backtrace.rs:155:18
[INFO] [stdout]   55:     0x5607de5a4c07 - std::thread::Builder::spawn_unchecked_::{{closure}}::{{closure}}::hf60bee9c1a17ef09
[INFO] [stdout]                                at /rustc/0e09125c6c3c2fd70d7de961bcf0e51575235fad/library/std/src/thread/mod.rs:529:17
[INFO] [stdout]   56:     0x5607de5a4c07 - <core::panic::unwind_safe::AssertUnwindSafe<F> as core::ops::function::FnOnce<()>>::call_once::h33d0dddec5216160
[INFO] [stdout]                                at /rustc/0e09125c6c3c2fd70d7de961bcf0e51575235fad/library/core/src/panic/unwind_safe.rs:272:9
[INFO] [stdout]   57:     0x5607de5a4c07 - std::panicking::try::do_call::h144b3048b546f835
[INFO] [stdout]                                at /rustc/0e09125c6c3c2fd70d7de961bcf0e51575235fad/library/std/src/panicking.rs:552:40
[INFO] [stdout]   58:     0x5607de5a4c07 - std::panicking::try::h978244d04646189f
[INFO] [stdout]                                at /rustc/0e09125c6c3c2fd70d7de961bcf0e51575235fad/library/std/src/panicking.rs:516:19
[INFO] [stdout]   59:     0x5607de5a4c07 - std::panic::catch_unwind::hdf436369d188fe86
[INFO] [stdout]                                at /rustc/0e09125c6c3c2fd70d7de961bcf0e51575235fad/library/std/src/panic.rs:142:14
[INFO] [stdout]   60:     0x5607de5a4c07 - std::thread::Builder::spawn_unchecked_::{{closure}}::h87329cbdd33c79ec
[INFO] [stdout]                                at /rustc/0e09125c6c3c2fd70d7de961bcf0e51575235fad/library/std/src/thread/mod.rs:528:30
[INFO] [stdout]   61:     0x5607de5a4c07 - core::ops::function::FnOnce::call_once{{vtable.shim}}::h401abbe67897d450
[INFO] [stdout]                                at /rustc/0e09125c6c3c2fd70d7de961bcf0e51575235fad/library/core/src/ops/function.rs:250:5
[INFO] [stdout]   62:     0x5607decdcf45 - <alloc::boxed::Box<F,A> as core::ops::function::FnOnce<Args>>::call_once::h5d7c8f150ab9c84c
[INFO] [stdout]                                at /rustc/0e09125c6c3c2fd70d7de961bcf0e51575235fad/library/alloc/src/boxed.rs:2015:9
[INFO] [stdout]   63:     0x5607decdcf45 - <alloc::boxed::Box<F,A> as core::ops::function::FnOnce<Args>>::call_once::h570d5b005c242c15
[INFO] [stdout]                                at /rustc/0e09125c6c3c2fd70d7de961bcf0e51575235fad/library/alloc/src/boxed.rs:2015:9
[INFO] [stdout]   64:     0x5607decdcf45 - std::sys::unix::thread::Thread::new::thread_start::h36b0a20c0b2361ad
[INFO] [stdout]                                at /rustc/0e09125c6c3c2fd70d7de961bcf0e51575235fad/library/std/src/sys/unix/thread.rs:108:17
[INFO] [stdout]   65:     0x7f9c4143cac3 - <unknown>
[INFO] [stdout]   66:     0x7f9c414cdbf4 - __clone
[INFO] [stdout]   67:                0x0 - <unknown>
[INFO] [stdout] 
[INFO] [stdout] ---- service::tests::cloudflare_is_running stdout ----
[INFO] [stdout] [32m[[36mHisho[32m][39m  [31m	Service 'cloudflare' is not reachable: error sending request for url (https://cloudflare.com/): error trying to connect: dns error: failed to lookup address information: Temporary failure in name resolution[39m
[INFO] [stdout] thread 'service::tests::cloudflare_is_running' panicked at src/service.rs:70:9:
[INFO] [stdout] assertion failed: is_running(&test_service).await
[INFO] [stdout] stack backtrace:
[INFO] [stdout]    0:     0x5607decd61a6 - std::backtrace_rs::backtrace::libunwind::trace::h261606ad26a499c1
[INFO] [stdout]                                at /rustc/0e09125c6c3c2fd70d7de961bcf0e51575235fad/library/std/src/../../backtrace/src/backtrace/libunwind.rs:104:5
[INFO] [stdout]    1:     0x5607decd61a6 - std::backtrace_rs::backtrace::trace_unsynchronized::hd183f0625477fb28
[INFO] [stdout]                                at /rustc/0e09125c6c3c2fd70d7de961bcf0e51575235fad/library/std/src/../../backtrace/src/backtrace/mod.rs:66:5
[INFO] [stdout]    2:     0x5607decd61a6 - std::sys_common::backtrace::_print_fmt::hd7f8fef21b4eda67
[INFO] [stdout]                                at /rustc/0e09125c6c3c2fd70d7de961bcf0e51575235fad/library/std/src/sys_common/backtrace.rs:68:5
[INFO] [stdout]    3:     0x5607decd61a6 - <std::sys_common::backtrace::_print::DisplayBacktrace as core::fmt::Display>::fmt::h623d9b51f2f453f1
[INFO] [stdout]                                at /rustc/0e09125c6c3c2fd70d7de961bcf0e51575235fad/library/std/src/sys_common/backtrace.rs:44:22
[INFO] [stdout]    4:     0x5607ded04d00 - core::fmt::rt::Argument::fmt::h9f417ac76a86f368
[INFO] [stdout]                                at /rustc/0e09125c6c3c2fd70d7de961bcf0e51575235fad/library/core/src/fmt/rt.rs:142:9
[INFO] [stdout]    5:     0x5607ded04d00 - core::fmt::write::hc9b6faf4ac2aeff7
[INFO] [stdout]                                at /rustc/0e09125c6c3c2fd70d7de961bcf0e51575235fad/library/core/src/fmt/mod.rs:1120:17
[INFO] [stdout]    6:     0x5607decd308f - std::io::Write::write_fmt::he04625a3a989fec3
[INFO] [stdout]                                at /rustc/0e09125c6c3c2fd70d7de961bcf0e51575235fad/library/std/src/io/mod.rs:1810:15
[INFO] [stdout]    7:     0x5607decd5f84 - std::sys_common::backtrace::_print::hd5d66399c7df88a2
[INFO] [stdout]                                at /rustc/0e09125c6c3c2fd70d7de961bcf0e51575235fad/library/std/src/sys_common/backtrace.rs:47:5
[INFO] [stdout]    8:     0x5607decd5f84 - std::sys_common::backtrace::print::he81ed2da642d37e5
[INFO] [stdout]                                at /rustc/0e09125c6c3c2fd70d7de961bcf0e51575235fad/library/std/src/sys_common/backtrace.rs:34:9
[INFO] [stdout]    9:     0x5607decd7cf7 - std::panicking::default_hook::{{closure}}::h85773f4fa117163d
[INFO] [stdout]   10:     0x5607decd79dd - std::panicking::default_hook::h6a1694a91d09b278
[INFO] [stdout]                                at /rustc/0e09125c6c3c2fd70d7de961bcf0e51575235fad/library/std/src/panicking.rs:289:9
[INFO] [stdout]   11:     0x5607de5d4217 - <alloc::boxed::Box<F,A> as core::ops::function::Fn<Args>>::call::h616ac37fa3cd6c8f
[INFO] [stdout]                                at /rustc/0e09125c6c3c2fd70d7de961bcf0e51575235fad/library/alloc/src/boxed.rs:2029:9
[INFO] [stdout]   12:     0x5607de5d4217 - test::test_main::{{closure}}::h00d84697cefdcbb6
[INFO] [stdout]                                at /rustc/0e09125c6c3c2fd70d7de961bcf0e51575235fad/library/test/src/lib.rs:138:21
[INFO] [stdout]   13:     0x5607decd8316 - <alloc::boxed::Box<F,A> as core::ops::function::Fn<Args>>::call::hcb3fe3b9bb537ba8
[INFO] [stdout]                                at /rustc/0e09125c6c3c2fd70d7de961bcf0e51575235fad/library/alloc/src/boxed.rs:2029:9
[INFO] [stdout]   14:     0x5607decd8316 - std::panicking::rust_panic_with_hook::h0a7ad96e90f7145b
[INFO] [stdout]                                at /rustc/0e09125c6c3c2fd70d7de961bcf0e51575235fad/library/std/src/panicking.rs:783:13
[INFO] [stdout]   15:     0x5607decd8029 - std::panicking::begin_panic_handler::{{closure}}::h7919090525c6485e
[INFO] [stdout]                                at /rustc/0e09125c6c3c2fd70d7de961bcf0e51575235fad/library/std/src/panicking.rs:649:13
[INFO] [stdout]   16:     0x5607decd66a6 - std::sys_common::backtrace::__rust_end_short_backtrace::hf3289479464f7dfe
[INFO] [stdout]                                at /rustc/0e09125c6c3c2fd70d7de961bcf0e51575235fad/library/std/src/sys_common/backtrace.rs:171:18
[INFO] [stdout]   17:     0x5607decd7dc0 - rust_begin_unwind
[INFO] [stdout]                                at /rustc/0e09125c6c3c2fd70d7de961bcf0e51575235fad/library/std/src/panicking.rs:645:5
[INFO] [stdout]   18:     0x5607de2534a5 - core::panicking::panic_fmt::hcc9f77c5c132af55
[INFO] [stdout]                                at /rustc/0e09125c6c3c2fd70d7de961bcf0e51575235fad/library/core/src/panicking.rs:72:14
[INFO] [stdout]   19:     0x5607de253563 - core::panicking::panic::h5a1259c1164bd480
[INFO] [stdout]                                at /rustc/0e09125c6c3c2fd70d7de961bcf0e51575235fad/library/core/src/panicking.rs:144:5
[INFO] [stdout]   20:     0x5607de25e6dc - hisho_core::service::tests::cloudflare_is_running::{{closure}}::hc76b413441f62e58
[INFO] [stdout]                                at /opt/rustwide/workdir/src/service.rs:70:9
[INFO] [stdout]   21:     0x5607de26b1b8 - <core::pin::Pin<P> as core::future::future::Future>::poll::h8042057533c55784
[INFO] [stdout]                                at /rustc/0e09125c6c3c2fd70d7de961bcf0e51575235fad/library/core/src/future/future.rs:124:9
[INFO] [stdout]   22:     0x5607de26b20b - <core::pin::Pin<P> as core::future::future::Future>::poll::hc91f72806d7ca36a
[INFO] [stdout]                                at /rustc/0e09125c6c3c2fd70d7de961bcf0e51575235fad/library/core/src/future/future.rs:124:9
[INFO] [stdout]   23:     0x5607de263e44 - tokio::runtime::scheduler::current_thread::CoreGuard::block_on::{{closure}}::{{closure}}::{{closure}}::h7bb97f156969a3c7
[INFO] [stdout]                                at /opt/rustwide/cargo-home/registry/src/index.crates.io-6f17d22bba15001f/tokio-1.35.1/src/runtime/scheduler/current_thread/mod.rs:665:57
[INFO] [stdout]   24:     0x5607de263d6a - tokio::runtime::coop::with_budget::h3f4e49d174f36a8c
[INFO] [stdout]                                at /opt/rustwide/cargo-home/registry/src/index.crates.io-6f17d22bba15001f/tokio-1.35.1/src/runtime/coop.rs:107:5
[INFO] [stdout]   25:     0x5607de263d6a - tokio::runtime::coop::budget::h68fd3334b966a470
[INFO] [stdout]                                at /opt/rustwide/cargo-home/registry/src/index.crates.io-6f17d22bba15001f/tokio-1.35.1/src/runtime/coop.rs:73:5
[INFO] [stdout]   26:     0x5607de263d6a - tokio::runtime::scheduler::current_thread::CoreGuard::block_on::{{closure}}::{{closure}}::h0a9dbe4a8ed341b1
[INFO] [stdout]                                at /opt/rustwide/cargo-home/registry/src/index.crates.io-6f17d22bba15001f/tokio-1.35.1/src/runtime/scheduler/current_thread/mod.rs:665:25
[INFO] [stdout]   27:     0x5607de262a1c - tokio::runtime::scheduler::current_thread::Context::enter::hb7e2af80768889be
[INFO] [stdout]                                at /opt/rustwide/cargo-home/registry/src/index.crates.io-6f17d22bba15001f/tokio-1.35.1/src/runtime/scheduler/current_thread/mod.rs:410:19
[INFO] [stdout]   28:     0x5607de26357b - tokio::runtime::scheduler::current_thread::CoreGuard::block_on::{{closure}}::ha138384cafd28398
[INFO] [stdout]                                at /opt/rustwide/cargo-home/registry/src/index.crates.io-6f17d22bba15001f/tokio-1.35.1/src/runtime/scheduler/current_thread/mod.rs:664:36
[INFO] [stdout]   29:     0x5607de26328b - tokio::runtime::scheduler::current_thread::CoreGuard::enter::{{closure}}::h35960f2e5e5248e7
[INFO] [stdout]                                at /opt/rustwide/cargo-home/registry/src/index.crates.io-6f17d22bba15001f/tokio-1.35.1/src/runtime/scheduler/current_thread/mod.rs:743:68
[INFO] [stdout]   30:     0x5607de26179b - tokio::runtime::context::scoped::Scoped<T>::set::hfcb9ab71a006e4e4
[INFO] [stdout]                                at /opt/rustwide/cargo-home/registry/src/index.crates.io-6f17d22bba15001f/tokio-1.35.1/src/runtime/context/scoped.rs:40:9
[INFO] [stdout]   31:     0x5607de25d419 - tokio::runtime::context::set_scheduler::{{closure}}::hde250c9003eb6eb5
[INFO] [stdout]                                at /opt/rustwide/cargo-home/registry/src/index.crates.io-6f17d22bba15001f/tokio-1.35.1/src/runtime/context.rs:176:26
[INFO] [stdout]   32:     0x5607de25feb6 - std::thread::local::LocalKey<T>::try_with::h43dc37ab20bd6cff
[INFO] [stdout]                                at /rustc/0e09125c6c3c2fd70d7de961bcf0e51575235fad/library/std/src/thread/local.rs:270:16
[INFO] [stdout]   33:     0x5607de25fd4a - std::thread::local::LocalKey<T>::with::h7e6955a3b3e025f0
[INFO] [stdout]                                at /rustc/0e09125c6c3c2fd70d7de961bcf0e51575235fad/library/std/src/thread/local.rs:246:9
[INFO] [stdout]   34:     0x5607de25d3cd - tokio::runtime::context::set_scheduler::he914f8886b27ed07
[INFO] [stdout]                                at /opt/rustwide/cargo-home/registry/src/index.crates.io-6f17d22bba15001f/tokio-1.35.1/src/runtime/context.rs:176:9
[INFO] [stdout]   35:     0x5607de263020 - tokio::runtime::scheduler::current_thread::CoreGuard::enter::hd28d272429bdc2a8
[INFO] [stdout]                                at /opt/rustwide/cargo-home/registry/src/index.crates.io-6f17d22bba15001f/tokio-1.35.1/src/runtime/scheduler/current_thread/mod.rs:743:27
[INFO] [stdout]   36:     0x5607de2632bd - tokio::runtime::scheduler::current_thread::CoreGuard::block_on::h8ed630198b74390f
[INFO] [stdout]                                at /opt/rustwide/cargo-home/registry/src/index.crates.io-6f17d22bba15001f/tokio-1.35.1/src/runtime/scheduler/current_thread/mod.rs:652:19
[INFO] [stdout]   37:     0x5607de2621fd - tokio::runtime::scheduler::current_thread::CurrentThread::block_on::{{closure}}::h3befe9fcb0aed08c
[INFO] [stdout]                                at /opt/rustwide/cargo-home/registry/src/index.crates.io-6f17d22bba15001f/tokio-1.35.1/src/runtime/scheduler/current_thread/mod.rs:175:28
[INFO] [stdout]   38:     0x5607de26193a - tokio::runtime::context::runtime::enter_runtime::h0c5e12f7c85fe972
[INFO] [stdout]                                at /opt/rustwide/cargo-home/registry/src/index.crates.io-6f17d22bba15001f/tokio-1.35.1/src/runtime/context/runtime.rs:65:16
[INFO] [stdout]   39:     0x5607de26210e - tokio::runtime::scheduler::current_thread::CurrentThread::block_on::h98c6e9297d61da88
[INFO] [stdout]                                at /opt/rustwide/cargo-home/registry/src/index.crates.io-6f17d22bba15001f/tokio-1.35.1/src/runtime/scheduler/current_thread/mod.rs:167:9
[INFO] [stdout]   40:     0x5607de25d73d - tokio::runtime::runtime::Runtime::block_on::h14fc694ad36e46a7
[INFO] [stdout]                                at /opt/rustwide/cargo-home/registry/src/index.crates.io-6f17d22bba15001f/tokio-1.35.1/src/runtime/runtime.rs:348:47
[INFO] [stdout]   41:     0x5607de25e38c - hisho_core::service::tests::cloudflare_is_running::h933724726e038f59
[INFO] [stdout]                                at /opt/rustwide/workdir/src/service.rs:70:9
[INFO] [stdout]   42:     0x5607de25e217 - hisho_core::service::tests::cloudflare_is_running::{{closure}}::hd28dd7b20cd01ed1
[INFO] [stdout]                                at /opt/rustwide/workdir/src/service.rs:64:37
[INFO] [stdout]   43:     0x5607de25a976 - core::ops::function::FnOnce::call_once::hf2367a38c0cfff64
[INFO] [stdout]                                at /rustc/0e09125c6c3c2fd70d7de961bcf0e51575235fad/library/core/src/ops/function.rs:250:5
[INFO] [stdout]   44:     0x5607de5d9aef - core::ops::function::FnOnce::call_once::hd64d26f405258157
[INFO] [stdout]                                at /rustc/0e09125c6c3c2fd70d7de961bcf0e51575235fad/library/core/src/ops/function.rs:250:5
[INFO] [stdout]   45:     0x5607de5d9aef - test::__rust_begin_short_backtrace::he21b0b7a6d731bf9
[INFO] [stdout]                                at /rustc/0e09125c6c3c2fd70d7de961bcf0e51575235fad/library/test/src/lib.rs:627:18
[INFO] [stdout]   46:     0x5607de5d8871 - test::run_test_in_process::{{closure}}::hf5c73986d7bdfde2
[INFO] [stdout]                                at /rustc/0e09125c6c3c2fd70d7de961bcf0e51575235fad/library/test/src/lib.rs:650:60
[INFO] [stdout]   47:     0x5607de5d8871 - <core::panic::unwind_safe::AssertUnwindSafe<F> as core::ops::function::FnOnce<()>>::call_once::h330011ad032aadc0
[INFO] [stdout]                                at /rustc/0e09125c6c3c2fd70d7de961bcf0e51575235fad/library/core/src/panic/unwind_safe.rs:272:9
[INFO] [stdout]   48:     0x5607de5d8871 - std::panicking::try::do_call::he61b0a958b795a41
[INFO] [stdout]                                at /rustc/0e09125c6c3c2fd70d7de961bcf0e51575235fad/library/std/src/panicking.rs:552:40
[INFO] [stdout]   49:     0x5607de5d8871 - std::panicking::try::h7309da130f906eb7
[INFO] [stdout]                                at /rustc/0e09125c6c3c2fd70d7de961bcf0e51575235fad/library/std/src/panicking.rs:516:19
[INFO] [stdout]   50:     0x5607de5d8871 - std::panic::catch_unwind::hc5c3a06fdaf0a92a
[INFO] [stdout]                                at /rustc/0e09125c6c3c2fd70d7de961bcf0e51575235fad/library/std/src/panic.rs:142:14
[INFO] [stdout]   51:     0x5607de5d8871 - test::run_test_in_process::h7e7b7c71c3324e0f
[INFO] [stdout]                                at /rustc/0e09125c6c3c2fd70d7de961bcf0e51575235fad/library/test/src/lib.rs:650:27
[INFO] [stdout]   52:     0x5607de5d8871 - test::run_test::{{closure}}::h1f509f28f5cf20b1
[INFO] [stdout]                                at /rustc/0e09125c6c3c2fd70d7de961bcf0e51575235fad/library/test/src/lib.rs:573:43
[INFO] [stdout]   53:     0x5607de59fba6 - test::run_test::{{closure}}::h1754218abf443f6d
[INFO] [stdout]                                at /rustc/0e09125c6c3c2fd70d7de961bcf0e51575235fad/library/test/src/lib.rs:601:41
[INFO] [stdout]   54:     0x5607de59fba6 - std::sys_common::backtrace::__rust_begin_short_backtrace::h2ee174b9d5954948
[INFO] [stdout]                                at /rustc/0e09125c6c3c2fd70d7de961bcf0e51575235fad/library/std/src/sys_common/backtrace.rs:155:18
[INFO] [stdout]   55:     0x5607de5a4c07 - std::thread::Builder::spawn_unchecked_::{{closure}}::{{closure}}::hf60bee9c1a17ef09
[INFO] [stdout]                                at /rustc/0e09125c6c3c2fd70d7de961bcf0e51575235fad/library/std/src/thread/mod.rs:529:17
[INFO] [stdout]   56:     0x5607de5a4c07 - <core::panic::unwind_safe::AssertUnwindSafe<F> as core::ops::function::FnOnce<()>>::call_once::h33d0dddec5216160
[INFO] [stdout]                                at /rustc/0e09125c6c3c2fd70d7de961bcf0e51575235fad/library/core/src/panic/unwind_safe.rs:272:9
[INFO] [stdout]   57:     0x5607de5a4c07 - std::panicking::try::do_call::h144b3048b546f835
[INFO] [stdout]                                at /rustc/0e09125c6c3c2fd70d7de961bcf0e51575235fad/library/std/src/panicking.rs:552:40
[INFO] [stdout]   58:     0x5607de5a4c07 - std::panicking::try::h978244d04646189f
[INFO] [stdout]                                at /rustc/0e09125c6c3c2fd70d7de961bcf0e51575235fad/library/std/src/panicking.rs:516:19
[INFO] [stdout]   59:     0x5607de5a4c07 - std::panic::catch_unwind::hdf436369d188fe86
[INFO] [stdout]                                at /rustc/0e09125c6c3c2fd70d7de961bcf0e51575235fad/library/std/src/panic.rs:142:14
[INFO] [stdout]   60:     0x5607de5a4c07 - std::thread::Builder::spawn_unchecked_::{{closure}}::h87329cbdd33c79ec
[INFO] [stdout]                                at /rustc/0e09125c6c3c2fd70d7de961bcf0e51575235fad/library/std/src/thread/mod.rs:528:30
[INFO] [stdout]   61:     0x5607de5a4c07 - core::ops::function::FnOnce::call_once{{vtable.shim}}::h401abbe67897d450
[INFO] [stdout]                                at /rustc/0e09125c6c3c2fd70d7de961bcf0e51575235fad/library/core/src/ops/function.rs:250:5
[INFO] [stdout]   62:     0x5607decdcf45 - <alloc::boxed::Box<F,A> as core::ops::function::FnOnce<Args>>::call_once::h5d7c8f150ab9c84c
[INFO] [stdout]                                at /rustc/0e09125c6c3c2fd70d7de961bcf0e51575235fad/library/alloc/src/boxed.rs:2015:9
[INFO] [stdout]   63:     0x5607decdcf45 - <alloc::boxed::Box<F,A> as core::ops::function::FnOnce<Args>>::call_once::h570d5b005c242c15
[INFO] [stdout]                                at /rustc/0e09125c6c3c2fd70d7de961bcf0e51575235fad/library/alloc/src/boxed.rs:2015:9
[INFO] [stdout]   64:     0x5607decdcf45 - std::sys::unix::thread::Thread::new::thread_start::h36b0a20c0b2361ad
[INFO] [stdout]                                at /rustc/0e09125c6c3c2fd70d7de961bcf0e51575235fad/library/std/src/sys/unix/thread.rs:108:17
[INFO] [stdout]   65:     0x7f9c4143cac3 - <unknown>
[INFO] [stdout]   66:     0x7f9c414cdbf4 - __clone
[INFO] [stdout]   67:                0x0 - <unknown>
[INFO] [stdout] 
[INFO] [stdout] 
[INFO] [stdout] failures:
[INFO] [stdout]     service::tests::cloudflare_is_running
[INFO] [stdout]     service::tests::cloudflare_tcp_ping
[INFO] [stdout] 
[INFO] [stdout] test result: FAILED. 7 passed; 2 failed; 0 ignored; 0 measured; 0 filtered out; finished in 0.16s
[INFO] [stdout] 
[INFO] [stderr] error: test failed, to rerun pass `--lib`
[INFO] running `Command { std: "docker" "inspect" "c9512c2e0a0ad94a3509083bd533bd6943359405dbe1887efa54acab1c89b6b7", kill_on_drop: false }`
[INFO] running `Command { std: "docker" "rm" "-f" "c9512c2e0a0ad94a3509083bd533bd6943359405dbe1887efa54acab1c89b6b7", kill_on_drop: false }`
[INFO] [stdout] c9512c2e0a0ad94a3509083bd533bd6943359405dbe1887efa54acab1c89b6b7
