[INFO] fetching crate hirun-macros 0.1.0...
[INFO] testing hirun-macros-0.1.0 against 1.75.0 for beta-1.76-1
[INFO] extracting crate hirun-macros 0.1.0 into /workspace/builds/worker-4-tc1/source
[INFO] validating manifest of crates.io crate hirun-macros 0.1.0 on toolchain 1.75.0
[INFO] running `Command { std: CARGO_HOME="/workspace/cargo-home" RUSTUP_HOME="/workspace/rustup-home" "/workspace/cargo-home/bin/cargo" "+1.75.0" "metadata" "--manifest-path" "Cargo.toml" "--no-deps", kill_on_drop: false }`
[INFO] started tweaking crates.io crate hirun-macros 0.1.0
[INFO] finished tweaking crates.io crate hirun-macros 0.1.0
[INFO] tweaked toml for crates.io crate hirun-macros 0.1.0 written to /workspace/builds/worker-4-tc1/source/Cargo.toml
[INFO] running `Command { std: CARGO_HOME="/workspace/cargo-home" RUSTUP_HOME="/workspace/rustup-home" "/workspace/cargo-home/bin/cargo" "+1.75.0" "generate-lockfile" "--manifest-path" "Cargo.toml", kill_on_drop: false }`
[INFO] [stderr]     Updating crates.io index
[INFO] running `Command { std: CARGO_HOME="/workspace/cargo-home" RUSTUP_HOME="/workspace/rustup-home" "/workspace/cargo-home/bin/cargo" "+1.75.0" "fetch" "--manifest-path" "Cargo.toml", kill_on_drop: false }`
[INFO] running `Command { std: "docker" "create" "-v" "/var/lib/crater-agent-workspace/builds/worker-4-tc1/target:/opt/rustwide/target:rw,Z" "-v" "/var/lib/crater-agent-workspace/builds/worker-4-tc1/source:/opt/rustwide/workdir:ro,Z" "-v" "/var/lib/crater-agent-workspace/cargo-home:/opt/rustwide/cargo-home:ro,Z" "-v" "/var/lib/crater-agent-workspace/rustup-home:/opt/rustwide/rustup-home:ro,Z" "-e" "SOURCE_DIR=/opt/rustwide/workdir" "-e" "CARGO_TARGET_DIR=/opt/rustwide/target" "-e" "CARGO_HOME=/opt/rustwide/cargo-home" "-e" "RUSTUP_HOME=/opt/rustwide/rustup-home" "-w" "/opt/rustwide/workdir" "-m" "1610612736" "--user" "0:0" "--network" "none" "ghcr.io/rust-lang/crates-build-env/linux@sha256:2788e3201cd34a07e3172128adcd8b3090168a8e3bcc40d7c032b9dda1df7d1c" "/opt/rustwide/cargo-home/bin/cargo" "+1.75.0" "metadata" "--no-deps" "--format-version=1", kill_on_drop: false }`
[INFO] [stdout] 4e2f26181511096bdbf459f4c621b5edae47b3851a51da61b1a12bfe66fb5596
[INFO] running `Command { std: "docker" "start" "-a" "4e2f26181511096bdbf459f4c621b5edae47b3851a51da61b1a12bfe66fb5596", kill_on_drop: false }`
[INFO] running `Command { std: "docker" "inspect" "4e2f26181511096bdbf459f4c621b5edae47b3851a51da61b1a12bfe66fb5596", kill_on_drop: false }`
[INFO] running `Command { std: "docker" "rm" "-f" "4e2f26181511096bdbf459f4c621b5edae47b3851a51da61b1a12bfe66fb5596", kill_on_drop: false }`
[INFO] [stdout] 4e2f26181511096bdbf459f4c621b5edae47b3851a51da61b1a12bfe66fb5596
[INFO] running `Command { std: "docker" "create" "-v" "/var/lib/crater-agent-workspace/builds/worker-4-tc1/target:/opt/rustwide/target:rw,Z" "-v" "/var/lib/crater-agent-workspace/builds/worker-4-tc1/source:/opt/rustwide/workdir:ro,Z" "-v" "/var/lib/crater-agent-workspace/cargo-home:/opt/rustwide/cargo-home:ro,Z" "-v" "/var/lib/crater-agent-workspace/rustup-home:/opt/rustwide/rustup-home:ro,Z" "-e" "SOURCE_DIR=/opt/rustwide/workdir" "-e" "CARGO_TARGET_DIR=/opt/rustwide/target" "-e" "CARGO_INCREMENTAL=0" "-e" "RUST_BACKTRACE=full" "-e" "RUSTFLAGS=--cap-lints=warn" "-e" "RUSTDOCFLAGS=--cap-lints=warn" "-e" "CARGO_HOME=/opt/rustwide/cargo-home" "-e" "RUSTUP_HOME=/opt/rustwide/rustup-home" "-w" "/opt/rustwide/workdir" "-m" "1610612736" "--user" "0:0" "--network" "none" "ghcr.io/rust-lang/crates-build-env/linux@sha256:2788e3201cd34a07e3172128adcd8b3090168a8e3bcc40d7c032b9dda1df7d1c" "/opt/rustwide/cargo-home/bin/cargo" "+1.75.0" "build" "--frozen" "--message-format=json", kill_on_drop: false }`
[INFO] [stdout] 7e310f16e8408c73771bedc58b5c59ab92e8a3587a031beefaa3fa1dac55feed
[INFO] running `Command { std: "docker" "start" "-a" "7e310f16e8408c73771bedc58b5c59ab92e8a3587a031beefaa3fa1dac55feed", kill_on_drop: false }`
[INFO] [stderr]    Compiling syn v1.0.109
[INFO] [stderr]    Compiling hirun-macros v0.1.0 (/opt/rustwide/workdir)
[INFO] [stderr]     Finished dev [unoptimized + debuginfo] target(s) in 1.99s
[INFO] running `Command { std: "docker" "inspect" "7e310f16e8408c73771bedc58b5c59ab92e8a3587a031beefaa3fa1dac55feed", kill_on_drop: false }`
[INFO] running `Command { std: "docker" "rm" "-f" "7e310f16e8408c73771bedc58b5c59ab92e8a3587a031beefaa3fa1dac55feed", kill_on_drop: false }`
[INFO] [stdout] 7e310f16e8408c73771bedc58b5c59ab92e8a3587a031beefaa3fa1dac55feed
[INFO] running `Command { std: "docker" "create" "-v" "/var/lib/crater-agent-workspace/builds/worker-4-tc1/target:/opt/rustwide/target:rw,Z" "-v" "/var/lib/crater-agent-workspace/builds/worker-4-tc1/source:/opt/rustwide/workdir:ro,Z" "-v" "/var/lib/crater-agent-workspace/cargo-home:/opt/rustwide/cargo-home:ro,Z" "-v" "/var/lib/crater-agent-workspace/rustup-home:/opt/rustwide/rustup-home:ro,Z" "-e" "SOURCE_DIR=/opt/rustwide/workdir" "-e" "CARGO_TARGET_DIR=/opt/rustwide/target" "-e" "CARGO_INCREMENTAL=0" "-e" "RUST_BACKTRACE=full" "-e" "RUSTFLAGS=--cap-lints=warn" "-e" "RUSTDOCFLAGS=--cap-lints=warn" "-e" "CARGO_HOME=/opt/rustwide/cargo-home" "-e" "RUSTUP_HOME=/opt/rustwide/rustup-home" "-w" "/opt/rustwide/workdir" "-m" "1610612736" "--user" "0:0" "--network" "none" "ghcr.io/rust-lang/crates-build-env/linux@sha256:2788e3201cd34a07e3172128adcd8b3090168a8e3bcc40d7c032b9dda1df7d1c" "/opt/rustwide/cargo-home/bin/cargo" "+1.75.0" "test" "--frozen" "--no-run" "--message-format=json", kill_on_drop: false }`
[INFO] [stdout] 7fca9d06d33a2b131e4984a0f8fdb19f98daade78b1a5ecb701736f0e96ad144
[INFO] running `Command { std: "docker" "start" "-a" "7fca9d06d33a2b131e4984a0f8fdb19f98daade78b1a5ecb701736f0e96ad144", kill_on_drop: false }`
[INFO] [stderr]    Compiling hirun-macros v0.1.0 (/opt/rustwide/workdir)
[INFO] [stderr]     Finished test [unoptimized + debuginfo] target(s) in 0.31s
[INFO] running `Command { std: "docker" "inspect" "7fca9d06d33a2b131e4984a0f8fdb19f98daade78b1a5ecb701736f0e96ad144", kill_on_drop: false }`
[INFO] running `Command { std: "docker" "rm" "-f" "7fca9d06d33a2b131e4984a0f8fdb19f98daade78b1a5ecb701736f0e96ad144", kill_on_drop: false }`
[INFO] [stdout] 7fca9d06d33a2b131e4984a0f8fdb19f98daade78b1a5ecb701736f0e96ad144
[INFO] running `Command { std: "docker" "create" "-v" "/var/lib/crater-agent-workspace/builds/worker-4-tc1/target:/opt/rustwide/target:rw,Z" "-v" "/var/lib/crater-agent-workspace/builds/worker-4-tc1/source:/opt/rustwide/workdir:ro,Z" "-v" "/var/lib/crater-agent-workspace/cargo-home:/opt/rustwide/cargo-home:ro,Z" "-v" "/var/lib/crater-agent-workspace/rustup-home:/opt/rustwide/rustup-home:ro,Z" "-e" "SOURCE_DIR=/opt/rustwide/workdir" "-e" "CARGO_TARGET_DIR=/opt/rustwide/target" "-e" "CARGO_INCREMENTAL=0" "-e" "RUST_BACKTRACE=full" "-e" "RUSTFLAGS=--cap-lints=warn" "-e" "RUSTDOCFLAGS=--cap-lints=warn" "-e" "CARGO_HOME=/opt/rustwide/cargo-home" "-e" "RUSTUP_HOME=/opt/rustwide/rustup-home" "-w" "/opt/rustwide/workdir" "-m" "1610612736" "--user" "0:0" "--network" "none" "ghcr.io/rust-lang/crates-build-env/linux@sha256:2788e3201cd34a07e3172128adcd8b3090168a8e3bcc40d7c032b9dda1df7d1c" "/opt/rustwide/cargo-home/bin/cargo" "+1.75.0" "test" "--frozen", kill_on_drop: false }`
[INFO] [stdout] f1842871c089fea18cc6c5097b4518bad2360cc5b0db480ab4158a537342b1f2
[INFO] running `Command { std: "docker" "start" "-a" "f1842871c089fea18cc6c5097b4518bad2360cc5b0db480ab4158a537342b1f2", kill_on_drop: false }`
[INFO] [stderr]     Finished test [unoptimized + debuginfo] target(s) in 0.00s
[INFO] [stderr]      Running unittests src/lib.rs (/opt/rustwide/target/debug/deps/hirun_macros-2fd7d2513e1432b7)
[INFO] [stdout] 
[INFO] [stdout] running 0 tests
[INFO] [stdout] 
[INFO] [stdout] test result: ok. 0 passed; 0 failed; 0 ignored; 0 measured; 0 filtered out; finished in 0.00s
[INFO] [stdout] 
[INFO] [stderr]    Doc-tests hirun-macros
[INFO] [stdout] 
[INFO] [stdout] running 2 tests
[INFO] [stdout] test src/lib.rs - future (line 15) ... FAILED
[INFO] [stdout] test src/lib.rs - future (line 22) ... FAILED
[INFO] [stdout] 
[INFO] [stdout] failures:
[INFO] [stdout] 
[INFO] [stdout] ---- src/lib.rs - future (line 15) stdout ----
[INFO] [stdout] error[E0433]: failed to resolve: use of undeclared type `Rc`
[INFO] [stdout]  --> src/lib.rs:17:14
[INFO] [stdout]   |
[INFO] [stdout] 4 |     let id = Rc::new(0);
[INFO] [stdout]   |              ^^ use of undeclared type `Rc`
[INFO] [stdout]   |
[INFO] [stdout] help: consider importing this struct
[INFO] [stdout]   |
[INFO] [stdout] 2 + use std::rc::Rc;
[INFO] [stdout]   |
[INFO] [stdout] 
[INFO] [stdout] error[E0425]: cannot find function `bar` in this scope
[INFO] [stdout]  --> src/lib.rs:18:5
[INFO] [stdout]   |
[INFO] [stdout] 5 |     bar(*id).await;
[INFO] [stdout]   |     ^^^ not found in this scope
[INFO] [stdout] 
[INFO] [stdout] error[E0308]: mismatched types
[INFO] [stdout]  --> src/lib.rs:16:23
[INFO] [stdout]   |
[INFO] [stdout] 3 |   async fn foo() -> i32 {
[INFO] [stdout]   |  _______________________^
[INFO] [stdout] 4 | |     let id = Rc::new(0);
[INFO] [stdout] 5 | |     bar(*id).await;
[INFO] [stdout]   | |                   - help: remove this semicolon to return this value
[INFO] [stdout] 6 | | }
[INFO] [stdout]   | |_^ expected `i32`, found `()`
[INFO] [stdout] 
[INFO] [stdout] error: aborting due to 3 previous errors
[INFO] [stdout] 
[INFO] [stdout] Some errors have detailed explanations: E0308, E0425, E0433.
[INFO] [stdout] For more information about an error, try `rustc --explain E0308`.
[INFO] [stdout] Couldn't compile the test.
[INFO] [stdout] ---- src/lib.rs - future (line 22) stdout ----
[INFO] [stdout] error[E0433]: failed to resolve: use of undeclared crate or module `hirun`
[INFO] [stdout]  --> src/lib.rs:23:3
[INFO] [stdout]   |
[INFO] [stdout] 3 | #[hirun::future]
[INFO] [stdout]   |   ^^^^^ use of undeclared crate or module `hirun`
[INFO] [stdout] 
[INFO] [stdout] error[E0433]: failed to resolve: use of undeclared type `Rc`
[INFO] [stdout]  --> src/lib.rs:25:14
[INFO] [stdout]   |
[INFO] [stdout] 5 |     let id = Rc::new(0);
[INFO] [stdout]   |              ^^ use of undeclared type `Rc`
[INFO] [stdout]   |
[INFO] [stdout] help: consider importing this struct
[INFO] [stdout]   |
[INFO] [stdout] 2 + use std::rc::Rc;
[INFO] [stdout]   |
[INFO] [stdout] 
[INFO] [stdout] error[E0425]: cannot find function `bar` in this scope
[INFO] [stdout]  --> src/lib.rs:26:5
[INFO] [stdout]   |
[INFO] [stdout] 6 |     bar(*id).await;
[INFO] [stdout]   |     ^^^ not found in this scope
[INFO] [stdout] 
[INFO] [stdout] error[E0308]: mismatched types
[INFO] [stdout]  --> src/lib.rs:24:23
[INFO] [stdout]   |
[INFO] [stdout] 4 |   async fn foo() -> i32 {
[INFO] [stdout]   |  _______________________^
[INFO] [stdout] 5 | |     let id = Rc::new(0);
[INFO] [stdout] 6 | |     bar(*id).await;
[INFO] [stdout]   | |                   - help: remove this semicolon to return this value
[INFO] [stdout] 7 | | }
[INFO] [stdout]   | |_^ expected `i32`, found `()`
[INFO] [stdout] 
[INFO] [stdout] error: aborting due to 4 previous errors
[INFO] [stdout] 
[INFO] [stdout] Some errors have detailed explanations: E0308, E0425, E0433.
[INFO] [stdout] For more information about an error, try `rustc --explain E0308`.
[INFO] [stdout] Couldn't compile the test.
[INFO] [stdout] 
[INFO] [stdout] failures:
[INFO] [stdout]     src/lib.rs - future (line 15)
[INFO] [stdout]     src/lib.rs - future (line 22)
[INFO] [stdout] 
[INFO] [stdout] test result: FAILED. 0 passed; 2 failed; 0 ignored; 0 measured; 0 filtered out; finished in 0.07s
[INFO] [stdout] 
[INFO] [stderr] error: doctest failed, to rerun pass `--doc`
[INFO] running `Command { std: "docker" "inspect" "f1842871c089fea18cc6c5097b4518bad2360cc5b0db480ab4158a537342b1f2", kill_on_drop: false }`
[INFO] running `Command { std: "docker" "rm" "-f" "f1842871c089fea18cc6c5097b4518bad2360cc5b0db480ab4158a537342b1f2", kill_on_drop: false }`
[INFO] [stdout] f1842871c089fea18cc6c5097b4518bad2360cc5b0db480ab4158a537342b1f2
[INFO] testing hirun-macros-0.1.0 against beta-2023-12-22 for beta-1.76-1
[INFO] extracting crate hirun-macros 0.1.0 into /workspace/builds/worker-4-tc2/source
[INFO] validating manifest of crates.io crate hirun-macros 0.1.0 on toolchain beta-2023-12-22
[INFO] running `Command { std: CARGO_HOME="/workspace/cargo-home" RUSTUP_HOME="/workspace/rustup-home" "/workspace/cargo-home/bin/cargo" "+beta-2023-12-22" "metadata" "--manifest-path" "Cargo.toml" "--no-deps", kill_on_drop: false }`
[INFO] started tweaking crates.io crate hirun-macros 0.1.0
[INFO] finished tweaking crates.io crate hirun-macros 0.1.0
[INFO] tweaked toml for crates.io crate hirun-macros 0.1.0 written to /workspace/builds/worker-4-tc2/source/Cargo.toml
[INFO] running `Command { std: CARGO_HOME="/workspace/cargo-home" RUSTUP_HOME="/workspace/rustup-home" "/workspace/cargo-home/bin/cargo" "+beta-2023-12-22" "generate-lockfile" "--manifest-path" "Cargo.toml", kill_on_drop: false }`
[INFO] [stderr]     Updating crates.io index
[INFO] running `Command { std: CARGO_HOME="/workspace/cargo-home" RUSTUP_HOME="/workspace/rustup-home" "/workspace/cargo-home/bin/cargo" "+beta-2023-12-22" "fetch" "--manifest-path" "Cargo.toml", kill_on_drop: false }`
[INFO] running `Command { std: "docker" "create" "-v" "/var/lib/crater-agent-workspace/builds/worker-4-tc2/target:/opt/rustwide/target:rw,Z" "-v" "/var/lib/crater-agent-workspace/builds/worker-4-tc2/source:/opt/rustwide/workdir:ro,Z" "-v" "/var/lib/crater-agent-workspace/cargo-home:/opt/rustwide/cargo-home:ro,Z" "-v" "/var/lib/crater-agent-workspace/rustup-home:/opt/rustwide/rustup-home:ro,Z" "-e" "SOURCE_DIR=/opt/rustwide/workdir" "-e" "CARGO_TARGET_DIR=/opt/rustwide/target" "-e" "CARGO_HOME=/opt/rustwide/cargo-home" "-e" "RUSTUP_HOME=/opt/rustwide/rustup-home" "-w" "/opt/rustwide/workdir" "-m" "1610612736" "--user" "0:0" "--network" "none" "ghcr.io/rust-lang/crates-build-env/linux@sha256:2788e3201cd34a07e3172128adcd8b3090168a8e3bcc40d7c032b9dda1df7d1c" "/opt/rustwide/cargo-home/bin/cargo" "+beta-2023-12-22" "metadata" "--no-deps" "--format-version=1", kill_on_drop: false }`
[INFO] [stdout] 9c0aa8f17fcc74929e243c6eeea5beefb2e0e6aefc593e7fd1e9e465eb99e6dc
[INFO] running `Command { std: "docker" "start" "-a" "9c0aa8f17fcc74929e243c6eeea5beefb2e0e6aefc593e7fd1e9e465eb99e6dc", kill_on_drop: false }`
[INFO] running `Command { std: "docker" "inspect" "9c0aa8f17fcc74929e243c6eeea5beefb2e0e6aefc593e7fd1e9e465eb99e6dc", kill_on_drop: false }`
[INFO] running `Command { std: "docker" "rm" "-f" "9c0aa8f17fcc74929e243c6eeea5beefb2e0e6aefc593e7fd1e9e465eb99e6dc", kill_on_drop: false }`
[INFO] [stdout] 9c0aa8f17fcc74929e243c6eeea5beefb2e0e6aefc593e7fd1e9e465eb99e6dc
[INFO] running `Command { std: "docker" "create" "-v" "/var/lib/crater-agent-workspace/builds/worker-4-tc2/target:/opt/rustwide/target:rw,Z" "-v" "/var/lib/crater-agent-workspace/builds/worker-4-tc2/source:/opt/rustwide/workdir:ro,Z" "-v" "/var/lib/crater-agent-workspace/cargo-home:/opt/rustwide/cargo-home:ro,Z" "-v" "/var/lib/crater-agent-workspace/rustup-home:/opt/rustwide/rustup-home:ro,Z" "-e" "SOURCE_DIR=/opt/rustwide/workdir" "-e" "CARGO_TARGET_DIR=/opt/rustwide/target" "-e" "CARGO_INCREMENTAL=0" "-e" "RUST_BACKTRACE=full" "-e" "RUSTFLAGS=--cap-lints=warn" "-e" "RUSTDOCFLAGS=--cap-lints=warn" "-e" "CARGO_HOME=/opt/rustwide/cargo-home" "-e" "RUSTUP_HOME=/opt/rustwide/rustup-home" "-w" "/opt/rustwide/workdir" "-m" "1610612736" "--user" "0:0" "--network" "none" "ghcr.io/rust-lang/crates-build-env/linux@sha256:2788e3201cd34a07e3172128adcd8b3090168a8e3bcc40d7c032b9dda1df7d1c" "/opt/rustwide/cargo-home/bin/cargo" "+beta-2023-12-22" "build" "--frozen" "--message-format=json", kill_on_drop: false }`
[INFO] [stdout] aca21482cf42fda05b4f3cd4478106507885839fe52f93be665998cec1b17f38
[INFO] running `Command { std: "docker" "start" "-a" "aca21482cf42fda05b4f3cd4478106507885839fe52f93be665998cec1b17f38", kill_on_drop: false }`
[INFO] [stderr]    Compiling syn v1.0.109
[INFO] [stderr]    Compiling hirun-macros v0.1.0 (/opt/rustwide/workdir)
[INFO] [stderr]     Finished dev [unoptimized + debuginfo] target(s) in 1.95s
[INFO] running `Command { std: "docker" "inspect" "aca21482cf42fda05b4f3cd4478106507885839fe52f93be665998cec1b17f38", kill_on_drop: false }`
[INFO] running `Command { std: "docker" "rm" "-f" "aca21482cf42fda05b4f3cd4478106507885839fe52f93be665998cec1b17f38", kill_on_drop: false }`
[INFO] [stdout] aca21482cf42fda05b4f3cd4478106507885839fe52f93be665998cec1b17f38
[INFO] running `Command { std: "docker" "create" "-v" "/var/lib/crater-agent-workspace/builds/worker-4-tc2/target:/opt/rustwide/target:rw,Z" "-v" "/var/lib/crater-agent-workspace/builds/worker-4-tc2/source:/opt/rustwide/workdir:ro,Z" "-v" "/var/lib/crater-agent-workspace/cargo-home:/opt/rustwide/cargo-home:ro,Z" "-v" "/var/lib/crater-agent-workspace/rustup-home:/opt/rustwide/rustup-home:ro,Z" "-e" "SOURCE_DIR=/opt/rustwide/workdir" "-e" "CARGO_TARGET_DIR=/opt/rustwide/target" "-e" "CARGO_INCREMENTAL=0" "-e" "RUST_BACKTRACE=full" "-e" "RUSTFLAGS=--cap-lints=warn" "-e" "RUSTDOCFLAGS=--cap-lints=warn" "-e" "CARGO_HOME=/opt/rustwide/cargo-home" "-e" "RUSTUP_HOME=/opt/rustwide/rustup-home" "-w" "/opt/rustwide/workdir" "-m" "1610612736" "--user" "0:0" "--network" "none" "ghcr.io/rust-lang/crates-build-env/linux@sha256:2788e3201cd34a07e3172128adcd8b3090168a8e3bcc40d7c032b9dda1df7d1c" "/opt/rustwide/cargo-home/bin/cargo" "+beta-2023-12-22" "test" "--frozen" "--no-run" "--message-format=json", kill_on_drop: false }`
[INFO] [stdout] 88b80a10421742a9c26cf4ad0508403ebba668d3138422c0f612fea4b0e1c632
[INFO] running `Command { std: "docker" "start" "-a" "88b80a10421742a9c26cf4ad0508403ebba668d3138422c0f612fea4b0e1c632", kill_on_drop: false }`
[INFO] [stderr]    Compiling hirun-macros v0.1.0 (/opt/rustwide/workdir)
[INFO] [stderr]     Finished test [unoptimized + debuginfo] target(s) in 0.30s
[INFO] running `Command { std: "docker" "inspect" "88b80a10421742a9c26cf4ad0508403ebba668d3138422c0f612fea4b0e1c632", kill_on_drop: false }`
[INFO] running `Command { std: "docker" "rm" "-f" "88b80a10421742a9c26cf4ad0508403ebba668d3138422c0f612fea4b0e1c632", kill_on_drop: false }`
[INFO] [stdout] 88b80a10421742a9c26cf4ad0508403ebba668d3138422c0f612fea4b0e1c632
[INFO] running `Command { std: "docker" "create" "-v" "/var/lib/crater-agent-workspace/builds/worker-4-tc2/target:/opt/rustwide/target:rw,Z" "-v" "/var/lib/crater-agent-workspace/builds/worker-4-tc2/source:/opt/rustwide/workdir:ro,Z" "-v" "/var/lib/crater-agent-workspace/cargo-home:/opt/rustwide/cargo-home:ro,Z" "-v" "/var/lib/crater-agent-workspace/rustup-home:/opt/rustwide/rustup-home:ro,Z" "-e" "SOURCE_DIR=/opt/rustwide/workdir" "-e" "CARGO_TARGET_DIR=/opt/rustwide/target" "-e" "CARGO_INCREMENTAL=0" "-e" "RUST_BACKTRACE=full" "-e" "RUSTFLAGS=--cap-lints=warn" "-e" "RUSTDOCFLAGS=--cap-lints=warn" "-e" "CARGO_HOME=/opt/rustwide/cargo-home" "-e" "RUSTUP_HOME=/opt/rustwide/rustup-home" "-w" "/opt/rustwide/workdir" "-m" "1610612736" "--user" "0:0" "--network" "none" "ghcr.io/rust-lang/crates-build-env/linux@sha256:2788e3201cd34a07e3172128adcd8b3090168a8e3bcc40d7c032b9dda1df7d1c" "/opt/rustwide/cargo-home/bin/cargo" "+beta-2023-12-22" "test" "--frozen", kill_on_drop: false }`
[INFO] [stdout] 015ba05a7dd1353cf68e52771aa872c20ea911ec1465ec30de2c9a6c1c956319
[INFO] running `Command { std: "docker" "start" "-a" "015ba05a7dd1353cf68e52771aa872c20ea911ec1465ec30de2c9a6c1c956319", kill_on_drop: false }`
[INFO] [stderr]     Finished test [unoptimized + debuginfo] target(s) in 0.00s
[INFO] [stderr]      Running unittests src/lib.rs (/opt/rustwide/target/debug/deps/hirun_macros-90c5844ba50d9cbc)
[INFO] [stdout] 
[INFO] [stdout] running 0 tests
[INFO] [stdout] 
[INFO] [stdout] test result: ok. 0 passed; 0 failed; 0 ignored; 0 measured; 0 filtered out; finished in 0.00s
[INFO] [stdout] 
[INFO] [stderr]    Doc-tests hirun-macros
[INFO] [stdout] 
[INFO] [stdout] running 2 tests
[INFO] [stdout] test src/lib.rs - future (line 15) ... FAILED
[INFO] [stdout] test src/lib.rs - future (line 22) ... FAILED
[INFO] [stdout] 
[INFO] [stdout] failures:
[INFO] [stdout] 
[INFO] [stdout] ---- src/lib.rs - future (line 15) stdout ----
[INFO] [stdout] error[E0433]: failed to resolve: use of undeclared type `Rc`
[INFO] [stdout]  --> src/lib.rs:17:14
[INFO] [stdout]   |
[INFO] [stdout] 4 |     let id = Rc::new(0);
[INFO] [stdout]   |              ^^ use of undeclared type `Rc`
[INFO] [stdout]   |
[INFO] [stdout] help: consider importing this struct
[INFO] [stdout]   |
[INFO] [stdout] 2 + use std::rc::Rc;
[INFO] [stdout]   |
[INFO] [stdout] 
[INFO] [stdout] error[E0425]: cannot find function `bar` in this scope
[INFO] [stdout]  --> src/lib.rs:18:5
[INFO] [stdout]   |
[INFO] [stdout] 5 |     bar(*id).await;
[INFO] [stdout]   |     ^^^ not found in this scope
[INFO] [stdout] 
[INFO] [stdout] error[E0308]: mismatched types
[INFO] [stdout]  --> src/lib.rs:16:23
[INFO] [stdout]   |
[INFO] [stdout] 3 |   async fn foo() -> i32 {
[INFO] [stdout]   |  _______________________^
[INFO] [stdout] 4 | |     let id = Rc::new(0);
[INFO] [stdout] 5 | |     bar(*id).await;
[INFO] [stdout]   | |                   - help: remove this semicolon to return this value
[INFO] [stdout] 6 | | }
[INFO] [stdout]   | |_^ expected `i32`, found `()`
[INFO] [stdout] 
[INFO] [stdout] error: aborting due to 3 previous errors
[INFO] [stdout] 
[INFO] [stdout] Some errors have detailed explanations: E0308, E0425, E0433.
[INFO] [stdout] For more information about an error, try `rustc --explain E0308`.
[INFO] [stdout] Couldn't compile the test.
[INFO] [stdout] ---- src/lib.rs - future (line 22) stdout ----
[INFO] [stdout] error[E0433]: failed to resolve: use of undeclared crate or module `hirun`
[INFO] [stdout]  --> src/lib.rs:23:3
[INFO] [stdout]   |
[INFO] [stdout] 3 | #[hirun::future]
[INFO] [stdout]   |   ^^^^^ use of undeclared crate or module `hirun`
[INFO] [stdout] 
[INFO] [stdout] error[E0433]: failed to resolve: use of undeclared type `Rc`
[INFO] [stdout]  --> src/lib.rs:25:14
[INFO] [stdout]   |
[INFO] [stdout] 5 |     let id = Rc::new(0);
[INFO] [stdout]   |              ^^ use of undeclared type `Rc`
[INFO] [stdout]   |
[INFO] [stdout] help: consider importing this struct
[INFO] [stdout]   |
[INFO] [stdout] 2 + use std::rc::Rc;
[INFO] [stdout]   |
[INFO] [stdout] 
[INFO] [stdout] error[E0425]: cannot find function `bar` in this scope
[INFO] [stdout]  --> src/lib.rs:26:5
[INFO] [stdout]   |
[INFO] [stdout] 6 |     bar(*id).await;
[INFO] [stdout]   |     ^^^ not found in this scope
[INFO] [stdout] 
[INFO] [stdout] error[E0308]: mismatched types
[INFO] [stdout]  --> src/lib.rs:24:23
[INFO] [stdout]   |
[INFO] [stdout] 4 |   async fn foo() -> i32 {
[INFO] [stdout]   |  _______________________^
[INFO] [stdout] 5 | |     let id = Rc::new(0);
[INFO] [stdout] 6 | |     bar(*id).await;
[INFO] [stdout]   | |                   - help: remove this semicolon to return this value
[INFO] [stdout] 7 | | }
[INFO] [stdout]   | |_^ expected `i32`, found `()`
[INFO] [stdout] 
[INFO] [stdout] error: aborting due to 4 previous errors
[INFO] [stdout] 
[INFO] [stdout] Some errors have detailed explanations: E0308, E0425, E0433.
[INFO] [stdout] For more information about an error, try `rustc --explain E0308`.
[INFO] [stdout] Couldn't compile the test.
[INFO] [stdout] 
[INFO] [stdout] failures:
[INFO] [stdout]     src/lib.rs - future (line 15)
[INFO] [stdout]     src/lib.rs - future (line 22)
[INFO] [stdout] 
[INFO] [stdout] test result: FAILED. 0 passed; 2 failed; 0 ignored; 0 measured; 0 filtered out; finished in 0.05s
[INFO] [stdout] 
[INFO] [stderr] error: doctest failed, to rerun pass `--doc`
[INFO] running `Command { std: "docker" "inspect" "015ba05a7dd1353cf68e52771aa872c20ea911ec1465ec30de2c9a6c1c956319", kill_on_drop: false }`
[INFO] running `Command { std: "docker" "rm" "-f" "015ba05a7dd1353cf68e52771aa872c20ea911ec1465ec30de2c9a6c1c956319", kill_on_drop: false }`
[INFO] [stdout] 015ba05a7dd1353cf68e52771aa872c20ea911ec1465ec30de2c9a6c1c956319
