[INFO] fetching crate helm-templexer 2.0.7...
[INFO] testing helm-templexer-2.0.7 against 1.75.0 for beta-1.76-1
[INFO] extracting crate helm-templexer 2.0.7 into /workspace/builds/worker-6-tc1/source
[INFO] validating manifest of crates.io crate helm-templexer 2.0.7 on toolchain 1.75.0
[INFO] running `Command { std: CARGO_HOME="/workspace/cargo-home" RUSTUP_HOME="/workspace/rustup-home" "/workspace/cargo-home/bin/cargo" "+1.75.0" "metadata" "--manifest-path" "Cargo.toml" "--no-deps", kill_on_drop: false }`
[INFO] started tweaking crates.io crate helm-templexer 2.0.7
[INFO] finished tweaking crates.io crate helm-templexer 2.0.7
[INFO] tweaked toml for crates.io crate helm-templexer 2.0.7 written to /workspace/builds/worker-6-tc1/source/Cargo.toml
[INFO] crate crates.io crate helm-templexer 2.0.7 already has a lockfile, it will not be regenerated
[INFO] running `Command { std: CARGO_HOME="/workspace/cargo-home" RUSTUP_HOME="/workspace/rustup-home" "/workspace/cargo-home/bin/cargo" "+1.75.0" "fetch" "--manifest-path" "Cargo.toml", kill_on_drop: false }`
[INFO] [stderr]     Updating crates.io index
[INFO] [stderr]  Downloading crates ...
[INFO] [stderr]   Downloaded cmd_lib_macros v1.3.0
[INFO] [stderr]   Downloaded structopt-flags v0.3.6
[INFO] [stderr]   Downloaded cmd_lib v1.3.0
[INFO] [stderr]   Downloaded predicates v1.0.8
[INFO] [stderr]   Downloaded format_serde_error v0.3.0
[INFO] [stderr]   Downloaded linux-raw-sys v0.3.7
[INFO] [stderr]   Downloaded faccess v0.2.4
[INFO] [stderr]   Downloaded serde_derive v1.0.162
[INFO] [stderr]   Downloaded serde v1.0.162
[INFO] running `Command { std: "docker" "create" "-v" "/var/lib/crater-agent-workspace/builds/worker-6-tc1/target:/opt/rustwide/target:rw,Z" "-v" "/var/lib/crater-agent-workspace/builds/worker-6-tc1/source:/opt/rustwide/workdir:ro,Z" "-v" "/var/lib/crater-agent-workspace/cargo-home:/opt/rustwide/cargo-home:ro,Z" "-v" "/var/lib/crater-agent-workspace/rustup-home:/opt/rustwide/rustup-home:ro,Z" "-e" "SOURCE_DIR=/opt/rustwide/workdir" "-e" "CARGO_TARGET_DIR=/opt/rustwide/target" "-e" "CARGO_HOME=/opt/rustwide/cargo-home" "-e" "RUSTUP_HOME=/opt/rustwide/rustup-home" "-w" "/opt/rustwide/workdir" "-m" "1610612736" "--user" "0:0" "--network" "none" "ghcr.io/rust-lang/crates-build-env/linux@sha256:2788e3201cd34a07e3172128adcd8b3090168a8e3bcc40d7c032b9dda1df7d1c" "/opt/rustwide/cargo-home/bin/cargo" "+1.75.0" "metadata" "--no-deps" "--format-version=1", kill_on_drop: false }`
[INFO] [stdout] 2eada821cde6a26c814eb3402468fe93ea43421bc1f4072e35cd849cefcccf17
[INFO] running `Command { std: "docker" "start" "-a" "2eada821cde6a26c814eb3402468fe93ea43421bc1f4072e35cd849cefcccf17", kill_on_drop: false }`
[INFO] running `Command { std: "docker" "inspect" "2eada821cde6a26c814eb3402468fe93ea43421bc1f4072e35cd849cefcccf17", kill_on_drop: false }`
[INFO] running `Command { std: "docker" "rm" "-f" "2eada821cde6a26c814eb3402468fe93ea43421bc1f4072e35cd849cefcccf17", kill_on_drop: false }`
[INFO] [stdout] 2eada821cde6a26c814eb3402468fe93ea43421bc1f4072e35cd849cefcccf17
[INFO] running `Command { std: "docker" "create" "-v" "/var/lib/crater-agent-workspace/builds/worker-6-tc1/target:/opt/rustwide/target:rw,Z" "-v" "/var/lib/crater-agent-workspace/builds/worker-6-tc1/source:/opt/rustwide/workdir:ro,Z" "-v" "/var/lib/crater-agent-workspace/cargo-home:/opt/rustwide/cargo-home:ro,Z" "-v" "/var/lib/crater-agent-workspace/rustup-home:/opt/rustwide/rustup-home:ro,Z" "-e" "SOURCE_DIR=/opt/rustwide/workdir" "-e" "CARGO_TARGET_DIR=/opt/rustwide/target" "-e" "CARGO_INCREMENTAL=0" "-e" "RUST_BACKTRACE=full" "-e" "RUSTFLAGS=--cap-lints=warn" "-e" "RUSTDOCFLAGS=--cap-lints=warn" "-e" "CARGO_HOME=/opt/rustwide/cargo-home" "-e" "RUSTUP_HOME=/opt/rustwide/rustup-home" "-w" "/opt/rustwide/workdir" "-m" "1610612736" "--user" "0:0" "--network" "none" "ghcr.io/rust-lang/crates-build-env/linux@sha256:2788e3201cd34a07e3172128adcd8b3090168a8e3bcc40d7c032b9dda1df7d1c" "/opt/rustwide/cargo-home/bin/cargo" "+1.75.0" "build" "--frozen" "--message-format=json", kill_on_drop: false }`
[INFO] [stdout] 720165d4ad0a53dd849630e68d06c7247c3102679cb144834e33f2eb2fcfc18c
[INFO] running `Command { std: "docker" "start" "-a" "720165d4ad0a53dd849630e68d06c7247c3102679cb144834e33f2eb2fcfc18c", kill_on_drop: false }`
[INFO] [stderr]    Compiling proc-macro2 v1.0.56
[INFO] [stderr]    Compiling quote v1.0.27
[INFO] [stderr]    Compiling unicode-ident v1.0.8
[INFO] [stderr]    Compiling libc v0.2.144
[INFO] [stderr]    Compiling serde_derive v1.0.162
[INFO] [stderr]    Compiling serde v1.0.162
[INFO] [stderr]    Compiling proc-macro-error-attr v1.0.4
[INFO] [stderr]    Compiling ryu v1.0.13
[INFO] [stderr]    Compiling serde_json v1.0.96
[INFO] [stderr]    Compiling io-lifetimes v1.0.10
[INFO] [stderr]    Compiling unicase v2.6.0
[INFO] [stderr]    Compiling proc-macro-error v1.0.4
[INFO] [stderr]    Compiling itoa v1.0.6
[INFO] [stderr]    Compiling camino v1.1.4
[INFO] [stderr]    Compiling syn v1.0.109
[INFO] [stderr]    Compiling semver v1.0.17
[INFO] [stderr]    Compiling rustix v0.37.19
[INFO] [stderr]    Compiling error-chain v0.12.4
[INFO] [stderr]    Compiling linux-raw-sys v0.3.7
[INFO] [stderr]    Compiling pulldown-cmark v0.9.2
[INFO] [stderr]    Compiling same-file v1.0.6
[INFO] [stderr]    Compiling fastrand v1.9.0
[INFO] [stderr]    Compiling log v0.4.17
[INFO] [stderr]    Compiling walkdir v2.3.3
[INFO] [stderr]    Compiling indexmap v1.9.3
[INFO] [stderr]    Compiling unicode-width v0.1.10
[INFO] [stderr]    Compiling bytecount v0.6.3
[INFO] [stderr]    Compiling strsim v0.8.0
[INFO] [stderr]    Compiling textwrap v0.11.0
[INFO] [stderr]    Compiling vec_map v0.8.2
[INFO] [stderr]    Compiling ansi_term v0.12.1
[INFO] [stderr]    Compiling linked-hash-map v0.5.6
[INFO] [stderr]    Compiling aho-corasick v1.0.1
[INFO] [stderr]    Compiling anyhow v1.0.71
[INFO] [stderr]    Compiling regex-syntax v0.7.1
[INFO] [stderr]    Compiling humantime v2.1.0
[INFO] [stderr]    Compiling yaml-rust v0.4.5
[INFO] [stderr]    Compiling syn v2.0.15
[INFO] [stderr]    Compiling atty v0.2.14
[INFO] [stderr]    Compiling os_pipe v0.9.2
[INFO] [stderr]    Compiling faccess v0.2.4
[INFO] [stderr]    Compiling subprocess v0.2.9
[INFO] [stderr]    Compiling clap v2.34.0
[INFO] [stderr]    Compiling colored v2.0.0
[INFO] [stderr]    Compiling regex v1.8.1
[INFO] [stderr]    Compiling env_logger v0.8.4
[INFO] [stderr]    Compiling tempfile v3.5.0
[INFO] [stderr]    Compiling structopt-derive v0.4.18
[INFO] [stderr]    Compiling cmd_lib_macros v1.3.0
[INFO] [stderr]    Compiling cmd_lib v1.3.0
[INFO] [stderr]    Compiling structopt v0.3.26
[INFO] [stderr]    Compiling cargo-platform v0.1.2
[INFO] [stderr]    Compiling serde_yaml v0.8.26
[INFO] [stderr]    Compiling cargo_metadata v0.14.2
[INFO] [stderr]    Compiling format_serde_error v0.3.0
[INFO] [stderr]    Compiling skeptic v0.13.7
[INFO] [stderr]    Compiling structopt-flags v0.3.6
[INFO] [stderr]    Compiling helm-templexer v2.0.7 (/opt/rustwide/workdir)
[INFO] [stderr]     Finished dev [unoptimized + debuginfo] target(s) in 13.89s
[INFO] running `Command { std: "docker" "inspect" "720165d4ad0a53dd849630e68d06c7247c3102679cb144834e33f2eb2fcfc18c", kill_on_drop: false }`
[INFO] running `Command { std: "docker" "rm" "-f" "720165d4ad0a53dd849630e68d06c7247c3102679cb144834e33f2eb2fcfc18c", kill_on_drop: false }`
[INFO] [stdout] 720165d4ad0a53dd849630e68d06c7247c3102679cb144834e33f2eb2fcfc18c
[INFO] running `Command { std: "docker" "create" "-v" "/var/lib/crater-agent-workspace/builds/worker-6-tc1/target:/opt/rustwide/target:rw,Z" "-v" "/var/lib/crater-agent-workspace/builds/worker-6-tc1/source:/opt/rustwide/workdir:ro,Z" "-v" "/var/lib/crater-agent-workspace/cargo-home:/opt/rustwide/cargo-home:ro,Z" "-v" "/var/lib/crater-agent-workspace/rustup-home:/opt/rustwide/rustup-home:ro,Z" "-e" "SOURCE_DIR=/opt/rustwide/workdir" "-e" "CARGO_TARGET_DIR=/opt/rustwide/target" "-e" "CARGO_INCREMENTAL=0" "-e" "RUST_BACKTRACE=full" "-e" "RUSTFLAGS=--cap-lints=warn" "-e" "RUSTDOCFLAGS=--cap-lints=warn" "-e" "CARGO_HOME=/opt/rustwide/cargo-home" "-e" "RUSTUP_HOME=/opt/rustwide/rustup-home" "-w" "/opt/rustwide/workdir" "-m" "1610612736" "--user" "0:0" "--network" "none" "ghcr.io/rust-lang/crates-build-env/linux@sha256:2788e3201cd34a07e3172128adcd8b3090168a8e3bcc40d7c032b9dda1df7d1c" "/opt/rustwide/cargo-home/bin/cargo" "+1.75.0" "test" "--frozen" "--no-run" "--message-format=json", kill_on_drop: false }`
[INFO] [stdout] b5e60dbd0d78c97d472c9fab304df625ab8f541822160049023659338329d00c
[INFO] running `Command { std: "docker" "start" "-a" "b5e60dbd0d78c97d472c9fab304df625ab8f541822160049023659338329d00c", kill_on_drop: false }`
[INFO] [stderr]    Compiling num-traits v0.2.15
[INFO] [stderr]    Compiling predicates-core v1.0.6
[INFO] [stderr]    Compiling doc-comment v0.3.3
[INFO] [stderr]    Compiling either v1.8.1
[INFO] [stderr]    Compiling regex-automata v0.1.10
[INFO] [stderr]    Compiling termtree v0.4.1
[INFO] [stderr]    Compiling difflib v0.4.0
[INFO] [stderr]    Compiling wait-timeout v0.2.0
[INFO] [stderr]    Compiling difference v2.0.0
[INFO] [stderr]    Compiling normalize-line-endings v0.3.0
[INFO] [stderr]    Compiling diff v0.1.13
[INFO] [stderr]    Compiling predicates-tree v1.0.9
[INFO] [stderr]    Compiling pretty_assertions v0.7.2
[INFO] [stderr]    Compiling itertools v0.10.5
[INFO] [stderr]    Compiling bstr v0.2.17
[INFO] [stderr]    Compiling float-cmp v0.8.0
[INFO] [stderr]    Compiling predicates v1.0.8
[INFO] [stderr]    Compiling predicates v2.1.5
[INFO] [stderr]    Compiling assert_cmd v1.0.8
[INFO] [stderr]    Compiling helm-templexer v2.0.7 (/opt/rustwide/workdir)
[INFO] [stderr]     Finished test [unoptimized + debuginfo] target(s) in 3.34s
[INFO] running `Command { std: "docker" "inspect" "b5e60dbd0d78c97d472c9fab304df625ab8f541822160049023659338329d00c", kill_on_drop: false }`
[INFO] running `Command { std: "docker" "rm" "-f" "b5e60dbd0d78c97d472c9fab304df625ab8f541822160049023659338329d00c", kill_on_drop: false }`
[INFO] [stdout] b5e60dbd0d78c97d472c9fab304df625ab8f541822160049023659338329d00c
[INFO] running `Command { std: "docker" "create" "-v" "/var/lib/crater-agent-workspace/builds/worker-6-tc1/target:/opt/rustwide/target:rw,Z" "-v" "/var/lib/crater-agent-workspace/builds/worker-6-tc1/source:/opt/rustwide/workdir:ro,Z" "-v" "/var/lib/crater-agent-workspace/cargo-home:/opt/rustwide/cargo-home:ro,Z" "-v" "/var/lib/crater-agent-workspace/rustup-home:/opt/rustwide/rustup-home:ro,Z" "-e" "SOURCE_DIR=/opt/rustwide/workdir" "-e" "CARGO_TARGET_DIR=/opt/rustwide/target" "-e" "CARGO_INCREMENTAL=0" "-e" "RUST_BACKTRACE=full" "-e" "RUSTFLAGS=--cap-lints=warn" "-e" "RUSTDOCFLAGS=--cap-lints=warn" "-e" "CARGO_HOME=/opt/rustwide/cargo-home" "-e" "RUSTUP_HOME=/opt/rustwide/rustup-home" "-w" "/opt/rustwide/workdir" "-m" "1610612736" "--user" "0:0" "--network" "none" "ghcr.io/rust-lang/crates-build-env/linux@sha256:2788e3201cd34a07e3172128adcd8b3090168a8e3bcc40d7c032b9dda1df7d1c" "/opt/rustwide/cargo-home/bin/cargo" "+1.75.0" "test" "--frozen", kill_on_drop: false }`
[INFO] [stdout] 6dfa43a048bcee1935515414cb2b37c682448b46e0569bf49c018c9712677b7b
[INFO] running `Command { std: "docker" "start" "-a" "6dfa43a048bcee1935515414cb2b37c682448b46e0569bf49c018c9712677b7b", kill_on_drop: false }`
[INFO] [stderr]     Finished test [unoptimized + debuginfo] target(s) in 0.05s
[INFO] [stderr]      Running unittests src/main.rs (/opt/rustwide/target/debug/deps/helm_templexer-4396de079d8392d8)
[INFO] [stdout] 
[INFO] [stdout] running 17 tests
[INFO] [stdout] test config::tests::disabled_deployments_can_be_skipped_during_validation ... ok
[INFO] [stdout] test config::tests::disabled_files_can_be_skipped_during_validation ... ok
[INFO] [stdout] test render_cmd::tests::disabled_deployments_are_not_planned ... ok
[INFO] [stdout] test render_cmd::tests::disabled_files_are_skipped ... ok
[INFO] [stdout] test config::tests::input_file_exists ... ok
[INFO] [stdout] test render_cmd::tests::deployment_can_override_release_name ... ok
[INFO] [stdout] test render_cmd::tests::pipe_multiple_output_through_tool ... ok
[INFO] [stdout] test render_cmd::tests::pipe_output_through_tool ... ok
[INFO] [stdout] test render_cmd::tests::render_can_accept_additional_options_via_cli_option ... ok
[INFO] [stdout] test render_cmd::tests::simple_deployment_command ... ok
[INFO] [stdout] test render_cmd::tests::render_can_update_dependencies ... ok
[INFO] [stdout] test render_cmd::tests::filter_only_edge_deployment ... ok
[INFO] [stdout] test render_cmd::tests::filter_only_prod_deployment ... ok
[INFO] [stdout] test render_cmd::tests::filter_all_eu_w4_deployment ... ok
[INFO] [stdout] test config::tests::fail_if_all_deployments_are_disabled - should panic ... ok
[INFO] [stdout] test config::tests::input_file_does_not_exist - should panic ... ok
[INFO] [stdout] test config::tests::schema_version_must_be_v1 - should panic ... ok
[INFO] [stdout] 
[INFO] [stdout] test result: ok. 17 passed; 0 failed; 0 ignored; 0 measured; 0 filtered out; finished in 0.02s
[INFO] [stdout] 
[INFO] [stderr]      Running tests/integration/main.rs (/opt/rustwide/target/debug/deps/integration-22d63197c25ce50c)
[INFO] [stdout] 
[INFO] [stdout] running 10 tests
[INFO] [stdout] test render::pipe_output_to_a_tool_that_exists ... FAILED
[INFO] [stdout] test render::pipe_output_to_a_tool_that_doesnt_exist ... FAILED
[INFO] [stdout] test render::pipe_output_to_multiple_tools ... FAILED
[INFO] [stdout] test render::render_config_example ... FAILED
[INFO] [stdout] test render::render_multiple_files ... FAILED
[INFO] [stdout] test validate::file_does_not_exist ... ok
[INFO] [stdout] test validate::chart_does_not_exist ... ok
[INFO] [stdout] test validate::file_is_valid ... ok
[INFO] [stdout] test validate::validate_accepts_multiple_files ... ok
[INFO] [stdout] test render::errors_are_logged ... FAILED
[INFO] [stdout] 
[INFO] [stdout] failures:
[INFO] [stdout] 
[INFO] [stdout] ---- render::pipe_output_to_a_tool_that_exists stdout ----
[INFO] [stdout] Error: Running ["mktemp", "-d", "tests/data/test_config_XXXX"] exited with error; status code: 1
[INFO] [stdout] 
[INFO] [stdout] ---- render::pipe_output_to_a_tool_that_doesnt_exist stdout ----
[INFO] [stdout] Error: Running ["mktemp", "-d", "tests/data/test_config_XXXX"] exited with error; status code: 1
[INFO] [stdout] 
[INFO] [stdout] ---- render::pipe_output_to_multiple_tools stdout ----
[INFO] [stdout] Error: Running ["mktemp", "-d", "tests/data/test_config_XXXX"] exited with error; status code: 1
[INFO] [stdout] 
[INFO] [stdout] ---- render::render_config_example stdout ----
[INFO] [stdout] Error: Running ["mktemp", "-d", "tests/data/test_config_XXXX"] exited with error; status code: 1
[INFO] [stdout] 
[INFO] [stdout] ---- render::render_multiple_files stdout ----
[INFO] [stdout] Error: Running ["mktemp", "-d", "tests/data/test_config_XXXX"] exited with error; status code: 1
[INFO] [stdout] 
[INFO] [stdout] ---- render::errors_are_logged stdout ----
[INFO] [stdout] thread 'render::errors_are_logged' panicked at /opt/rustwide/cargo-home/registry/src/index.crates.io-6f17d22bba15001f/assert_cmd-1.0.8/src/assert.rs:124:9:
[INFO] [stdout] Unexpected stderr, failed var.contains("expected at most two arguments, unexpected arguments: INVALID-OPTION")
[INFO] [stdout] └── var as str: [2024-01-05T04:51:12Z INFO  helm_templexer::render_cmd] processing "./tests/data/config_invalid_helm_option.yaml"
[INFO] [stdout]     [2024-01-05T04:51:12Z INFO  helm_templexer::render_cmd]  - (skip) next-edge-eu-w4
[INFO] [stdout]     [2024-01-05T04:51:12Z INFO  helm_templexer::render_cmd] deployments:
[INFO] [stdout]     [2024-01-05T04:51:12Z INFO  helm_templexer::render_cmd]  - stage-eu-w4
[INFO] [stdout]     Error: Rendering failed
[INFO] [stdout]     
[INFO] [stdout]     Caused by:
[INFO] [stdout]         Read-only file system (os error 30)
[INFO] [stdout] 
[INFO] [stdout] command=`"/opt/rustwide/target/debug/helm-templexer" "render" "./tests/data/config_invalid_helm_option.yaml"`
[INFO] [stdout] code=1
[INFO] [stdout] stdout=```""```
[INFO] [stdout] stderr=```"[2024-01-05T04:51:12Z INFO  helm_templexer::render_cmd] processing \"./tests/data/config_invalid_helm_option.yaml\"\n[2024-01-05T04:51:12Z INFO  helm_templexer::render_cmd]  - (skip) next-edge-eu-w4\n[2024-01-05T04:51:12Z INFO  helm_templexer::render_cmd] deployments:\n[2024-01-05T04:51:12Z INFO  helm_templexer::render_cmd]  - stage-eu-w4\nError: Rendering failed\n\nCaused by:\n    Read-only file system (os error 30)\n"```
[INFO] [stdout] 
[INFO] [stdout] stack backtrace:
[INFO] [stdout]    0:     0x563c759a010c - std::backtrace_rs::backtrace::libunwind::trace::ha637c64ce894333a
[INFO] [stdout]                                at /rustc/82e1608dfa6e0b5569232559e3d385fea5a93112/library/std/src/../../backtrace/src/backtrace/libunwind.rs:104:5
[INFO] [stdout]    1:     0x563c759a010c - std::backtrace_rs::backtrace::trace_unsynchronized::h47f62dea28e0c88d
[INFO] [stdout]                                at /rustc/82e1608dfa6e0b5569232559e3d385fea5a93112/library/std/src/../../backtrace/src/backtrace/mod.rs:66:5
[INFO] [stdout]    2:     0x563c759a010c - std::sys_common::backtrace::_print_fmt::h9eef0abe20ede486
[INFO] [stdout]                                at /rustc/82e1608dfa6e0b5569232559e3d385fea5a93112/library/std/src/sys_common/backtrace.rs:67:5
[INFO] [stdout]    3:     0x563c759a010c - <std::sys_common::backtrace::_print::DisplayBacktrace as core::fmt::Display>::fmt::hed7f999df88cc644
[INFO] [stdout]                                at /rustc/82e1608dfa6e0b5569232559e3d385fea5a93112/library/std/src/sys_common/backtrace.rs:44:22
[INFO] [stdout]    4:     0x563c759cb910 - core::fmt::rt::Argument::fmt::h1539a9308b8d058d
[INFO] [stdout]                                at /rustc/82e1608dfa6e0b5569232559e3d385fea5a93112/library/core/src/fmt/rt.rs:142:9
[INFO] [stdout]    5:     0x563c759cb910 - core::fmt::write::h3a39390d8560d9c9
[INFO] [stdout]                                at /rustc/82e1608dfa6e0b5569232559e3d385fea5a93112/library/core/src/fmt/mod.rs:1120:17
[INFO] [stdout]    6:     0x563c7599d4ef - std::io::Write::write_fmt::h040b369f3a0f9cbc
[INFO] [stdout]                                at /rustc/82e1608dfa6e0b5569232559e3d385fea5a93112/library/std/src/io/mod.rs:1762:15
[INFO] [stdout]    7:     0x563c7599fef4 - std::sys_common::backtrace::_print::h894006fb5c6f3d45
[INFO] [stdout]                                at /rustc/82e1608dfa6e0b5569232559e3d385fea5a93112/library/std/src/sys_common/backtrace.rs:47:5
[INFO] [stdout]    8:     0x563c7599fef4 - std::sys_common::backtrace::print::h23a2d212c6fff936
[INFO] [stdout]                                at /rustc/82e1608dfa6e0b5569232559e3d385fea5a93112/library/std/src/sys_common/backtrace.rs:34:9
[INFO] [stdout]    9:     0x563c759a1c37 - std::panicking::default_hook::{{closure}}::h8a1d2ee00185001a
[INFO] [stdout]   10:     0x563c759a1923 - std::panicking::default_hook::h6038f2eba384e475
[INFO] [stdout]                                at /rustc/82e1608dfa6e0b5569232559e3d385fea5a93112/library/std/src/panicking.rs:289:9
[INFO] [stdout]   11:     0x563c75912357 - <alloc::boxed::Box<F,A> as core::ops::function::Fn<Args>>::call::h0ad024c9bdc6d768
[INFO] [stdout]                                at /rustc/82e1608dfa6e0b5569232559e3d385fea5a93112/library/alloc/src/boxed.rs:2021:9
[INFO] [stdout]   12:     0x563c75912357 - test::test_main::{{closure}}::h7500b54257359db6
[INFO] [stdout]                                at /rustc/82e1608dfa6e0b5569232559e3d385fea5a93112/library/test/src/lib.rs:138:21
[INFO] [stdout]   13:     0x563c759a2248 - <alloc::boxed::Box<F,A> as core::ops::function::Fn<Args>>::call::h1f8f335eaa9cfaee
[INFO] [stdout]                                at /rustc/82e1608dfa6e0b5569232559e3d385fea5a93112/library/alloc/src/boxed.rs:2021:9
[INFO] [stdout]   14:     0x563c759a2248 - std::panicking::rust_panic_with_hook::h2b5517d590cab22e
[INFO] [stdout]                                at /rustc/82e1608dfa6e0b5569232559e3d385fea5a93112/library/std/src/panicking.rs:783:13
[INFO] [stdout]   15:     0x563c759a1f9e - std::panicking::begin_panic_handler::{{closure}}::h233112c06e0ef43e
[INFO] [stdout]                                at /rustc/82e1608dfa6e0b5569232559e3d385fea5a93112/library/std/src/panicking.rs:657:13
[INFO] [stdout]   16:     0x563c759a05d6 - std::sys_common::backtrace::__rust_end_short_backtrace::h6e893f24d7ebbff8
[INFO] [stdout]                                at /rustc/82e1608dfa6e0b5569232559e3d385fea5a93112/library/std/src/sys_common/backtrace.rs:170:18
[INFO] [stdout]   17:     0x563c759a1d02 - rust_begin_unwind
[INFO] [stdout]                                at /rustc/82e1608dfa6e0b5569232559e3d385fea5a93112/library/std/src/panicking.rs:645:5
[INFO] [stdout]   18:     0x563c758cf225 - core::panicking::panic_fmt::hbf0e066aabfa482c
[INFO] [stdout]                                at /rustc/82e1608dfa6e0b5569232559e3d385fea5a93112/library/core/src/panicking.rs:72:14
[INFO] [stdout]   19:     0x563c7595ac5f - core::panicking::panic_display::h2698c5cc4a930d4c
[INFO] [stdout]                                at /rustc/82e1608dfa6e0b5569232559e3d385fea5a93112/library/core/src/panicking.rs:178:5
[INFO] [stdout]   20:     0x563c7595e4ce - assert_cmd::assert::AssertError::panic::heb259476afd7da18
[INFO] [stdout]                                at /opt/rustwide/cargo-home/registry/src/index.crates.io-6f17d22bba15001f/assert_cmd-1.0.8/src/assert.rs:124:9
[INFO] [stdout]   21:     0x563c75959cb0 - core::ops::function::FnOnce::call_once::h25d30d3368300443
[INFO] [stdout]                                at /rustc/82e1608dfa6e0b5569232559e3d385fea5a93112/library/core/src/ops/function.rs:250:5
[INFO] [stdout]   22:     0x563c75958df6 - core::result::Result<T,E>::unwrap_or_else::h803709b7ec79ed73
[INFO] [stdout]                                at /rustc/82e1608dfa6e0b5569232559e3d385fea5a93112/library/core/src/result.rs:1430:23
[INFO] [stdout]   23:     0x563c758d80a0 - assert_cmd::assert::Assert::stderr::hcd37e2c50360ea85
[INFO] [stdout]                                at /opt/rustwide/cargo-home/registry/src/index.crates.io-6f17d22bba15001f/assert_cmd-1.0.8/src/assert.rs:546:9
[INFO] [stdout]   24:     0x563c758d7e90 - integration::render::errors_are_logged::hf1776ae084911091
[INFO] [stdout]                                at /opt/rustwide/workdir/tests/integration/render.rs:244:5
[INFO] [stdout]   25:     0x563c758d7c57 - integration::render::errors_are_logged::{{closure}}::h49d8d6986e762348
[INFO] [stdout]                                at /opt/rustwide/workdir/tests/integration/render.rs:239:27
[INFO] [stdout]   26:     0x563c758d1456 - core::ops::function::FnOnce::call_once::h20b010de95f6e488
[INFO] [stdout]                                at /rustc/82e1608dfa6e0b5569232559e3d385fea5a93112/library/core/src/ops/function.rs:250:5
[INFO] [stdout]   27:     0x563c759179af - core::ops::function::FnOnce::call_once::h2b5d431d5046312d
[INFO] [stdout]                                at /rustc/82e1608dfa6e0b5569232559e3d385fea5a93112/library/core/src/ops/function.rs:250:5
[INFO] [stdout]   28:     0x563c759179af - test::__rust_begin_short_backtrace::h7714669af176e207
[INFO] [stdout]                                at /rustc/82e1608dfa6e0b5569232559e3d385fea5a93112/library/test/src/lib.rs:628:18
[INFO] [stdout]   29:     0x563c759169c5 - test::run_test_in_process::{{closure}}::h85218797dcbcec12
[INFO] [stdout]                                at /rustc/82e1608dfa6e0b5569232559e3d385fea5a93112/library/test/src/lib.rs:651:60
[INFO] [stdout]   30:     0x563c759169c5 - <core::panic::unwind_safe::AssertUnwindSafe<F> as core::ops::function::FnOnce<()>>::call_once::h76c106ea31c14d7b
[INFO] [stdout]                                at /rustc/82e1608dfa6e0b5569232559e3d385fea5a93112/library/core/src/panic/unwind_safe.rs:272:9
[INFO] [stdout]   31:     0x563c759169c5 - std::panicking::try::do_call::h3bd5d0f6620ee946
[INFO] [stdout]                                at /rustc/82e1608dfa6e0b5569232559e3d385fea5a93112/library/std/src/panicking.rs:552:40
[INFO] [stdout]   32:     0x563c759169c5 - std::panicking::try::h232e535e4744fe31
[INFO] [stdout]                                at /rustc/82e1608dfa6e0b5569232559e3d385fea5a93112/library/std/src/panicking.rs:516:19
[INFO] [stdout]   33:     0x563c759169c5 - std::panic::catch_unwind::h3ce3bd6ca8dbac68
[INFO] [stdout]                                at /rustc/82e1608dfa6e0b5569232559e3d385fea5a93112/library/std/src/panic.rs:142:14
[INFO] [stdout]   34:     0x563c759169c5 - test::run_test_in_process::hc97b257c9621286a
[INFO] [stdout]                                at /rustc/82e1608dfa6e0b5569232559e3d385fea5a93112/library/test/src/lib.rs:651:27
[INFO] [stdout]   35:     0x563c759169c5 - test::run_test::{{closure}}::h2aa798823a438d38
[INFO] [stdout]                                at /rustc/82e1608dfa6e0b5569232559e3d385fea5a93112/library/test/src/lib.rs:574:43
[INFO] [stdout]   36:     0x563c758dec86 - test::run_test::{{closure}}::h87d231c78fb59832
[INFO] [stdout]                                at /rustc/82e1608dfa6e0b5569232559e3d385fea5a93112/library/test/src/lib.rs:602:41
[INFO] [stdout]   37:     0x563c758dec86 - std::sys_common::backtrace::__rust_begin_short_backtrace::he6df152596625789
[INFO] [stdout]                                at /rustc/82e1608dfa6e0b5569232559e3d385fea5a93112/library/std/src/sys_common/backtrace.rs:154:18
[INFO] [stdout]   38:     0x563c758e3d37 - std::thread::Builder::spawn_unchecked_::{{closure}}::{{closure}}::ha94be15d1e0acf36
[INFO] [stdout]                                at /rustc/82e1608dfa6e0b5569232559e3d385fea5a93112/library/std/src/thread/mod.rs:529:17
[INFO] [stdout]   39:     0x563c758e3d37 - <core::panic::unwind_safe::AssertUnwindSafe<F> as core::ops::function::FnOnce<()>>::call_once::h9dc6bd6372f16606
[INFO] [stdout]                                at /rustc/82e1608dfa6e0b5569232559e3d385fea5a93112/library/core/src/panic/unwind_safe.rs:272:9
[INFO] [stdout]   40:     0x563c758e3d37 - std::panicking::try::do_call::h9057517f80303cd4
[INFO] [stdout]                                at /rustc/82e1608dfa6e0b5569232559e3d385fea5a93112/library/std/src/panicking.rs:552:40
[INFO] [stdout]   41:     0x563c758e3d37 - std::panicking::try::he3a30b11ee45340c
[INFO] [stdout]                                at /rustc/82e1608dfa6e0b5569232559e3d385fea5a93112/library/std/src/panicking.rs:516:19
[INFO] [stdout]   42:     0x563c758e3d37 - std::panic::catch_unwind::h410458cfd3528b8b
[INFO] [stdout]                                at /rustc/82e1608dfa6e0b5569232559e3d385fea5a93112/library/std/src/panic.rs:142:14
[INFO] [stdout]   43:     0x563c758e3d37 - std::thread::Builder::spawn_unchecked_::{{closure}}::h72ac3bdb567b737b
[INFO] [stdout]                                at /rustc/82e1608dfa6e0b5569232559e3d385fea5a93112/library/std/src/thread/mod.rs:528:30
[INFO] [stdout]   44:     0x563c758e3d37 - core::ops::function::FnOnce::call_once{{vtable.shim}}::h38f34da3654a8344
[INFO] [stdout]                                at /rustc/82e1608dfa6e0b5569232559e3d385fea5a93112/library/core/src/ops/function.rs:250:5
[INFO] [stdout]   45:     0x563c759a8085 - <alloc::boxed::Box<F,A> as core::ops::function::FnOnce<Args>>::call_once::hc7eafaff61e32df9
[INFO] [stdout]                                at /rustc/82e1608dfa6e0b5569232559e3d385fea5a93112/library/alloc/src/boxed.rs:2007:9
[INFO] [stdout]   46:     0x563c759a8085 - <alloc::boxed::Box<F,A> as core::ops::function::FnOnce<Args>>::call_once::h6ba4a5de48dd2304
[INFO] [stdout]                                at /rustc/82e1608dfa6e0b5569232559e3d385fea5a93112/library/alloc/src/boxed.rs:2007:9
[INFO] [stdout]   47:     0x563c759a8085 - std::sys::unix::thread::Thread::new::thread_start::he469335aef763e45
[INFO] [stdout]                                at /rustc/82e1608dfa6e0b5569232559e3d385fea5a93112/library/std/src/sys/unix/thread.rs:108:17
[INFO] [stdout]   48:     0x7fdc76727ac3 - <unknown>
[INFO] [stdout]   49:     0x7fdc767b8bf4 - __clone
[INFO] [stdout]   50:                0x0 - <unknown>
[INFO] [stdout] 
[INFO] [stdout] 
[INFO] [stdout] failures:
[INFO] [stdout]     render::errors_are_logged
[INFO] [stdout]     render::pipe_output_to_a_tool_that_doesnt_exist
[INFO] [stdout]     render::pipe_output_to_a_tool_that_exists
[INFO] [stdout]     render::pipe_output_to_multiple_tools
[INFO] [stdout]     render::render_config_example
[INFO] [stdout]     render::render_multiple_files
[INFO] [stdout] 
[INFO] [stdout] test result: FAILED. 4 passed; 6 failed; 0 ignored; 0 measured; 0 filtered out; finished in 0.03s
[INFO] [stdout] 
[INFO] [stderr] error: test failed, to rerun pass `--test integration`
[INFO] running `Command { std: "docker" "inspect" "6dfa43a048bcee1935515414cb2b37c682448b46e0569bf49c018c9712677b7b", kill_on_drop: false }`
[INFO] running `Command { std: "docker" "rm" "-f" "6dfa43a048bcee1935515414cb2b37c682448b46e0569bf49c018c9712677b7b", kill_on_drop: false }`
[INFO] [stdout] 6dfa43a048bcee1935515414cb2b37c682448b46e0569bf49c018c9712677b7b
