[INFO] fetching crate hdd 0.10.3...
[INFO] testing hdd-0.10.3 against 1.75.0 for beta-1.76-1
[INFO] extracting crate hdd 0.10.3 into /workspace/builds/worker-3-tc1/source
[INFO] validating manifest of crates.io crate hdd 0.10.3 on toolchain 1.75.0
[INFO] running `Command { std: CARGO_HOME="/workspace/cargo-home" RUSTUP_HOME="/workspace/rustup-home" "/workspace/cargo-home/bin/cargo" "+1.75.0" "metadata" "--manifest-path" "Cargo.toml" "--no-deps", kill_on_drop: false }`
[INFO] started tweaking crates.io crate hdd 0.10.3
[INFO] finished tweaking crates.io crate hdd 0.10.3
[INFO] tweaked toml for crates.io crate hdd 0.10.3 written to /workspace/builds/worker-3-tc1/source/Cargo.toml
[INFO] crate crates.io crate hdd 0.10.3 already has a lockfile, it will not be regenerated
[INFO] running `Command { std: CARGO_HOME="/workspace/cargo-home" RUSTUP_HOME="/workspace/rustup-home" "/workspace/cargo-home/bin/cargo" "+1.75.0" "fetch" "--manifest-path" "Cargo.toml", kill_on_drop: false }`
[INFO] [stderr]     Updating crates.io index
[INFO] [stderr]  Downloading crates ...
[INFO] [stderr]   Downloaded clang-sys v0.21.2
[INFO] [stderr]   Downloaded which v1.0.5
[INFO] [stderr]   Downloaded separator v0.3.1
[INFO] [stderr]   Downloaded dtoa v0.4.5
[INFO] [stderr]   Downloaded prettytable-rs v0.6.7
[INFO] [stderr]   Downloaded hermit-abi v0.1.13
[INFO] [stderr]   Downloaded number_prefix v0.2.8
[INFO] [stderr]   Downloaded ucd-util v0.1.8
[INFO] [stderr]   Downloaded nom v2.2.1
[INFO] [stderr]   Downloaded clap v2.33.1
[INFO] [stderr]   Downloaded libc v0.2.70
[INFO] [stderr]   Downloaded csv v0.15.0
[INFO] [stderr]   Downloaded bindgen v0.31.3
[INFO] running `Command { std: "docker" "create" "-v" "/var/lib/crater-agent-workspace/builds/worker-3-tc1/target:/opt/rustwide/target:rw,Z" "-v" "/var/lib/crater-agent-workspace/builds/worker-3-tc1/source:/opt/rustwide/workdir:ro,Z" "-v" "/var/lib/crater-agent-workspace/cargo-home:/opt/rustwide/cargo-home:ro,Z" "-v" "/var/lib/crater-agent-workspace/rustup-home:/opt/rustwide/rustup-home:ro,Z" "-e" "SOURCE_DIR=/opt/rustwide/workdir" "-e" "CARGO_TARGET_DIR=/opt/rustwide/target" "-e" "CARGO_HOME=/opt/rustwide/cargo-home" "-e" "RUSTUP_HOME=/opt/rustwide/rustup-home" "-w" "/opt/rustwide/workdir" "-m" "1610612736" "--user" "0:0" "--network" "none" "ghcr.io/rust-lang/crates-build-env/linux@sha256:2788e3201cd34a07e3172128adcd8b3090168a8e3bcc40d7c032b9dda1df7d1c" "/opt/rustwide/cargo-home/bin/cargo" "+1.75.0" "metadata" "--no-deps" "--format-version=1", kill_on_drop: false }`
[INFO] [stdout] 6f3192c393ad771fffa9e84efb04bdbfa404c9beb7dcf1b9ad86d43b1b5f7a8d
[INFO] running `Command { std: "docker" "start" "-a" "6f3192c393ad771fffa9e84efb04bdbfa404c9beb7dcf1b9ad86d43b1b5f7a8d", kill_on_drop: false }`
[INFO] running `Command { std: "docker" "inspect" "6f3192c393ad771fffa9e84efb04bdbfa404c9beb7dcf1b9ad86d43b1b5f7a8d", kill_on_drop: false }`
[INFO] running `Command { std: "docker" "rm" "-f" "6f3192c393ad771fffa9e84efb04bdbfa404c9beb7dcf1b9ad86d43b1b5f7a8d", kill_on_drop: false }`
[INFO] [stdout] 6f3192c393ad771fffa9e84efb04bdbfa404c9beb7dcf1b9ad86d43b1b5f7a8d
[INFO] running `Command { std: "docker" "create" "-v" "/var/lib/crater-agent-workspace/builds/worker-3-tc1/target:/opt/rustwide/target:rw,Z" "-v" "/var/lib/crater-agent-workspace/builds/worker-3-tc1/source:/opt/rustwide/workdir:ro,Z" "-v" "/var/lib/crater-agent-workspace/cargo-home:/opt/rustwide/cargo-home:ro,Z" "-v" "/var/lib/crater-agent-workspace/rustup-home:/opt/rustwide/rustup-home:ro,Z" "-e" "SOURCE_DIR=/opt/rustwide/workdir" "-e" "CARGO_TARGET_DIR=/opt/rustwide/target" "-e" "CARGO_INCREMENTAL=0" "-e" "RUST_BACKTRACE=full" "-e" "RUSTFLAGS=--cap-lints=warn" "-e" "RUSTDOCFLAGS=--cap-lints=warn" "-e" "CARGO_HOME=/opt/rustwide/cargo-home" "-e" "RUSTUP_HOME=/opt/rustwide/rustup-home" "-w" "/opt/rustwide/workdir" "-m" "1610612736" "--user" "0:0" "--network" "none" "ghcr.io/rust-lang/crates-build-env/linux@sha256:2788e3201cd34a07e3172128adcd8b3090168a8e3bcc40d7c032b9dda1df7d1c" "/opt/rustwide/cargo-home/bin/cargo" "+1.75.0" "build" "--frozen" "--message-format=json", kill_on_drop: false }`
[INFO] [stdout] 52c2f712bbb13956d177b9b7de82508ed2fbbb5466eda4ec56791026b3c2f12a
[INFO] running `Command { std: "docker" "start" "-a" "52c2f712bbb13956d177b9b7de82508ed2fbbb5466eda4ec56791026b3c2f12a", kill_on_drop: false }`
[INFO] [stderr]    Compiling memchr v2.3.3
[INFO] [stderr]    Compiling log v0.4.8
[INFO] [stderr]    Compiling libc v0.2.70
[INFO] [stderr]    Compiling byteorder v1.3.4
[INFO] [stderr]    Compiling cfg-if v0.1.10
[INFO] [stderr]    Compiling regex v0.2.11
[INFO] [stderr]    Compiling ucd-util v0.1.8
[INFO] [stderr]    Compiling thread_local v0.3.6
[INFO] [stderr]    Compiling utf8-ranges v1.0.4
[INFO] [stderr]    Compiling regex-syntax v0.5.6
[INFO] [stderr]    Compiling hdd v0.10.3 (/opt/rustwide/workdir)
[INFO] [stderr]    Compiling nom v2.2.1
[INFO] [stderr]    Compiling log v0.3.9
[INFO] [stderr]    Compiling quick-error v1.2.3
[INFO] [stderr]    Compiling aho-corasick v0.6.10
[INFO] [stdout] warning: `...` range patterns are deprecated
[INFO] [stdout]    --> src/ata/data/id.rs:271:28
[INFO] [stdout]     |
[INFO] [stdout] 271 |             0x0000 | 0xffff | 0x0002...0x0400 => RPM::Unknown,
[INFO] [stdout]     |                                     ^^^ help: use `..=` for an inclusive range
[INFO] [stdout]     |
[INFO] [stdout]     = warning: this is accepted in the current edition (Rust 2015) but is a hard error in Rust 2021!
[INFO] [stdout]     = note: for more information, see <https://doc.rust-lang.org/nightly/edition-guide/rust-2021/warnings-promoted-to-error.html>
[INFO] [stdout]     = note: `#[warn(ellipsis_inclusive_range_patterns)]` on by default
[INFO] [stdout] 
[INFO] [stdout] 
[INFO] [stdout] warning: `...` range patterns are deprecated
[INFO] [stdout]    --> src/ata/data/id.rs:280:11
[INFO] [stdout]     |
[INFO] [stdout] 280 |             0x0001 ... 0x000c => Some("(obsolete)"),
[INFO] [stdout]     |                    ^^^ help: use `..=` for an inclusive range
[INFO] [stdout]     |
[INFO] [stdout]     = warning: this is accepted in the current edition (Rust 2015) but is a hard error in Rust 2021!
[INFO] [stdout]     = note: for more information, see <https://doc.rust-lang.org/nightly/edition-guide/rust-2021/warnings-promoted-to-error.html>
[INFO] [stdout] 
[INFO] [stdout] 
[INFO] [stdout] warning: `...` range patterns are deprecated
[INFO] [stdout]    --> src/scsi/pages.rs:118:7
[INFO] [stdout]     |
[INFO] [stdout] 118 |         0x30...0x3e => "(Vendor-Specific)",
[INFO] [stdout]     |             ^^^ help: use `..=` for an inclusive range
[INFO] [stdout]     |
[INFO] [stdout]     = warning: this is accepted in the current edition (Rust 2015) but is a hard error in Rust 2021!
[INFO] [stdout]     = note: for more information, see <https://doc.rust-lang.org/nightly/edition-guide/rust-2021/warnings-promoted-to-error.html>
[INFO] [stdout] 
[INFO] [stdout] 
[INFO] [stdout] warning: `...` range patterns are deprecated
[INFO] [stdout]    --> src/scsi/pages.rs:226:15
[INFO] [stdout]     |
[INFO] [stdout] 226 |                 x @ 0x8000...0xffff => VendorSpecific(x),
[INFO] [stdout]     |                           ^^^ help: use `..=` for an inclusive range
[INFO] [stdout]     |
[INFO] [stdout]     = warning: this is accepted in the current edition (Rust 2015) but is a hard error in Rust 2021!
[INFO] [stdout]     = note: for more information, see <https://doc.rust-lang.org/nightly/edition-guide/rust-2021/warnings-promoted-to-error.html>
[INFO] [stdout] 
[INFO] [stdout] 
[INFO] [stdout] warning: `...` range patterns are deprecated
[INFO] [stdout]    --> src/scsi/pages.rs:410:7
[INFO] [stdout]     |
[INFO] [stdout] 410 |                     4...7 => Failed,
[INFO] [stdout]     |                      ^^^ help: use `..=` for an inclusive range
[INFO] [stdout]     |
[INFO] [stdout]     = warning: this is accepted in the current edition (Rust 2015) but is a hard error in Rust 2021!
[INFO] [stdout]     = note: for more information, see <https://doc.rust-lang.org/nightly/edition-guide/rust-2021/warnings-promoted-to-error.html>
[INFO] [stdout] 
[INFO] [stdout] 
[INFO] [stdout] warning: variable does not need to be mutable
[INFO] [stdout]    --> src/device/linux.rs:106:8
[INFO] [stdout]     |
[INFO] [stdout] 106 |             let mut buf = BufReader::new(uevent);
[INFO] [stdout]     |                 ----^^^
[INFO] [stdout]     |                 |
[INFO] [stdout]     |                 help: remove this `mut`
[INFO] [stdout]     |
[INFO] [stdout]     = note: `#[warn(unused_mut)]` on by default
[INFO] [stdout] 
[INFO] [stdout] 
[INFO] [stdout] warning: constant `alloc` should have an upper case name
[INFO] [stdout]    --> src/scsi/mod.rs:110:9
[INFO] [stdout]     |
[INFO] [stdout] 110 |         const alloc: usize = 4096;
[INFO] [stdout]     |               ^^^^^ help: convert the identifier to upper case: `ALLOC`
[INFO] [stdout]     |
[INFO] [stdout]     = note: `#[warn(non_upper_case_globals)]` on by default
[INFO] [stdout] 
[INFO] [stdout] 
[INFO] [stdout] warning: constant `alloc` should have an upper case name
[INFO] [stdout]    --> src/scsi/mod.rs:181:9
[INFO] [stdout]     |
[INFO] [stdout] 181 |         const alloc: usize = 4096;
[INFO] [stdout]     |               ^^^^^ help: convert the identifier to upper case: `ALLOC`
[INFO] [stdout] 
[INFO] [stdout] 
[INFO] [stdout] warning: 8 warnings emitted
[INFO] [stdout] 
[INFO] [stdout] 
[INFO] [stderr]     Finished dev [unoptimized + debuginfo] target(s) in 2.57s
[INFO] [stderr] warning: the following packages contain code that will be rejected by a future version of Rust: nom v2.2.1
[INFO] [stderr] note: to see what the problems were, use the option `--future-incompat-report`, or run `cargo report future-incompatibilities --id 2`
[INFO] running `Command { std: "docker" "inspect" "52c2f712bbb13956d177b9b7de82508ed2fbbb5466eda4ec56791026b3c2f12a", kill_on_drop: false }`
[INFO] running `Command { std: "docker" "rm" "-f" "52c2f712bbb13956d177b9b7de82508ed2fbbb5466eda4ec56791026b3c2f12a", kill_on_drop: false }`
[INFO] [stdout] 52c2f712bbb13956d177b9b7de82508ed2fbbb5466eda4ec56791026b3c2f12a
[INFO] running `Command { std: "docker" "create" "-v" "/var/lib/crater-agent-workspace/builds/worker-3-tc1/target:/opt/rustwide/target:rw,Z" "-v" "/var/lib/crater-agent-workspace/builds/worker-3-tc1/source:/opt/rustwide/workdir:ro,Z" "-v" "/var/lib/crater-agent-workspace/cargo-home:/opt/rustwide/cargo-home:ro,Z" "-v" "/var/lib/crater-agent-workspace/rustup-home:/opt/rustwide/rustup-home:ro,Z" "-e" "SOURCE_DIR=/opt/rustwide/workdir" "-e" "CARGO_TARGET_DIR=/opt/rustwide/target" "-e" "CARGO_INCREMENTAL=0" "-e" "RUST_BACKTRACE=full" "-e" "RUSTFLAGS=--cap-lints=warn" "-e" "RUSTDOCFLAGS=--cap-lints=warn" "-e" "CARGO_HOME=/opt/rustwide/cargo-home" "-e" "RUSTUP_HOME=/opt/rustwide/rustup-home" "-w" "/opt/rustwide/workdir" "-m" "1610612736" "--user" "0:0" "--network" "none" "ghcr.io/rust-lang/crates-build-env/linux@sha256:2788e3201cd34a07e3172128adcd8b3090168a8e3bcc40d7c032b9dda1df7d1c" "/opt/rustwide/cargo-home/bin/cargo" "+1.75.0" "test" "--frozen" "--no-run" "--message-format=json", kill_on_drop: false }`
[INFO] [stdout] b999b2efb7e2cde78943d877820737a453ce4ed7fd54cf742f25c45a9688786e
[INFO] running `Command { std: "docker" "start" "-a" "b999b2efb7e2cde78943d877820737a453ce4ed7fd54cf742f25c45a9688786e", kill_on_drop: false }`
[INFO] [stdout] warning: `...` range patterns are deprecated
[INFO] [stdout]    --> src/ata/data/id.rs:271:28
[INFO] [stdout]     |
[INFO] [stdout] 271 |             0x0000 | 0xffff | 0x0002...0x0400 => RPM::Unknown,
[INFO] [stdout]     |                                     ^^^ help: use `..=` for an inclusive range
[INFO] [stdout]     |
[INFO] [stdout]     = warning: this is accepted in the current edition (Rust 2015) but is a hard error in Rust 2021!
[INFO] [stdout]     = note: for more information, see <https://doc.rust-lang.org/nightly/edition-guide/rust-2021/warnings-promoted-to-error.html>
[INFO] [stdout]     = note: `#[warn(ellipsis_inclusive_range_patterns)]` on by default
[INFO] [stdout] 
[INFO] [stdout] 
[INFO] [stdout] warning: `...` range patterns are deprecated
[INFO] [stdout]    --> src/ata/data/id.rs:280:11
[INFO] [stdout]     |
[INFO] [stdout] 280 |             0x0001 ... 0x000c => Some("(obsolete)"),
[INFO] [stdout]     |                    ^^^ help: use `..=` for an inclusive range
[INFO] [stdout]     |
[INFO] [stdout]     = warning: this is accepted in the current edition (Rust 2015) but is a hard error in Rust 2021!
[INFO] [stdout]     = note: for more information, see <https://doc.rust-lang.org/nightly/edition-guide/rust-2021/warnings-promoted-to-error.html>
[INFO] [stdout] 
[INFO] [stdout] 
[INFO] [stdout] warning: `...` range patterns are deprecated
[INFO] [stdout]    --> src/scsi/pages.rs:118:7
[INFO] [stdout]     |
[INFO] [stdout] 118 |         0x30...0x3e => "(Vendor-Specific)",
[INFO] [stdout]     |             ^^^ help: use `..=` for an inclusive range
[INFO] [stdout]     |
[INFO] [stdout]     = warning: this is accepted in the current edition (Rust 2015) but is a hard error in Rust 2021!
[INFO] [stdout]     = note: for more information, see <https://doc.rust-lang.org/nightly/edition-guide/rust-2021/warnings-promoted-to-error.html>
[INFO] [stdout] 
[INFO] [stdout] 
[INFO] [stdout] warning: `...` range patterns are deprecated
[INFO] [stdout]    --> src/scsi/pages.rs:226:15
[INFO] [stdout]     |
[INFO] [stdout] 226 |                 x @ 0x8000...0xffff => VendorSpecific(x),
[INFO] [stdout]     |                           ^^^ help: use `..=` for an inclusive range
[INFO] [stdout]     |
[INFO] [stdout]     = warning: this is accepted in the current edition (Rust 2015) but is a hard error in Rust 2021!
[INFO] [stdout]     = note: for more information, see <https://doc.rust-lang.org/nightly/edition-guide/rust-2021/warnings-promoted-to-error.html>
[INFO] [stdout] 
[INFO] [stdout] 
[INFO] [stdout] warning: `...` range patterns are deprecated
[INFO] [stdout]    --> src/scsi/pages.rs:410:7
[INFO] [stdout]     |
[INFO] [stdout] 410 |                     4...7 => Failed,
[INFO] [stdout]     |                      ^^^ help: use `..=` for an inclusive range
[INFO] [stdout]     |
[INFO] [stdout]     = warning: this is accepted in the current edition (Rust 2015) but is a hard error in Rust 2021!
[INFO] [stdout]     = note: for more information, see <https://doc.rust-lang.org/nightly/edition-guide/rust-2021/warnings-promoted-to-error.html>
[INFO] [stdout] 
[INFO] [stdout] 
[INFO] [stdout] warning: variable does not need to be mutable
[INFO] [stdout]    --> src/device/linux.rs:106:8
[INFO] [stdout]     |
[INFO] [stdout] 106 |             let mut buf = BufReader::new(uevent);
[INFO] [stdout]     |                 ----^^^
[INFO] [stdout]     |                 |
[INFO] [stdout]     |                 help: remove this `mut`
[INFO] [stdout]     |
[INFO] [stdout]     = note: `#[warn(unused_mut)]` on by default
[INFO] [stdout] 
[INFO] [stdout] 
[INFO] [stderr]    Compiling hdd v0.10.3 (/opt/rustwide/workdir)
[INFO] [stdout] warning: constant `alloc` should have an upper case name
[INFO] [stdout]    --> src/scsi/mod.rs:110:9
[INFO] [stdout]     |
[INFO] [stdout] 110 |         const alloc: usize = 4096;
[INFO] [stdout]     |               ^^^^^ help: convert the identifier to upper case: `ALLOC`
[INFO] [stdout]     |
[INFO] [stdout]     = note: `#[warn(non_upper_case_globals)]` on by default
[INFO] [stdout] 
[INFO] [stdout] 
[INFO] [stdout] warning: constant `alloc` should have an upper case name
[INFO] [stdout]    --> src/scsi/mod.rs:181:9
[INFO] [stdout]     |
[INFO] [stdout] 181 |         const alloc: usize = 4096;
[INFO] [stdout]     |               ^^^^^ help: convert the identifier to upper case: `ALLOC`
[INFO] [stdout] 
[INFO] [stdout] 
[INFO] [stdout] warning: 8 warnings emitted
[INFO] [stdout] 
[INFO] [stdout] 
[INFO] [stdout] warning: `...` range patterns are deprecated
[INFO] [stdout]    --> src/ata/data/id.rs:271:28
[INFO] [stdout]     |
[INFO] [stdout] 271 |             0x0000 | 0xffff | 0x0002...0x0400 => RPM::Unknown,
[INFO] [stdout]     |                                     ^^^ help: use `..=` for an inclusive range
[INFO] [stdout]     |
[INFO] [stdout]     = warning: this is accepted in the current edition (Rust 2015) but is a hard error in Rust 2021!
[INFO] [stdout]     = note: for more information, see <https://doc.rust-lang.org/nightly/edition-guide/rust-2021/warnings-promoted-to-error.html>
[INFO] [stdout]     = note: `#[warn(ellipsis_inclusive_range_patterns)]` on by default
[INFO] [stdout] 
[INFO] [stdout] 
[INFO] [stdout] warning: `...` range patterns are deprecated
[INFO] [stdout]    --> src/ata/data/id.rs:280:11
[INFO] [stdout]     |
[INFO] [stdout] 280 |             0x0001 ... 0x000c => Some("(obsolete)"),
[INFO] [stdout]     |                    ^^^ help: use `..=` for an inclusive range
[INFO] [stdout]     |
[INFO] [stdout]     = warning: this is accepted in the current edition (Rust 2015) but is a hard error in Rust 2021!
[INFO] [stdout]     = note: for more information, see <https://doc.rust-lang.org/nightly/edition-guide/rust-2021/warnings-promoted-to-error.html>
[INFO] [stdout] 
[INFO] [stdout] 
[INFO] [stdout] warning: `...` range patterns are deprecated
[INFO] [stdout]    --> src/scsi/pages.rs:118:7
[INFO] [stdout]     |
[INFO] [stdout] 118 |         0x30...0x3e => "(Vendor-Specific)",
[INFO] [stdout]     |             ^^^ help: use `..=` for an inclusive range
[INFO] [stdout]     |
[INFO] [stdout]     = warning: this is accepted in the current edition (Rust 2015) but is a hard error in Rust 2021!
[INFO] [stdout]     = note: for more information, see <https://doc.rust-lang.org/nightly/edition-guide/rust-2021/warnings-promoted-to-error.html>
[INFO] [stdout] 
[INFO] [stdout] 
[INFO] [stdout] warning: `...` range patterns are deprecated
[INFO] [stdout]    --> src/scsi/pages.rs:226:15
[INFO] [stdout]     |
[INFO] [stdout] 226 |                 x @ 0x8000...0xffff => VendorSpecific(x),
[INFO] [stdout]     |                           ^^^ help: use `..=` for an inclusive range
[INFO] [stdout]     |
[INFO] [stdout]     = warning: this is accepted in the current edition (Rust 2015) but is a hard error in Rust 2021!
[INFO] [stdout]     = note: for more information, see <https://doc.rust-lang.org/nightly/edition-guide/rust-2021/warnings-promoted-to-error.html>
[INFO] [stdout] 
[INFO] [stdout] 
[INFO] [stdout] warning: `...` range patterns are deprecated
[INFO] [stdout]    --> src/scsi/pages.rs:410:7
[INFO] [stdout]     |
[INFO] [stdout] 410 |                     4...7 => Failed,
[INFO] [stdout]     |                      ^^^ help: use `..=` for an inclusive range
[INFO] [stdout]     |
[INFO] [stdout]     = warning: this is accepted in the current edition (Rust 2015) but is a hard error in Rust 2021!
[INFO] [stdout]     = note: for more information, see <https://doc.rust-lang.org/nightly/edition-guide/rust-2021/warnings-promoted-to-error.html>
[INFO] [stdout] 
[INFO] [stdout] 
[INFO] [stdout] warning: variable does not need to be mutable
[INFO] [stdout]    --> src/device/linux.rs:106:8
[INFO] [stdout]     |
[INFO] [stdout] 106 |             let mut buf = BufReader::new(uevent);
[INFO] [stdout]     |                 ----^^^
[INFO] [stdout]     |                 |
[INFO] [stdout]     |                 help: remove this `mut`
[INFO] [stdout]     |
[INFO] [stdout]     = note: `#[warn(unused_mut)]` on by default
[INFO] [stdout] 
[INFO] [stdout] 
[INFO] [stdout] warning: constant `alloc` should have an upper case name
[INFO] [stdout]    --> src/scsi/mod.rs:110:9
[INFO] [stdout]     |
[INFO] [stdout] 110 |         const alloc: usize = 4096;
[INFO] [stdout]     |               ^^^^^ help: convert the identifier to upper case: `ALLOC`
[INFO] [stdout]     |
[INFO] [stdout]     = note: `#[warn(non_upper_case_globals)]` on by default
[INFO] [stdout] 
[INFO] [stdout] 
[INFO] [stdout] warning: constant `alloc` should have an upper case name
[INFO] [stdout]    --> src/scsi/mod.rs:181:9
[INFO] [stdout]     |
[INFO] [stdout] 181 |         const alloc: usize = 4096;
[INFO] [stdout]     |               ^^^^^ help: convert the identifier to upper case: `ALLOC`
[INFO] [stdout] 
[INFO] [stdout] 
[INFO] [stdout] warning: 8 warnings emitted
[INFO] [stdout] 
[INFO] [stdout] 
[INFO] [stderr]     Finished test [unoptimized + debuginfo] target(s) in 0.51s
[INFO] [stderr] warning: the following packages contain code that will be rejected by a future version of Rust: nom v2.2.1
[INFO] [stderr] note: to see what the problems were, use the option `--future-incompat-report`, or run `cargo report future-incompatibilities --id 2`
[INFO] running `Command { std: "docker" "inspect" "b999b2efb7e2cde78943d877820737a453ce4ed7fd54cf742f25c45a9688786e", kill_on_drop: false }`
[INFO] running `Command { std: "docker" "rm" "-f" "b999b2efb7e2cde78943d877820737a453ce4ed7fd54cf742f25c45a9688786e", kill_on_drop: false }`
[INFO] [stdout] b999b2efb7e2cde78943d877820737a453ce4ed7fd54cf742f25c45a9688786e
[INFO] running `Command { std: "docker" "create" "-v" "/var/lib/crater-agent-workspace/builds/worker-3-tc1/target:/opt/rustwide/target:rw,Z" "-v" "/var/lib/crater-agent-workspace/builds/worker-3-tc1/source:/opt/rustwide/workdir:ro,Z" "-v" "/var/lib/crater-agent-workspace/cargo-home:/opt/rustwide/cargo-home:ro,Z" "-v" "/var/lib/crater-agent-workspace/rustup-home:/opt/rustwide/rustup-home:ro,Z" "-e" "SOURCE_DIR=/opt/rustwide/workdir" "-e" "CARGO_TARGET_DIR=/opt/rustwide/target" "-e" "CARGO_INCREMENTAL=0" "-e" "RUST_BACKTRACE=full" "-e" "RUSTFLAGS=--cap-lints=warn" "-e" "RUSTDOCFLAGS=--cap-lints=warn" "-e" "CARGO_HOME=/opt/rustwide/cargo-home" "-e" "RUSTUP_HOME=/opt/rustwide/rustup-home" "-w" "/opt/rustwide/workdir" "-m" "1610612736" "--user" "0:0" "--network" "none" "ghcr.io/rust-lang/crates-build-env/linux@sha256:2788e3201cd34a07e3172128adcd8b3090168a8e3bcc40d7c032b9dda1df7d1c" "/opt/rustwide/cargo-home/bin/cargo" "+1.75.0" "test" "--frozen", kill_on_drop: false }`
[INFO] [stdout] 4cf0ff0ad1169af9f3c8d713acb4e9c026e8411ffb213aaa3d6ca8266938010b
[INFO] running `Command { std: "docker" "start" "-a" "4cf0ff0ad1169af9f3c8d713acb4e9c026e8411ffb213aaa3d6ca8266938010b", kill_on_drop: false }`
[INFO] [stderr] warning: `...` range patterns are deprecated
[INFO] [stderr]    --> src/ata/data/id.rs:271:28
[INFO] [stderr]     |
[INFO] [stderr] 271 |             0x0000 | 0xffff | 0x0002...0x0400 => RPM::Unknown,
[INFO] [stderr]     |                                     ^^^ help: use `..=` for an inclusive range
[INFO] [stderr]     |
[INFO] [stderr]     = warning: this is accepted in the current edition (Rust 2015) but is a hard error in Rust 2021!
[INFO] [stderr]     = note: for more information, see <https://doc.rust-lang.org/nightly/edition-guide/rust-2021/warnings-promoted-to-error.html>
[INFO] [stderr]     = note: `#[warn(ellipsis_inclusive_range_patterns)]` on by default
[INFO] [stderr] 
[INFO] [stderr] warning: `...` range patterns are deprecated
[INFO] [stderr]    --> src/ata/data/id.rs:280:11
[INFO] [stderr]     |
[INFO] [stderr] 280 |             0x0001 ... 0x000c => Some("(obsolete)"),
[INFO] [stderr]     |                    ^^^ help: use `..=` for an inclusive range
[INFO] [stderr]     |
[INFO] [stderr]     = warning: this is accepted in the current edition (Rust 2015) but is a hard error in Rust 2021!
[INFO] [stderr]     = note: for more information, see <https://doc.rust-lang.org/nightly/edition-guide/rust-2021/warnings-promoted-to-error.html>
[INFO] [stderr] 
[INFO] [stderr] warning: `...` range patterns are deprecated
[INFO] [stderr]    --> src/scsi/pages.rs:118:7
[INFO] [stderr]     |
[INFO] [stderr] 118 |         0x30...0x3e => "(Vendor-Specific)",
[INFO] [stderr]     |             ^^^ help: use `..=` for an inclusive range
[INFO] [stderr]     |
[INFO] [stderr]     = warning: this is accepted in the current edition (Rust 2015) but is a hard error in Rust 2021!
[INFO] [stderr]     = note: for more information, see <https://doc.rust-lang.org/nightly/edition-guide/rust-2021/warnings-promoted-to-error.html>
[INFO] [stderr] 
[INFO] [stderr] warning: `...` range patterns are deprecated
[INFO] [stderr]    --> src/scsi/pages.rs:226:15
[INFO] [stderr]     |
[INFO] [stderr] 226 |                 x @ 0x8000...0xffff => VendorSpecific(x),
[INFO] [stderr]     |                           ^^^ help: use `..=` for an inclusive range
[INFO] [stderr]     |
[INFO] [stderr]     = warning: this is accepted in the current edition (Rust 2015) but is a hard error in Rust 2021!
[INFO] [stderr]     = note: for more information, see <https://doc.rust-lang.org/nightly/edition-guide/rust-2021/warnings-promoted-to-error.html>
[INFO] [stderr] 
[INFO] [stderr] warning: `...` range patterns are deprecated
[INFO] [stderr]    --> src/scsi/pages.rs:410:7
[INFO] [stderr]     |
[INFO] [stderr] 410 |                     4...7 => Failed,
[INFO] [stderr]     |                      ^^^ help: use `..=` for an inclusive range
[INFO] [stderr]     |
[INFO] [stderr]     = warning: this is accepted in the current edition (Rust 2015) but is a hard error in Rust 2021!
[INFO] [stderr]     = note: for more information, see <https://doc.rust-lang.org/nightly/edition-guide/rust-2021/warnings-promoted-to-error.html>
[INFO] [stderr] 
[INFO] [stderr] warning: variable does not need to be mutable
[INFO] [stderr]    --> src/device/linux.rs:106:8
[INFO] [stderr]     |
[INFO] [stderr] 106 |             let mut buf = BufReader::new(uevent);
[INFO] [stderr]     |                 ----^^^
[INFO] [stderr]     |                 |
[INFO] [stderr]     |                 help: remove this `mut`
[INFO] [stderr]     |
[INFO] [stderr]     = note: `#[warn(unused_mut)]` on by default
[INFO] [stderr] 
[INFO] [stderr] warning: constant `alloc` should have an upper case name
[INFO] [stderr]    --> src/scsi/mod.rs:110:9
[INFO] [stderr]     |
[INFO] [stderr] 110 |         const alloc: usize = 4096;
[INFO] [stderr]     |               ^^^^^ help: convert the identifier to upper case: `ALLOC`
[INFO] [stderr]     |
[INFO] [stderr]     = note: `#[warn(non_upper_case_globals)]` on by default
[INFO] [stderr] 
[INFO] [stderr] warning: constant `alloc` should have an upper case name
[INFO] [stderr]    --> src/scsi/mod.rs:181:9
[INFO] [stderr]     |
[INFO] [stderr] 181 |         const alloc: usize = 4096;
[INFO] [stderr]     |               ^^^^^ help: convert the identifier to upper case: `ALLOC`
[INFO] [stderr] 
[INFO] [stderr] warning: `hdd` (lib) generated 8 warnings (run `cargo fix --lib -p hdd` to apply 6 suggestions)
[INFO] [stderr] warning: `hdd` (lib test) generated 8 warnings (8 duplicates)
[INFO] [stderr]     Finished test [unoptimized + debuginfo] target(s) in 0.02s
[INFO] [stderr] warning: the following packages contain code that will be rejected by a future version of Rust: nom v2.2.1
[INFO] [stderr] note: to see what the problems were, use the option `--future-incompat-report`, or run `cargo report future-incompatibilities --id 2`
[INFO] [stderr]      Running unittests src/lib.rs (/opt/rustwide/target/debug/deps/hdd-b870650422d77313)
[INFO] [stdout] 
[INFO] [stdout] running 0 tests
[INFO] [stdout] 
[INFO] [stdout] test result: ok. 0 passed; 0 failed; 0 ignored; 0 measured; 0 filtered out; finished in 0.00s
[INFO] [stdout] 
[INFO] [stderr]    Doc-tests hdd
[INFO] [stderr] warning: `...` range patterns are deprecated
[INFO] [stderr]    --> src/ata/data/id.rs:271:28
[INFO] [stderr]     |
[INFO] [stderr] 271 |             0x0000 | 0xffff | 0x0002...0x0400 => RPM::Unknown,
[INFO] [stderr]     |                                     ^^^ help: use `..=` for an inclusive range
[INFO] [stderr]     |
[INFO] [stderr]     = warning: this is accepted in the current edition (Rust 2015) but is a hard error in Rust 2021!
[INFO] [stderr]     = note: for more information, see <https://doc.rust-lang.org/nightly/edition-guide/rust-2021/warnings-promoted-to-error.html>
[INFO] [stderr]     = note: `#[warn(ellipsis_inclusive_range_patterns)]` on by default
[INFO] [stderr] 
[INFO] [stderr] warning: `...` range patterns are deprecated
[INFO] [stderr]    --> src/ata/data/id.rs:280:11
[INFO] [stderr]     |
[INFO] [stderr] 280 |             0x0001 ... 0x000c => Some("(obsolete)"),
[INFO] [stderr]     |                    ^^^ help: use `..=` for an inclusive range
[INFO] [stderr]     |
[INFO] [stderr]     = warning: this is accepted in the current edition (Rust 2015) but is a hard error in Rust 2021!
[INFO] [stderr]     = note: for more information, see <https://doc.rust-lang.org/nightly/edition-guide/rust-2021/warnings-promoted-to-error.html>
[INFO] [stderr] 
[INFO] [stderr] warning: `...` range patterns are deprecated
[INFO] [stderr]    --> src/scsi/pages.rs:118:7
[INFO] [stderr]     |
[INFO] [stderr] 118 |         0x30...0x3e => "(Vendor-Specific)",
[INFO] [stderr]     |             ^^^ help: use `..=` for an inclusive range
[INFO] [stderr]     |
[INFO] [stderr]     = warning: this is accepted in the current edition (Rust 2015) but is a hard error in Rust 2021!
[INFO] [stderr]     = note: for more information, see <https://doc.rust-lang.org/nightly/edition-guide/rust-2021/warnings-promoted-to-error.html>
[INFO] [stderr] 
[INFO] [stderr] warning: `...` range patterns are deprecated
[INFO] [stderr]    --> src/scsi/pages.rs:226:15
[INFO] [stderr]     |
[INFO] [stderr] 226 |                 x @ 0x8000...0xffff => VendorSpecific(x),
[INFO] [stderr]     |                           ^^^ help: use `..=` for an inclusive range
[INFO] [stderr]     |
[INFO] [stderr]     = warning: this is accepted in the current edition (Rust 2015) but is a hard error in Rust 2021!
[INFO] [stderr]     = note: for more information, see <https://doc.rust-lang.org/nightly/edition-guide/rust-2021/warnings-promoted-to-error.html>
[INFO] [stderr] 
[INFO] [stderr] warning: `...` range patterns are deprecated
[INFO] [stderr]    --> src/scsi/pages.rs:410:7
[INFO] [stderr]     |
[INFO] [stderr] 410 |                     4...7 => Failed,
[INFO] [stderr]     |                      ^^^ help: use `..=` for an inclusive range
[INFO] [stderr]     |
[INFO] [stderr]     = warning: this is accepted in the current edition (Rust 2015) but is a hard error in Rust 2021!
[INFO] [stderr]     = note: for more information, see <https://doc.rust-lang.org/nightly/edition-guide/rust-2021/warnings-promoted-to-error.html>
[INFO] [stderr] 
[INFO] [stderr] warning: 5 warnings emitted
[INFO] [stderr] 
[INFO] [stdout] 
[INFO] [stdout] running 5 tests
[INFO] [stdout] test src/ata/misc.rs - ata::misc (line 5) ... FAILED
[INFO] [stdout] test src/scsi/pages.rs - scsi::pages (line 7) ... FAILED
[INFO] [stdout] test src/drivedb/mod.rs - drivedb (line 5) ... FAILED
[INFO] [stdout] test src/scsi/data/log_page.rs - scsi::data::log_page (line 7) ... FAILED
[INFO] [stdout] test src/lib.rs - (line 5) ... FAILED
[INFO] [stdout] 
[INFO] [stdout] failures:
[INFO] [stdout] 
[INFO] [stdout] ---- src/ata/misc.rs - ata::misc (line 5) stdout ----
[INFO] [stdout] error: unexpected token: `...`
[INFO] [stdout]   --> src/ata/misc.rs:12:1
[INFO] [stdout]    |
[INFO] [stdout] 10 | ...
[INFO] [stdout]    | ^^^
[INFO] [stdout]    |
[INFO] [stdout] help: use `..` for an exclusive range
[INFO] [stdout]    |
[INFO] [stdout] 10 | ..
[INFO] [stdout]    |
[INFO] [stdout] help: or `..=` for an inclusive range
[INFO] [stdout]    |
[INFO] [stdout] 10 | ..=
[INFO] [stdout]    |
[INFO] [stdout] 
[INFO] [stdout] error: expected expression, found `let` statement
[INFO] [stdout]   --> src/ata/misc.rs:16:1
[INFO] [stdout]    |
[INFO] [stdout] 14 | let id = dev.get_device_id().unwrap();
[INFO] [stdout]    | ^^^
[INFO] [stdout]    |
[INFO] [stdout]    = note: only supported directly in conditions of `if` and `while` expressions
[INFO] [stdout] 
[INFO] [stdout] error[E0425]: cannot find value `dev` in this scope
[INFO] [stdout]   --> src/ata/misc.rs:16:10
[INFO] [stdout]    |
[INFO] [stdout] 14 | let id = dev.get_device_id().unwrap();
[INFO] [stdout]    |          ^^^ not found in this scope
[INFO] [stdout] 
[INFO] [stdout] error[E0425]: cannot find value `dev` in this scope
[INFO] [stdout]   --> src/ata/misc.rs:22:16
[INFO] [stdout]    |
[INFO] [stdout] 20 |         let status = dev.get_smart_health().unwrap();
[INFO] [stdout]    |                      ^^^ not found in this scope
[INFO] [stdout] 
[INFO] [stdout] error: aborting due to 4 previous errors
[INFO] [stdout] 
[INFO] [stdout] For more information about this error, try `rustc --explain E0425`.
[INFO] [stdout] Couldn't compile the test.
[INFO] [stdout] ---- src/scsi/pages.rs - scsi::pages (line 7) stdout ----
[INFO] [stdout] error: unexpected token: `...`
[INFO] [stdout]  --> src/scsi/pages.rs:13:1
[INFO] [stdout]   |
[INFO] [stdout] 9 | ...
[INFO] [stdout]   | ^^^
[INFO] [stdout]   |
[INFO] [stdout] help: use `..` for an exclusive range
[INFO] [stdout]   |
[INFO] [stdout] 9 | ..
[INFO] [stdout]   |
[INFO] [stdout] help: or `..=` for an inclusive range
[INFO] [stdout]   |
[INFO] [stdout] 9 | ..=
[INFO] [stdout]   |
[INFO] [stdout] 
[INFO] [stdout] error: expected expression, found `let` statement
[INFO] [stdout]   --> src/scsi/pages.rs:15:1
[INFO] [stdout]    |
[INFO] [stdout] 11 | let pages = dev.supported_pages().unwrap();
[INFO] [stdout]    | ^^^
[INFO] [stdout]    |
[INFO] [stdout]    = note: only supported directly in conditions of `if` and `while` expressions
[INFO] [stdout] 
[INFO] [stdout] error: expected one of `.`, `;`, `?`, `}`, or an operator, found `,`
[INFO] [stdout]   --> src/scsi/pages.rs:19:48
[INFO] [stdout]    |
[INFO] [stdout] 15 |     println!("{:#?}\n", dev.read_error_counters()),
[INFO] [stdout]    |                                                   ^ expected one of `.`, `;`, `?`, `}`, or an operator
[INFO] [stdout] 
[INFO] [stdout] error[E0432]: unresolved import `hdd::scsi::pages::Pages`
[INFO] [stdout]  --> src/scsi/pages.rs:11:24
[INFO] [stdout]   |
[INFO] [stdout] 7 | use hdd::scsi::pages::{Pages, page_name};
[INFO] [stdout]   |                        ^^^^^ no `Pages` in `scsi::pages`
[INFO] [stdout] 
[INFO] [stdout] error[E0425]: cannot find value `dev` in this scope
[INFO] [stdout]   --> src/scsi/pages.rs:15:13
[INFO] [stdout]    |
[INFO] [stdout] 11 | let pages = dev.supported_pages().unwrap();
[INFO] [stdout]    |             ^^^ not found in this scope
[INFO] [stdout] 
[INFO] [stdout] error: aborting due to 5 previous errors
[INFO] [stdout] 
[INFO] [stdout] Some errors have detailed explanations: E0425, E0432.
[INFO] [stdout] For more information about an error, try `rustc --explain E0425`.
[INFO] [stdout] Couldn't compile the test.
[INFO] [stdout] ---- src/drivedb/mod.rs - drivedb (line 5) stdout ----
[INFO] [stdout] error[E0593]: closure is expected to take 1 argument, but it takes 0 arguments
[INFO] [stdout]   --> src/drivedb/mod.rs:12:3
[INFO] [stdout]    |
[INFO] [stdout] 10 |     .or_else(|| loader.load("/usr/share/smartmontools/drivedb.h"))?;
[INFO] [stdout]    |      ^^^^^^^ -- takes 0 arguments
[INFO] [stdout]    |      |
[INFO] [stdout]    |      expected closure that takes 1 argument
[INFO] [stdout]    |
[INFO] [stdout] help: consider changing the closure to take and ignore the expected argument
[INFO] [stdout]    |
[INFO] [stdout] 10 |     .or_else(|_| loader.load("/usr/share/smartmontools/drivedb.h"))?;
[INFO] [stdout]    |              ~~~
[INFO] [stdout] 
[INFO] [stdout] error[E0277]: the `?` operator can only be used in a function that returns `Result` or `Option` (or another type that implements `FromResidual`)
[INFO] [stdout]   --> src/drivedb/mod.rs:12:64
[INFO] [stdout]    |
[INFO] [stdout] 4  | fn main() { #[allow(non_snake_case)] fn _doctest_main_src_drivedb_mod_rs_5_0() {
[INFO] [stdout]    |                                      ----------------------------------------- this function should return `Result` or `Option` to accept `?`
[INFO] [stdout] ...
[INFO] [stdout] 10 |     .or_else(|| loader.load("/usr/share/smartmontools/drivedb.h"))?;
[INFO] [stdout]    |                                                                   ^ cannot use the `?` operator in a function that returns `()`
[INFO] [stdout]    |
[INFO] [stdout]    = help: the trait `FromResidual<Result<Infallible, _>>` is not implemented for `()`
[INFO] [stdout] 
[INFO] [stdout] error: aborting due to 2 previous errors
[INFO] [stdout] 
[INFO] [stdout] Some errors have detailed explanations: E0277, E0593.
[INFO] [stdout] For more information about an error, try `rustc --explain E0277`.
[INFO] [stdout] Couldn't compile the test.
[INFO] [stdout] ---- src/scsi/data/log_page.rs - scsi::data::log_page (line 7) stdout ----
[INFO] [stdout] error: unexpected token: `...`
[INFO] [stdout]  --> src/scsi/data/log_page.rs:11:36
[INFO] [stdout]   |
[INFO] [stdout] 7 | let (_sense, data) = dev.log_sense(...)?;
[INFO] [stdout]   |                                    ^^^
[INFO] [stdout]   |
[INFO] [stdout] help: use `..` for an exclusive range
[INFO] [stdout]   |
[INFO] [stdout] 7 | let (_sense, data) = dev.log_sense(..)?;
[INFO] [stdout]   |                                    ~~
[INFO] [stdout] help: or `..=` for an inclusive range
[INFO] [stdout]   |
[INFO] [stdout] 7 | let (_sense, data) = dev.log_sense(..=)?;
[INFO] [stdout]   |                                    ~~~
[INFO] [stdout] 
[INFO] [stdout] error[E0586]: inclusive range with no end
[INFO] [stdout]  --> src/scsi/data/log_page.rs:11:36
[INFO] [stdout]   |
[INFO] [stdout] 7 | let (_sense, data) = dev.log_sense(...)?;
[INFO] [stdout]   |                                    ^^^ help: use `..` instead
[INFO] [stdout]   |
[INFO] [stdout]   = note: inclusive ranges must be bounded at the end (`..=b` or `a..=b`)
[INFO] [stdout] 
[INFO] [stdout] error[E0425]: cannot find value `dev` in this scope
[INFO] [stdout]  --> src/scsi/data/log_page.rs:11:22
[INFO] [stdout]   |
[INFO] [stdout] 7 | let (_sense, data) = dev.log_sense(...)?;
[INFO] [stdout]   |                      ^^^ not found in this scope
[INFO] [stdout] 
[INFO] [stdout] error[E0277]: the size for values of type `[u8]` cannot be known at compilation time
[INFO] [stdout]  --> src/scsi/data/log_page.rs:11:14
[INFO] [stdout]   |
[INFO] [stdout] 7 | let (_sense, data) = dev.log_sense(...)?;
[INFO] [stdout]   |              ^^^^ doesn't have a size known at compile-time
[INFO] [stdout]   |
[INFO] [stdout]   = help: the trait `Sized` is not implemented for `[u8]`
[INFO] [stdout]   = note: all local variables must have a statically known size
[INFO] [stdout]   = help: unsized locals are gated as an unstable feature
[INFO] [stdout] 
[INFO] [stdout] error: aborting due to 4 previous errors
[INFO] [stdout] 
[INFO] [stdout] Some errors have detailed explanations: E0277, E0425, E0586.
[INFO] [stdout] For more information about an error, try `rustc --explain E0277`.
[INFO] [stdout] Couldn't compile the test.
[INFO] [stdout] ---- src/lib.rs - (line 5) stdout ----
[INFO] [stdout] error[E0425]: cannot find value `vpd` in this scope
[INFO] [stdout]  --> src/lib.rs:11:38
[INFO] [stdout]   |
[INFO] [stdout] 9 | let (sense, data) = dev.scsi_inquiry(vpd, page).unwrap();
[INFO] [stdout]   |                                      ^^^ not found in this scope
[INFO] [stdout] 
[INFO] [stdout] error[E0425]: cannot find value `page` in this scope
[INFO] [stdout]  --> src/lib.rs:11:43
[INFO] [stdout]   |
[INFO] [stdout] 9 | let (sense, data) = dev.scsi_inquiry(vpd, page).unwrap();
[INFO] [stdout]   |                                           ^^^^ not found in this scope
[INFO] [stdout] 
[INFO] [stdout] error[E0599]: no method named `scsi_inquiry` found for struct `hdd::Device` in the current scope
[INFO] [stdout]  --> src/lib.rs:11:25
[INFO] [stdout]   |
[INFO] [stdout] 9 | let (sense, data) = dev.scsi_inquiry(vpd, page).unwrap();
[INFO] [stdout]   |                         ^^^^^^^^^^^^ method not found in `Device`
[INFO] [stdout] 
[INFO] [stdout] error: aborting due to 3 previous errors
[INFO] [stdout] 
[INFO] [stdout] Some errors have detailed explanations: E0425, E0599.
[INFO] [stdout] For more information about an error, try `rustc --explain E0425`.
[INFO] [stdout] Couldn't compile the test.
[INFO] [stdout] 
[INFO] [stdout] failures:
[INFO] [stdout]     src/ata/misc.rs - ata::misc (line 5)
[INFO] [stdout]     src/drivedb/mod.rs - drivedb (line 5)
[INFO] [stdout]     src/lib.rs - (line 5)
[INFO] [stdout]     src/scsi/data/log_page.rs - scsi::data::log_page (line 7)
[INFO] [stdout]     src/scsi/pages.rs - scsi::pages (line 7)
[INFO] [stdout] 
[INFO] [stdout] test result: FAILED. 0 passed; 5 failed; 0 ignored; 0 measured; 0 filtered out; finished in 0.06s
[INFO] [stdout] 
[INFO] [stderr] error: doctest failed, to rerun pass `--doc`
[INFO] running `Command { std: "docker" "inspect" "4cf0ff0ad1169af9f3c8d713acb4e9c026e8411ffb213aaa3d6ca8266938010b", kill_on_drop: false }`
[INFO] running `Command { std: "docker" "rm" "-f" "4cf0ff0ad1169af9f3c8d713acb4e9c026e8411ffb213aaa3d6ca8266938010b", kill_on_drop: false }`
[INFO] [stdout] 4cf0ff0ad1169af9f3c8d713acb4e9c026e8411ffb213aaa3d6ca8266938010b
[INFO] testing hdd-0.10.3 against beta-2023-12-22 for beta-1.76-1
[INFO] extracting crate hdd 0.10.3 into /workspace/builds/worker-3-tc2/source
[INFO] validating manifest of crates.io crate hdd 0.10.3 on toolchain beta-2023-12-22
[INFO] running `Command { std: CARGO_HOME="/workspace/cargo-home" RUSTUP_HOME="/workspace/rustup-home" "/workspace/cargo-home/bin/cargo" "+beta-2023-12-22" "metadata" "--manifest-path" "Cargo.toml" "--no-deps", kill_on_drop: false }`
[INFO] started tweaking crates.io crate hdd 0.10.3
[INFO] finished tweaking crates.io crate hdd 0.10.3
[INFO] tweaked toml for crates.io crate hdd 0.10.3 written to /workspace/builds/worker-3-tc2/source/Cargo.toml
[INFO] crate crates.io crate hdd 0.10.3 already has a lockfile, it will not be regenerated
[INFO] running `Command { std: CARGO_HOME="/workspace/cargo-home" RUSTUP_HOME="/workspace/rustup-home" "/workspace/cargo-home/bin/cargo" "+beta-2023-12-22" "fetch" "--manifest-path" "Cargo.toml", kill_on_drop: false }`
[INFO] running `Command { std: "docker" "create" "-v" "/var/lib/crater-agent-workspace/builds/worker-3-tc2/target:/opt/rustwide/target:rw,Z" "-v" "/var/lib/crater-agent-workspace/builds/worker-3-tc2/source:/opt/rustwide/workdir:ro,Z" "-v" "/var/lib/crater-agent-workspace/cargo-home:/opt/rustwide/cargo-home:ro,Z" "-v" "/var/lib/crater-agent-workspace/rustup-home:/opt/rustwide/rustup-home:ro,Z" "-e" "SOURCE_DIR=/opt/rustwide/workdir" "-e" "CARGO_TARGET_DIR=/opt/rustwide/target" "-e" "CARGO_HOME=/opt/rustwide/cargo-home" "-e" "RUSTUP_HOME=/opt/rustwide/rustup-home" "-w" "/opt/rustwide/workdir" "-m" "1610612736" "--user" "0:0" "--network" "none" "ghcr.io/rust-lang/crates-build-env/linux@sha256:2788e3201cd34a07e3172128adcd8b3090168a8e3bcc40d7c032b9dda1df7d1c" "/opt/rustwide/cargo-home/bin/cargo" "+beta-2023-12-22" "metadata" "--no-deps" "--format-version=1", kill_on_drop: false }`
[INFO] [stdout] 335e549def12277efaac6987ddb1675b8225f1f7a4f290cd08c97470c045d226
[INFO] running `Command { std: "docker" "start" "-a" "335e549def12277efaac6987ddb1675b8225f1f7a4f290cd08c97470c045d226", kill_on_drop: false }`
[INFO] running `Command { std: "docker" "inspect" "335e549def12277efaac6987ddb1675b8225f1f7a4f290cd08c97470c045d226", kill_on_drop: false }`
[INFO] running `Command { std: "docker" "rm" "-f" "335e549def12277efaac6987ddb1675b8225f1f7a4f290cd08c97470c045d226", kill_on_drop: false }`
[INFO] [stdout] 335e549def12277efaac6987ddb1675b8225f1f7a4f290cd08c97470c045d226
[INFO] running `Command { std: "docker" "create" "-v" "/var/lib/crater-agent-workspace/builds/worker-3-tc2/target:/opt/rustwide/target:rw,Z" "-v" "/var/lib/crater-agent-workspace/builds/worker-3-tc2/source:/opt/rustwide/workdir:ro,Z" "-v" "/var/lib/crater-agent-workspace/cargo-home:/opt/rustwide/cargo-home:ro,Z" "-v" "/var/lib/crater-agent-workspace/rustup-home:/opt/rustwide/rustup-home:ro,Z" "-e" "SOURCE_DIR=/opt/rustwide/workdir" "-e" "CARGO_TARGET_DIR=/opt/rustwide/target" "-e" "CARGO_INCREMENTAL=0" "-e" "RUST_BACKTRACE=full" "-e" "RUSTFLAGS=--cap-lints=warn" "-e" "RUSTDOCFLAGS=--cap-lints=warn" "-e" "CARGO_HOME=/opt/rustwide/cargo-home" "-e" "RUSTUP_HOME=/opt/rustwide/rustup-home" "-w" "/opt/rustwide/workdir" "-m" "1610612736" "--user" "0:0" "--network" "none" "ghcr.io/rust-lang/crates-build-env/linux@sha256:2788e3201cd34a07e3172128adcd8b3090168a8e3bcc40d7c032b9dda1df7d1c" "/opt/rustwide/cargo-home/bin/cargo" "+beta-2023-12-22" "build" "--frozen" "--message-format=json", kill_on_drop: false }`
[INFO] [stdout] aac6f15e89cbd03af8775cdb2acbbec11c81ad42146c49a69cf1b93a17f73aa2
[INFO] running `Command { std: "docker" "start" "-a" "aac6f15e89cbd03af8775cdb2acbbec11c81ad42146c49a69cf1b93a17f73aa2", kill_on_drop: false }`
[INFO] [stderr]    Compiling memchr v2.3.3
[INFO] [stderr]    Compiling log v0.4.8
[INFO] [stderr]    Compiling byteorder v1.3.4
[INFO] [stderr]    Compiling ucd-util v0.1.8
[INFO] [stderr]    Compiling cfg-if v0.1.10
[INFO] [stderr]    Compiling regex v0.2.11
[INFO] [stderr]    Compiling libc v0.2.70
[INFO] [stderr]    Compiling thread_local v0.3.6
[INFO] [stderr]    Compiling hdd v0.10.3 (/opt/rustwide/workdir)
[INFO] [stderr]    Compiling regex-syntax v0.5.6
[INFO] [stderr]    Compiling utf8-ranges v1.0.4
[INFO] [stderr]    Compiling nom v2.2.1
[INFO] [stderr]    Compiling log v0.3.9
[INFO] [stderr]    Compiling quick-error v1.2.3
[INFO] [stderr]    Compiling aho-corasick v0.6.10
[INFO] [stdout] warning: `...` range patterns are deprecated
[INFO] [stdout]    --> src/ata/data/id.rs:271:28
[INFO] [stdout]     |
[INFO] [stdout] 271 |             0x0000 | 0xffff | 0x0002...0x0400 => RPM::Unknown,
[INFO] [stdout]     |                                     ^^^ help: use `..=` for an inclusive range
[INFO] [stdout]     |
[INFO] [stdout]     = warning: this is accepted in the current edition (Rust 2015) but is a hard error in Rust 2021!
[INFO] [stdout]     = note: for more information, see <https://doc.rust-lang.org/nightly/edition-guide/rust-2021/warnings-promoted-to-error.html>
[INFO] [stdout]     = note: `#[warn(ellipsis_inclusive_range_patterns)]` on by default
[INFO] [stdout] 
[INFO] [stdout] 
[INFO] [stdout] warning: `...` range patterns are deprecated
[INFO] [stdout]    --> src/ata/data/id.rs:280:11
[INFO] [stdout]     |
[INFO] [stdout] 280 |             0x0001 ... 0x000c => Some("(obsolete)"),
[INFO] [stdout]     |                    ^^^ help: use `..=` for an inclusive range
[INFO] [stdout]     |
[INFO] [stdout]     = warning: this is accepted in the current edition (Rust 2015) but is a hard error in Rust 2021!
[INFO] [stdout]     = note: for more information, see <https://doc.rust-lang.org/nightly/edition-guide/rust-2021/warnings-promoted-to-error.html>
[INFO] [stdout] 
[INFO] [stdout] 
[INFO] [stdout] warning: `...` range patterns are deprecated
[INFO] [stdout]    --> src/scsi/pages.rs:118:7
[INFO] [stdout]     |
[INFO] [stdout] 118 |         0x30...0x3e => "(Vendor-Specific)",
[INFO] [stdout]     |             ^^^ help: use `..=` for an inclusive range
[INFO] [stdout]     |
[INFO] [stdout]     = warning: this is accepted in the current edition (Rust 2015) but is a hard error in Rust 2021!
[INFO] [stdout]     = note: for more information, see <https://doc.rust-lang.org/nightly/edition-guide/rust-2021/warnings-promoted-to-error.html>
[INFO] [stdout] 
[INFO] [stdout] 
[INFO] [stdout] warning: `...` range patterns are deprecated
[INFO] [stdout]    --> src/scsi/pages.rs:226:15
[INFO] [stdout]     |
[INFO] [stdout] 226 |                 x @ 0x8000...0xffff => VendorSpecific(x),
[INFO] [stdout]     |                           ^^^ help: use `..=` for an inclusive range
[INFO] [stdout]     |
[INFO] [stdout]     = warning: this is accepted in the current edition (Rust 2015) but is a hard error in Rust 2021!
[INFO] [stdout]     = note: for more information, see <https://doc.rust-lang.org/nightly/edition-guide/rust-2021/warnings-promoted-to-error.html>
[INFO] [stdout] 
[INFO] [stdout] 
[INFO] [stdout] warning: `...` range patterns are deprecated
[INFO] [stdout]    --> src/scsi/pages.rs:410:7
[INFO] [stdout]     |
[INFO] [stdout] 410 |                     4...7 => Failed,
[INFO] [stdout]     |                      ^^^ help: use `..=` for an inclusive range
[INFO] [stdout]     |
[INFO] [stdout]     = warning: this is accepted in the current edition (Rust 2015) but is a hard error in Rust 2021!
[INFO] [stdout]     = note: for more information, see <https://doc.rust-lang.org/nightly/edition-guide/rust-2021/warnings-promoted-to-error.html>
[INFO] [stdout] 
[INFO] [stdout] 
[INFO] [stdout] warning: variable does not need to be mutable
[INFO] [stdout]    --> src/device/linux.rs:106:8
[INFO] [stdout]     |
[INFO] [stdout] 106 |             let mut buf = BufReader::new(uevent);
[INFO] [stdout]     |                 ----^^^
[INFO] [stdout]     |                 |
[INFO] [stdout]     |                 help: remove this `mut`
[INFO] [stdout]     |
[INFO] [stdout]     = note: `#[warn(unused_mut)]` on by default
[INFO] [stdout] 
[INFO] [stdout] 
[INFO] [stdout] warning: constant `alloc` should have an upper case name
[INFO] [stdout]    --> src/scsi/mod.rs:110:9
[INFO] [stdout]     |
[INFO] [stdout] 110 |         const alloc: usize = 4096;
[INFO] [stdout]     |               ^^^^^ help: convert the identifier to upper case: `ALLOC`
[INFO] [stdout]     |
[INFO] [stdout]     = note: `#[warn(non_upper_case_globals)]` on by default
[INFO] [stdout] 
[INFO] [stdout] 
[INFO] [stdout] warning: constant `alloc` should have an upper case name
[INFO] [stdout]    --> src/scsi/mod.rs:181:9
[INFO] [stdout]     |
[INFO] [stdout] 181 |         const alloc: usize = 4096;
[INFO] [stdout]     |               ^^^^^ help: convert the identifier to upper case: `ALLOC`
[INFO] [stdout] 
[INFO] [stdout] 
[INFO] [stdout] warning: 8 warnings emitted
[INFO] [stdout] 
[INFO] [stdout] 
[INFO] [stderr]     Finished dev [unoptimized + debuginfo] target(s) in 3.67s
[INFO] [stderr] warning: the following packages contain code that will be rejected by a future version of Rust: nom v2.2.1
[INFO] [stderr] note: to see what the problems were, use the option `--future-incompat-report`, or run `cargo report future-incompatibilities --id 2`
[INFO] running `Command { std: "docker" "inspect" "aac6f15e89cbd03af8775cdb2acbbec11c81ad42146c49a69cf1b93a17f73aa2", kill_on_drop: false }`
[INFO] running `Command { std: "docker" "rm" "-f" "aac6f15e89cbd03af8775cdb2acbbec11c81ad42146c49a69cf1b93a17f73aa2", kill_on_drop: false }`
[INFO] [stdout] aac6f15e89cbd03af8775cdb2acbbec11c81ad42146c49a69cf1b93a17f73aa2
[INFO] running `Command { std: "docker" "create" "-v" "/var/lib/crater-agent-workspace/builds/worker-3-tc2/target:/opt/rustwide/target:rw,Z" "-v" "/var/lib/crater-agent-workspace/builds/worker-3-tc2/source:/opt/rustwide/workdir:ro,Z" "-v" "/var/lib/crater-agent-workspace/cargo-home:/opt/rustwide/cargo-home:ro,Z" "-v" "/var/lib/crater-agent-workspace/rustup-home:/opt/rustwide/rustup-home:ro,Z" "-e" "SOURCE_DIR=/opt/rustwide/workdir" "-e" "CARGO_TARGET_DIR=/opt/rustwide/target" "-e" "CARGO_INCREMENTAL=0" "-e" "RUST_BACKTRACE=full" "-e" "RUSTFLAGS=--cap-lints=warn" "-e" "RUSTDOCFLAGS=--cap-lints=warn" "-e" "CARGO_HOME=/opt/rustwide/cargo-home" "-e" "RUSTUP_HOME=/opt/rustwide/rustup-home" "-w" "/opt/rustwide/workdir" "-m" "1610612736" "--user" "0:0" "--network" "none" "ghcr.io/rust-lang/crates-build-env/linux@sha256:2788e3201cd34a07e3172128adcd8b3090168a8e3bcc40d7c032b9dda1df7d1c" "/opt/rustwide/cargo-home/bin/cargo" "+beta-2023-12-22" "test" "--frozen" "--no-run" "--message-format=json", kill_on_drop: false }`
[INFO] [stdout] 18e90bc93580cf474945f317d7c76ce7dd6542ba3ec4563a729c3fe95ac3b071
[INFO] running `Command { std: "docker" "start" "-a" "18e90bc93580cf474945f317d7c76ce7dd6542ba3ec4563a729c3fe95ac3b071", kill_on_drop: false }`
[INFO] [stdout] warning: `...` range patterns are deprecated
[INFO] [stdout]    --> src/ata/data/id.rs:271:28
[INFO] [stdout]     |
[INFO] [stdout] 271 |             0x0000 | 0xffff | 0x0002...0x0400 => RPM::Unknown,
[INFO] [stdout]     |                                     ^^^ help: use `..=` for an inclusive range
[INFO] [stdout]     |
[INFO] [stdout]     = warning: this is accepted in the current edition (Rust 2015) but is a hard error in Rust 2021!
[INFO] [stdout]     = note: for more information, see <https://doc.rust-lang.org/nightly/edition-guide/rust-2021/warnings-promoted-to-error.html>
[INFO] [stdout]     = note: `#[warn(ellipsis_inclusive_range_patterns)]` on by default
[INFO] [stdout] 
[INFO] [stdout] 
[INFO] [stdout] warning: `...` range patterns are deprecated
[INFO] [stdout]    --> src/ata/data/id.rs:280:11
[INFO] [stdout]     |
[INFO] [stdout] 280 |             0x0001 ... 0x000c => Some("(obsolete)"),
[INFO] [stdout]     |                    ^^^ help: use `..=` for an inclusive range
[INFO] [stdout]     |
[INFO] [stdout]     = warning: this is accepted in the current edition (Rust 2015) but is a hard error in Rust 2021!
[INFO] [stdout]     = note: for more information, see <https://doc.rust-lang.org/nightly/edition-guide/rust-2021/warnings-promoted-to-error.html>
[INFO] [stdout] 
[INFO] [stdout] 
[INFO] [stdout] warning: `...` range patterns are deprecated
[INFO] [stdout]    --> src/scsi/pages.rs:118:7
[INFO] [stdout]     |
[INFO] [stdout] 118 |         0x30...0x3e => "(Vendor-Specific)",
[INFO] [stdout]     |             ^^^ help: use `..=` for an inclusive range
[INFO] [stdout]     |
[INFO] [stdout]     = warning: this is accepted in the current edition (Rust 2015) but is a hard error in Rust 2021!
[INFO] [stdout]     = note: for more information, see <https://doc.rust-lang.org/nightly/edition-guide/rust-2021/warnings-promoted-to-error.html>
[INFO] [stdout] 
[INFO] [stdout] 
[INFO] [stdout] warning: `...` range patterns are deprecated
[INFO] [stdout]    --> src/scsi/pages.rs:226:15
[INFO] [stdout]     |
[INFO] [stdout] 226 |                 x @ 0x8000...0xffff => VendorSpecific(x),
[INFO] [stdout]     |                           ^^^ help: use `..=` for an inclusive range
[INFO] [stdout]     |
[INFO] [stdout]     = warning: this is accepted in the current edition (Rust 2015) but is a hard error in Rust 2021!
[INFO] [stdout]     = note: for more information, see <https://doc.rust-lang.org/nightly/edition-guide/rust-2021/warnings-promoted-to-error.html>
[INFO] [stdout] 
[INFO] [stdout] 
[INFO] [stdout] warning: `...` range patterns are deprecated
[INFO] [stdout]    --> src/scsi/pages.rs:410:7
[INFO] [stdout]     |
[INFO] [stdout] 410 |                     4...7 => Failed,
[INFO] [stdout]     |                      ^^^ help: use `..=` for an inclusive range
[INFO] [stdout]     |
[INFO] [stdout]     = warning: this is accepted in the current edition (Rust 2015) but is a hard error in Rust 2021!
[INFO] [stdout]     = note: for more information, see <https://doc.rust-lang.org/nightly/edition-guide/rust-2021/warnings-promoted-to-error.html>
[INFO] [stdout] 
[INFO] [stdout] 
[INFO] [stdout] warning: variable does not need to be mutable
[INFO] [stdout]    --> src/device/linux.rs:106:8
[INFO] [stdout]     |
[INFO] [stdout] 106 |             let mut buf = BufReader::new(uevent);
[INFO] [stdout]     |                 ----^^^
[INFO] [stdout]     |                 |
[INFO] [stdout]     |                 help: remove this `mut`
[INFO] [stdout]     |
[INFO] [stdout]     = note: `#[warn(unused_mut)]` on by default
[INFO] [stdout] 
[INFO] [stdout] 
[INFO] [stdout] warning: constant `alloc` should have an upper case name
[INFO] [stdout]    --> src/scsi/mod.rs:110:9
[INFO] [stdout]     |
[INFO] [stdout] 110 |         const alloc: usize = 4096;
[INFO] [stdout]     |               ^^^^^ help: convert the identifier to upper case: `ALLOC`
[INFO] [stdout]     |
[INFO] [stdout]     = note: `#[warn(non_upper_case_globals)]` on by default
[INFO] [stdout] 
[INFO] [stdout] 
[INFO] [stderr]    Compiling hdd v0.10.3 (/opt/rustwide/workdir)
[INFO] [stdout] warning: constant `alloc` should have an upper case name
[INFO] [stdout]    --> src/scsi/mod.rs:181:9
[INFO] [stdout]     |
[INFO] [stdout] 181 |         const alloc: usize = 4096;
[INFO] [stdout]     |               ^^^^^ help: convert the identifier to upper case: `ALLOC`
[INFO] [stdout] 
[INFO] [stdout] 
[INFO] [stdout] warning: 8 warnings emitted
[INFO] [stdout] 
[INFO] [stdout] 
[INFO] [stdout] warning: `...` range patterns are deprecated
[INFO] [stdout]    --> src/ata/data/id.rs:271:28
[INFO] [stdout]     |
[INFO] [stdout] 271 |             0x0000 | 0xffff | 0x0002...0x0400 => RPM::Unknown,
[INFO] [stdout]     |                                     ^^^ help: use `..=` for an inclusive range
[INFO] [stdout]     |
[INFO] [stdout]     = warning: this is accepted in the current edition (Rust 2015) but is a hard error in Rust 2021!
[INFO] [stdout]     = note: for more information, see <https://doc.rust-lang.org/nightly/edition-guide/rust-2021/warnings-promoted-to-error.html>
[INFO] [stdout]     = note: `#[warn(ellipsis_inclusive_range_patterns)]` on by default
[INFO] [stdout] 
[INFO] [stdout] 
[INFO] [stdout] warning: `...` range patterns are deprecated
[INFO] [stdout]    --> src/ata/data/id.rs:280:11
[INFO] [stdout]     |
[INFO] [stdout] 280 |             0x0001 ... 0x000c => Some("(obsolete)"),
[INFO] [stdout]     |                    ^^^ help: use `..=` for an inclusive range
[INFO] [stdout]     |
[INFO] [stdout]     = warning: this is accepted in the current edition (Rust 2015) but is a hard error in Rust 2021!
[INFO] [stdout]     = note: for more information, see <https://doc.rust-lang.org/nightly/edition-guide/rust-2021/warnings-promoted-to-error.html>
[INFO] [stdout] 
[INFO] [stdout] 
[INFO] [stdout] warning: `...` range patterns are deprecated
[INFO] [stdout]    --> src/scsi/pages.rs:118:7
[INFO] [stdout]     |
[INFO] [stdout] 118 |         0x30...0x3e => "(Vendor-Specific)",
[INFO] [stdout]     |             ^^^ help: use `..=` for an inclusive range
[INFO] [stdout]     |
[INFO] [stdout]     = warning: this is accepted in the current edition (Rust 2015) but is a hard error in Rust 2021!
[INFO] [stdout]     = note: for more information, see <https://doc.rust-lang.org/nightly/edition-guide/rust-2021/warnings-promoted-to-error.html>
[INFO] [stdout] 
[INFO] [stdout] 
[INFO] [stdout] warning: `...` range patterns are deprecated
[INFO] [stdout]    --> src/scsi/pages.rs:226:15
[INFO] [stdout]     |
[INFO] [stdout] 226 |                 x @ 0x8000...0xffff => VendorSpecific(x),
[INFO] [stdout]     |                           ^^^ help: use `..=` for an inclusive range
[INFO] [stdout]     |
[INFO] [stdout]     = warning: this is accepted in the current edition (Rust 2015) but is a hard error in Rust 2021!
[INFO] [stdout]     = note: for more information, see <https://doc.rust-lang.org/nightly/edition-guide/rust-2021/warnings-promoted-to-error.html>
[INFO] [stdout] 
[INFO] [stdout] 
[INFO] [stdout] warning: `...` range patterns are deprecated
[INFO] [stdout]    --> src/scsi/pages.rs:410:7
[INFO] [stdout]     |
[INFO] [stdout] 410 |                     4...7 => Failed,
[INFO] [stdout]     |                      ^^^ help: use `..=` for an inclusive range
[INFO] [stdout]     |
[INFO] [stdout]     = warning: this is accepted in the current edition (Rust 2015) but is a hard error in Rust 2021!
[INFO] [stdout]     = note: for more information, see <https://doc.rust-lang.org/nightly/edition-guide/rust-2021/warnings-promoted-to-error.html>
[INFO] [stdout] 
[INFO] [stdout] 
[INFO] [stdout] warning: variable does not need to be mutable
[INFO] [stdout]    --> src/device/linux.rs:106:8
[INFO] [stdout]     |
[INFO] [stdout] 106 |             let mut buf = BufReader::new(uevent);
[INFO] [stdout]     |                 ----^^^
[INFO] [stdout]     |                 |
[INFO] [stdout]     |                 help: remove this `mut`
[INFO] [stdout]     |
[INFO] [stdout]     = note: `#[warn(unused_mut)]` on by default
[INFO] [stdout] 
[INFO] [stdout] 
[INFO] [stdout] warning: constant `alloc` should have an upper case name
[INFO] [stdout]    --> src/scsi/mod.rs:110:9
[INFO] [stdout]     |
[INFO] [stdout] 110 |         const alloc: usize = 4096;
[INFO] [stdout]     |               ^^^^^ help: convert the identifier to upper case: `ALLOC`
[INFO] [stdout]     |
[INFO] [stdout]     = note: `#[warn(non_upper_case_globals)]` on by default
[INFO] [stdout] 
[INFO] [stdout] 
[INFO] [stdout] warning: constant `alloc` should have an upper case name
[INFO] [stdout]    --> src/scsi/mod.rs:181:9
[INFO] [stdout]     |
[INFO] [stdout] 181 |         const alloc: usize = 4096;
[INFO] [stdout]     |               ^^^^^ help: convert the identifier to upper case: `ALLOC`
[INFO] [stdout] 
[INFO] [stdout] 
[INFO] [stdout] warning: 8 warnings emitted
[INFO] [stdout] 
[INFO] [stdout] 
[INFO] [stderr]     Finished test [unoptimized + debuginfo] target(s) in 0.80s
[INFO] [stderr] warning: the following packages contain code that will be rejected by a future version of Rust: nom v2.2.1
[INFO] [stderr] note: to see what the problems were, use the option `--future-incompat-report`, or run `cargo report future-incompatibilities --id 2`
[INFO] running `Command { std: "docker" "inspect" "18e90bc93580cf474945f317d7c76ce7dd6542ba3ec4563a729c3fe95ac3b071", kill_on_drop: false }`
[INFO] running `Command { std: "docker" "rm" "-f" "18e90bc93580cf474945f317d7c76ce7dd6542ba3ec4563a729c3fe95ac3b071", kill_on_drop: false }`
[INFO] [stdout] 18e90bc93580cf474945f317d7c76ce7dd6542ba3ec4563a729c3fe95ac3b071
[INFO] running `Command { std: "docker" "create" "-v" "/var/lib/crater-agent-workspace/builds/worker-3-tc2/target:/opt/rustwide/target:rw,Z" "-v" "/var/lib/crater-agent-workspace/builds/worker-3-tc2/source:/opt/rustwide/workdir:ro,Z" "-v" "/var/lib/crater-agent-workspace/cargo-home:/opt/rustwide/cargo-home:ro,Z" "-v" "/var/lib/crater-agent-workspace/rustup-home:/opt/rustwide/rustup-home:ro,Z" "-e" "SOURCE_DIR=/opt/rustwide/workdir" "-e" "CARGO_TARGET_DIR=/opt/rustwide/target" "-e" "CARGO_INCREMENTAL=0" "-e" "RUST_BACKTRACE=full" "-e" "RUSTFLAGS=--cap-lints=warn" "-e" "RUSTDOCFLAGS=--cap-lints=warn" "-e" "CARGO_HOME=/opt/rustwide/cargo-home" "-e" "RUSTUP_HOME=/opt/rustwide/rustup-home" "-w" "/opt/rustwide/workdir" "-m" "1610612736" "--user" "0:0" "--network" "none" "ghcr.io/rust-lang/crates-build-env/linux@sha256:2788e3201cd34a07e3172128adcd8b3090168a8e3bcc40d7c032b9dda1df7d1c" "/opt/rustwide/cargo-home/bin/cargo" "+beta-2023-12-22" "test" "--frozen", kill_on_drop: false }`
[INFO] [stdout] 3d46757dff1d662031fc6d30e723acee41ea529aed10acc6084950d3a752c0a3
[INFO] running `Command { std: "docker" "start" "-a" "3d46757dff1d662031fc6d30e723acee41ea529aed10acc6084950d3a752c0a3", kill_on_drop: false }`
[INFO] [stderr] warning: `...` range patterns are deprecated
[INFO] [stderr]    --> src/ata/data/id.rs:271:28
[INFO] [stderr]     |
[INFO] [stderr] 271 |             0x0000 | 0xffff | 0x0002...0x0400 => RPM::Unknown,
[INFO] [stderr]     |                                     ^^^ help: use `..=` for an inclusive range
[INFO] [stderr]     |
[INFO] [stderr]     = warning: this is accepted in the current edition (Rust 2015) but is a hard error in Rust 2021!
[INFO] [stderr]     = note: for more information, see <https://doc.rust-lang.org/nightly/edition-guide/rust-2021/warnings-promoted-to-error.html>
[INFO] [stderr]     = note: `#[warn(ellipsis_inclusive_range_patterns)]` on by default
[INFO] [stderr] 
[INFO] [stderr] warning: `...` range patterns are deprecated
[INFO] [stderr]    --> src/ata/data/id.rs:280:11
[INFO] [stderr]     |
[INFO] [stderr] 280 |             0x0001 ... 0x000c => Some("(obsolete)"),
[INFO] [stderr]     |                    ^^^ help: use `..=` for an inclusive range
[INFO] [stderr]     |
[INFO] [stderr]     = warning: this is accepted in the current edition (Rust 2015) but is a hard error in Rust 2021!
[INFO] [stderr]     = note: for more information, see <https://doc.rust-lang.org/nightly/edition-guide/rust-2021/warnings-promoted-to-error.html>
[INFO] [stderr] 
[INFO] [stderr] warning: `...` range patterns are deprecated
[INFO] [stderr]    --> src/scsi/pages.rs:118:7
[INFO] [stderr]     |
[INFO] [stderr] 118 |         0x30...0x3e => "(Vendor-Specific)",
[INFO] [stderr]     |             ^^^ help: use `..=` for an inclusive range
[INFO] [stderr]     |
[INFO] [stderr]     = warning: this is accepted in the current edition (Rust 2015) but is a hard error in Rust 2021!
[INFO] [stderr]     = note: for more information, see <https://doc.rust-lang.org/nightly/edition-guide/rust-2021/warnings-promoted-to-error.html>
[INFO] [stderr] 
[INFO] [stderr] warning: `...` range patterns are deprecated
[INFO] [stderr]    --> src/scsi/pages.rs:226:15
[INFO] [stderr]     |
[INFO] [stderr] 226 |                 x @ 0x8000...0xffff => VendorSpecific(x),
[INFO] [stderr]     |                           ^^^ help: use `..=` for an inclusive range
[INFO] [stderr]     |
[INFO] [stderr]     = warning: this is accepted in the current edition (Rust 2015) but is a hard error in Rust 2021!
[INFO] [stderr]     = note: for more information, see <https://doc.rust-lang.org/nightly/edition-guide/rust-2021/warnings-promoted-to-error.html>
[INFO] [stderr] 
[INFO] [stderr] warning: `...` range patterns are deprecated
[INFO] [stderr]    --> src/scsi/pages.rs:410:7
[INFO] [stderr]     |
[INFO] [stderr] 410 |                     4...7 => Failed,
[INFO] [stderr]     |                      ^^^ help: use `..=` for an inclusive range
[INFO] [stderr]     |
[INFO] [stderr]     = warning: this is accepted in the current edition (Rust 2015) but is a hard error in Rust 2021!
[INFO] [stderr]     = note: for more information, see <https://doc.rust-lang.org/nightly/edition-guide/rust-2021/warnings-promoted-to-error.html>
[INFO] [stderr] 
[INFO] [stderr] warning: variable does not need to be mutable
[INFO] [stderr]    --> src/device/linux.rs:106:8
[INFO] [stderr]     |
[INFO] [stderr] 106 |             let mut buf = BufReader::new(uevent);
[INFO] [stderr]     |                 ----^^^
[INFO] [stderr]     |                 |
[INFO] [stderr]     |                 help: remove this `mut`
[INFO] [stderr]     |
[INFO] [stderr]     = note: `#[warn(unused_mut)]` on by default
[INFO] [stderr] 
[INFO] [stderr] warning: constant `alloc` should have an upper case name
[INFO] [stderr]    --> src/scsi/mod.rs:110:9
[INFO] [stderr]     |
[INFO] [stderr] 110 |         const alloc: usize = 4096;
[INFO] [stderr]     |               ^^^^^ help: convert the identifier to upper case: `ALLOC`
[INFO] [stderr]     |
[INFO] [stderr]     = note: `#[warn(non_upper_case_globals)]` on by default
[INFO] [stderr] 
[INFO] [stderr] warning: constant `alloc` should have an upper case name
[INFO] [stderr]    --> src/scsi/mod.rs:181:9
[INFO] [stderr]     |
[INFO] [stderr] 181 |         const alloc: usize = 4096;
[INFO] [stderr]     |               ^^^^^ help: convert the identifier to upper case: `ALLOC`
[INFO] [stderr] 
[INFO] [stderr] warning: `hdd` (lib) generated 8 warnings (run `cargo fix --lib -p hdd` to apply 6 suggestions)
[INFO] [stderr] warning: `hdd` (lib test) generated 8 warnings (8 duplicates)
[INFO] [stderr]     Finished test [unoptimized + debuginfo] target(s) in 0.04s
[INFO] [stderr] warning: the following packages contain code that will be rejected by a future version of Rust: nom v2.2.1
[INFO] [stderr] note: to see what the problems were, use the option `--future-incompat-report`, or run `cargo report future-incompatibilities --id 2`
[INFO] [stderr]      Running unittests src/lib.rs (/opt/rustwide/target/debug/deps/hdd-03e1b4d6a29fad9c)
[INFO] [stdout] 
[INFO] [stdout] running 0 tests
[INFO] [stdout] 
[INFO] [stdout] test result: ok. 0 passed; 0 failed; 0 ignored; 0 measured; 0 filtered out; finished in 0.00s
[INFO] [stdout] 
[INFO] [stderr]    Doc-tests hdd
[INFO] [stderr] warning: `...` range patterns are deprecated
[INFO] [stderr]    --> src/ata/data/id.rs:271:28
[INFO] [stderr]     |
[INFO] [stderr] 271 |             0x0000 | 0xffff | 0x0002...0x0400 => RPM::Unknown,
[INFO] [stderr]     |                                     ^^^ help: use `..=` for an inclusive range
[INFO] [stderr]     |
[INFO] [stderr]     = warning: this is accepted in the current edition (Rust 2015) but is a hard error in Rust 2021!
[INFO] [stderr]     = note: for more information, see <https://doc.rust-lang.org/nightly/edition-guide/rust-2021/warnings-promoted-to-error.html>
[INFO] [stderr]     = note: `#[warn(ellipsis_inclusive_range_patterns)]` on by default
[INFO] [stderr] 
[INFO] [stderr] warning: `...` range patterns are deprecated
[INFO] [stderr]    --> src/ata/data/id.rs:280:11
[INFO] [stderr]     |
[INFO] [stderr] 280 |             0x0001 ... 0x000c => Some("(obsolete)"),
[INFO] [stderr]     |                    ^^^ help: use `..=` for an inclusive range
[INFO] [stderr]     |
[INFO] [stderr]     = warning: this is accepted in the current edition (Rust 2015) but is a hard error in Rust 2021!
[INFO] [stderr]     = note: for more information, see <https://doc.rust-lang.org/nightly/edition-guide/rust-2021/warnings-promoted-to-error.html>
[INFO] [stderr] 
[INFO] [stderr] warning: `...` range patterns are deprecated
[INFO] [stderr]    --> src/scsi/pages.rs:118:7
[INFO] [stderr]     |
[INFO] [stderr] 118 |         0x30...0x3e => "(Vendor-Specific)",
[INFO] [stderr]     |             ^^^ help: use `..=` for an inclusive range
[INFO] [stderr]     |
[INFO] [stderr]     = warning: this is accepted in the current edition (Rust 2015) but is a hard error in Rust 2021!
[INFO] [stderr]     = note: for more information, see <https://doc.rust-lang.org/nightly/edition-guide/rust-2021/warnings-promoted-to-error.html>
[INFO] [stderr] 
[INFO] [stderr] warning: `...` range patterns are deprecated
[INFO] [stderr]    --> src/scsi/pages.rs:226:15
[INFO] [stderr]     |
[INFO] [stderr] 226 |                 x @ 0x8000...0xffff => VendorSpecific(x),
[INFO] [stderr]     |                           ^^^ help: use `..=` for an inclusive range
[INFO] [stderr]     |
[INFO] [stderr]     = warning: this is accepted in the current edition (Rust 2015) but is a hard error in Rust 2021!
[INFO] [stderr]     = note: for more information, see <https://doc.rust-lang.org/nightly/edition-guide/rust-2021/warnings-promoted-to-error.html>
[INFO] [stderr] 
[INFO] [stderr] warning: `...` range patterns are deprecated
[INFO] [stderr]    --> src/scsi/pages.rs:410:7
[INFO] [stderr]     |
[INFO] [stderr] 410 |                     4...7 => Failed,
[INFO] [stderr]     |                      ^^^ help: use `..=` for an inclusive range
[INFO] [stderr]     |
[INFO] [stderr]     = warning: this is accepted in the current edition (Rust 2015) but is a hard error in Rust 2021!
[INFO] [stderr]     = note: for more information, see <https://doc.rust-lang.org/nightly/edition-guide/rust-2021/warnings-promoted-to-error.html>
[INFO] [stderr] 
[INFO] [stderr] warning: 5 warnings emitted
[INFO] [stderr] 
[INFO] [stdout] 
[INFO] [stdout] running 5 tests
[INFO] [stdout] test src/ata/misc.rs - ata::misc (line 5) ... FAILED
[INFO] [stdout] test src/drivedb/mod.rs - drivedb (line 5) ... FAILED
[INFO] [stdout] test src/scsi/data/log_page.rs - scsi::data::log_page (line 7) ... FAILED
[INFO] [stdout] test src/scsi/pages.rs - scsi::pages (line 7) ... FAILED
[INFO] [stdout] test src/lib.rs - (line 5) ... FAILED
[INFO] [stdout] 
[INFO] [stdout] failures:
[INFO] [stdout] 
[INFO] [stdout] ---- src/ata/misc.rs - ata::misc (line 5) stdout ----
[INFO] [stdout] error: unexpected token: `...`
[INFO] [stdout]   --> src/ata/misc.rs:12:1
[INFO] [stdout]    |
[INFO] [stdout] 10 | ...
[INFO] [stdout]    | ^^^
[INFO] [stdout]    |
[INFO] [stdout] help: use `..` for an exclusive range
[INFO] [stdout]    |
[INFO] [stdout] 10 | ..
[INFO] [stdout]    |
[INFO] [stdout] help: or `..=` for an inclusive range
[INFO] [stdout]    |
[INFO] [stdout] 10 | ..=
[INFO] [stdout]    |
[INFO] [stdout] 
[INFO] [stdout] error: expected expression, found `let` statement
[INFO] [stdout]   --> src/ata/misc.rs:16:1
[INFO] [stdout]    |
[INFO] [stdout] 14 | let id = dev.get_device_id().unwrap();
[INFO] [stdout]    | ^^^
[INFO] [stdout]    |
[INFO] [stdout]    = note: only supported directly in conditions of `if` and `while` expressions
[INFO] [stdout] 
[INFO] [stdout] error[E0425]: cannot find value `dev` in this scope
[INFO] [stdout]   --> src/ata/misc.rs:16:10
[INFO] [stdout]    |
[INFO] [stdout] 14 | let id = dev.get_device_id().unwrap();
[INFO] [stdout]    |          ^^^ not found in this scope
[INFO] [stdout] 
[INFO] [stdout] error[E0425]: cannot find value `dev` in this scope
[INFO] [stdout]   --> src/ata/misc.rs:22:16
[INFO] [stdout]    |
[INFO] [stdout] 20 |         let status = dev.get_smart_health().unwrap();
[INFO] [stdout]    |                      ^^^ not found in this scope
[INFO] [stdout] 
[INFO] [stdout] error: aborting due to 4 previous errors
[INFO] [stdout] 
[INFO] [stdout] For more information about this error, try `rustc --explain E0425`.
[INFO] [stdout] Couldn't compile the test.
[INFO] [stdout] ---- src/drivedb/mod.rs - drivedb (line 5) stdout ----
[INFO] [stdout] error[E0593]: closure is expected to take 1 argument, but it takes 0 arguments
[INFO] [stdout]   --> src/drivedb/mod.rs:12:3
[INFO] [stdout]    |
[INFO] [stdout] 10 |     .or_else(|| loader.load("/usr/share/smartmontools/drivedb.h"))?;
[INFO] [stdout]    |      ^^^^^^^ -- takes 0 arguments
[INFO] [stdout]    |      |
[INFO] [stdout]    |      expected closure that takes 1 argument
[INFO] [stdout]    |
[INFO] [stdout] help: consider changing the closure to take and ignore the expected argument
[INFO] [stdout]    |
[INFO] [stdout] 10 |     .or_else(|_| loader.load("/usr/share/smartmontools/drivedb.h"))?;
[INFO] [stdout]    |              ~~~
[INFO] [stdout] 
[INFO] [stdout] error[E0277]: the `?` operator can only be used in a function that returns `Result` or `Option` (or another type that implements `FromResidual`)
[INFO] [stdout]   --> src/drivedb/mod.rs:12:64
[INFO] [stdout]    |
[INFO] [stdout] 4  | fn main() { #[allow(non_snake_case)] fn _doctest_main_src_drivedb_mod_rs_5_0() {
[INFO] [stdout]    |                                      ----------------------------------------- this function should return `Result` or `Option` to accept `?`
[INFO] [stdout] ...
[INFO] [stdout] 10 |     .or_else(|| loader.load("/usr/share/smartmontools/drivedb.h"))?;
[INFO] [stdout]    |                                                                   ^ cannot use the `?` operator in a function that returns `()`
[INFO] [stdout]    |
[INFO] [stdout]    = help: the trait `FromResidual<Result<Infallible, _>>` is not implemented for `()`
[INFO] [stdout] 
[INFO] [stdout] error: aborting due to 2 previous errors
[INFO] [stdout] 
[INFO] [stdout] Some errors have detailed explanations: E0277, E0593.
[INFO] [stdout] For more information about an error, try `rustc --explain E0277`.
[INFO] [stdout] Couldn't compile the test.
[INFO] [stdout] ---- src/scsi/data/log_page.rs - scsi::data::log_page (line 7) stdout ----
[INFO] [stdout] error: unexpected token: `...`
[INFO] [stdout]  --> src/scsi/data/log_page.rs:11:36
[INFO] [stdout]   |
[INFO] [stdout] 7 | let (_sense, data) = dev.log_sense(...)?;
[INFO] [stdout]   |                                    ^^^
[INFO] [stdout]   |
[INFO] [stdout] help: use `..` for an exclusive range
[INFO] [stdout]   |
[INFO] [stdout] 7 | let (_sense, data) = dev.log_sense(..)?;
[INFO] [stdout]   |                                    ~~
[INFO] [stdout] help: or `..=` for an inclusive range
[INFO] [stdout]   |
[INFO] [stdout] 7 | let (_sense, data) = dev.log_sense(..=)?;
[INFO] [stdout]   |                                    ~~~
[INFO] [stdout] 
[INFO] [stdout] error[E0586]: inclusive range with no end
[INFO] [stdout]  --> src/scsi/data/log_page.rs:11:36
[INFO] [stdout]   |
[INFO] [stdout] 7 | let (_sense, data) = dev.log_sense(...)?;
[INFO] [stdout]   |                                    ^^^ help: use `..` instead
[INFO] [stdout]   |
[INFO] [stdout]   = note: inclusive ranges must be bounded at the end (`..=b` or `a..=b`)
[INFO] [stdout] 
[INFO] [stdout] error[E0425]: cannot find value `dev` in this scope
[INFO] [stdout]  --> src/scsi/data/log_page.rs:11:22
[INFO] [stdout]   |
[INFO] [stdout] 7 | let (_sense, data) = dev.log_sense(...)?;
[INFO] [stdout]   |                      ^^^ not found in this scope
[INFO] [stdout] 
[INFO] [stdout] error[E0277]: the size for values of type `[u8]` cannot be known at compilation time
[INFO] [stdout]  --> src/scsi/data/log_page.rs:11:14
[INFO] [stdout]   |
[INFO] [stdout] 7 | let (_sense, data) = dev.log_sense(...)?;
[INFO] [stdout]   |              ^^^^ doesn't have a size known at compile-time
[INFO] [stdout]   |
[INFO] [stdout]   = help: the trait `Sized` is not implemented for `[u8]`
[INFO] [stdout]   = note: all local variables must have a statically known size
[INFO] [stdout]   = help: unsized locals are gated as an unstable feature
[INFO] [stdout] 
[INFO] [stdout] error: aborting due to 4 previous errors
[INFO] [stdout] 
[INFO] [stdout] Some errors have detailed explanations: E0277, E0425, E0586.
[INFO] [stdout] For more information about an error, try `rustc --explain E0277`.
[INFO] [stdout] Couldn't compile the test.
[INFO] [stdout] ---- src/scsi/pages.rs - scsi::pages (line 7) stdout ----
[INFO] [stdout] error: unexpected token: `...`
[INFO] [stdout]  --> src/scsi/pages.rs:13:1
[INFO] [stdout]   |
[INFO] [stdout] 9 | ...
[INFO] [stdout]   | ^^^
[INFO] [stdout]   |
[INFO] [stdout] help: use `..` for an exclusive range
[INFO] [stdout]   |
[INFO] [stdout] 9 | ..
[INFO] [stdout]   |
[INFO] [stdout] help: or `..=` for an inclusive range
[INFO] [stdout]   |
[INFO] [stdout] 9 | ..=
[INFO] [stdout]   |
[INFO] [stdout] 
[INFO] [stdout] error: expected expression, found `let` statement
[INFO] [stdout]   --> src/scsi/pages.rs:15:1
[INFO] [stdout]    |
[INFO] [stdout] 11 | let pages = dev.supported_pages().unwrap();
[INFO] [stdout]    | ^^^
[INFO] [stdout]    |
[INFO] [stdout]    = note: only supported directly in conditions of `if` and `while` expressions
[INFO] [stdout] 
[INFO] [stdout] error: expected one of `.`, `;`, `?`, `}`, or an operator, found `,`
[INFO] [stdout]   --> src/scsi/pages.rs:19:48
[INFO] [stdout]    |
[INFO] [stdout] 15 |     println!("{:#?}\n", dev.read_error_counters()),
[INFO] [stdout]    |                                                   ^ expected one of `.`, `;`, `?`, `}`, or an operator
[INFO] [stdout] 
[INFO] [stdout] error[E0432]: unresolved import `hdd::scsi::pages::Pages`
[INFO] [stdout]  --> src/scsi/pages.rs:11:24
[INFO] [stdout]   |
[INFO] [stdout] 7 | use hdd::scsi::pages::{Pages, page_name};
[INFO] [stdout]   |                        ^^^^^ no `Pages` in `scsi::pages`
[INFO] [stdout] 
[INFO] [stdout] error[E0425]: cannot find value `dev` in this scope
[INFO] [stdout]   --> src/scsi/pages.rs:15:13
[INFO] [stdout]    |
[INFO] [stdout] 11 | let pages = dev.supported_pages().unwrap();
[INFO] [stdout]    |             ^^^ not found in this scope
[INFO] [stdout] 
[INFO] [stdout] error: aborting due to 5 previous errors
[INFO] [stdout] 
[INFO] [stdout] Some errors have detailed explanations: E0425, E0432.
[INFO] [stdout] For more information about an error, try `rustc --explain E0425`.
[INFO] [stdout] Couldn't compile the test.
[INFO] [stdout] ---- src/lib.rs - (line 5) stdout ----
[INFO] [stdout] error[E0425]: cannot find value `vpd` in this scope
[INFO] [stdout]  --> src/lib.rs:11:38
[INFO] [stdout]   |
[INFO] [stdout] 9 | let (sense, data) = dev.scsi_inquiry(vpd, page).unwrap();
[INFO] [stdout]   |                                      ^^^ not found in this scope
[INFO] [stdout] 
[INFO] [stdout] error[E0425]: cannot find value `page` in this scope
[INFO] [stdout]  --> src/lib.rs:11:43
[INFO] [stdout]   |
[INFO] [stdout] 9 | let (sense, data) = dev.scsi_inquiry(vpd, page).unwrap();
[INFO] [stdout]   |                                           ^^^^ not found in this scope
[INFO] [stdout] 
[INFO] [stdout] error[E0599]: no method named `scsi_inquiry` found for struct `hdd::Device` in the current scope
[INFO] [stdout]  --> src/lib.rs:11:25
[INFO] [stdout]   |
[INFO] [stdout] 9 | let (sense, data) = dev.scsi_inquiry(vpd, page).unwrap();
[INFO] [stdout]   |                         ^^^^^^^^^^^^ method not found in `Device`
[INFO] [stdout] 
[INFO] [stdout] error: aborting due to 3 previous errors
[INFO] [stdout] 
[INFO] [stdout] Some errors have detailed explanations: E0425, E0599.
[INFO] [stdout] For more information about an error, try `rustc --explain E0425`.
[INFO] [stdout] Couldn't compile the test.
[INFO] [stdout] 
[INFO] [stdout] failures:
[INFO] [stdout]     src/ata/misc.rs - ata::misc (line 5)
[INFO] [stdout]     src/drivedb/mod.rs - drivedb (line 5)
[INFO] [stdout]     src/lib.rs - (line 5)
[INFO] [stdout]     src/scsi/data/log_page.rs - scsi::data::log_page (line 7)
[INFO] [stdout]     src/scsi/pages.rs - scsi::pages (line 7)
[INFO] [stdout] 
[INFO] [stdout] test result: FAILED. 0 passed; 5 failed; 0 ignored; 0 measured; 0 filtered out; finished in 0.08s
[INFO] [stdout] 
[INFO] [stderr] error: doctest failed, to rerun pass `--doc`
[INFO] running `Command { std: "docker" "inspect" "3d46757dff1d662031fc6d30e723acee41ea529aed10acc6084950d3a752c0a3", kill_on_drop: false }`
[INFO] running `Command { std: "docker" "rm" "-f" "3d46757dff1d662031fc6d30e723acee41ea529aed10acc6084950d3a752c0a3", kill_on_drop: false }`
[INFO] [stdout] 3d46757dff1d662031fc6d30e723acee41ea529aed10acc6084950d3a752c0a3
