[INFO] fetching crate hash_avatar 0.1.5...
[INFO] testing hash_avatar-0.1.5 against 1.75.0 for beta-1.76-1
[INFO] extracting crate hash_avatar 0.1.5 into /workspace/builds/worker-5-tc1/source
[INFO] validating manifest of crates.io crate hash_avatar 0.1.5 on toolchain 1.75.0
[INFO] running `Command { std: CARGO_HOME="/workspace/cargo-home" RUSTUP_HOME="/workspace/rustup-home" "/workspace/cargo-home/bin/cargo" "+1.75.0" "metadata" "--manifest-path" "Cargo.toml" "--no-deps", kill_on_drop: false }`
[INFO] started tweaking crates.io crate hash_avatar 0.1.5
[INFO] finished tweaking crates.io crate hash_avatar 0.1.5
[INFO] tweaked toml for crates.io crate hash_avatar 0.1.5 written to /workspace/builds/worker-5-tc1/source/Cargo.toml
[INFO] crate crates.io crate hash_avatar 0.1.5 already has a lockfile, it will not be regenerated
[INFO] running `Command { std: CARGO_HOME="/workspace/cargo-home" RUSTUP_HOME="/workspace/rustup-home" "/workspace/cargo-home/bin/cargo" "+1.75.0" "fetch" "--manifest-path" "Cargo.toml", kill_on_drop: false }`
[INFO] [stderr]  Downloading crates ...
[INFO] [stderr]   Downloaded memoffset v0.6.3
[INFO] [stderr]   Downloaded crossbeam-epoch v0.9.4
[INFO] [stderr]   Downloaded crossbeam-utils v0.8.4
[INFO] running `Command { std: "docker" "create" "-v" "/var/lib/crater-agent-workspace/builds/worker-5-tc1/target:/opt/rustwide/target:rw,Z" "-v" "/var/lib/crater-agent-workspace/builds/worker-5-tc1/source:/opt/rustwide/workdir:ro,Z" "-v" "/var/lib/crater-agent-workspace/cargo-home:/opt/rustwide/cargo-home:ro,Z" "-v" "/var/lib/crater-agent-workspace/rustup-home:/opt/rustwide/rustup-home:ro,Z" "-e" "SOURCE_DIR=/opt/rustwide/workdir" "-e" "CARGO_TARGET_DIR=/opt/rustwide/target" "-e" "CARGO_HOME=/opt/rustwide/cargo-home" "-e" "RUSTUP_HOME=/opt/rustwide/rustup-home" "-w" "/opt/rustwide/workdir" "-m" "1610612736" "--user" "0:0" "--network" "none" "ghcr.io/rust-lang/crates-build-env/linux@sha256:2788e3201cd34a07e3172128adcd8b3090168a8e3bcc40d7c032b9dda1df7d1c" "/opt/rustwide/cargo-home/bin/cargo" "+1.75.0" "metadata" "--no-deps" "--format-version=1", kill_on_drop: false }`
[INFO] [stdout] aba92df48e748f66a058737a6b327227abd50b59c50f13516f36ad744f5a6632
[INFO] running `Command { std: "docker" "start" "-a" "aba92df48e748f66a058737a6b327227abd50b59c50f13516f36ad744f5a6632", kill_on_drop: false }`
[INFO] running `Command { std: "docker" "inspect" "aba92df48e748f66a058737a6b327227abd50b59c50f13516f36ad744f5a6632", kill_on_drop: false }`
[INFO] running `Command { std: "docker" "rm" "-f" "aba92df48e748f66a058737a6b327227abd50b59c50f13516f36ad744f5a6632", kill_on_drop: false }`
[INFO] [stdout] aba92df48e748f66a058737a6b327227abd50b59c50f13516f36ad744f5a6632
[INFO] running `Command { std: "docker" "create" "-v" "/var/lib/crater-agent-workspace/builds/worker-5-tc1/target:/opt/rustwide/target:rw,Z" "-v" "/var/lib/crater-agent-workspace/builds/worker-5-tc1/source:/opt/rustwide/workdir:ro,Z" "-v" "/var/lib/crater-agent-workspace/cargo-home:/opt/rustwide/cargo-home:ro,Z" "-v" "/var/lib/crater-agent-workspace/rustup-home:/opt/rustwide/rustup-home:ro,Z" "-e" "SOURCE_DIR=/opt/rustwide/workdir" "-e" "CARGO_TARGET_DIR=/opt/rustwide/target" "-e" "CARGO_INCREMENTAL=0" "-e" "RUST_BACKTRACE=full" "-e" "RUSTFLAGS=--cap-lints=warn" "-e" "RUSTDOCFLAGS=--cap-lints=warn" "-e" "CARGO_HOME=/opt/rustwide/cargo-home" "-e" "RUSTUP_HOME=/opt/rustwide/rustup-home" "-w" "/opt/rustwide/workdir" "-m" "1610612736" "--user" "0:0" "--network" "none" "ghcr.io/rust-lang/crates-build-env/linux@sha256:2788e3201cd34a07e3172128adcd8b3090168a8e3bcc40d7c032b9dda1df7d1c" "/opt/rustwide/cargo-home/bin/cargo" "+1.75.0" "build" "--frozen" "--message-format=json", kill_on_drop: false }`
[INFO] [stdout] 0fb3860c14637f3c7d2339eac56a5012ec16710d2afc093baaeaec19a14dc06e
[INFO] running `Command { std: "docker" "start" "-a" "0fb3860c14637f3c7d2339eac56a5012ec16710d2afc093baaeaec19a14dc06e", kill_on_drop: false }`
[INFO] [stderr]    Compiling libc v0.2.94
[INFO] [stderr]    Compiling crossbeam-utils v0.8.4
[INFO] [stderr]    Compiling memoffset v0.6.3
[INFO] [stderr]    Compiling rayon-core v1.9.0
[INFO] [stderr]    Compiling num-traits v0.2.14
[INFO] [stderr]    Compiling num-integer v0.1.44
[INFO] [stderr]    Compiling rayon v1.5.0
[INFO] [stderr]    Compiling getrandom v0.2.2
[INFO] [stderr]    Compiling miniz_oxide v0.4.4
[INFO] [stderr]    Compiling bitflags v1.2.1
[INFO] [stderr]    Compiling num-iter v0.1.42
[INFO] [stderr]    Compiling num-rational v0.3.2
[INFO] [stderr]    Compiling weezl v0.1.5
[INFO] [stderr]    Compiling deflate v0.8.6
[INFO] [stderr]    Compiling miniz_oxide v0.3.7
[INFO] [stderr]    Compiling bytemuck v1.5.1
[INFO] [stderr]    Compiling gif v0.11.2
[INFO] [stderr]    Compiling png v0.16.8
[INFO] [stderr]    Compiling crossbeam-epoch v0.9.4
[INFO] [stderr]    Compiling crossbeam-channel v0.5.1
[INFO] [stderr]    Compiling crossbeam-deque v0.8.0
[INFO] [stderr]    Compiling num_cpus v1.13.0
[INFO] [stderr]    Compiling rand_core v0.6.2
[INFO] [stderr]    Compiling rand_chacha v0.3.0
[INFO] [stderr]    Compiling rand v0.8.3
[INFO] [stderr]    Compiling jpeg-decoder v0.1.22
[INFO] [stderr]    Compiling tiff v0.6.1
[INFO] [stderr]    Compiling image v0.23.14
[INFO] [stderr]    Compiling hash_avatar v0.1.5 (/opt/rustwide/workdir)
[INFO] [stderr]     Finished dev [unoptimized + debuginfo] target(s) in 7.45s
[INFO] running `Command { std: "docker" "inspect" "0fb3860c14637f3c7d2339eac56a5012ec16710d2afc093baaeaec19a14dc06e", kill_on_drop: false }`
[INFO] running `Command { std: "docker" "rm" "-f" "0fb3860c14637f3c7d2339eac56a5012ec16710d2afc093baaeaec19a14dc06e", kill_on_drop: false }`
[INFO] [stdout] 0fb3860c14637f3c7d2339eac56a5012ec16710d2afc093baaeaec19a14dc06e
[INFO] running `Command { std: "docker" "create" "-v" "/var/lib/crater-agent-workspace/builds/worker-5-tc1/target:/opt/rustwide/target:rw,Z" "-v" "/var/lib/crater-agent-workspace/builds/worker-5-tc1/source:/opt/rustwide/workdir:ro,Z" "-v" "/var/lib/crater-agent-workspace/cargo-home:/opt/rustwide/cargo-home:ro,Z" "-v" "/var/lib/crater-agent-workspace/rustup-home:/opt/rustwide/rustup-home:ro,Z" "-e" "SOURCE_DIR=/opt/rustwide/workdir" "-e" "CARGO_TARGET_DIR=/opt/rustwide/target" "-e" "CARGO_INCREMENTAL=0" "-e" "RUST_BACKTRACE=full" "-e" "RUSTFLAGS=--cap-lints=warn" "-e" "RUSTDOCFLAGS=--cap-lints=warn" "-e" "CARGO_HOME=/opt/rustwide/cargo-home" "-e" "RUSTUP_HOME=/opt/rustwide/rustup-home" "-w" "/opt/rustwide/workdir" "-m" "1610612736" "--user" "0:0" "--network" "none" "ghcr.io/rust-lang/crates-build-env/linux@sha256:2788e3201cd34a07e3172128adcd8b3090168a8e3bcc40d7c032b9dda1df7d1c" "/opt/rustwide/cargo-home/bin/cargo" "+1.75.0" "test" "--frozen" "--no-run" "--message-format=json", kill_on_drop: false }`
[INFO] [stdout] 2ecacc4fda74aca542364a88bd39ef0a7cf56884a1a00afe5363a1b0ef03c47d
[INFO] running `Command { std: "docker" "start" "-a" "2ecacc4fda74aca542364a88bd39ef0a7cf56884a1a00afe5363a1b0ef03c47d", kill_on_drop: false }`
[INFO] [stderr]    Compiling hash_avatar v0.1.5 (/opt/rustwide/workdir)
[INFO] [stderr]     Finished test [unoptimized + debuginfo] target(s) in 1.10s
[INFO] running `Command { std: "docker" "inspect" "2ecacc4fda74aca542364a88bd39ef0a7cf56884a1a00afe5363a1b0ef03c47d", kill_on_drop: false }`
[INFO] running `Command { std: "docker" "rm" "-f" "2ecacc4fda74aca542364a88bd39ef0a7cf56884a1a00afe5363a1b0ef03c47d", kill_on_drop: false }`
[INFO] [stdout] 2ecacc4fda74aca542364a88bd39ef0a7cf56884a1a00afe5363a1b0ef03c47d
[INFO] running `Command { std: "docker" "create" "-v" "/var/lib/crater-agent-workspace/builds/worker-5-tc1/target:/opt/rustwide/target:rw,Z" "-v" "/var/lib/crater-agent-workspace/builds/worker-5-tc1/source:/opt/rustwide/workdir:ro,Z" "-v" "/var/lib/crater-agent-workspace/cargo-home:/opt/rustwide/cargo-home:ro,Z" "-v" "/var/lib/crater-agent-workspace/rustup-home:/opt/rustwide/rustup-home:ro,Z" "-e" "SOURCE_DIR=/opt/rustwide/workdir" "-e" "CARGO_TARGET_DIR=/opt/rustwide/target" "-e" "CARGO_INCREMENTAL=0" "-e" "RUST_BACKTRACE=full" "-e" "RUSTFLAGS=--cap-lints=warn" "-e" "RUSTDOCFLAGS=--cap-lints=warn" "-e" "CARGO_HOME=/opt/rustwide/cargo-home" "-e" "RUSTUP_HOME=/opt/rustwide/rustup-home" "-w" "/opt/rustwide/workdir" "-m" "1610612736" "--user" "0:0" "--network" "none" "ghcr.io/rust-lang/crates-build-env/linux@sha256:2788e3201cd34a07e3172128adcd8b3090168a8e3bcc40d7c032b9dda1df7d1c" "/opt/rustwide/cargo-home/bin/cargo" "+1.75.0" "test" "--frozen", kill_on_drop: false }`
[INFO] [stdout] c1a4ee35730a9c72fdef205b4b71e5465617dee2ecac266597e3e7226e500a68
[INFO] running `Command { std: "docker" "start" "-a" "c1a4ee35730a9c72fdef205b4b71e5465617dee2ecac266597e3e7226e500a68", kill_on_drop: false }`
[INFO] [stderr]     Finished test [unoptimized + debuginfo] target(s) in 0.03s
[INFO] [stderr]      Running unittests src/lib.rs (/opt/rustwide/target/debug/deps/hash_avatar-5242c3a571b60588)
[INFO] [stdout] 
[INFO] [stdout] running 0 tests
[INFO] [stdout] 
[INFO] [stdout] test result: ok. 0 passed; 0 failed; 0 ignored; 0 measured; 0 filtered out; finished in 0.00s
[INFO] [stdout] 
[INFO] [stderr]    Doc-tests hash_avatar
[INFO] [stdout] 
[INFO] [stdout] running 1 test
[INFO] [stdout] test src/lib.rs - Generator::new (line 18) ... FAILED
[INFO] [stdout] 
[INFO] [stdout] failures:
[INFO] [stdout] 
[INFO] [stdout] ---- src/lib.rs - Generator::new (line 18) stdout ----
[INFO] [stdout] error[E0422]: cannot find struct, variant or union type `Generator` in this scope
[INFO] [stdout]  --> src/lib.rs:19:1
[INFO] [stdout]   |
[INFO] [stdout] 3 | Generator {
[INFO] [stdout]   | ^^^^^^^^^ not found in this scope
[INFO] [stdout]   |
[INFO] [stdout] help: consider importing this struct
[INFO] [stdout]   |
[INFO] [stdout] 2 + use hash_avatar::Generator;
[INFO] [stdout]   |
[INFO] [stdout] 
[INFO] [stdout] error: aborting due to previous error
[INFO] [stdout] 
[INFO] [stdout] For more information about this error, try `rustc --explain E0422`.
[INFO] [stdout] Couldn't compile the test.
[INFO] [stdout] 
[INFO] [stdout] failures:
[INFO] [stdout]     src/lib.rs - Generator::new (line 18)
[INFO] [stdout] 
[INFO] [stdout] test result: FAILED. 0 passed; 1 failed; 0 ignored; 0 measured; 0 filtered out; finished in 0.06s
[INFO] [stdout] 
[INFO] [stderr] error: doctest failed, to rerun pass `--doc`
[INFO] running `Command { std: "docker" "inspect" "c1a4ee35730a9c72fdef205b4b71e5465617dee2ecac266597e3e7226e500a68", kill_on_drop: false }`
[INFO] running `Command { std: "docker" "rm" "-f" "c1a4ee35730a9c72fdef205b4b71e5465617dee2ecac266597e3e7226e500a68", kill_on_drop: false }`
[INFO] [stdout] c1a4ee35730a9c72fdef205b4b71e5465617dee2ecac266597e3e7226e500a68
[INFO] testing hash_avatar-0.1.5 against beta-2023-12-22 for beta-1.76-1
[INFO] extracting crate hash_avatar 0.1.5 into /workspace/builds/worker-5-tc2/source
[INFO] validating manifest of crates.io crate hash_avatar 0.1.5 on toolchain beta-2023-12-22
[INFO] running `Command { std: CARGO_HOME="/workspace/cargo-home" RUSTUP_HOME="/workspace/rustup-home" "/workspace/cargo-home/bin/cargo" "+beta-2023-12-22" "metadata" "--manifest-path" "Cargo.toml" "--no-deps", kill_on_drop: false }`
[INFO] started tweaking crates.io crate hash_avatar 0.1.5
[INFO] finished tweaking crates.io crate hash_avatar 0.1.5
[INFO] tweaked toml for crates.io crate hash_avatar 0.1.5 written to /workspace/builds/worker-5-tc2/source/Cargo.toml
[INFO] crate crates.io crate hash_avatar 0.1.5 already has a lockfile, it will not be regenerated
[INFO] running `Command { std: CARGO_HOME="/workspace/cargo-home" RUSTUP_HOME="/workspace/rustup-home" "/workspace/cargo-home/bin/cargo" "+beta-2023-12-22" "fetch" "--manifest-path" "Cargo.toml", kill_on_drop: false }`
[INFO] running `Command { std: "docker" "create" "-v" "/var/lib/crater-agent-workspace/builds/worker-5-tc2/target:/opt/rustwide/target:rw,Z" "-v" "/var/lib/crater-agent-workspace/builds/worker-5-tc2/source:/opt/rustwide/workdir:ro,Z" "-v" "/var/lib/crater-agent-workspace/cargo-home:/opt/rustwide/cargo-home:ro,Z" "-v" "/var/lib/crater-agent-workspace/rustup-home:/opt/rustwide/rustup-home:ro,Z" "-e" "SOURCE_DIR=/opt/rustwide/workdir" "-e" "CARGO_TARGET_DIR=/opt/rustwide/target" "-e" "CARGO_HOME=/opt/rustwide/cargo-home" "-e" "RUSTUP_HOME=/opt/rustwide/rustup-home" "-w" "/opt/rustwide/workdir" "-m" "1610612736" "--user" "0:0" "--network" "none" "ghcr.io/rust-lang/crates-build-env/linux@sha256:2788e3201cd34a07e3172128adcd8b3090168a8e3bcc40d7c032b9dda1df7d1c" "/opt/rustwide/cargo-home/bin/cargo" "+beta-2023-12-22" "metadata" "--no-deps" "--format-version=1", kill_on_drop: false }`
[INFO] [stdout] 8e4b0feb908cabd76c6a71fc510165a85841f26c0636d8d93367cd575e7fdd1c
[INFO] running `Command { std: "docker" "start" "-a" "8e4b0feb908cabd76c6a71fc510165a85841f26c0636d8d93367cd575e7fdd1c", kill_on_drop: false }`
[INFO] running `Command { std: "docker" "inspect" "8e4b0feb908cabd76c6a71fc510165a85841f26c0636d8d93367cd575e7fdd1c", kill_on_drop: false }`
[INFO] running `Command { std: "docker" "rm" "-f" "8e4b0feb908cabd76c6a71fc510165a85841f26c0636d8d93367cd575e7fdd1c", kill_on_drop: false }`
[INFO] [stdout] 8e4b0feb908cabd76c6a71fc510165a85841f26c0636d8d93367cd575e7fdd1c
[INFO] running `Command { std: "docker" "create" "-v" "/var/lib/crater-agent-workspace/builds/worker-5-tc2/target:/opt/rustwide/target:rw,Z" "-v" "/var/lib/crater-agent-workspace/builds/worker-5-tc2/source:/opt/rustwide/workdir:ro,Z" "-v" "/var/lib/crater-agent-workspace/cargo-home:/opt/rustwide/cargo-home:ro,Z" "-v" "/var/lib/crater-agent-workspace/rustup-home:/opt/rustwide/rustup-home:ro,Z" "-e" "SOURCE_DIR=/opt/rustwide/workdir" "-e" "CARGO_TARGET_DIR=/opt/rustwide/target" "-e" "CARGO_INCREMENTAL=0" "-e" "RUST_BACKTRACE=full" "-e" "RUSTFLAGS=--cap-lints=warn" "-e" "RUSTDOCFLAGS=--cap-lints=warn" "-e" "CARGO_HOME=/opt/rustwide/cargo-home" "-e" "RUSTUP_HOME=/opt/rustwide/rustup-home" "-w" "/opt/rustwide/workdir" "-m" "1610612736" "--user" "0:0" "--network" "none" "ghcr.io/rust-lang/crates-build-env/linux@sha256:2788e3201cd34a07e3172128adcd8b3090168a8e3bcc40d7c032b9dda1df7d1c" "/opt/rustwide/cargo-home/bin/cargo" "+beta-2023-12-22" "build" "--frozen" "--message-format=json", kill_on_drop: false }`
[INFO] [stdout] 2a03b791e9299e1416b81326e809e961215610b773300afd9f3248b96f7cdb40
[INFO] running `Command { std: "docker" "start" "-a" "2a03b791e9299e1416b81326e809e961215610b773300afd9f3248b96f7cdb40", kill_on_drop: false }`
[INFO] [stderr]    Compiling libc v0.2.94
[INFO] [stderr]    Compiling crossbeam-utils v0.8.4
[INFO] [stderr]    Compiling memoffset v0.6.3
[INFO] [stderr]    Compiling rayon-core v1.9.0
[INFO] [stderr]    Compiling num-traits v0.2.14
[INFO] [stderr]    Compiling num-integer v0.1.44
[INFO] [stderr]    Compiling rayon v1.5.0
[INFO] [stderr]    Compiling getrandom v0.2.2
[INFO] [stderr]    Compiling miniz_oxide v0.4.4
[INFO] [stderr]    Compiling bitflags v1.2.1
[INFO] [stderr]    Compiling num-iter v0.1.42
[INFO] [stderr]    Compiling num-rational v0.3.2
[INFO] [stderr]    Compiling weezl v0.1.5
[INFO] [stderr]    Compiling miniz_oxide v0.3.7
[INFO] [stderr]    Compiling deflate v0.8.6
[INFO] [stderr]    Compiling bytemuck v1.5.1
[INFO] [stderr]    Compiling gif v0.11.2
[INFO] [stderr]    Compiling png v0.16.8
[INFO] [stderr]    Compiling crossbeam-epoch v0.9.4
[INFO] [stderr]    Compiling crossbeam-channel v0.5.1
[INFO] [stderr]    Compiling num_cpus v1.13.0
[INFO] [stderr]    Compiling rand_core v0.6.2
[INFO] [stderr]    Compiling crossbeam-deque v0.8.0
[INFO] [stderr]    Compiling rand_chacha v0.3.0
[INFO] [stderr]    Compiling rand v0.8.3
[INFO] [stderr]    Compiling jpeg-decoder v0.1.22
[INFO] [stderr]    Compiling tiff v0.6.1
[INFO] [stderr]    Compiling image v0.23.14
[INFO] [stderr]    Compiling hash_avatar v0.1.5 (/opt/rustwide/workdir)
[INFO] [stderr]     Finished dev [unoptimized + debuginfo] target(s) in 8.75s
[INFO] running `Command { std: "docker" "inspect" "2a03b791e9299e1416b81326e809e961215610b773300afd9f3248b96f7cdb40", kill_on_drop: false }`
[INFO] running `Command { std: "docker" "rm" "-f" "2a03b791e9299e1416b81326e809e961215610b773300afd9f3248b96f7cdb40", kill_on_drop: false }`
[INFO] [stdout] 2a03b791e9299e1416b81326e809e961215610b773300afd9f3248b96f7cdb40
[INFO] running `Command { std: "docker" "create" "-v" "/var/lib/crater-agent-workspace/builds/worker-5-tc2/target:/opt/rustwide/target:rw,Z" "-v" "/var/lib/crater-agent-workspace/builds/worker-5-tc2/source:/opt/rustwide/workdir:ro,Z" "-v" "/var/lib/crater-agent-workspace/cargo-home:/opt/rustwide/cargo-home:ro,Z" "-v" "/var/lib/crater-agent-workspace/rustup-home:/opt/rustwide/rustup-home:ro,Z" "-e" "SOURCE_DIR=/opt/rustwide/workdir" "-e" "CARGO_TARGET_DIR=/opt/rustwide/target" "-e" "CARGO_INCREMENTAL=0" "-e" "RUST_BACKTRACE=full" "-e" "RUSTFLAGS=--cap-lints=warn" "-e" "RUSTDOCFLAGS=--cap-lints=warn" "-e" "CARGO_HOME=/opt/rustwide/cargo-home" "-e" "RUSTUP_HOME=/opt/rustwide/rustup-home" "-w" "/opt/rustwide/workdir" "-m" "1610612736" "--user" "0:0" "--network" "none" "ghcr.io/rust-lang/crates-build-env/linux@sha256:2788e3201cd34a07e3172128adcd8b3090168a8e3bcc40d7c032b9dda1df7d1c" "/opt/rustwide/cargo-home/bin/cargo" "+beta-2023-12-22" "test" "--frozen" "--no-run" "--message-format=json", kill_on_drop: false }`
[INFO] [stdout] 6a4d22dfa27d95d2985ff0716baf8148b36219d0e630bfaf6eeb4c214eef9e64
[INFO] running `Command { std: "docker" "start" "-a" "6a4d22dfa27d95d2985ff0716baf8148b36219d0e630bfaf6eeb4c214eef9e64", kill_on_drop: false }`
[INFO] [stderr]    Compiling hash_avatar v0.1.5 (/opt/rustwide/workdir)
[INFO] [stderr]     Finished test [unoptimized + debuginfo] target(s) in 0.88s
[INFO] running `Command { std: "docker" "inspect" "6a4d22dfa27d95d2985ff0716baf8148b36219d0e630bfaf6eeb4c214eef9e64", kill_on_drop: false }`
[INFO] running `Command { std: "docker" "rm" "-f" "6a4d22dfa27d95d2985ff0716baf8148b36219d0e630bfaf6eeb4c214eef9e64", kill_on_drop: false }`
[INFO] [stdout] 6a4d22dfa27d95d2985ff0716baf8148b36219d0e630bfaf6eeb4c214eef9e64
[INFO] running `Command { std: "docker" "create" "-v" "/var/lib/crater-agent-workspace/builds/worker-5-tc2/target:/opt/rustwide/target:rw,Z" "-v" "/var/lib/crater-agent-workspace/builds/worker-5-tc2/source:/opt/rustwide/workdir:ro,Z" "-v" "/var/lib/crater-agent-workspace/cargo-home:/opt/rustwide/cargo-home:ro,Z" "-v" "/var/lib/crater-agent-workspace/rustup-home:/opt/rustwide/rustup-home:ro,Z" "-e" "SOURCE_DIR=/opt/rustwide/workdir" "-e" "CARGO_TARGET_DIR=/opt/rustwide/target" "-e" "CARGO_INCREMENTAL=0" "-e" "RUST_BACKTRACE=full" "-e" "RUSTFLAGS=--cap-lints=warn" "-e" "RUSTDOCFLAGS=--cap-lints=warn" "-e" "CARGO_HOME=/opt/rustwide/cargo-home" "-e" "RUSTUP_HOME=/opt/rustwide/rustup-home" "-w" "/opt/rustwide/workdir" "-m" "1610612736" "--user" "0:0" "--network" "none" "ghcr.io/rust-lang/crates-build-env/linux@sha256:2788e3201cd34a07e3172128adcd8b3090168a8e3bcc40d7c032b9dda1df7d1c" "/opt/rustwide/cargo-home/bin/cargo" "+beta-2023-12-22" "test" "--frozen", kill_on_drop: false }`
[INFO] [stdout] 12276d60c3cd4ba164bbc74205b2122a0622e91d044c758948016d03620db824
[INFO] running `Command { std: "docker" "start" "-a" "12276d60c3cd4ba164bbc74205b2122a0622e91d044c758948016d03620db824", kill_on_drop: false }`
[INFO] [stderr]     Finished test [unoptimized + debuginfo] target(s) in 0.02s
[INFO] [stderr]      Running unittests src/lib.rs (/opt/rustwide/target/debug/deps/hash_avatar-54715bc2c6a42907)
[INFO] [stdout] 
[INFO] [stdout] running 0 tests
[INFO] [stdout] 
[INFO] [stdout] test result: ok. 0 passed; 0 failed; 0 ignored; 0 measured; 0 filtered out; finished in 0.00s
[INFO] [stdout] 
[INFO] [stderr]    Doc-tests hash_avatar
[INFO] [stdout] 
[INFO] [stdout] running 1 test
[INFO] [stdout] test src/lib.rs - Generator::new (line 18) ... FAILED
[INFO] [stdout] 
[INFO] [stdout] failures:
[INFO] [stdout] 
[INFO] [stdout] ---- src/lib.rs - Generator::new (line 18) stdout ----
[INFO] [stdout] error[E0422]: cannot find struct, variant or union type `Generator` in this scope
[INFO] [stdout]  --> src/lib.rs:19:1
[INFO] [stdout]   |
[INFO] [stdout] 3 | Generator {
[INFO] [stdout]   | ^^^^^^^^^ not found in this scope
[INFO] [stdout]   |
[INFO] [stdout] help: consider importing this struct
[INFO] [stdout]   |
[INFO] [stdout] 2 + use hash_avatar::Generator;
[INFO] [stdout]   |
[INFO] [stdout] 
[INFO] [stdout] error: aborting due to 1 previous error
[INFO] [stdout] 
[INFO] [stdout] For more information about this error, try `rustc --explain E0422`.
[INFO] [stdout] Couldn't compile the test.
[INFO] [stdout] 
[INFO] [stdout] failures:
[INFO] [stdout]     src/lib.rs - Generator::new (line 18)
[INFO] [stdout] 
[INFO] [stdout] test result: FAILED. 0 passed; 1 failed; 0 ignored; 0 measured; 0 filtered out; finished in 0.06s
[INFO] [stdout] 
[INFO] [stderr] error: doctest failed, to rerun pass `--doc`
[INFO] running `Command { std: "docker" "inspect" "12276d60c3cd4ba164bbc74205b2122a0622e91d044c758948016d03620db824", kill_on_drop: false }`
[INFO] running `Command { std: "docker" "rm" "-f" "12276d60c3cd4ba164bbc74205b2122a0622e91d044c758948016d03620db824", kill_on_drop: false }`
[INFO] [stdout] 12276d60c3cd4ba164bbc74205b2122a0622e91d044c758948016d03620db824
