[INFO] fetching crate hao 0.0.3...
[INFO] testing hao-0.0.3 against 1.75.0 for beta-1.76-1
[INFO] extracting crate hao 0.0.3 into /workspace/builds/worker-1-tc1/source
[INFO] validating manifest of crates.io crate hao 0.0.3 on toolchain 1.75.0
[INFO] running `Command { std: CARGO_HOME="/workspace/cargo-home" RUSTUP_HOME="/workspace/rustup-home" "/workspace/cargo-home/bin/cargo" "+1.75.0" "metadata" "--manifest-path" "Cargo.toml" "--no-deps", kill_on_drop: false }`
[INFO] started tweaking crates.io crate hao 0.0.3
[INFO] finished tweaking crates.io crate hao 0.0.3
[INFO] tweaked toml for crates.io crate hao 0.0.3 written to /workspace/builds/worker-1-tc1/source/Cargo.toml
[INFO] crate crates.io crate hao 0.0.3 already has a lockfile, it will not be regenerated
[INFO] running `Command { std: CARGO_HOME="/workspace/cargo-home" RUSTUP_HOME="/workspace/rustup-home" "/workspace/cargo-home/bin/cargo" "+1.75.0" "fetch" "--manifest-path" "Cargo.toml", kill_on_drop: false }`
[INFO] [stderr]     Updating crates.io index
[INFO] [stderr]  Downloading crates ...
[INFO] [stderr]   Downloaded uuid v1.3.1
[INFO] [stderr]   Downloaded pewter v0.0.3
[INFO] running `Command { std: "docker" "create" "-v" "/var/lib/crater-agent-workspace/builds/worker-1-tc1/target:/opt/rustwide/target:rw,Z" "-v" "/var/lib/crater-agent-workspace/builds/worker-1-tc1/source:/opt/rustwide/workdir:ro,Z" "-v" "/var/lib/crater-agent-workspace/cargo-home:/opt/rustwide/cargo-home:ro,Z" "-v" "/var/lib/crater-agent-workspace/rustup-home:/opt/rustwide/rustup-home:ro,Z" "-e" "SOURCE_DIR=/opt/rustwide/workdir" "-e" "CARGO_TARGET_DIR=/opt/rustwide/target" "-e" "CARGO_HOME=/opt/rustwide/cargo-home" "-e" "RUSTUP_HOME=/opt/rustwide/rustup-home" "-w" "/opt/rustwide/workdir" "-m" "1610612736" "--user" "0:0" "--network" "none" "ghcr.io/rust-lang/crates-build-env/linux@sha256:2788e3201cd34a07e3172128adcd8b3090168a8e3bcc40d7c032b9dda1df7d1c" "/opt/rustwide/cargo-home/bin/cargo" "+1.75.0" "metadata" "--no-deps" "--format-version=1", kill_on_drop: false }`
[INFO] [stdout] 22350956f2286f2255b51b234a1b3a4ab38f9fdb1fb11d7f56ccd52dfde2fa6d
[INFO] running `Command { std: "docker" "start" "-a" "22350956f2286f2255b51b234a1b3a4ab38f9fdb1fb11d7f56ccd52dfde2fa6d", kill_on_drop: false }`
[INFO] running `Command { std: "docker" "inspect" "22350956f2286f2255b51b234a1b3a4ab38f9fdb1fb11d7f56ccd52dfde2fa6d", kill_on_drop: false }`
[INFO] running `Command { std: "docker" "rm" "-f" "22350956f2286f2255b51b234a1b3a4ab38f9fdb1fb11d7f56ccd52dfde2fa6d", kill_on_drop: false }`
[INFO] [stdout] 22350956f2286f2255b51b234a1b3a4ab38f9fdb1fb11d7f56ccd52dfde2fa6d
[INFO] running `Command { std: "docker" "create" "-v" "/var/lib/crater-agent-workspace/builds/worker-1-tc1/target:/opt/rustwide/target:rw,Z" "-v" "/var/lib/crater-agent-workspace/builds/worker-1-tc1/source:/opt/rustwide/workdir:ro,Z" "-v" "/var/lib/crater-agent-workspace/cargo-home:/opt/rustwide/cargo-home:ro,Z" "-v" "/var/lib/crater-agent-workspace/rustup-home:/opt/rustwide/rustup-home:ro,Z" "-e" "SOURCE_DIR=/opt/rustwide/workdir" "-e" "CARGO_TARGET_DIR=/opt/rustwide/target" "-e" "CARGO_INCREMENTAL=0" "-e" "RUST_BACKTRACE=full" "-e" "RUSTFLAGS=--cap-lints=warn" "-e" "RUSTDOCFLAGS=--cap-lints=warn" "-e" "CARGO_HOME=/opt/rustwide/cargo-home" "-e" "RUSTUP_HOME=/opt/rustwide/rustup-home" "-w" "/opt/rustwide/workdir" "-m" "1610612736" "--user" "0:0" "--network" "none" "ghcr.io/rust-lang/crates-build-env/linux@sha256:2788e3201cd34a07e3172128adcd8b3090168a8e3bcc40d7c032b9dda1df7d1c" "/opt/rustwide/cargo-home/bin/cargo" "+1.75.0" "build" "--frozen" "--message-format=json", kill_on_drop: false }`
[INFO] [stdout] 2a1ad9bfd9ddab52efe4109363fa511167507f933cdc84d991eb2ec742b483d8
[INFO] running `Command { std: "docker" "start" "-a" "2a1ad9bfd9ddab52efe4109363fa511167507f933cdc84d991eb2ec742b483d8", kill_on_drop: false }`
[INFO] [stderr]    Compiling proc-macro2 v1.0.56
[INFO] [stderr]    Compiling unicode-ident v1.0.8
[INFO] [stderr]    Compiling quote v1.0.26
[INFO] [stderr]    Compiling siphasher v0.3.10
[INFO] [stderr]    Compiling syn v1.0.109
[INFO] [stderr]    Compiling rand_core v0.6.4
[INFO] [stderr]    Compiling thiserror v1.0.40
[INFO] [stderr]    Compiling num-traits v0.2.15
[INFO] [stderr]    Compiling bitflags v2.2.1
[INFO] [stderr]    Compiling rand v0.8.5
[INFO] [stderr]    Compiling phf_shared v0.11.1
[INFO] [stderr]    Compiling pewter v0.0.3
[INFO] [stderr]    Compiling uuid v1.3.1
[INFO] [stderr]    Compiling phf_generator v0.11.1
[INFO] [stderr]    Compiling syn v2.0.15
[INFO] [stderr]    Compiling thiserror-impl v1.0.40
[INFO] [stderr]    Compiling phf_macros v0.11.1
[INFO] [stderr]    Compiling num-derive v0.3.3
[INFO] [stderr]    Compiling phf v0.11.1
[INFO] [stderr]    Compiling hao v0.0.3 (/opt/rustwide/workdir)
[INFO] [stdout] warning: `&` without an explicit lifetime name cannot be used here
[INFO] [stdout]    --> src/dotnet/entries/values.rs:717:31
[INFO] [stdout]     |
[INFO] [stdout] 717 |     const KNOWN_CORLIB_NAMES: &[&'static str] = &[
[INFO] [stdout]     |                               ^
[INFO] [stdout]     |
[INFO] [stdout]     = warning: this was previously accepted by the compiler but is being phased out; it will become a hard error in a future release!
[INFO] [stdout]     = note: for more information, see issue #115010 <https://github.com/rust-lang/rust/issues/115010>
[INFO] [stdout]     = note: `#[warn(elided_lifetimes_in_associated_constant)]` on by default
[INFO] [stdout] help: use the `'static` lifetime
[INFO] [stdout]     |
[INFO] [stdout] 717 |     const KNOWN_CORLIB_NAMES: &'static [&'static str] = &[
[INFO] [stdout]     |                                +++++++
[INFO] [stdout] 
[INFO] [stdout] 
[INFO] [stdout] warning: 1 warning emitted
[INFO] [stdout] 
[INFO] [stdout] 
[INFO] [stderr]     Finished dev [unoptimized + debuginfo] target(s) in 8.97s
[INFO] running `Command { std: "docker" "inspect" "2a1ad9bfd9ddab52efe4109363fa511167507f933cdc84d991eb2ec742b483d8", kill_on_drop: false }`
[INFO] running `Command { std: "docker" "rm" "-f" "2a1ad9bfd9ddab52efe4109363fa511167507f933cdc84d991eb2ec742b483d8", kill_on_drop: false }`
[INFO] [stdout] 2a1ad9bfd9ddab52efe4109363fa511167507f933cdc84d991eb2ec742b483d8
[INFO] running `Command { std: "docker" "create" "-v" "/var/lib/crater-agent-workspace/builds/worker-1-tc1/target:/opt/rustwide/target:rw,Z" "-v" "/var/lib/crater-agent-workspace/builds/worker-1-tc1/source:/opt/rustwide/workdir:ro,Z" "-v" "/var/lib/crater-agent-workspace/cargo-home:/opt/rustwide/cargo-home:ro,Z" "-v" "/var/lib/crater-agent-workspace/rustup-home:/opt/rustwide/rustup-home:ro,Z" "-e" "SOURCE_DIR=/opt/rustwide/workdir" "-e" "CARGO_TARGET_DIR=/opt/rustwide/target" "-e" "CARGO_INCREMENTAL=0" "-e" "RUST_BACKTRACE=full" "-e" "RUSTFLAGS=--cap-lints=warn" "-e" "RUSTDOCFLAGS=--cap-lints=warn" "-e" "CARGO_HOME=/opt/rustwide/cargo-home" "-e" "RUSTUP_HOME=/opt/rustwide/rustup-home" "-w" "/opt/rustwide/workdir" "-m" "1610612736" "--user" "0:0" "--network" "none" "ghcr.io/rust-lang/crates-build-env/linux@sha256:2788e3201cd34a07e3172128adcd8b3090168a8e3bcc40d7c032b9dda1df7d1c" "/opt/rustwide/cargo-home/bin/cargo" "+1.75.0" "test" "--frozen" "--no-run" "--message-format=json", kill_on_drop: false }`
[INFO] [stdout] 3e19c8eca37ec344896bf86679c9cc79e3e552377ccea941ea91b707bf7a771b
[INFO] running `Command { std: "docker" "start" "-a" "3e19c8eca37ec344896bf86679c9cc79e3e552377ccea941ea91b707bf7a771b", kill_on_drop: false }`
[INFO] [stdout] warning: `&` without an explicit lifetime name cannot be used here
[INFO] [stdout]    --> src/dotnet/entries/values.rs:717:31
[INFO] [stdout]     |
[INFO] [stdout] 717 |     const KNOWN_CORLIB_NAMES: &[&'static str] = &[
[INFO] [stdout]     |                               ^
[INFO] [stdout]     |
[INFO] [stdout]     = warning: this was previously accepted by the compiler but is being phased out; it will become a hard error in a future release!
[INFO] [stdout]     = note: for more information, see issue #115010 <https://github.com/rust-lang/rust/issues/115010>
[INFO] [stdout]     = note: `#[warn(elided_lifetimes_in_associated_constant)]` on by default
[INFO] [stdout] help: use the `'static` lifetime
[INFO] [stdout]     |
[INFO] [stdout] 717 |     const KNOWN_CORLIB_NAMES: &'static [&'static str] = &[
[INFO] [stdout]     |                                +++++++
[INFO] [stdout] 
[INFO] [stdout] 
[INFO] [stdout] warning: 1 warning emitted
[INFO] [stdout] 
[INFO] [stdout] 
[INFO] [stderr]    Compiling hao v0.0.3 (/opt/rustwide/workdir)
[INFO] [stdout] warning: `&` without an explicit lifetime name cannot be used here
[INFO] [stdout]    --> src/dotnet/entries/values.rs:717:31
[INFO] [stdout]     |
[INFO] [stdout] 717 |     const KNOWN_CORLIB_NAMES: &[&'static str] = &[
[INFO] [stdout]     |                               ^
[INFO] [stdout]     |
[INFO] [stdout]     = warning: this was previously accepted by the compiler but is being phased out; it will become a hard error in a future release!
[INFO] [stdout]     = note: for more information, see issue #115010 <https://github.com/rust-lang/rust/issues/115010>
[INFO] [stdout]     = note: `#[warn(elided_lifetimes_in_associated_constant)]` on by default
[INFO] [stdout] help: use the `'static` lifetime
[INFO] [stdout]     |
[INFO] [stdout] 717 |     const KNOWN_CORLIB_NAMES: &'static [&'static str] = &[
[INFO] [stdout]     |                                +++++++
[INFO] [stdout] 
[INFO] [stdout] 
[INFO] [stdout] warning: 1 warning emitted
[INFO] [stdout] 
[INFO] [stdout] 
[INFO] [stderr]     Finished test [unoptimized + debuginfo] target(s) in 2.04s
[INFO] running `Command { std: "docker" "inspect" "3e19c8eca37ec344896bf86679c9cc79e3e552377ccea941ea91b707bf7a771b", kill_on_drop: false }`
[INFO] running `Command { std: "docker" "rm" "-f" "3e19c8eca37ec344896bf86679c9cc79e3e552377ccea941ea91b707bf7a771b", kill_on_drop: false }`
[INFO] [stdout] 3e19c8eca37ec344896bf86679c9cc79e3e552377ccea941ea91b707bf7a771b
[INFO] running `Command { std: "docker" "create" "-v" "/var/lib/crater-agent-workspace/builds/worker-1-tc1/target:/opt/rustwide/target:rw,Z" "-v" "/var/lib/crater-agent-workspace/builds/worker-1-tc1/source:/opt/rustwide/workdir:ro,Z" "-v" "/var/lib/crater-agent-workspace/cargo-home:/opt/rustwide/cargo-home:ro,Z" "-v" "/var/lib/crater-agent-workspace/rustup-home:/opt/rustwide/rustup-home:ro,Z" "-e" "SOURCE_DIR=/opt/rustwide/workdir" "-e" "CARGO_TARGET_DIR=/opt/rustwide/target" "-e" "CARGO_INCREMENTAL=0" "-e" "RUST_BACKTRACE=full" "-e" "RUSTFLAGS=--cap-lints=warn" "-e" "RUSTDOCFLAGS=--cap-lints=warn" "-e" "CARGO_HOME=/opt/rustwide/cargo-home" "-e" "RUSTUP_HOME=/opt/rustwide/rustup-home" "-w" "/opt/rustwide/workdir" "-m" "1610612736" "--user" "0:0" "--network" "none" "ghcr.io/rust-lang/crates-build-env/linux@sha256:2788e3201cd34a07e3172128adcd8b3090168a8e3bcc40d7c032b9dda1df7d1c" "/opt/rustwide/cargo-home/bin/cargo" "+1.75.0" "test" "--frozen", kill_on_drop: false }`
[INFO] [stdout] 76670751a60c977a7d9260292de1fbccb74a38a939a085537d0f51b50018f8e3
[INFO] running `Command { std: "docker" "start" "-a" "76670751a60c977a7d9260292de1fbccb74a38a939a085537d0f51b50018f8e3", kill_on_drop: false }`
[INFO] [stderr] warning: `&` without an explicit lifetime name cannot be used here
[INFO] [stderr]    --> src/dotnet/entries/values.rs:717:31
[INFO] [stderr]     |
[INFO] [stderr] 717 |     const KNOWN_CORLIB_NAMES: &[&'static str] = &[
[INFO] [stderr]     |                               ^
[INFO] [stderr]     |
[INFO] [stderr]     = warning: this was previously accepted by the compiler but is being phased out; it will become a hard error in a future release!
[INFO] [stderr]     = note: for more information, see issue #115010 <https://github.com/rust-lang/rust/issues/115010>
[INFO] [stderr]     = note: `#[warn(elided_lifetimes_in_associated_constant)]` on by default
[INFO] [stderr] help: use the `'static` lifetime
[INFO] [stderr]     |
[INFO] [stderr] 717 |     const KNOWN_CORLIB_NAMES: &'static [&'static str] = &[
[INFO] [stderr]     |                                +++++++
[INFO] [stderr] 
[INFO] [stderr] warning: `hao` (lib) generated 1 warning (run `cargo fix --lib -p hao` to apply 1 suggestion)
[INFO] [stderr] warning: `hao` (lib test) generated 1 warning (1 duplicate)
[INFO] [stderr]     Finished test [unoptimized + debuginfo] target(s) in 0.03s
[INFO] [stderr]      Running unittests src/lib.rs (/opt/rustwide/target/debug/deps/hao-a77ad9a9d5436213)
[INFO] [stdout] 
[INFO] [stdout] running 0 tests
[INFO] [stdout] 
[INFO] [stdout] test result: ok. 0 passed; 0 failed; 0 ignored; 0 measured; 0 filtered out; finished in 0.00s
[INFO] [stdout] 
[INFO] [stderr]    Doc-tests hao
[INFO] [stdout] 
[INFO] [stdout] running 13 tests
[INFO] [stdout] test src/dotnet/module/loaded.rs - dotnet::module::loaded::Module (line 16) - compile ... FAILED
[INFO] [stdout] test src/dotnet/module/loaded.rs - dotnet::module::loaded::Module::from_metadata (line 78) - compile ... ok
[INFO] [stdout] test src/dotnet/module/loaded.rs - dotnet::module::loaded::Module::from_path (line 45) - compile ... FAILED
[INFO] [stdout] test src/dotnet/module/loaded.rs - dotnet::module::loaded::Module::from_path_no_resolve (line 65) - compile ... FAILED
[INFO] [stdout] test src/dotnet/entries/values.rs - dotnet::entries::values::TypeDef::methods (line 274) ... ok
[INFO] [stdout] test src/dotnet/module/loaded.rs - dotnet::module::loaded::Module::all_fields (line 166) ... ok
[INFO] [stdout] test src/dotnet/module/loaded.rs - dotnet::module::loaded::Module::all_methods (line 182) ... ok
[INFO] [stdout] test src/dotnet/entries/values.rs - dotnet::entries::values::TypeDef::fields (line 259) ... ok
[INFO] [stdout] test src/dotnet/module/loaded.rs - dotnet::module::loaded::Module::all_params (line 198) ... ok
[INFO] [stdout] test src/lib.rs - (line 13) - compile ... ok
[INFO] [stdout] test src/dotnet/entries/values.rs - dotnet::entries::values::Method::params (line 514) ... ok
[INFO] [stdout] test src/dotnet/entries/well_known.rs - dotnet::entries::well_known::WellKnown (line 8) ... ok
[INFO] [stdout] test src/dotnet/module/loaded.rs - dotnet::module::loaded::Module::types (line 150) ... ok
[INFO] [stdout] 
[INFO] [stdout] failures:
[INFO] [stdout] 
[INFO] [stdout] ---- src/dotnet/module/loaded.rs - dotnet::module::loaded::Module (line 16) stdout ----
[INFO] [stdout] error[E0599]: no function or associated item named `from_file` found for struct `hao::Module` in the current scope
[INFO] [stdout]   --> src/dotnet/module/loaded.rs:19:22
[INFO] [stdout]    |
[INFO] [stdout] 6  | let module = Module::from_file(r#"Example.Net.dll"#);
[INFO] [stdout]    |                      ^^^^^^^^^ function or associated item not found in `Module`
[INFO] [stdout]    |
[INFO] [stdout] note: if you're trying to build a new `hao::Module` consider using one of the following associated functions:
[INFO] [stdout]       hao::Module::from_path
[INFO] [stdout]       hao::Module::from_path_no_resolve
[INFO] [stdout]       hao::Module::from_metadata
[INFO] [stdout]   --> /opt/rustwide/workdir/src/dotnet/module/loaded.rs:48:5
[INFO] [stdout]    |
[INFO] [stdout] 48 |     pub fn from_path(path: impl AsRef<std::path::Path>) -> Result<Self> {
[INFO] [stdout]    |     ^^^^^^^^^^^^^^^^^^^^^^^^^^^^^^^^^^^^^^^^^^^^^^^^^^^^^^^^^^^^^^^^^^^
[INFO] [stdout] ...
[INFO] [stdout] 68 |     pub fn from_path_no_resolve(path: impl AsRef<std::path::Path>) -> Result<Self> {
[INFO] [stdout]    |     ^^^^^^^^^^^^^^^^^^^^^^^^^^^^^^^^^^^^^^^^^^^^^^^^^^^^^^^^^^^^^^^^^^^^^^^^^^^^^^
[INFO] [stdout] ...
[INFO] [stdout] 84 |     pub fn from_metadata(metadada: &Metadata) -> Result<Self> {
[INFO] [stdout]    |     ^^^^^^^^^^^^^^^^^^^^^^^^^^^^^^^^^^^^^^^^^^^^^^^^^^^^^^^^^
[INFO] [stdout] 
[INFO] [stdout] error: aborting due to previous error
[INFO] [stdout] 
[INFO] [stdout] For more information about this error, try `rustc --explain E0599`.
[INFO] [stdout] Couldn't compile the test.
[INFO] [stdout] ---- src/dotnet/module/loaded.rs - dotnet::module::loaded::Module::from_path (line 45) stdout ----
[INFO] [stdout] error[E0433]: failed to resolve: use of undeclared type `Module`
[INFO] [stdout]  --> src/dotnet/module/loaded.rs:46:14
[INFO] [stdout]   |
[INFO] [stdout] 3 | let module = Module::from_path(r#"Example.Net.dll"#)?;
[INFO] [stdout]   |              ^^^^^^ use of undeclared type `Module`
[INFO] [stdout]   |
[INFO] [stdout] help: consider importing this struct
[INFO] [stdout]   |
[INFO] [stdout] 2 + use hao::Module;
[INFO] [stdout]   |
[INFO] [stdout] 
[INFO] [stdout] error: aborting due to previous error
[INFO] [stdout] 
[INFO] [stdout] For more information about this error, try `rustc --explain E0433`.
[INFO] [stdout] Couldn't compile the test.
[INFO] [stdout] ---- src/dotnet/module/loaded.rs - dotnet::module::loaded::Module::from_path_no_resolve (line 65) stdout ----
[INFO] [stdout] error[E0433]: failed to resolve: use of undeclared type `Module`
[INFO] [stdout]  --> src/dotnet/module/loaded.rs:66:14
[INFO] [stdout]   |
[INFO] [stdout] 3 | let module = Module::from_path_no_resolve(r#"Example.Net.dll"#)?;
[INFO] [stdout]   |              ^^^^^^ use of undeclared type `Module`
[INFO] [stdout]   |
[INFO] [stdout] help: consider importing this struct
[INFO] [stdout]   |
[INFO] [stdout] 2 + use hao::Module;
[INFO] [stdout]   |
[INFO] [stdout] 
[INFO] [stdout] error: aborting due to previous error
[INFO] [stdout] 
[INFO] [stdout] For more information about this error, try `rustc --explain E0433`.
[INFO] [stdout] Couldn't compile the test.
[INFO] [stdout] 
[INFO] [stdout] failures:
[INFO] [stdout]     src/dotnet/module/loaded.rs - dotnet::module::loaded::Module (line 16)
[INFO] [stdout]     src/dotnet/module/loaded.rs - dotnet::module::loaded::Module::from_path (line 45)
[INFO] [stdout]     src/dotnet/module/loaded.rs - dotnet::module::loaded::Module::from_path_no_resolve (line 65)
[INFO] [stdout] 
[INFO] [stdout] test result: FAILED. 10 passed; 3 failed; 0 ignored; 0 measured; 0 filtered out; finished in 1.30s
[INFO] [stdout] 
[INFO] [stderr] error: doctest failed, to rerun pass `--doc`
[INFO] running `Command { std: "docker" "inspect" "76670751a60c977a7d9260292de1fbccb74a38a939a085537d0f51b50018f8e3", kill_on_drop: false }`
[INFO] running `Command { std: "docker" "rm" "-f" "76670751a60c977a7d9260292de1fbccb74a38a939a085537d0f51b50018f8e3", kill_on_drop: false }`
[INFO] [stdout] 76670751a60c977a7d9260292de1fbccb74a38a939a085537d0f51b50018f8e3
[INFO] testing hao-0.0.3 against beta-2023-12-22 for beta-1.76-1
[INFO] extracting crate hao 0.0.3 into /workspace/builds/worker-1-tc2/source
[INFO] validating manifest of crates.io crate hao 0.0.3 on toolchain beta-2023-12-22
[INFO] running `Command { std: CARGO_HOME="/workspace/cargo-home" RUSTUP_HOME="/workspace/rustup-home" "/workspace/cargo-home/bin/cargo" "+beta-2023-12-22" "metadata" "--manifest-path" "Cargo.toml" "--no-deps", kill_on_drop: false }`
[INFO] started tweaking crates.io crate hao 0.0.3
[INFO] finished tweaking crates.io crate hao 0.0.3
[INFO] tweaked toml for crates.io crate hao 0.0.3 written to /workspace/builds/worker-1-tc2/source/Cargo.toml
[INFO] crate crates.io crate hao 0.0.3 already has a lockfile, it will not be regenerated
[INFO] running `Command { std: CARGO_HOME="/workspace/cargo-home" RUSTUP_HOME="/workspace/rustup-home" "/workspace/cargo-home/bin/cargo" "+beta-2023-12-22" "fetch" "--manifest-path" "Cargo.toml", kill_on_drop: false }`
[INFO] running `Command { std: "docker" "create" "-v" "/var/lib/crater-agent-workspace/builds/worker-1-tc2/target:/opt/rustwide/target:rw,Z" "-v" "/var/lib/crater-agent-workspace/builds/worker-1-tc2/source:/opt/rustwide/workdir:ro,Z" "-v" "/var/lib/crater-agent-workspace/cargo-home:/opt/rustwide/cargo-home:ro,Z" "-v" "/var/lib/crater-agent-workspace/rustup-home:/opt/rustwide/rustup-home:ro,Z" "-e" "SOURCE_DIR=/opt/rustwide/workdir" "-e" "CARGO_TARGET_DIR=/opt/rustwide/target" "-e" "CARGO_HOME=/opt/rustwide/cargo-home" "-e" "RUSTUP_HOME=/opt/rustwide/rustup-home" "-w" "/opt/rustwide/workdir" "-m" "1610612736" "--user" "0:0" "--network" "none" "ghcr.io/rust-lang/crates-build-env/linux@sha256:2788e3201cd34a07e3172128adcd8b3090168a8e3bcc40d7c032b9dda1df7d1c" "/opt/rustwide/cargo-home/bin/cargo" "+beta-2023-12-22" "metadata" "--no-deps" "--format-version=1", kill_on_drop: false }`
[INFO] [stdout] 1489110aee6461358dc3bb819fc13cff4a49af75f8deb1e0162a5f2d865edcaa
[INFO] running `Command { std: "docker" "start" "-a" "1489110aee6461358dc3bb819fc13cff4a49af75f8deb1e0162a5f2d865edcaa", kill_on_drop: false }`
[INFO] running `Command { std: "docker" "inspect" "1489110aee6461358dc3bb819fc13cff4a49af75f8deb1e0162a5f2d865edcaa", kill_on_drop: false }`
[INFO] running `Command { std: "docker" "rm" "-f" "1489110aee6461358dc3bb819fc13cff4a49af75f8deb1e0162a5f2d865edcaa", kill_on_drop: false }`
[INFO] [stdout] 1489110aee6461358dc3bb819fc13cff4a49af75f8deb1e0162a5f2d865edcaa
[INFO] running `Command { std: "docker" "create" "-v" "/var/lib/crater-agent-workspace/builds/worker-1-tc2/target:/opt/rustwide/target:rw,Z" "-v" "/var/lib/crater-agent-workspace/builds/worker-1-tc2/source:/opt/rustwide/workdir:ro,Z" "-v" "/var/lib/crater-agent-workspace/cargo-home:/opt/rustwide/cargo-home:ro,Z" "-v" "/var/lib/crater-agent-workspace/rustup-home:/opt/rustwide/rustup-home:ro,Z" "-e" "SOURCE_DIR=/opt/rustwide/workdir" "-e" "CARGO_TARGET_DIR=/opt/rustwide/target" "-e" "CARGO_INCREMENTAL=0" "-e" "RUST_BACKTRACE=full" "-e" "RUSTFLAGS=--cap-lints=warn" "-e" "RUSTDOCFLAGS=--cap-lints=warn" "-e" "CARGO_HOME=/opt/rustwide/cargo-home" "-e" "RUSTUP_HOME=/opt/rustwide/rustup-home" "-w" "/opt/rustwide/workdir" "-m" "1610612736" "--user" "0:0" "--network" "none" "ghcr.io/rust-lang/crates-build-env/linux@sha256:2788e3201cd34a07e3172128adcd8b3090168a8e3bcc40d7c032b9dda1df7d1c" "/opt/rustwide/cargo-home/bin/cargo" "+beta-2023-12-22" "build" "--frozen" "--message-format=json", kill_on_drop: false }`
[INFO] [stdout] e42714f82f690a920fcc3fbf600c112d10fce96b0e7c63fcbc57ec6d84f377f2
[INFO] running `Command { std: "docker" "start" "-a" "e42714f82f690a920fcc3fbf600c112d10fce96b0e7c63fcbc57ec6d84f377f2", kill_on_drop: false }`
[INFO] [stderr]    Compiling proc-macro2 v1.0.56
[INFO] [stderr]    Compiling quote v1.0.26
[INFO] [stderr]    Compiling unicode-ident v1.0.8
[INFO] [stderr]    Compiling siphasher v0.3.10
[INFO] [stderr]    Compiling syn v1.0.109
[INFO] [stderr]    Compiling rand_core v0.6.4
[INFO] [stderr]    Compiling thiserror v1.0.40
[INFO] [stderr]    Compiling num-traits v0.2.15
[INFO] [stderr]    Compiling bitflags v2.2.1
[INFO] [stderr]    Compiling phf_shared v0.11.1
[INFO] [stderr]    Compiling rand v0.8.5
[INFO] [stderr]    Compiling pewter v0.0.3
[INFO] [stderr]    Compiling uuid v1.3.1
[INFO] [stderr]    Compiling phf_generator v0.11.1
[INFO] [stderr]    Compiling syn v2.0.15
[INFO] [stderr]    Compiling thiserror-impl v1.0.40
[INFO] [stderr]    Compiling phf_macros v0.11.1
[INFO] [stderr]    Compiling num-derive v0.3.3
[INFO] [stderr]    Compiling phf v0.11.1
[INFO] [stderr]    Compiling hao v0.0.3 (/opt/rustwide/workdir)
[INFO] [stdout] warning: `&` without an explicit lifetime name cannot be used here
[INFO] [stdout]    --> src/dotnet/entries/values.rs:717:31
[INFO] [stdout]     |
[INFO] [stdout] 717 |     const KNOWN_CORLIB_NAMES: &[&'static str] = &[
[INFO] [stdout]     |                               ^
[INFO] [stdout]     |
[INFO] [stdout]     = warning: this was previously accepted by the compiler but is being phased out; it will become a hard error in a future release!
[INFO] [stdout]     = note: for more information, see issue #115010 <https://github.com/rust-lang/rust/issues/115010>
[INFO] [stdout]     = note: `#[warn(elided_lifetimes_in_associated_constant)]` on by default
[INFO] [stdout] help: use the `'static` lifetime
[INFO] [stdout]     |
[INFO] [stdout] 717 |     const KNOWN_CORLIB_NAMES: &'static [&'static str] = &[
[INFO] [stdout]     |                                +++++++
[INFO] [stdout] 
[INFO] [stdout] 
[INFO] [stdout] warning: 1 warning emitted
[INFO] [stdout] 
[INFO] [stdout] 
[INFO] [stderr]     Finished dev [unoptimized + debuginfo] target(s) in 6.13s
[INFO] running `Command { std: "docker" "inspect" "e42714f82f690a920fcc3fbf600c112d10fce96b0e7c63fcbc57ec6d84f377f2", kill_on_drop: false }`
[INFO] running `Command { std: "docker" "rm" "-f" "e42714f82f690a920fcc3fbf600c112d10fce96b0e7c63fcbc57ec6d84f377f2", kill_on_drop: false }`
[INFO] [stdout] e42714f82f690a920fcc3fbf600c112d10fce96b0e7c63fcbc57ec6d84f377f2
[INFO] running `Command { std: "docker" "create" "-v" "/var/lib/crater-agent-workspace/builds/worker-1-tc2/target:/opt/rustwide/target:rw,Z" "-v" "/var/lib/crater-agent-workspace/builds/worker-1-tc2/source:/opt/rustwide/workdir:ro,Z" "-v" "/var/lib/crater-agent-workspace/cargo-home:/opt/rustwide/cargo-home:ro,Z" "-v" "/var/lib/crater-agent-workspace/rustup-home:/opt/rustwide/rustup-home:ro,Z" "-e" "SOURCE_DIR=/opt/rustwide/workdir" "-e" "CARGO_TARGET_DIR=/opt/rustwide/target" "-e" "CARGO_INCREMENTAL=0" "-e" "RUST_BACKTRACE=full" "-e" "RUSTFLAGS=--cap-lints=warn" "-e" "RUSTDOCFLAGS=--cap-lints=warn" "-e" "CARGO_HOME=/opt/rustwide/cargo-home" "-e" "RUSTUP_HOME=/opt/rustwide/rustup-home" "-w" "/opt/rustwide/workdir" "-m" "1610612736" "--user" "0:0" "--network" "none" "ghcr.io/rust-lang/crates-build-env/linux@sha256:2788e3201cd34a07e3172128adcd8b3090168a8e3bcc40d7c032b9dda1df7d1c" "/opt/rustwide/cargo-home/bin/cargo" "+beta-2023-12-22" "test" "--frozen" "--no-run" "--message-format=json", kill_on_drop: false }`
[INFO] [stdout] edbe26390780ee606a74936e63e70ab559abab46a9cfe1e317b53ea7a8221132
[INFO] running `Command { std: "docker" "start" "-a" "edbe26390780ee606a74936e63e70ab559abab46a9cfe1e317b53ea7a8221132", kill_on_drop: false }`
[INFO] [stderr]    Compiling hao v0.0.3 (/opt/rustwide/workdir)
[INFO] [stdout] warning: `&` without an explicit lifetime name cannot be used here
[INFO] [stdout]    --> src/dotnet/entries/values.rs:717:31
[INFO] [stdout]     |
[INFO] [stdout] 717 |     const KNOWN_CORLIB_NAMES: &[&'static str] = &[
[INFO] [stdout]     |                               ^
[INFO] [stdout]     |
[INFO] [stdout]     = warning: this was previously accepted by the compiler but is being phased out; it will become a hard error in a future release!
[INFO] [stdout]     = note: for more information, see issue #115010 <https://github.com/rust-lang/rust/issues/115010>
[INFO] [stdout]     = note: `#[warn(elided_lifetimes_in_associated_constant)]` on by default
[INFO] [stdout] help: use the `'static` lifetime
[INFO] [stdout]     |
[INFO] [stdout] 717 |     const KNOWN_CORLIB_NAMES: &'static [&'static str] = &[
[INFO] [stdout]     |                                +++++++
[INFO] [stdout] 
[INFO] [stdout] 
[INFO] [stdout] warning: 1 warning emitted
[INFO] [stdout] 
[INFO] [stdout] 
[INFO] [stdout] warning: `&` without an explicit lifetime name cannot be used here
[INFO] [stdout]    --> src/dotnet/entries/values.rs:717:31
[INFO] [stdout]     |
[INFO] [stdout] 717 |     const KNOWN_CORLIB_NAMES: &[&'static str] = &[
[INFO] [stdout]     |                               ^
[INFO] [stdout]     |
[INFO] [stdout]     = warning: this was previously accepted by the compiler but is being phased out; it will become a hard error in a future release!
[INFO] [stdout]     = note: for more information, see issue #115010 <https://github.com/rust-lang/rust/issues/115010>
[INFO] [stdout]     = note: `#[warn(elided_lifetimes_in_associated_constant)]` on by default
[INFO] [stdout] help: use the `'static` lifetime
[INFO] [stdout]     |
[INFO] [stdout] 717 |     const KNOWN_CORLIB_NAMES: &'static [&'static str] = &[
[INFO] [stdout]     |                                +++++++
[INFO] [stdout] 
[INFO] [stdout] 
[INFO] [stdout] warning: 1 warning emitted
[INFO] [stdout] 
[INFO] [stdout] 
[INFO] [stderr]     Finished test [unoptimized + debuginfo] target(s) in 1.31s
[INFO] running `Command { std: "docker" "inspect" "edbe26390780ee606a74936e63e70ab559abab46a9cfe1e317b53ea7a8221132", kill_on_drop: false }`
[INFO] running `Command { std: "docker" "rm" "-f" "edbe26390780ee606a74936e63e70ab559abab46a9cfe1e317b53ea7a8221132", kill_on_drop: false }`
[INFO] [stdout] edbe26390780ee606a74936e63e70ab559abab46a9cfe1e317b53ea7a8221132
[INFO] running `Command { std: "docker" "create" "-v" "/var/lib/crater-agent-workspace/builds/worker-1-tc2/target:/opt/rustwide/target:rw,Z" "-v" "/var/lib/crater-agent-workspace/builds/worker-1-tc2/source:/opt/rustwide/workdir:ro,Z" "-v" "/var/lib/crater-agent-workspace/cargo-home:/opt/rustwide/cargo-home:ro,Z" "-v" "/var/lib/crater-agent-workspace/rustup-home:/opt/rustwide/rustup-home:ro,Z" "-e" "SOURCE_DIR=/opt/rustwide/workdir" "-e" "CARGO_TARGET_DIR=/opt/rustwide/target" "-e" "CARGO_INCREMENTAL=0" "-e" "RUST_BACKTRACE=full" "-e" "RUSTFLAGS=--cap-lints=warn" "-e" "RUSTDOCFLAGS=--cap-lints=warn" "-e" "CARGO_HOME=/opt/rustwide/cargo-home" "-e" "RUSTUP_HOME=/opt/rustwide/rustup-home" "-w" "/opt/rustwide/workdir" "-m" "1610612736" "--user" "0:0" "--network" "none" "ghcr.io/rust-lang/crates-build-env/linux@sha256:2788e3201cd34a07e3172128adcd8b3090168a8e3bcc40d7c032b9dda1df7d1c" "/opt/rustwide/cargo-home/bin/cargo" "+beta-2023-12-22" "test" "--frozen", kill_on_drop: false }`
[INFO] [stdout] 21c12ef3f16239196f0abdd5291554a14e2d43da5b08f2fd5ba28c12d8b2c36f
[INFO] running `Command { std: "docker" "start" "-a" "21c12ef3f16239196f0abdd5291554a14e2d43da5b08f2fd5ba28c12d8b2c36f", kill_on_drop: false }`
[INFO] [stderr] warning: `&` without an explicit lifetime name cannot be used here
[INFO] [stderr]    --> src/dotnet/entries/values.rs:717:31
[INFO] [stderr]     |
[INFO] [stderr] 717 |     const KNOWN_CORLIB_NAMES: &[&'static str] = &[
[INFO] [stderr]     |                               ^
[INFO] [stderr]     |
[INFO] [stderr]     = warning: this was previously accepted by the compiler but is being phased out; it will become a hard error in a future release!
[INFO] [stderr]     = note: for more information, see issue #115010 <https://github.com/rust-lang/rust/issues/115010>
[INFO] [stderr]     = note: `#[warn(elided_lifetimes_in_associated_constant)]` on by default
[INFO] [stderr] help: use the `'static` lifetime
[INFO] [stderr]     |
[INFO] [stderr] 717 |     const KNOWN_CORLIB_NAMES: &'static [&'static str] = &[
[INFO] [stderr]     |                                +++++++
[INFO] [stderr] 
[INFO] [stderr] warning: `hao` (lib) generated 1 warning (run `cargo fix --lib -p hao` to apply 1 suggestion)
[INFO] [stderr] warning: `hao` (lib test) generated 1 warning (1 duplicate)
[INFO] [stderr]     Finished test [unoptimized + debuginfo] target(s) in 0.01s
[INFO] [stderr]      Running unittests src/lib.rs (/opt/rustwide/target/debug/deps/hao-f7be6940c6b65db0)
[INFO] [stdout] 
[INFO] [stdout] running 0 tests
[INFO] [stdout] 
[INFO] [stdout] test result: ok. 0 passed; 0 failed; 0 ignored; 0 measured; 0 filtered out; finished in 0.00s
[INFO] [stdout] 
[INFO] [stderr]    Doc-tests hao
[INFO] [stdout] 
[INFO] [stdout] running 13 tests
[INFO] [stdout] test src/dotnet/module/loaded.rs - dotnet::module::loaded::Module (line 16) - compile ... FAILED
[INFO] [stdout] test src/dotnet/module/loaded.rs - dotnet::module::loaded::Module::from_metadata (line 78) - compile ... ok
[INFO] [stdout] test src/dotnet/module/loaded.rs - dotnet::module::loaded::Module::from_path (line 45) - compile ... FAILED
[INFO] [stdout] test src/dotnet/module/loaded.rs - dotnet::module::loaded::Module::from_path_no_resolve (line 65) - compile ... FAILED
[INFO] [stdout] test src/dotnet/entries/values.rs - dotnet::entries::values::TypeDef::methods (line 274) ... ok
[INFO] [stdout] test src/dotnet/module/loaded.rs - dotnet::module::loaded::Module::all_methods (line 182) ... ok
[INFO] [stdout] test src/dotnet/module/loaded.rs - dotnet::module::loaded::Module::all_params (line 198) ... ok
[INFO] [stdout] test src/dotnet/entries/values.rs - dotnet::entries::values::Method::params (line 514) ... ok
[INFO] [stdout] test src/dotnet/module/loaded.rs - dotnet::module::loaded::Module::all_fields (line 166) ... ok
[INFO] [stdout] test src/dotnet/entries/well_known.rs - dotnet::entries::well_known::WellKnown (line 8) ... ok
[INFO] [stdout] test src/dotnet/entries/values.rs - dotnet::entries::values::TypeDef::fields (line 259) ... ok
[INFO] [stdout] test src/lib.rs - (line 13) - compile ... ok
[INFO] [stdout] test src/dotnet/module/loaded.rs - dotnet::module::loaded::Module::types (line 150) ... ok
[INFO] [stdout] 
[INFO] [stdout] failures:
[INFO] [stdout] 
[INFO] [stdout] ---- src/dotnet/module/loaded.rs - dotnet::module::loaded::Module (line 16) stdout ----
[INFO] [stdout] error[E0599]: no function or associated item named `from_file` found for struct `hao::Module` in the current scope
[INFO] [stdout]   --> src/dotnet/module/loaded.rs:19:22
[INFO] [stdout]    |
[INFO] [stdout] 6  | let module = Module::from_file(r#"Example.Net.dll"#);
[INFO] [stdout]    |                      ^^^^^^^^^ function or associated item not found in `Module`
[INFO] [stdout]    |
[INFO] [stdout] note: if you're trying to build a new `hao::Module` consider using one of the following associated functions:
[INFO] [stdout]       hao::Module::from_path
[INFO] [stdout]       hao::Module::from_path_no_resolve
[INFO] [stdout]       hao::Module::from_metadata
[INFO] [stdout]   --> /opt/rustwide/workdir/src/dotnet/module/loaded.rs:48:5
[INFO] [stdout]    |
[INFO] [stdout] 48 |     pub fn from_path(path: impl AsRef<std::path::Path>) -> Result<Self> {
[INFO] [stdout]    |     ^^^^^^^^^^^^^^^^^^^^^^^^^^^^^^^^^^^^^^^^^^^^^^^^^^^^^^^^^^^^^^^^^^^
[INFO] [stdout] ...
[INFO] [stdout] 68 |     pub fn from_path_no_resolve(path: impl AsRef<std::path::Path>) -> Result<Self> {
[INFO] [stdout]    |     ^^^^^^^^^^^^^^^^^^^^^^^^^^^^^^^^^^^^^^^^^^^^^^^^^^^^^^^^^^^^^^^^^^^^^^^^^^^^^^
[INFO] [stdout] ...
[INFO] [stdout] 84 |     pub fn from_metadata(metadada: &Metadata) -> Result<Self> {
[INFO] [stdout]    |     ^^^^^^^^^^^^^^^^^^^^^^^^^^^^^^^^^^^^^^^^^^^^^^^^^^^^^^^^^
[INFO] [stdout] 
[INFO] [stdout] error: aborting due to 1 previous error
[INFO] [stdout] 
[INFO] [stdout] For more information about this error, try `rustc --explain E0599`.
[INFO] [stdout] Couldn't compile the test.
[INFO] [stdout] ---- src/dotnet/module/loaded.rs - dotnet::module::loaded::Module::from_path (line 45) stdout ----
[INFO] [stdout] error[E0433]: failed to resolve: use of undeclared type `Module`
[INFO] [stdout]  --> src/dotnet/module/loaded.rs:46:14
[INFO] [stdout]   |
[INFO] [stdout] 3 | let module = Module::from_path(r#"Example.Net.dll"#)?;
[INFO] [stdout]   |              ^^^^^^ use of undeclared type `Module`
[INFO] [stdout]   |
[INFO] [stdout] help: consider importing this struct
[INFO] [stdout]   |
[INFO] [stdout] 2 + use hao::Module;
[INFO] [stdout]   |
[INFO] [stdout] 
[INFO] [stdout] error: aborting due to 1 previous error
[INFO] [stdout] 
[INFO] [stdout] For more information about this error, try `rustc --explain E0433`.
[INFO] [stdout] Couldn't compile the test.
[INFO] [stdout] ---- src/dotnet/module/loaded.rs - dotnet::module::loaded::Module::from_path_no_resolve (line 65) stdout ----
[INFO] [stdout] error[E0433]: failed to resolve: use of undeclared type `Module`
[INFO] [stdout]  --> src/dotnet/module/loaded.rs:66:14
[INFO] [stdout]   |
[INFO] [stdout] 3 | let module = Module::from_path_no_resolve(r#"Example.Net.dll"#)?;
[INFO] [stdout]   |              ^^^^^^ use of undeclared type `Module`
[INFO] [stdout]   |
[INFO] [stdout] help: consider importing this struct
[INFO] [stdout]   |
[INFO] [stdout] 2 + use hao::Module;
[INFO] [stdout]   |
[INFO] [stdout] 
[INFO] [stdout] error: aborting due to 1 previous error
[INFO] [stdout] 
[INFO] [stdout] For more information about this error, try `rustc --explain E0433`.
[INFO] [stdout] Couldn't compile the test.
[INFO] [stdout] 
[INFO] [stdout] failures:
[INFO] [stdout]     src/dotnet/module/loaded.rs - dotnet::module::loaded::Module (line 16)
[INFO] [stdout]     src/dotnet/module/loaded.rs - dotnet::module::loaded::Module::from_path (line 45)
[INFO] [stdout]     src/dotnet/module/loaded.rs - dotnet::module::loaded::Module::from_path_no_resolve (line 65)
[INFO] [stdout] 
[INFO] [stdout] test result: FAILED. 10 passed; 3 failed; 0 ignored; 0 measured; 0 filtered out; finished in 0.57s
[INFO] [stdout] 
[INFO] [stderr] error: doctest failed, to rerun pass `--doc`
[INFO] running `Command { std: "docker" "inspect" "21c12ef3f16239196f0abdd5291554a14e2d43da5b08f2fd5ba28c12d8b2c36f", kill_on_drop: false }`
[INFO] running `Command { std: "docker" "rm" "-f" "21c12ef3f16239196f0abdd5291554a14e2d43da5b08f2fd5ba28c12d8b2c36f", kill_on_drop: false }`
[INFO] [stdout] 21c12ef3f16239196f0abdd5291554a14e2d43da5b08f2fd5ba28c12d8b2c36f
