[INFO] fetching crate hafas-rs 0.1.0...
[INFO] testing hafas-rs-0.1.0 against 1.75.0 for beta-1.76-1
[INFO] extracting crate hafas-rs 0.1.0 into /workspace/builds/worker-0-tc1/source
[INFO] validating manifest of crates.io crate hafas-rs 0.1.0 on toolchain 1.75.0
[INFO] running `Command { std: CARGO_HOME="/workspace/cargo-home" RUSTUP_HOME="/workspace/rustup-home" "/workspace/cargo-home/bin/cargo" "+1.75.0" "metadata" "--manifest-path" "Cargo.toml" "--no-deps", kill_on_drop: false }`
[INFO] started tweaking crates.io crate hafas-rs 0.1.0
[INFO] finished tweaking crates.io crate hafas-rs 0.1.0
[INFO] tweaked toml for crates.io crate hafas-rs 0.1.0 written to /workspace/builds/worker-0-tc1/source/Cargo.toml
[INFO] crate crates.io crate hafas-rs 0.1.0 already has a lockfile, it will not be regenerated
[INFO] running `Command { std: CARGO_HOME="/workspace/cargo-home" RUSTUP_HOME="/workspace/rustup-home" "/workspace/cargo-home/bin/cargo" "+1.75.0" "fetch" "--manifest-path" "Cargo.toml", kill_on_drop: false }`
[INFO] [stderr]     Updating crates.io index
[INFO] [stderr]  Downloading crates ...
[INFO] [stderr]   Downloaded siphasher v0.3.9
[INFO] [stderr]   Downloaded serde_repr v0.1.7
[INFO] [stderr]   Downloaded chrono-tz-build v0.2.0
[INFO] [stderr]   Downloaded rustls-native-certs v0.6.1
[INFO] [stderr]   Downloaded anyhow v1.0.53
[INFO] [stderr]   Downloaded tracing v0.1.30
[INFO] [stderr]   Downloaded serde_json v1.0.78
[INFO] [stderr]   Downloaded hyper v0.14.17
[INFO] [stderr]   Downloaded geojson v0.24.1
[INFO] [stderr]   Downloaded chrono-tz v0.8.3
[INFO] [stderr]   Downloaded syn v2.0.31
[INFO] [stderr]   Downloaded tracing-core v0.1.22
[INFO] [stderr]   Downloaded async-trait v0.1.52
[INFO] [stderr]   Downloaded polyline v0.10.1
[INFO] [stderr]   Downloaded geo-types v0.7.11
[INFO] running `Command { std: "docker" "create" "-v" "/var/lib/crater-agent-workspace/builds/worker-0-tc1/target:/opt/rustwide/target:rw,Z" "-v" "/var/lib/crater-agent-workspace/builds/worker-0-tc1/source:/opt/rustwide/workdir:ro,Z" "-v" "/var/lib/crater-agent-workspace/cargo-home:/opt/rustwide/cargo-home:ro,Z" "-v" "/var/lib/crater-agent-workspace/rustup-home:/opt/rustwide/rustup-home:ro,Z" "-e" "SOURCE_DIR=/opt/rustwide/workdir" "-e" "CARGO_TARGET_DIR=/opt/rustwide/target" "-e" "CARGO_HOME=/opt/rustwide/cargo-home" "-e" "RUSTUP_HOME=/opt/rustwide/rustup-home" "-w" "/opt/rustwide/workdir" "-m" "1610612736" "--user" "0:0" "--network" "none" "ghcr.io/rust-lang/crates-build-env/linux@sha256:2788e3201cd34a07e3172128adcd8b3090168a8e3bcc40d7c032b9dda1df7d1c" "/opt/rustwide/cargo-home/bin/cargo" "+1.75.0" "metadata" "--no-deps" "--format-version=1", kill_on_drop: false }`
[INFO] [stdout] 78cf733b81a706ed2c2dc890b84759aa261b11bb57d342fe095c1d88a67ef793
[INFO] running `Command { std: "docker" "start" "-a" "78cf733b81a706ed2c2dc890b84759aa261b11bb57d342fe095c1d88a67ef793", kill_on_drop: false }`
[INFO] running `Command { std: "docker" "inspect" "78cf733b81a706ed2c2dc890b84759aa261b11bb57d342fe095c1d88a67ef793", kill_on_drop: false }`
[INFO] running `Command { std: "docker" "rm" "-f" "78cf733b81a706ed2c2dc890b84759aa261b11bb57d342fe095c1d88a67ef793", kill_on_drop: false }`
[INFO] [stdout] 78cf733b81a706ed2c2dc890b84759aa261b11bb57d342fe095c1d88a67ef793
[INFO] running `Command { std: "docker" "create" "-v" "/var/lib/crater-agent-workspace/builds/worker-0-tc1/target:/opt/rustwide/target:rw,Z" "-v" "/var/lib/crater-agent-workspace/builds/worker-0-tc1/source:/opt/rustwide/workdir:ro,Z" "-v" "/var/lib/crater-agent-workspace/cargo-home:/opt/rustwide/cargo-home:ro,Z" "-v" "/var/lib/crater-agent-workspace/rustup-home:/opt/rustwide/rustup-home:ro,Z" "-e" "SOURCE_DIR=/opt/rustwide/workdir" "-e" "CARGO_TARGET_DIR=/opt/rustwide/target" "-e" "CARGO_INCREMENTAL=0" "-e" "RUST_BACKTRACE=full" "-e" "RUSTFLAGS=--cap-lints=warn" "-e" "RUSTDOCFLAGS=--cap-lints=warn" "-e" "CARGO_HOME=/opt/rustwide/cargo-home" "-e" "RUSTUP_HOME=/opt/rustwide/rustup-home" "-w" "/opt/rustwide/workdir" "-m" "1610612736" "--user" "0:0" "--network" "none" "ghcr.io/rust-lang/crates-build-env/linux@sha256:2788e3201cd34a07e3172128adcd8b3090168a8e3bcc40d7c032b9dda1df7d1c" "/opt/rustwide/cargo-home/bin/cargo" "+1.75.0" "build" "--frozen" "--message-format=json", kill_on_drop: false }`
[INFO] [stdout] 430fb0c7ed099ab3c572ac2406ad85cca935c892d8324af03d594100e7915b15
[INFO] running `Command { std: "docker" "start" "-a" "430fb0c7ed099ab3c572ac2406ad85cca935c892d8324af03d594100e7915b15", kill_on_drop: false }`
[INFO] [stderr]    Compiling proc-macro2 v1.0.66
[INFO] [stderr]    Compiling unicode-ident v1.0.11
[INFO] [stderr]    Compiling syn v1.0.86
[INFO] [stderr]    Compiling libc v0.2.147
[INFO] [stderr]    Compiling siphasher v0.3.9
[INFO] [stderr]    Compiling cc v1.0.72
[INFO] [stderr]    Compiling libm v0.2.7
[INFO] [stderr]    Compiling num-traits v0.2.14
[INFO] [stderr]    Compiling serde v1.0.136
[INFO] [stderr]    Compiling phf_shared v0.11.2
[INFO] [stderr]    Compiling pin-project-lite v0.2.13
[INFO] [stderr]    Compiling version_check v0.9.4
[INFO] [stderr]    Compiling rand_core v0.6.3
[INFO] [stderr]    Compiling typenum v1.16.0
[INFO] [stderr]    Compiling futures-core v0.3.21
[INFO] [stderr]    Compiling rand v0.8.4
[INFO] [stderr]    Compiling generic-array v0.14.7
[INFO] [stderr]    Compiling regex-syntax v0.6.25
[INFO] [stderr]    Compiling quote v1.0.33
[INFO] [stderr]    Compiling ring v0.16.20
[INFO] [stderr]    Compiling log v0.4.20
[INFO] [stderr]    Compiling once_cell v1.18.0
[INFO] [stderr]    Compiling phf_generator v0.11.2
[INFO] [stderr]    Compiling slab v0.4.9
[INFO] [stderr]    Compiling phf_codegen v0.11.2
[INFO] [stderr]    Compiling socket2 v0.5.3
[INFO] [stderr]    Compiling mio v0.8.8
[INFO] [stderr]    Compiling phf v0.11.2
[INFO] [stderr]    Compiling num-integer v0.1.44
[INFO] [stderr]    Compiling futures-channel v0.3.21
[INFO] [stderr]    Compiling regex v1.5.4
[INFO] [stderr]    Compiling httparse v1.6.0
[INFO] [stderr]    Compiling futures-util v0.3.21
[INFO] [stderr]    Compiling rustls v0.21.7
[INFO] [stderr]    Compiling tracing-core v0.1.22
[INFO] [stderr]    Compiling tokio v1.32.0
[INFO] [stderr]    Compiling parse-zoneinfo v0.3.0
[INFO] [stderr]    Compiling serde_json v1.0.78
[INFO] [stderr]    Compiling tracing v0.1.30
[INFO] [stderr]    Compiling rustls-pemfile v0.2.1
[INFO] [stderr]    Compiling want v0.3.0
[INFO] [stderr]    Compiling crypto-common v0.1.6
[INFO] [stderr]    Compiling block-buffer v0.10.4
[INFO] [stderr]    Compiling chrono-tz-build v0.2.0
[INFO] [stderr]    Compiling http-body v0.4.4
[INFO] [stderr]    Compiling time v0.1.44
[INFO] [stderr]    Compiling chrono-tz v0.8.3
[INFO] [stderr]    Compiling socket2 v0.4.4
[INFO] [stderr]    Compiling async-trait v0.1.52
[INFO] [stderr]    Compiling rustls-native-certs v0.6.1
[INFO] [stderr]    Compiling digest v0.10.7
[INFO] [stderr]    Compiling hex v0.4.3
[INFO] [stderr]    Compiling md-5 v0.10.5
[INFO] [stderr]    Compiling sct v0.7.0
[INFO] [stderr]    Compiling rustls-webpki v0.101.4
[INFO] [stderr]    Compiling serde_derive v1.0.136
[INFO] [stderr]    Compiling futures-macro v0.3.21
[INFO] [stderr]    Compiling thiserror-impl v1.0.30
[INFO] [stderr]    Compiling serde_repr v0.1.7
[INFO] [stderr]    Compiling thiserror v1.0.30
[INFO] [stderr]    Compiling tokio-rustls v0.24.1
[INFO] [stderr]    Compiling hyper v0.14.17
[INFO] [stderr]    Compiling geo-types v0.7.11
[INFO] [stderr]    Compiling chrono v0.4.19
[INFO] [stderr]    Compiling polyline v0.10.1
[INFO] [stderr]    Compiling hyper-rustls v0.24.1
[INFO] [stderr]    Compiling geojson v0.24.1
[INFO] [stderr]    Compiling hafas-rs v0.1.0 (/opt/rustwide/workdir)
[INFO] [stderr]     Finished dev [unoptimized + debuginfo] target(s) in 28.11s
[INFO] running `Command { std: "docker" "inspect" "430fb0c7ed099ab3c572ac2406ad85cca935c892d8324af03d594100e7915b15", kill_on_drop: false }`
[INFO] running `Command { std: "docker" "rm" "-f" "430fb0c7ed099ab3c572ac2406ad85cca935c892d8324af03d594100e7915b15", kill_on_drop: false }`
[INFO] [stdout] 430fb0c7ed099ab3c572ac2406ad85cca935c892d8324af03d594100e7915b15
[INFO] running `Command { std: "docker" "create" "-v" "/var/lib/crater-agent-workspace/builds/worker-0-tc1/target:/opt/rustwide/target:rw,Z" "-v" "/var/lib/crater-agent-workspace/builds/worker-0-tc1/source:/opt/rustwide/workdir:ro,Z" "-v" "/var/lib/crater-agent-workspace/cargo-home:/opt/rustwide/cargo-home:ro,Z" "-v" "/var/lib/crater-agent-workspace/rustup-home:/opt/rustwide/rustup-home:ro,Z" "-e" "SOURCE_DIR=/opt/rustwide/workdir" "-e" "CARGO_TARGET_DIR=/opt/rustwide/target" "-e" "CARGO_INCREMENTAL=0" "-e" "RUST_BACKTRACE=full" "-e" "RUSTFLAGS=--cap-lints=warn" "-e" "RUSTDOCFLAGS=--cap-lints=warn" "-e" "CARGO_HOME=/opt/rustwide/cargo-home" "-e" "RUSTUP_HOME=/opt/rustwide/rustup-home" "-w" "/opt/rustwide/workdir" "-m" "1610612736" "--user" "0:0" "--network" "none" "ghcr.io/rust-lang/crates-build-env/linux@sha256:2788e3201cd34a07e3172128adcd8b3090168a8e3bcc40d7c032b9dda1df7d1c" "/opt/rustwide/cargo-home/bin/cargo" "+1.75.0" "test" "--frozen" "--no-run" "--message-format=json", kill_on_drop: false }`
[INFO] [stdout] 511ecef9cff20cc6a33bbc8be482c6cb4c092ffe48acb34aeff8143c4607234b
[INFO] running `Command { std: "docker" "start" "-a" "511ecef9cff20cc6a33bbc8be482c6cb4c092ffe48acb34aeff8143c4607234b", kill_on_drop: false }`
[INFO] [stderr]    Compiling log v0.4.20
[INFO] [stderr]    Compiling syn v2.0.31
[INFO] [stderr]    Compiling num_cpus v1.13.1
[INFO] [stderr]    Compiling rustix v0.38.11
[INFO] [stderr]    Compiling linux-raw-sys v0.4.5
[INFO] [stderr]    Compiling bitflags v2.4.0
[INFO] [stderr]    Compiling aho-corasick v0.7.18
[INFO] [stderr]    Compiling regex-syntax v0.6.25
[INFO] [stderr]    Compiling rustls v0.21.7
[INFO] [stderr]    Compiling want v0.3.0
[INFO] [stderr]    Compiling geojson v0.24.1
[INFO] [stderr]    Compiling humantime v2.1.0
[INFO] [stderr]    Compiling regex v1.5.4
[INFO] [stderr]    Compiling is-terminal v0.4.9
[INFO] [stderr]    Compiling env_logger v0.10.0
[INFO] [stderr]    Compiling tokio-macros v2.1.0
[INFO] [stderr]    Compiling tokio v1.32.0
[INFO] [stderr]    Compiling tokio-rustls v0.24.1
[INFO] [stderr]    Compiling hyper v0.14.17
[INFO] [stderr]    Compiling hyper-rustls v0.24.1
[INFO] [stderr]    Compiling hafas-rs v0.1.0 (/opt/rustwide/workdir)
[INFO] [stderr]     Finished test [unoptimized + debuginfo] target(s) in 41.05s
[INFO] running `Command { std: "docker" "inspect" "511ecef9cff20cc6a33bbc8be482c6cb4c092ffe48acb34aeff8143c4607234b", kill_on_drop: false }`
[INFO] running `Command { std: "docker" "rm" "-f" "511ecef9cff20cc6a33bbc8be482c6cb4c092ffe48acb34aeff8143c4607234b", kill_on_drop: false }`
[INFO] [stdout] 511ecef9cff20cc6a33bbc8be482c6cb4c092ffe48acb34aeff8143c4607234b
[INFO] running `Command { std: "docker" "create" "-v" "/var/lib/crater-agent-workspace/builds/worker-0-tc1/target:/opt/rustwide/target:rw,Z" "-v" "/var/lib/crater-agent-workspace/builds/worker-0-tc1/source:/opt/rustwide/workdir:ro,Z" "-v" "/var/lib/crater-agent-workspace/cargo-home:/opt/rustwide/cargo-home:ro,Z" "-v" "/var/lib/crater-agent-workspace/rustup-home:/opt/rustwide/rustup-home:ro,Z" "-e" "SOURCE_DIR=/opt/rustwide/workdir" "-e" "CARGO_TARGET_DIR=/opt/rustwide/target" "-e" "CARGO_INCREMENTAL=0" "-e" "RUST_BACKTRACE=full" "-e" "RUSTFLAGS=--cap-lints=warn" "-e" "RUSTDOCFLAGS=--cap-lints=warn" "-e" "CARGO_HOME=/opt/rustwide/cargo-home" "-e" "RUSTUP_HOME=/opt/rustwide/rustup-home" "-w" "/opt/rustwide/workdir" "-m" "1610612736" "--user" "0:0" "--network" "none" "ghcr.io/rust-lang/crates-build-env/linux@sha256:2788e3201cd34a07e3172128adcd8b3090168a8e3bcc40d7c032b9dda1df7d1c" "/opt/rustwide/cargo-home/bin/cargo" "+1.75.0" "test" "--frozen", kill_on_drop: false }`
[INFO] [stdout] c4d87b11917936d5c3fbeb8e2c566d3b8023eb6a4fa29af6a0ada45bea8ed56c
[INFO] running `Command { std: "docker" "start" "-a" "c4d87b11917936d5c3fbeb8e2c566d3b8023eb6a4fa29af6a0ada45bea8ed56c", kill_on_drop: false }`
[INFO] [stderr]     Finished test [unoptimized + debuginfo] target(s) in 0.19s
[INFO] [stderr]      Running unittests src/lib.rs (/opt/rustwide/target/debug/deps/hafas_rs-00c9292eff8d2267)
[INFO] [stdout] 
[INFO] [stdout] running 66 tests
[INFO] [stdout] test profile::cfl::test::test_path_available ... FAILED
[INFO] [stdout] test profile::cmta::test::test_search ... FAILED
[INFO] [stdout] test profile::avv::test::test_search ... FAILED
[INFO] [stdout] test profile::avv::test::test_path_available ... FAILED
[INFO] [stdout] test profile::bls::test::test_path_available ... FAILED
[INFO] [stdout] test profile::bls::test::test_search ... FAILED
[INFO] [stdout] test profile::cmta::test::test_path_available ... FAILED
[INFO] [stdout] test profile::cfl::test::test_search ... FAILED
[INFO] [stdout] test profile::dart::test::test_search ... FAILED
[INFO] [stdout] test profile::insa::test::test_search ... FAILED
[INFO] [stdout] test profile::db::test::test_search ... FAILED
[INFO] [stdout] test profile::dart::test::test_path_available ... FAILED
[INFO] [stdout] test profile::insa::test::test_path_available ... FAILED
[INFO] [stdout] test profile::db::test::test_path_available ... FAILED
[INFO] [stdout] test profile::mobil_nrw::test::test_search ... FAILED
[INFO] [stdout] test profile::irish_rail::test::test_path_available ... FAILED
[INFO] [stdout] test profile::mobiliteit_lu::test::test_path_available ... FAILED
[INFO] [stdout] test profile::nahsh::test::test_path_available ... FAILED
[INFO] [stdout] test profile::nvv::test::test_search ... FAILED
[INFO] [stdout] test profile::mobil_nrw::test::test_path_available ... FAILED
[INFO] [stdout] test profile::nahsh::test::test_search ... FAILED
[INFO] [stdout] test profile::irish_rail::test::test_search ... FAILED
[INFO] [stdout] test profile::ooevv::test::test_path_available ... FAILED
[INFO] [stdout] test profile::oebb::test::test_search ... FAILED
[INFO] [stdout] test profile::nvv::test::test_path_available ... FAILED
[INFO] [stdout] test profile::mobiliteit_lu::test::test_search ... FAILED
[INFO] [stdout] test profile::ooevv::test::test_search ... FAILED
[INFO] [stdout] test profile::oebb::test::test_path_available ... FAILED
[INFO] [stdout] test profile::rejseplanen::test::test_search ... FAILED
[INFO] [stdout] test profile::rejseplanen::test::test_path_available ... FAILED
[INFO] [stdout] test profile::rmv::test::test_path_available ... FAILED
[INFO] [stdout] test profile::rsag::test::test_search ... FAILED
[INFO] [stdout] test profile::saarvv::test::test_search ... FAILED
[INFO] [stdout] test profile::saarvv::test::test_path_available ... FAILED
[INFO] [stdout] test profile::rmv::test::test_search ... FAILED
[INFO] [stdout] test profile::salzburg::test::test_path_available ... FAILED
[INFO] [stdout] test profile::rsag::test::test_path_available ... FAILED
[INFO] [stdout] test profile::salzburg::test::test_search ... FAILED
[INFO] [stdout] test profile::sbahn_muenchen::test::test_path_available ... FAILED
[INFO] [stdout] test profile::svv::test::test_path_available ... FAILED
[INFO] [stdout] test profile::vbb::test::test_path_available ... FAILED
[INFO] [stdout] test profile::vbb::test::test_search ... FAILED
[INFO] [stdout] test profile::sbahn_muenchen::test::test_search ... FAILED
[INFO] [stdout] test profile::vbn::test::test_path_available ... FAILED
[INFO] [stdout] test profile::svv::test::test_search ... FAILED
[INFO] [stdout] test profile::vbn::test::test_search ... FAILED
[INFO] [stdout] test profile::vgi::test::test_search ... FAILED
[INFO] [stdout] test profile::verbundlinie::test::test_path_available ... FAILED
[INFO] [stdout] test profile::vgi::test::test_path_available ... FAILED
[INFO] [stdout] test profile::vkg::test::test_search ... FAILED
[INFO] [stdout] test profile::verbundlinie::test::test_search ... FAILED
[INFO] [stdout] test profile::vkg::test::test_path_available ... FAILED
[INFO] [stdout] test profile::vor::test::test_path_available ... FAILED
[INFO] [stdout] test profile::vmt::test::test_path_available ... FAILED
[INFO] [stdout] test profile::vmt::test::test_search ... FAILED
[INFO] [stdout] test profile::vor::test::test_search ... FAILED
[INFO] [stdout] test profile::vos::test::test_path_available ... FAILED
[INFO] [stdout] test profile::vrn::test::test_path_available ... FAILED
[INFO] [stdout] test profile::vos::test::test_search ... FAILED
[INFO] [stdout] test profile::vsn::test::test_path_available ... FAILED
[INFO] [stdout] test profile::vvt::test::test_search ... FAILED
[INFO] [stdout] test profile::vvt::test::test_path_available ... FAILED
[INFO] [stdout] test profile::vrn::test::test_search ... FAILED
[INFO] [stdout] test profile::vsn::test::test_search ... FAILED
[INFO] [stdout] test profile::vvv::test::test_path_available ... FAILED
[INFO] [stdout] test profile::vvv::test::test_search ... FAILED
[INFO] [stderr] error: test failed, to rerun pass `--lib`
[INFO] [stdout] 
[INFO] [stdout] failures:
[INFO] [stdout] 
[INFO] [stdout] ---- profile::cfl::test::test_path_available stdout ----
[INFO] [stdout] Error: Http { source: hyper::Error(Connect, ConnectError("dns error", Custom { kind: Uncategorized, error: "failed to lookup address information: Temporary failure in name resolution" })) }
[INFO] [stdout] 
[INFO] [stdout] ---- profile::cmta::test::test_search stdout ----
[INFO] [stdout] Error: Http { source: hyper::Error(Connect, ConnectError("dns error", Custom { kind: Uncategorized, error: "failed to lookup address information: Temporary failure in name resolution" })) }
[INFO] [stdout] 
[INFO] [stdout] ---- profile::avv::test::test_search stdout ----
[INFO] [stdout] Error: Http { source: hyper::Error(Connect, ConnectError("dns error", Custom { kind: Uncategorized, error: "failed to lookup address information: Temporary failure in name resolution" })) }
[INFO] [stdout] 
[INFO] [stdout] ---- profile::avv::test::test_path_available stdout ----
[INFO] [stdout] Error: Http { source: hyper::Error(Connect, ConnectError("dns error", Custom { kind: Uncategorized, error: "failed to lookup address information: Temporary failure in name resolution" })) }
[INFO] [stdout] 
[INFO] [stdout] ---- profile::bls::test::test_path_available stdout ----
[INFO] [stdout] Error: Http { source: hyper::Error(Connect, ConnectError("dns error", Custom { kind: Uncategorized, error: "failed to lookup address information: Temporary failure in name resolution" })) }
[INFO] [stdout] 
[INFO] [stdout] ---- profile::bls::test::test_search stdout ----
[INFO] [stdout] Error: Http { source: hyper::Error(Connect, ConnectError("dns error", Custom { kind: Uncategorized, error: "failed to lookup address information: Temporary failure in name resolution" })) }
[INFO] [stdout] 
[INFO] [stdout] ---- profile::cmta::test::test_path_available stdout ----
[INFO] [stdout] Error: Http { source: hyper::Error(Connect, ConnectError("dns error", Custom { kind: Uncategorized, error: "failed to lookup address information: Temporary failure in name resolution" })) }
[INFO] [stdout] 
[INFO] [stdout] ---- profile::cfl::test::test_search stdout ----
[INFO] [stdout] Error: Http { source: hyper::Error(Connect, ConnectError("dns error", Custom { kind: Uncategorized, error: "failed to lookup address information: Temporary failure in name resolution" })) }
[INFO] [stdout] 
[INFO] [stdout] ---- profile::dart::test::test_search stdout ----
[INFO] [stdout] Error: Http { source: hyper::Error(Connect, ConnectError("dns error", Custom { kind: Uncategorized, error: "failed to lookup address information: Temporary failure in name resolution" })) }
[INFO] [stdout] 
[INFO] [stdout] ---- profile::insa::test::test_search stdout ----
[INFO] [stdout] Error: Http { source: hyper::Error(Connect, ConnectError("dns error", Custom { kind: Uncategorized, error: "failed to lookup address information: Temporary failure in name resolution" })) }
[INFO] [stdout] 
[INFO] [stdout] ---- profile::db::test::test_search stdout ----
[INFO] [stdout] Error: Http { source: hyper::Error(Connect, ConnectError("dns error", Custom { kind: Uncategorized, error: "failed to lookup address information: Temporary failure in name resolution" })) }
[INFO] [stdout] 
[INFO] [stdout] ---- profile::dart::test::test_path_available stdout ----
[INFO] [stdout] Error: Http { source: hyper::Error(Connect, ConnectError("dns error", Custom { kind: Uncategorized, error: "failed to lookup address information: Temporary failure in name resolution" })) }
[INFO] [stdout] 
[INFO] [stdout] ---- profile::insa::test::test_path_available stdout ----
[INFO] [stdout] Error: Http { source: hyper::Error(Connect, ConnectError("dns error", Custom { kind: Uncategorized, error: "failed to lookup address information: Temporary failure in name resolution" })) }
[INFO] [stdout] 
[INFO] [stdout] ---- profile::db::test::test_path_available stdout ----
[INFO] [stdout] Error: Http { source: hyper::Error(Connect, ConnectError("dns error", Custom { kind: Uncategorized, error: "failed to lookup address information: Temporary failure in name resolution" })) }
[INFO] [stdout] 
[INFO] [stdout] ---- profile::mobil_nrw::test::test_search stdout ----
[INFO] [stdout] Error: Http { source: hyper::Error(Connect, ConnectError("dns error", Custom { kind: Uncategorized, error: "failed to lookup address information: Temporary failure in name resolution" })) }
[INFO] [stdout] 
[INFO] [stdout] ---- profile::irish_rail::test::test_path_available stdout ----
[INFO] [stdout] Error: Http { source: hyper::Error(Connect, ConnectError("dns error", Custom { kind: Uncategorized, error: "failed to lookup address information: Temporary failure in name resolution" })) }
[INFO] [stdout] 
[INFO] [stdout] ---- profile::mobiliteit_lu::test::test_path_available stdout ----
[INFO] [stdout] Error: Http { source: hyper::Error(Connect, ConnectError("dns error", Custom { kind: Uncategorized, error: "failed to lookup address information: Temporary failure in name resolution" })) }
[INFO] [stdout] 
[INFO] [stdout] ---- profile::nahsh::test::test_path_available stdout ----
[INFO] [stdout] Error: Http { source: hyper::Error(Connect, ConnectError("dns error", Custom { kind: Uncategorized, error: "failed to lookup address information: Temporary failure in name resolution" })) }
[INFO] [stdout] 
[INFO] [stdout] ---- profile::nvv::test::test_search stdout ----
[INFO] [stdout] Error: Http { source: hyper::Error(Connect, ConnectError("dns error", Custom { kind: Uncategorized, error: "failed to lookup address information: Temporary failure in name resolution" })) }
[INFO] [stdout] 
[INFO] [stdout] ---- profile::mobil_nrw::test::test_path_available stdout ----
[INFO] [stdout] Error: Http { source: hyper::Error(Connect, ConnectError("dns error", Custom { kind: Uncategorized, error: "failed to lookup address information: Temporary failure in name resolution" })) }
[INFO] [stdout] 
[INFO] [stdout] ---- profile::nahsh::test::test_search stdout ----
[INFO] [stdout] Error: Http { source: hyper::Error(Connect, ConnectError("dns error", Custom { kind: Uncategorized, error: "failed to lookup address information: Temporary failure in name resolution" })) }
[INFO] [stdout] 
[INFO] [stdout] ---- profile::irish_rail::test::test_search stdout ----
[INFO] [stdout] Error: Http { source: hyper::Error(Connect, ConnectError("dns error", Custom { kind: Uncategorized, error: "failed to lookup address information: Temporary failure in name resolution" })) }
[INFO] [stdout] 
[INFO] [stdout] ---- profile::ooevv::test::test_path_available stdout ----
[INFO] [stdout] Error: Http { source: hyper::Error(Connect, ConnectError("dns error", Custom { kind: Uncategorized, error: "failed to lookup address information: Temporary failure in name resolution" })) }
[INFO] [stdout] 
[INFO] [stdout] ---- profile::oebb::test::test_search stdout ----
[INFO] [stdout] Error: Http { source: hyper::Error(Connect, ConnectError("dns error", Custom { kind: Uncategorized, error: "failed to lookup address information: Temporary failure in name resolution" })) }
[INFO] [stdout] 
[INFO] [stdout] ---- profile::nvv::test::test_path_available stdout ----
[INFO] [stdout] Error: Http { source: hyper::Error(Connect, ConnectError("dns error", Custom { kind: Uncategorized, error: "failed to lookup address information: Temporary failure in name resolution" })) }
[INFO] [stdout] 
[INFO] [stdout] ---- profile::mobiliteit_lu::test::test_search stdout ----
[INFO] [stdout] Error: Http { source: hyper::Error(Connect, ConnectError("dns error", Custom { kind: Uncategorized, error: "failed to lookup address information: Temporary failure in name resolution" })) }
[INFO] [stdout] 
[INFO] [stdout] ---- profile::ooevv::test::test_search stdout ----
[INFO] [stdout] Error: Http { source: hyper::Error(Connect, ConnectError("dns error", Custom { kind: Uncategorized, error: "failed to lookup address information: Temporary failure in name resolution" })) }
[INFO] [stdout] 
[INFO] [stdout] ---- profile::oebb::test::test_path_available stdout ----
[INFO] [stdout] Error: Http { source: hyper::Error(Connect, ConnectError("dns error", Custom { kind: Uncategorized, error: "failed to lookup address information: Temporary failure in name resolution" })) }
[INFO] [stdout] 
[INFO] [stdout] ---- profile::rejseplanen::test::test_search stdout ----
[INFO] [stdout] Error: Http { source: hyper::Error(Connect, ConnectError("dns error", Custom { kind: Uncategorized, error: "failed to lookup address information: Temporary failure in name resolution" })) }
[INFO] [stdout] 
[INFO] [stdout] ---- profile::rejseplanen::test::test_path_available stdout ----
[INFO] [stdout] Error: Http { source: hyper::Error(Connect, ConnectError("dns error", Custom { kind: Uncategorized, error: "failed to lookup address information: Temporary failure in name resolution" })) }
[INFO] [stdout] 
[INFO] [stdout] ---- profile::rmv::test::test_path_available stdout ----
[INFO] [stdout] Error: Http { source: hyper::Error(Connect, ConnectError("dns error", Custom { kind: Uncategorized, error: "failed to lookup address information: Temporary failure in name resolution" })) }
[INFO] [stdout] 
[INFO] [stdout] ---- profile::rsag::test::test_search stdout ----
[INFO] [stdout] Error: Http { source: hyper::Error(Connect, ConnectError("dns error", Custom { kind: Uncategorized, error: "failed to lookup address information: Temporary failure in name resolution" })) }
[INFO] [stdout] 
[INFO] [stdout] ---- profile::saarvv::test::test_search stdout ----
[INFO] [stdout] Error: Http { source: hyper::Error(Connect, ConnectError("dns error", Custom { kind: Uncategorized, error: "failed to lookup address information: Temporary failure in name resolution" })) }
[INFO] [stdout] 
[INFO] [stdout] ---- profile::saarvv::test::test_path_available stdout ----
[INFO] [stdout] Error: Http { source: hyper::Error(Connect, ConnectError("dns error", Custom { kind: Uncategorized, error: "failed to lookup address information: Temporary failure in name resolution" })) }
[INFO] [stdout] 
[INFO] [stdout] ---- profile::rmv::test::test_search stdout ----
[INFO] [stdout] Error: Http { source: hyper::Error(Connect, ConnectError("dns error", Custom { kind: Uncategorized, error: "failed to lookup address information: Temporary failure in name resolution" })) }
[INFO] [stdout] 
[INFO] [stdout] ---- profile::salzburg::test::test_path_available stdout ----
[INFO] [stdout] Error: Http { source: hyper::Error(Connect, ConnectError("dns error", Custom { kind: Uncategorized, error: "failed to lookup address information: Temporary failure in name resolution" })) }
[INFO] [stdout] 
[INFO] [stdout] ---- profile::rsag::test::test_path_available stdout ----
[INFO] [stdout] Error: Http { source: hyper::Error(Connect, ConnectError("dns error", Custom { kind: Uncategorized, error: "failed to lookup address information: Temporary failure in name resolution" })) }
[INFO] [stdout] 
[INFO] [stdout] ---- profile::salzburg::test::test_search stdout ----
[INFO] [stdout] Error: Http { source: hyper::Error(Connect, ConnectError("dns error", Custom { kind: Uncategorized, error: "failed to lookup address information: Temporary failure in name resolution" })) }
[INFO] [stdout] 
[INFO] [stdout] ---- profile::sbahn_muenchen::test::test_path_available stdout ----
[INFO] [stdout] Error: Http { source: hyper::Error(Connect, ConnectError("dns error", Custom { kind: Uncategorized, error: "failed to lookup address information: Temporary failure in name resolution" })) }
[INFO] [stdout] 
[INFO] [stdout] ---- profile::svv::test::test_path_available stdout ----
[INFO] [stdout] Error: Http { source: hyper::Error(Connect, ConnectError("dns error", Custom { kind: Uncategorized, error: "failed to lookup address information: Temporary failure in name resolution" })) }
[INFO] [stdout] 
[INFO] [stdout] ---- profile::vbb::test::test_path_available stdout ----
[INFO] [stdout] Error: Http { source: hyper::Error(Connect, ConnectError("dns error", Custom { kind: Uncategorized, error: "failed to lookup address information: Temporary failure in name resolution" })) }
[INFO] [stdout] 
[INFO] [stdout] ---- profile::vbb::test::test_search stdout ----
[INFO] [stdout] Error: Http { source: hyper::Error(Connect, ConnectError("dns error", Custom { kind: Uncategorized, error: "failed to lookup address information: Temporary failure in name resolution" })) }
[INFO] [stdout] 
[INFO] [stdout] ---- profile::sbahn_muenchen::test::test_search stdout ----
[INFO] [stdout] Error: Http { source: hyper::Error(Connect, ConnectError("dns error", Custom { kind: Uncategorized, error: "failed to lookup address information: Temporary failure in name resolution" })) }
[INFO] [stdout] 
[INFO] [stdout] ---- profile::vbn::test::test_path_available stdout ----
[INFO] [stdout] Error: Http { source: hyper::Error(Connect, ConnectError("dns error", Custom { kind: Uncategorized, error: "failed to lookup address information: Temporary failure in name resolution" })) }
[INFO] [stdout] 
[INFO] [stdout] ---- profile::svv::test::test_search stdout ----
[INFO] [stdout] Error: Http { source: hyper::Error(Connect, ConnectError("dns error", Custom { kind: Uncategorized, error: "failed to lookup address information: Temporary failure in name resolution" })) }
[INFO] [stdout] 
[INFO] [stdout] ---- profile::vbn::test::test_search stdout ----
[INFO] [stdout] Error: Http { source: hyper::Error(Connect, ConnectError("dns error", Custom { kind: Uncategorized, error: "failed to lookup address information: Temporary failure in name resolution" })) }
[INFO] [stdout] 
[INFO] [stdout] ---- profile::vgi::test::test_search stdout ----
[INFO] [stdout] Error: Http { source: hyper::Error(Connect, ConnectError("dns error", Custom { kind: Uncategorized, error: "failed to lookup address information: Temporary failure in name resolution" })) }
[INFO] [stdout] 
[INFO] [stdout] ---- profile::verbundlinie::test::test_path_available stdout ----
[INFO] [stdout] Error: Http { source: hyper::Error(Connect, ConnectError("dns error", Custom { kind: Uncategorized, error: "failed to lookup address information: Temporary failure in name resolution" })) }
[INFO] [stdout] 
[INFO] [stdout] ---- profile::vgi::test::test_path_available stdout ----
[INFO] [stdout] Error: Http { source: hyper::Error(Connect, ConnectError("dns error", Custom { kind: Uncategorized, error: "failed to lookup address information: Temporary failure in name resolution" })) }
[INFO] [stdout] 
[INFO] [stdout] ---- profile::vkg::test::test_search stdout ----
[INFO] [stdout] Error: Http { source: hyper::Error(Connect, ConnectError("dns error", Custom { kind: Uncategorized, error: "failed to lookup address information: Temporary failure in name resolution" })) }
[INFO] [stdout] 
[INFO] [stdout] ---- profile::verbundlinie::test::test_search stdout ----
[INFO] [stdout] Error: Http { source: hyper::Error(Connect, ConnectError("dns error", Custom { kind: Uncategorized, error: "failed to lookup address information: Temporary failure in name resolution" })) }
[INFO] [stdout] 
[INFO] [stdout] ---- profile::vkg::test::test_path_available stdout ----
[INFO] [stdout] Error: Http { source: hyper::Error(Connect, ConnectError("dns error", Custom { kind: Uncategorized, error: "failed to lookup address information: Temporary failure in name resolution" })) }
[INFO] [stdout] 
[INFO] [stdout] ---- profile::vor::test::test_path_available stdout ----
[INFO] [stdout] Error: Http { source: hyper::Error(Connect, ConnectError("dns error", Custom { kind: Uncategorized, error: "failed to lookup address information: Temporary failure in name resolution" })) }
[INFO] [stdout] 
[INFO] [stdout] ---- profile::vmt::test::test_path_available stdout ----
[INFO] [stdout] Error: Http { source: hyper::Error(Connect, ConnectError("dns error", Custom { kind: Uncategorized, error: "failed to lookup address information: Temporary failure in name resolution" })) }
[INFO] [stdout] 
[INFO] [stdout] ---- profile::vmt::test::test_search stdout ----
[INFO] [stdout] Error: Http { source: hyper::Error(Connect, ConnectError("dns error", Custom { kind: Uncategorized, error: "failed to lookup address information: Temporary failure in name resolution" })) }
[INFO] [stdout] 
[INFO] [stdout] ---- profile::vor::test::test_search stdout ----
[INFO] [stdout] Error: Http { source: hyper::Error(Connect, ConnectError("dns error", Custom { kind: Uncategorized, error: "failed to lookup address information: Temporary failure in name resolution" })) }
[INFO] [stdout] 
[INFO] [stdout] ---- profile::vos::test::test_path_available stdout ----
[INFO] [stdout] Error: Http { source: hyper::Error(Connect, ConnectError("dns error", Custom { kind: Uncategorized, error: "failed to lookup address information: Temporary failure in name resolution" })) }
[INFO] [stdout] 
[INFO] [stdout] ---- profile::vrn::test::test_path_available stdout ----
[INFO] [stdout] Error: Http { source: hyper::Error(Connect, ConnectError("dns error", Custom { kind: Uncategorized, error: "failed to lookup address information: Temporary failure in name resolution" })) }
[INFO] [stdout] 
[INFO] [stdout] ---- profile::vos::test::test_search stdout ----
[INFO] [stdout] Error: Http { source: hyper::Error(Connect, ConnectError("dns error", Custom { kind: Uncategorized, error: "failed to lookup address information: Temporary failure in name resolution" })) }
[INFO] [stdout] 
[INFO] [stdout] ---- profile::vsn::test::test_path_available stdout ----
[INFO] [stdout] Error: Http { source: hyper::Error(Connect, ConnectError("dns error", Custom { kind: Uncategorized, error: "failed to lookup address information: Temporary failure in name resolution" })) }
[INFO] [stdout] 
[INFO] [stdout] ---- profile::vvt::test::test_search stdout ----
[INFO] [stdout] Error: Http { source: hyper::Error(Connect, ConnectError("dns error", Custom { kind: Uncategorized, error: "failed to lookup address information: Temporary failure in name resolution" })) }
[INFO] [stdout] 
[INFO] [stdout] ---- profile::vvt::test::test_path_available stdout ----
[INFO] [stdout] Error: Http { source: hyper::Error(Connect, ConnectError("dns error", Custom { kind: Uncategorized, error: "failed to lookup address information: Temporary failure in name resolution" })) }
[INFO] [stdout] 
[INFO] [stdout] ---- profile::vrn::test::test_search stdout ----
[INFO] [stdout] Error: Http { source: hyper::Error(Connect, ConnectError("dns error", Custom { kind: Uncategorized, error: "failed to lookup address information: Temporary failure in name resolution" })) }
[INFO] [stdout] 
[INFO] [stdout] ---- profile::vsn::test::test_search stdout ----
[INFO] [stdout] Error: Http { source: hyper::Error(Connect, ConnectError("dns error", Custom { kind: Uncategorized, error: "failed to lookup address information: Temporary failure in name resolution" })) }
[INFO] [stdout] 
[INFO] [stdout] ---- profile::vvv::test::test_path_available stdout ----
[INFO] [stdout] Error: Http { source: hyper::Error(Connect, ConnectError("dns error", Custom { kind: Uncategorized, error: "failed to lookup address information: Temporary failure in name resolution" })) }
[INFO] [stdout] 
[INFO] [stdout] ---- profile::vvv::test::test_search stdout ----
[INFO] [stdout] Error: Http { source: hyper::Error(Connect, ConnectError("dns error", Custom { kind: Uncategorized, error: "failed to lookup address information: Temporary failure in name resolution" })) }
[INFO] [stdout] 
[INFO] [stdout] 
[INFO] [stdout] failures:
[INFO] [stdout]     profile::avv::test::test_path_available
[INFO] [stdout]     profile::avv::test::test_search
[INFO] [stdout]     profile::bls::test::test_path_available
[INFO] [stdout]     profile::bls::test::test_search
[INFO] [stdout]     profile::cfl::test::test_path_available
[INFO] [stdout]     profile::cfl::test::test_search
[INFO] [stdout]     profile::cmta::test::test_path_available
[INFO] [stdout]     profile::cmta::test::test_search
[INFO] [stdout]     profile::dart::test::test_path_available
[INFO] [stdout]     profile::dart::test::test_search
[INFO] [stdout]     profile::db::test::test_path_available
[INFO] [stdout]     profile::db::test::test_search
[INFO] [stdout]     profile::insa::test::test_path_available
[INFO] [stdout]     profile::insa::test::test_search
[INFO] [stdout]     profile::irish_rail::test::test_path_available
[INFO] [stdout]     profile::irish_rail::test::test_search
[INFO] [stdout]     profile::mobil_nrw::test::test_path_available
[INFO] [stdout]     profile::mobil_nrw::test::test_search
[INFO] [stdout]     profile::mobiliteit_lu::test::test_path_available
[INFO] [stdout]     profile::mobiliteit_lu::test::test_search
[INFO] [stdout]     profile::nahsh::test::test_path_available
[INFO] [stdout]     profile::nahsh::test::test_search
[INFO] [stdout]     profile::nvv::test::test_path_available
[INFO] [stdout]     profile::nvv::test::test_search
[INFO] [stdout]     profile::oebb::test::test_path_available
[INFO] [stdout]     profile::oebb::test::test_search
[INFO] [stdout]     profile::ooevv::test::test_path_available
[INFO] [stdout]     profile::ooevv::test::test_search
[INFO] [stdout]     profile::rejseplanen::test::test_path_available
[INFO] [stdout]     profile::rejseplanen::test::test_search
[INFO] [stdout]     profile::rmv::test::test_path_available
[INFO] [stdout]     profile::rmv::test::test_search
[INFO] [stdout]     profile::rsag::test::test_path_available
[INFO] [stdout]     profile::rsag::test::test_search
[INFO] [stdout]     profile::saarvv::test::test_path_available
[INFO] [stdout]     profile::saarvv::test::test_search
[INFO] [stdout]     profile::salzburg::test::test_path_available
[INFO] [stdout]     profile::salzburg::test::test_search
[INFO] [stdout]     profile::sbahn_muenchen::test::test_path_available
[INFO] [stdout]     profile::sbahn_muenchen::test::test_search
[INFO] [stdout]     profile::svv::test::test_path_available
[INFO] [stdout]     profile::svv::test::test_search
[INFO] [stdout]     profile::vbb::test::test_path_available
[INFO] [stdout]     profile::vbb::test::test_search
[INFO] [stdout]     profile::vbn::test::test_path_available
[INFO] [stdout]     profile::vbn::test::test_search
[INFO] [stdout]     profile::verbundlinie::test::test_path_available
[INFO] [stdout]     profile::verbundlinie::test::test_search
[INFO] [stdout]     profile::vgi::test::test_path_available
[INFO] [stdout]     profile::vgi::test::test_search
[INFO] [stdout]     profile::vkg::test::test_path_available
[INFO] [stdout]     profile::vkg::test::test_search
[INFO] [stdout]     profile::vmt::test::test_path_available
[INFO] [stdout]     profile::vmt::test::test_search
[INFO] [stdout]     profile::vor::test::test_path_available
[INFO] [stdout]     profile::vor::test::test_search
[INFO] [stdout]     profile::vos::test::test_path_available
[INFO] [stdout]     profile::vos::test::test_search
[INFO] [stdout]     profile::vrn::test::test_path_available
[INFO] [stdout]     profile::vrn::test::test_search
[INFO] [stdout]     profile::vsn::test::test_path_available
[INFO] [stdout]     profile::vsn::test::test_search
[INFO] [stdout]     profile::vvt::test::test_path_available
[INFO] [stdout]     profile::vvt::test::test_search
[INFO] [stdout]     profile::vvv::test::test_path_available
[INFO] [stdout]     profile::vvv::test::test_search
[INFO] [stdout] 
[INFO] [stdout] test result: FAILED. 0 passed; 66 failed; 0 ignored; 0 measured; 0 filtered out; finished in 0.64s
[INFO] [stdout] 
[INFO] running `Command { std: "docker" "inspect" "c4d87b11917936d5c3fbeb8e2c566d3b8023eb6a4fa29af6a0ada45bea8ed56c", kill_on_drop: false }`
[INFO] running `Command { std: "docker" "rm" "-f" "c4d87b11917936d5c3fbeb8e2c566d3b8023eb6a4fa29af6a0ada45bea8ed56c", kill_on_drop: false }`
[INFO] [stdout] c4d87b11917936d5c3fbeb8e2c566d3b8023eb6a4fa29af6a0ada45bea8ed56c
