[INFO] fetching crate gy-21 0.2.0...
[INFO] testing gy-21-0.2.0 against 1.75.0 for beta-1.76-1
[INFO] extracting crate gy-21 0.2.0 into /workspace/builds/worker-2-tc1/source
[INFO] validating manifest of crates.io crate gy-21 0.2.0 on toolchain 1.75.0
[INFO] running `Command { std: CARGO_HOME="/workspace/cargo-home" RUSTUP_HOME="/workspace/rustup-home" "/workspace/cargo-home/bin/cargo" "+1.75.0" "metadata" "--manifest-path" "Cargo.toml" "--no-deps", kill_on_drop: false }`
[INFO] started tweaking crates.io crate gy-21 0.2.0
[INFO] finished tweaking crates.io crate gy-21 0.2.0
[INFO] tweaked toml for crates.io crate gy-21 0.2.0 written to /workspace/builds/worker-2-tc1/source/Cargo.toml
[INFO] running `Command { std: CARGO_HOME="/workspace/cargo-home" RUSTUP_HOME="/workspace/rustup-home" "/workspace/cargo-home/bin/cargo" "+1.75.0" "generate-lockfile" "--manifest-path" "Cargo.toml", kill_on_drop: false }`
[INFO] [stderr]     Updating crates.io index
[INFO] running `Command { std: CARGO_HOME="/workspace/cargo-home" RUSTUP_HOME="/workspace/rustup-home" "/workspace/cargo-home/bin/cargo" "+1.75.0" "fetch" "--manifest-path" "Cargo.toml", kill_on_drop: false }`
[INFO] running `Command { std: "docker" "create" "-v" "/var/lib/crater-agent-workspace/builds/worker-2-tc1/target:/opt/rustwide/target:rw,Z" "-v" "/var/lib/crater-agent-workspace/builds/worker-2-tc1/source:/opt/rustwide/workdir:ro,Z" "-v" "/var/lib/crater-agent-workspace/cargo-home:/opt/rustwide/cargo-home:ro,Z" "-v" "/var/lib/crater-agent-workspace/rustup-home:/opt/rustwide/rustup-home:ro,Z" "-e" "SOURCE_DIR=/opt/rustwide/workdir" "-e" "CARGO_TARGET_DIR=/opt/rustwide/target" "-e" "CARGO_HOME=/opt/rustwide/cargo-home" "-e" "RUSTUP_HOME=/opt/rustwide/rustup-home" "-w" "/opt/rustwide/workdir" "-m" "1610612736" "--user" "0:0" "--network" "none" "ghcr.io/rust-lang/crates-build-env/linux@sha256:2788e3201cd34a07e3172128adcd8b3090168a8e3bcc40d7c032b9dda1df7d1c" "/opt/rustwide/cargo-home/bin/cargo" "+1.75.0" "metadata" "--no-deps" "--format-version=1", kill_on_drop: false }`
[INFO] [stdout] 4cdac4b0f8f2348f30cf19159c784aaf2109149382c79560f91c0980c7ca7ffc
[INFO] running `Command { std: "docker" "start" "-a" "4cdac4b0f8f2348f30cf19159c784aaf2109149382c79560f91c0980c7ca7ffc", kill_on_drop: false }`
[INFO] running `Command { std: "docker" "inspect" "4cdac4b0f8f2348f30cf19159c784aaf2109149382c79560f91c0980c7ca7ffc", kill_on_drop: false }`
[INFO] running `Command { std: "docker" "rm" "-f" "4cdac4b0f8f2348f30cf19159c784aaf2109149382c79560f91c0980c7ca7ffc", kill_on_drop: false }`
[INFO] [stdout] 4cdac4b0f8f2348f30cf19159c784aaf2109149382c79560f91c0980c7ca7ffc
[INFO] running `Command { std: "docker" "create" "-v" "/var/lib/crater-agent-workspace/builds/worker-2-tc1/target:/opt/rustwide/target:rw,Z" "-v" "/var/lib/crater-agent-workspace/builds/worker-2-tc1/source:/opt/rustwide/workdir:ro,Z" "-v" "/var/lib/crater-agent-workspace/cargo-home:/opt/rustwide/cargo-home:ro,Z" "-v" "/var/lib/crater-agent-workspace/rustup-home:/opt/rustwide/rustup-home:ro,Z" "-e" "SOURCE_DIR=/opt/rustwide/workdir" "-e" "CARGO_TARGET_DIR=/opt/rustwide/target" "-e" "CARGO_INCREMENTAL=0" "-e" "RUST_BACKTRACE=full" "-e" "RUSTFLAGS=--cap-lints=warn" "-e" "RUSTDOCFLAGS=--cap-lints=warn" "-e" "CARGO_HOME=/opt/rustwide/cargo-home" "-e" "RUSTUP_HOME=/opt/rustwide/rustup-home" "-w" "/opt/rustwide/workdir" "-m" "1610612736" "--user" "0:0" "--network" "none" "ghcr.io/rust-lang/crates-build-env/linux@sha256:2788e3201cd34a07e3172128adcd8b3090168a8e3bcc40d7c032b9dda1df7d1c" "/opt/rustwide/cargo-home/bin/cargo" "+1.75.0" "build" "--frozen" "--message-format=json", kill_on_drop: false }`
[INFO] [stdout] df77ff709db46b309b418f9490edcd0dcdcba3d424b5c5b0b16c22f06151f8e0
[INFO] running `Command { std: "docker" "start" "-a" "df77ff709db46b309b418f9490edcd0dcdcba3d424b5c5b0b16c22f06151f8e0", kill_on_drop: false }`
[INFO] [stderr]    Compiling nb v1.1.0
[INFO] [stderr]    Compiling libm v0.2.8
[INFO] [stderr]    Compiling void v1.0.2
[INFO] [stderr]    Compiling nb v0.1.3
[INFO] [stderr]    Compiling embedded-hal v0.2.7
[INFO] [stderr]    Compiling gy-21 v0.2.0 (/opt/rustwide/workdir)
[INFO] [stderr]     Finished dev [unoptimized + debuginfo] target(s) in 0.57s
[INFO] running `Command { std: "docker" "inspect" "df77ff709db46b309b418f9490edcd0dcdcba3d424b5c5b0b16c22f06151f8e0", kill_on_drop: false }`
[INFO] running `Command { std: "docker" "rm" "-f" "df77ff709db46b309b418f9490edcd0dcdcba3d424b5c5b0b16c22f06151f8e0", kill_on_drop: false }`
[INFO] [stdout] df77ff709db46b309b418f9490edcd0dcdcba3d424b5c5b0b16c22f06151f8e0
[INFO] running `Command { std: "docker" "create" "-v" "/var/lib/crater-agent-workspace/builds/worker-2-tc1/target:/opt/rustwide/target:rw,Z" "-v" "/var/lib/crater-agent-workspace/builds/worker-2-tc1/source:/opt/rustwide/workdir:ro,Z" "-v" "/var/lib/crater-agent-workspace/cargo-home:/opt/rustwide/cargo-home:ro,Z" "-v" "/var/lib/crater-agent-workspace/rustup-home:/opt/rustwide/rustup-home:ro,Z" "-e" "SOURCE_DIR=/opt/rustwide/workdir" "-e" "CARGO_TARGET_DIR=/opt/rustwide/target" "-e" "CARGO_INCREMENTAL=0" "-e" "RUST_BACKTRACE=full" "-e" "RUSTFLAGS=--cap-lints=warn" "-e" "RUSTDOCFLAGS=--cap-lints=warn" "-e" "CARGO_HOME=/opt/rustwide/cargo-home" "-e" "RUSTUP_HOME=/opt/rustwide/rustup-home" "-w" "/opt/rustwide/workdir" "-m" "1610612736" "--user" "0:0" "--network" "none" "ghcr.io/rust-lang/crates-build-env/linux@sha256:2788e3201cd34a07e3172128adcd8b3090168a8e3bcc40d7c032b9dda1df7d1c" "/opt/rustwide/cargo-home/bin/cargo" "+1.75.0" "test" "--frozen" "--no-run" "--message-format=json", kill_on_drop: false }`
[INFO] [stdout] d994f8e949297d87d53d69c905705cddbe067a1f920984d6c279d682af406cee
[INFO] running `Command { std: "docker" "start" "-a" "d994f8e949297d87d53d69c905705cddbe067a1f920984d6c279d682af406cee", kill_on_drop: false }`
[INFO] [stderr]    Compiling gy-21 v0.2.0 (/opt/rustwide/workdir)
[INFO] [stderr]     Finished test [unoptimized + debuginfo] target(s) in 0.20s
[INFO] running `Command { std: "docker" "inspect" "d994f8e949297d87d53d69c905705cddbe067a1f920984d6c279d682af406cee", kill_on_drop: false }`
[INFO] running `Command { std: "docker" "rm" "-f" "d994f8e949297d87d53d69c905705cddbe067a1f920984d6c279d682af406cee", kill_on_drop: false }`
[INFO] [stdout] d994f8e949297d87d53d69c905705cddbe067a1f920984d6c279d682af406cee
[INFO] running `Command { std: "docker" "create" "-v" "/var/lib/crater-agent-workspace/builds/worker-2-tc1/target:/opt/rustwide/target:rw,Z" "-v" "/var/lib/crater-agent-workspace/builds/worker-2-tc1/source:/opt/rustwide/workdir:ro,Z" "-v" "/var/lib/crater-agent-workspace/cargo-home:/opt/rustwide/cargo-home:ro,Z" "-v" "/var/lib/crater-agent-workspace/rustup-home:/opt/rustwide/rustup-home:ro,Z" "-e" "SOURCE_DIR=/opt/rustwide/workdir" "-e" "CARGO_TARGET_DIR=/opt/rustwide/target" "-e" "CARGO_INCREMENTAL=0" "-e" "RUST_BACKTRACE=full" "-e" "RUSTFLAGS=--cap-lints=warn" "-e" "RUSTDOCFLAGS=--cap-lints=warn" "-e" "CARGO_HOME=/opt/rustwide/cargo-home" "-e" "RUSTUP_HOME=/opt/rustwide/rustup-home" "-w" "/opt/rustwide/workdir" "-m" "1610612736" "--user" "0:0" "--network" "none" "ghcr.io/rust-lang/crates-build-env/linux@sha256:2788e3201cd34a07e3172128adcd8b3090168a8e3bcc40d7c032b9dda1df7d1c" "/opt/rustwide/cargo-home/bin/cargo" "+1.75.0" "test" "--frozen", kill_on_drop: false }`
[INFO] [stdout] 60030136d4daed1ae4d9eeb2af3ce4f8b1f8c24817fddaab4cb57d8accc2e7d3
[INFO] running `Command { std: "docker" "start" "-a" "60030136d4daed1ae4d9eeb2af3ce4f8b1f8c24817fddaab4cb57d8accc2e7d3", kill_on_drop: false }`
[INFO] [stderr]     Finished test [unoptimized + debuginfo] target(s) in 0.00s
[INFO] [stderr]      Running unittests src/lib.rs (/opt/rustwide/target/debug/deps/gy_21-2460430a0df412a9)
[INFO] [stdout] 
[INFO] [stdout] running 0 tests
[INFO] [stdout] 
[INFO] [stdout] test result: ok. 0 passed; 0 failed; 0 ignored; 0 measured; 0 filtered out; finished in 0.00s
[INFO] [stdout] 
[INFO] [stderr]    Doc-tests gy-21
[INFO] [stdout] 
[INFO] [stdout] running 7 tests
[INFO] [stdout] test src/lib.rs - Gy21<I2C,DL>::new (line 85) - compile ... FAILED
[INFO] [stdout] test src/lib.rs - Gy21<I2C,DL>::with_address (line 98) - compile ... FAILED
[INFO] [stdout] test src/lib.rs - (line 23) - compile ... FAILED
[INFO] [stdout] test src/lib.rs - Gy21<I2C,DL>::humidity (line 158) - compile ... FAILED
[INFO] [stdout] test src/lib.rs - Gy21<I2C,DL>::dew_point_temp (line 181) - compile ... FAILED
[INFO] [stdout] test src/lib.rs - Gy21<I2C,DL>::temperature (line 137) - compile ... FAILED
[INFO] [stdout] test src/lib.rs - (line 13) - compile ... FAILED
[INFO] [stdout] 
[INFO] [stdout] failures:
[INFO] [stdout] 
[INFO] [stdout] ---- src/lib.rs - Gy21<I2C,DL>::new (line 85) stdout ----
[INFO] [stdout] error[E0433]: failed to resolve: use of undeclared type `Gy21`
[INFO] [stdout]  --> src/lib.rs:87:13
[INFO] [stdout]   |
[INFO] [stdout] 5 | let gy_21 = Gy21::new(i2c, delay);
[INFO] [stdout]   |             ^^^^ use of undeclared type `Gy21`
[INFO] [stdout]   |
[INFO] [stdout] help: consider importing this struct
[INFO] [stdout]   |
[INFO] [stdout] 2 + use gy_21::Gy21;
[INFO] [stdout]   |
[INFO] [stdout] 
[INFO] [stdout] error[E0425]: cannot find value `i2c` in this scope
[INFO] [stdout]  --> src/lib.rs:87:23
[INFO] [stdout]   |
[INFO] [stdout] 5 | let gy_21 = Gy21::new(i2c, delay);
[INFO] [stdout]   |                       ^^^ not found in this scope
[INFO] [stdout] 
[INFO] [stdout] error[E0425]: cannot find value `delay` in this scope
[INFO] [stdout]  --> src/lib.rs:87:28
[INFO] [stdout]   |
[INFO] [stdout] 5 | let gy_21 = Gy21::new(i2c, delay);
[INFO] [stdout]   |                            ^^^^^ not found in this scope
[INFO] [stdout] 
[INFO] [stdout] error: aborting due to 3 previous errors
[INFO] [stdout] 
[INFO] [stdout] Some errors have detailed explanations: E0425, E0433.
[INFO] [stdout] For more information about an error, try `rustc --explain E0425`.
[INFO] [stdout] Couldn't compile the test.
[INFO] [stdout] ---- src/lib.rs - Gy21<I2C,DL>::with_address (line 98) stdout ----
[INFO] [stdout] error[E0433]: failed to resolve: use of undeclared type `Gy21`
[INFO] [stdout]  --> src/lib.rs:100:13
[INFO] [stdout]   |
[INFO] [stdout] 5 | let gy_21 = Gy21::with_address(i2c, delay, 0x40);
[INFO] [stdout]   |             ^^^^ use of undeclared type `Gy21`
[INFO] [stdout]   |
[INFO] [stdout] help: consider importing this struct
[INFO] [stdout]   |
[INFO] [stdout] 2 + use gy_21::Gy21;
[INFO] [stdout]   |
[INFO] [stdout] 
[INFO] [stdout] error[E0425]: cannot find value `i2c` in this scope
[INFO] [stdout]  --> src/lib.rs:100:32
[INFO] [stdout]   |
[INFO] [stdout] 5 | let gy_21 = Gy21::with_address(i2c, delay, 0x40);
[INFO] [stdout]   |                                ^^^ not found in this scope
[INFO] [stdout] 
[INFO] [stdout] error[E0425]: cannot find value `delay` in this scope
[INFO] [stdout]  --> src/lib.rs:100:37
[INFO] [stdout]   |
[INFO] [stdout] 5 | let gy_21 = Gy21::with_address(i2c, delay, 0x40);
[INFO] [stdout]   |                                     ^^^^^ not found in this scope
[INFO] [stdout] 
[INFO] [stdout] error: aborting due to 3 previous errors
[INFO] [stdout] 
[INFO] [stdout] Some errors have detailed explanations: E0425, E0433.
[INFO] [stdout] For more information about an error, try `rustc --explain E0425`.
[INFO] [stdout] Couldn't compile the test.
[INFO] [stdout] ---- src/lib.rs - (line 23) stdout ----
[INFO] [stdout] error[E0423]: expected value, found crate `gy_21`
[INFO] [stdout]  --> src/lib.rs:25:19
[INFO] [stdout]   |
[INFO] [stdout] 5 | if let Ok(temp) = gy_21.temperature() {
[INFO] [stdout]   |                   ^^^^^- help: use the path separator to refer to an item: `::`
[INFO] [stdout] 
[INFO] [stdout] error[E0423]: expected value, found crate `gy_21`
[INFO] [stdout]  --> src/lib.rs:28:19
[INFO] [stdout]   |
[INFO] [stdout] 8 | if let Ok(rhum) = gy_21.humidity() {
[INFO] [stdout]   |                   ^^^^^- help: use the path separator to refer to an item: `::`
[INFO] [stdout] 
[INFO] [stdout] error[E0423]: expected value, found crate `gy_21`
[INFO] [stdout]   --> src/lib.rs:31:18
[INFO] [stdout]    |
[INFO] [stdout] 11 | if let Ok(dpt) = gy_21.dew_point_temp() {
[INFO] [stdout]    |                  ^^^^^- help: use the path separator to refer to an item: `::`
[INFO] [stdout] 
[INFO] [stdout] error: aborting due to 3 previous errors
[INFO] [stdout] 
[INFO] [stdout] For more information about this error, try `rustc --explain E0423`.
[INFO] [stdout] Couldn't compile the test.
[INFO] [stdout] ---- src/lib.rs - Gy21<I2C,DL>::humidity (line 158) stdout ----
[INFO] [stdout] error: `match` arm body without braces
[INFO] [stdout]  --> src/lib.rs:161:16
[INFO] [stdout]   |
[INFO] [stdout] 6 |     Ok(val) => val;
[INFO] [stdout]   |             -- ^^^ this statement is not surrounded by a body
[INFO] [stdout]   |             |
[INFO] [stdout]   |             while parsing the `match` arm starting here
[INFO] [stdout]   |
[INFO] [stdout] help: replace `;` with `,` to end a `match` arm expression
[INFO] [stdout]   |
[INFO] [stdout] 6 |     Ok(val) => val,
[INFO] [stdout]   |                   ~
[INFO] [stdout] 
[INFO] [stdout] error: expected one of `,`, `.`, `?`, `}`, or an operator, found `!`
[INFO] [stdout]  --> src/lib.rs:162:22
[INFO] [stdout]   |
[INFO] [stdout] 7 |     Err(_) => panic()!
[INFO] [stdout]   |            --        ^ expected one of `,`, `.`, `?`, `}`, or an operator
[INFO] [stdout]   |            |
[INFO] [stdout]   |            while parsing the `match` arm starting here
[INFO] [stdout] 
[INFO] [stdout] error: expected `;`, found `}`
[INFO] [stdout]  --> src/lib.rs:163:2
[INFO] [stdout]   |
[INFO] [stdout] 8 | }
[INFO] [stdout]   |  ^ help: add `;` here
[INFO] [stdout] 9 | } _doctest_main_src_lib_rs_158_0() }
[INFO] [stdout]   | - unexpected token
[INFO] [stdout] 
[INFO] [stdout] error[E0423]: expected value, found crate `gy_21`
[INFO] [stdout]  --> src/lib.rs:160:21
[INFO] [stdout]   |
[INFO] [stdout] 5 | let reading = match gy_21.humidity() {
[INFO] [stdout]   |                     ^^^^^- help: use the path separator to refer to an item: `::`
[INFO] [stdout] 
[INFO] [stdout] error: aborting due to 4 previous errors
[INFO] [stdout] 
[INFO] [stdout] For more information about this error, try `rustc --explain E0423`.
[INFO] [stdout] Couldn't compile the test.
[INFO] [stdout] ---- src/lib.rs - Gy21<I2C,DL>::dew_point_temp (line 181) stdout ----
[INFO] [stdout] error: `match` arm body without braces
[INFO] [stdout]  --> src/lib.rs:184:16
[INFO] [stdout]   |
[INFO] [stdout] 6 |     Ok(val) => val;
[INFO] [stdout]   |             -- ^^^ this statement is not surrounded by a body
[INFO] [stdout]   |             |
[INFO] [stdout]   |             while parsing the `match` arm starting here
[INFO] [stdout]   |
[INFO] [stdout] help: replace `;` with `,` to end a `match` arm expression
[INFO] [stdout]   |
[INFO] [stdout] 6 |     Ok(val) => val,
[INFO] [stdout]   |                   ~
[INFO] [stdout] 
[INFO] [stdout] error: expected one of `,`, `.`, `?`, `}`, or an operator, found `!`
[INFO] [stdout]  --> src/lib.rs:185:22
[INFO] [stdout]   |
[INFO] [stdout] 7 |     Err(_) => panic()!
[INFO] [stdout]   |            --        ^ expected one of `,`, `.`, `?`, `}`, or an operator
[INFO] [stdout]   |            |
[INFO] [stdout]   |            while parsing the `match` arm starting here
[INFO] [stdout] 
[INFO] [stdout] error: expected `;`, found `}`
[INFO] [stdout]  --> src/lib.rs:186:2
[INFO] [stdout]   |
[INFO] [stdout] 8 | }
[INFO] [stdout]   |  ^ help: add `;` here
[INFO] [stdout] 9 | } _doctest_main_src_lib_rs_181_0() }
[INFO] [stdout]   | - unexpected token
[INFO] [stdout] 
[INFO] [stdout] error[E0423]: expected value, found crate `gy_21`
[INFO] [stdout]  --> src/lib.rs:183:21
[INFO] [stdout]   |
[INFO] [stdout] 5 | let reading = match gy_21.dew_point_temp() {
[INFO] [stdout]   |                     ^^^^^- help: use the path separator to refer to an item: `::`
[INFO] [stdout] 
[INFO] [stdout] error: aborting due to 4 previous errors
[INFO] [stdout] 
[INFO] [stdout] For more information about this error, try `rustc --explain E0423`.
[INFO] [stdout] Couldn't compile the test.
[INFO] [stdout] ---- src/lib.rs - Gy21<I2C,DL>::temperature (line 137) stdout ----
[INFO] [stdout] error: `match` arm body without braces
[INFO] [stdout]  --> src/lib.rs:140:16
[INFO] [stdout]   |
[INFO] [stdout] 6 |     Ok(val) => val;
[INFO] [stdout]   |             -- ^^^ this statement is not surrounded by a body
[INFO] [stdout]   |             |
[INFO] [stdout]   |             while parsing the `match` arm starting here
[INFO] [stdout]   |
[INFO] [stdout] help: replace `;` with `,` to end a `match` arm expression
[INFO] [stdout]   |
[INFO] [stdout] 6 |     Ok(val) => val,
[INFO] [stdout]   |                   ~
[INFO] [stdout] 
[INFO] [stdout] error: expected one of `,`, `.`, `?`, `}`, or an operator, found `!`
[INFO] [stdout]  --> src/lib.rs:141:22
[INFO] [stdout]   |
[INFO] [stdout] 7 |     Err(_) => panic()!
[INFO] [stdout]   |            --        ^ expected one of `,`, `.`, `?`, `}`, or an operator
[INFO] [stdout]   |            |
[INFO] [stdout]   |            while parsing the `match` arm starting here
[INFO] [stdout] 
[INFO] [stdout] error: expected `;`, found `}`
[INFO] [stdout]  --> src/lib.rs:142:2
[INFO] [stdout]   |
[INFO] [stdout] 8 | }
[INFO] [stdout]   |  ^ help: add `;` here
[INFO] [stdout] 9 | } _doctest_main_src_lib_rs_137_0() }
[INFO] [stdout]   | - unexpected token
[INFO] [stdout] 
[INFO] [stdout] error[E0423]: expected value, found crate `gy_21`
[INFO] [stdout]  --> src/lib.rs:139:21
[INFO] [stdout]   |
[INFO] [stdout] 5 | let reading = match gy_21.temperature() {
[INFO] [stdout]   |                     ^^^^^- help: use the path separator to refer to an item: `::`
[INFO] [stdout] 
[INFO] [stdout] error: aborting due to 4 previous errors
[INFO] [stdout] 
[INFO] [stdout] For more information about this error, try `rustc --explain E0423`.
[INFO] [stdout] Couldn't compile the test.
[INFO] [stdout] ---- src/lib.rs - (line 13) stdout ----
[INFO] [stdout] error: expected `;`, found `}`
[INFO] [stdout]   --> src/lib.rs:20:49
[INFO] [stdout]    |
[INFO] [stdout] 10 | let gy_21 = Gy21::with_address(i2c, delay, 0x40) // Using 0x39 as the I2C address
[INFO] [stdout]    |                                                 ^ help: add `;` here
[INFO] [stdout] 11 | } _doctest_main_src_lib_rs_13_0() }
[INFO] [stdout]    | - unexpected token
[INFO] [stdout] 
[INFO] [stdout] error[E0433]: failed to resolve: use of undeclared type `Gy21`
[INFO] [stdout]  --> src/lib.rs:18:13
[INFO] [stdout]   |
[INFO] [stdout] 8 | let gy_21 = Gy21::new(i2c, delay); // Using the default I2C address for the sensor (0x40)
[INFO] [stdout]   |             ^^^^ use of undeclared type `Gy21`
[INFO] [stdout]   |
[INFO] [stdout] help: consider importing this struct
[INFO] [stdout]   |
[INFO] [stdout] 5 + use gy_21::Gy21;
[INFO] [stdout]   |
[INFO] [stdout] 
[INFO] [stdout] error[E0425]: cannot find value `i2c` in this scope
[INFO] [stdout]  --> src/lib.rs:18:23
[INFO] [stdout]   |
[INFO] [stdout] 8 | let gy_21 = Gy21::new(i2c, delay); // Using the default I2C address for the sensor (0x40)
[INFO] [stdout]   |                       ^^^ not found in this scope
[INFO] [stdout] 
[INFO] [stdout] error[E0425]: cannot find value `delay` in this scope
[INFO] [stdout]  --> src/lib.rs:18:28
[INFO] [stdout]   |
[INFO] [stdout] 8 | let gy_21 = Gy21::new(i2c, delay); // Using the default I2C address for the sensor (0x40)
[INFO] [stdout]   |                            ^^^^^ not found in this scope
[INFO] [stdout] 
[INFO] [stdout] error[E0433]: failed to resolve: use of undeclared type `Gy21`
[INFO] [stdout]   --> src/lib.rs:20:13
[INFO] [stdout]    |
[INFO] [stdout] 10 | let gy_21 = Gy21::with_address(i2c, delay, 0x40) // Using 0x39 as the I2C address
[INFO] [stdout]    |             ^^^^ use of undeclared type `Gy21`
[INFO] [stdout]    |
[INFO] [stdout] help: consider importing this struct
[INFO] [stdout]    |
[INFO] [stdout] 5  + use gy_21::Gy21;
[INFO] [stdout]    |
[INFO] [stdout] 
[INFO] [stdout] error[E0425]: cannot find value `i2c` in this scope
[INFO] [stdout]   --> src/lib.rs:20:32
[INFO] [stdout]    |
[INFO] [stdout] 10 | let gy_21 = Gy21::with_address(i2c, delay, 0x40) // Using 0x39 as the I2C address
[INFO] [stdout]    |                                ^^^ not found in this scope
[INFO] [stdout] 
[INFO] [stdout] error[E0425]: cannot find value `delay` in this scope
[INFO] [stdout]   --> src/lib.rs:20:37
[INFO] [stdout]    |
[INFO] [stdout] 10 | let gy_21 = Gy21::with_address(i2c, delay, 0x40) // Using 0x39 as the I2C address
[INFO] [stdout]    |                                     ^^^^^ not found in this scope
[INFO] [stdout] 
[INFO] [stdout] error: aborting due to 7 previous errors
[INFO] [stdout] 
[INFO] [stdout] Some errors have detailed explanations: E0425, E0433.
[INFO] [stdout] For more information about an error, try `rustc --explain E0425`.
[INFO] [stdout] Couldn't compile the test.
[INFO] [stdout] 
[INFO] [stdout] failures:
[INFO] [stdout]     src/lib.rs - (line 13)
[INFO] [stdout]     src/lib.rs - (line 23)
[INFO] [stdout]     src/lib.rs - Gy21<I2C,DL>::dew_point_temp (line 181)
[INFO] [stdout]     src/lib.rs - Gy21<I2C,DL>::humidity (line 158)
[INFO] [stdout]     src/lib.rs - Gy21<I2C,DL>::new (line 85)
[INFO] [stdout]     src/lib.rs - Gy21<I2C,DL>::temperature (line 137)
[INFO] [stdout]     src/lib.rs - Gy21<I2C,DL>::with_address (line 98)
[INFO] [stdout] 
[INFO] [stdout] test result: FAILED. 0 passed; 7 failed; 0 ignored; 0 measured; 0 filtered out; finished in 0.05s
[INFO] [stdout] 
[INFO] [stderr] error: doctest failed, to rerun pass `--doc`
[INFO] running `Command { std: "docker" "inspect" "60030136d4daed1ae4d9eeb2af3ce4f8b1f8c24817fddaab4cb57d8accc2e7d3", kill_on_drop: false }`
[INFO] running `Command { std: "docker" "rm" "-f" "60030136d4daed1ae4d9eeb2af3ce4f8b1f8c24817fddaab4cb57d8accc2e7d3", kill_on_drop: false }`
[INFO] [stdout] 60030136d4daed1ae4d9eeb2af3ce4f8b1f8c24817fddaab4cb57d8accc2e7d3
[INFO] testing gy-21-0.2.0 against beta-2023-12-22 for beta-1.76-1
[INFO] extracting crate gy-21 0.2.0 into /workspace/builds/worker-2-tc2/source
[INFO] validating manifest of crates.io crate gy-21 0.2.0 on toolchain beta-2023-12-22
[INFO] running `Command { std: CARGO_HOME="/workspace/cargo-home" RUSTUP_HOME="/workspace/rustup-home" "/workspace/cargo-home/bin/cargo" "+beta-2023-12-22" "metadata" "--manifest-path" "Cargo.toml" "--no-deps", kill_on_drop: false }`
[INFO] started tweaking crates.io crate gy-21 0.2.0
[INFO] finished tweaking crates.io crate gy-21 0.2.0
[INFO] tweaked toml for crates.io crate gy-21 0.2.0 written to /workspace/builds/worker-2-tc2/source/Cargo.toml
[INFO] running `Command { std: CARGO_HOME="/workspace/cargo-home" RUSTUP_HOME="/workspace/rustup-home" "/workspace/cargo-home/bin/cargo" "+beta-2023-12-22" "generate-lockfile" "--manifest-path" "Cargo.toml", kill_on_drop: false }`
[INFO] [stderr]     Updating crates.io index
[INFO] running `Command { std: CARGO_HOME="/workspace/cargo-home" RUSTUP_HOME="/workspace/rustup-home" "/workspace/cargo-home/bin/cargo" "+beta-2023-12-22" "fetch" "--manifest-path" "Cargo.toml", kill_on_drop: false }`
[INFO] running `Command { std: "docker" "create" "-v" "/var/lib/crater-agent-workspace/builds/worker-2-tc2/target:/opt/rustwide/target:rw,Z" "-v" "/var/lib/crater-agent-workspace/builds/worker-2-tc2/source:/opt/rustwide/workdir:ro,Z" "-v" "/var/lib/crater-agent-workspace/cargo-home:/opt/rustwide/cargo-home:ro,Z" "-v" "/var/lib/crater-agent-workspace/rustup-home:/opt/rustwide/rustup-home:ro,Z" "-e" "SOURCE_DIR=/opt/rustwide/workdir" "-e" "CARGO_TARGET_DIR=/opt/rustwide/target" "-e" "CARGO_HOME=/opt/rustwide/cargo-home" "-e" "RUSTUP_HOME=/opt/rustwide/rustup-home" "-w" "/opt/rustwide/workdir" "-m" "1610612736" "--user" "0:0" "--network" "none" "ghcr.io/rust-lang/crates-build-env/linux@sha256:2788e3201cd34a07e3172128adcd8b3090168a8e3bcc40d7c032b9dda1df7d1c" "/opt/rustwide/cargo-home/bin/cargo" "+beta-2023-12-22" "metadata" "--no-deps" "--format-version=1", kill_on_drop: false }`
[INFO] [stdout] d73d8c0941da3ec1e7d9dfe81675e3020ad125392dac998499e094853639cc10
[INFO] running `Command { std: "docker" "start" "-a" "d73d8c0941da3ec1e7d9dfe81675e3020ad125392dac998499e094853639cc10", kill_on_drop: false }`
[INFO] running `Command { std: "docker" "inspect" "d73d8c0941da3ec1e7d9dfe81675e3020ad125392dac998499e094853639cc10", kill_on_drop: false }`
[INFO] running `Command { std: "docker" "rm" "-f" "d73d8c0941da3ec1e7d9dfe81675e3020ad125392dac998499e094853639cc10", kill_on_drop: false }`
[INFO] [stdout] d73d8c0941da3ec1e7d9dfe81675e3020ad125392dac998499e094853639cc10
[INFO] running `Command { std: "docker" "create" "-v" "/var/lib/crater-agent-workspace/builds/worker-2-tc2/target:/opt/rustwide/target:rw,Z" "-v" "/var/lib/crater-agent-workspace/builds/worker-2-tc2/source:/opt/rustwide/workdir:ro,Z" "-v" "/var/lib/crater-agent-workspace/cargo-home:/opt/rustwide/cargo-home:ro,Z" "-v" "/var/lib/crater-agent-workspace/rustup-home:/opt/rustwide/rustup-home:ro,Z" "-e" "SOURCE_DIR=/opt/rustwide/workdir" "-e" "CARGO_TARGET_DIR=/opt/rustwide/target" "-e" "CARGO_INCREMENTAL=0" "-e" "RUST_BACKTRACE=full" "-e" "RUSTFLAGS=--cap-lints=warn" "-e" "RUSTDOCFLAGS=--cap-lints=warn" "-e" "CARGO_HOME=/opt/rustwide/cargo-home" "-e" "RUSTUP_HOME=/opt/rustwide/rustup-home" "-w" "/opt/rustwide/workdir" "-m" "1610612736" "--user" "0:0" "--network" "none" "ghcr.io/rust-lang/crates-build-env/linux@sha256:2788e3201cd34a07e3172128adcd8b3090168a8e3bcc40d7c032b9dda1df7d1c" "/opt/rustwide/cargo-home/bin/cargo" "+beta-2023-12-22" "build" "--frozen" "--message-format=json", kill_on_drop: false }`
[INFO] [stdout] 389fba07ebeafb2f2d7e1bbd8bd4dcd59d902226ca014443b4d6acdbd2093aff
[INFO] running `Command { std: "docker" "start" "-a" "389fba07ebeafb2f2d7e1bbd8bd4dcd59d902226ca014443b4d6acdbd2093aff", kill_on_drop: false }`
[INFO] [stderr]    Compiling nb v1.1.0
[INFO] [stderr]    Compiling libm v0.2.8
[INFO] [stderr]    Compiling void v1.0.2
[INFO] [stderr]    Compiling nb v0.1.3
[INFO] [stderr]    Compiling embedded-hal v0.2.7
[INFO] [stderr]    Compiling gy-21 v0.2.0 (/opt/rustwide/workdir)
[INFO] [stderr]     Finished dev [unoptimized + debuginfo] target(s) in 0.51s
[INFO] running `Command { std: "docker" "inspect" "389fba07ebeafb2f2d7e1bbd8bd4dcd59d902226ca014443b4d6acdbd2093aff", kill_on_drop: false }`
[INFO] running `Command { std: "docker" "rm" "-f" "389fba07ebeafb2f2d7e1bbd8bd4dcd59d902226ca014443b4d6acdbd2093aff", kill_on_drop: false }`
[INFO] [stdout] 389fba07ebeafb2f2d7e1bbd8bd4dcd59d902226ca014443b4d6acdbd2093aff
[INFO] running `Command { std: "docker" "create" "-v" "/var/lib/crater-agent-workspace/builds/worker-2-tc2/target:/opt/rustwide/target:rw,Z" "-v" "/var/lib/crater-agent-workspace/builds/worker-2-tc2/source:/opt/rustwide/workdir:ro,Z" "-v" "/var/lib/crater-agent-workspace/cargo-home:/opt/rustwide/cargo-home:ro,Z" "-v" "/var/lib/crater-agent-workspace/rustup-home:/opt/rustwide/rustup-home:ro,Z" "-e" "SOURCE_DIR=/opt/rustwide/workdir" "-e" "CARGO_TARGET_DIR=/opt/rustwide/target" "-e" "CARGO_INCREMENTAL=0" "-e" "RUST_BACKTRACE=full" "-e" "RUSTFLAGS=--cap-lints=warn" "-e" "RUSTDOCFLAGS=--cap-lints=warn" "-e" "CARGO_HOME=/opt/rustwide/cargo-home" "-e" "RUSTUP_HOME=/opt/rustwide/rustup-home" "-w" "/opt/rustwide/workdir" "-m" "1610612736" "--user" "0:0" "--network" "none" "ghcr.io/rust-lang/crates-build-env/linux@sha256:2788e3201cd34a07e3172128adcd8b3090168a8e3bcc40d7c032b9dda1df7d1c" "/opt/rustwide/cargo-home/bin/cargo" "+beta-2023-12-22" "test" "--frozen" "--no-run" "--message-format=json", kill_on_drop: false }`
[INFO] [stdout] e15ab2ee897b5c1f8b3a93558913b60a0ccbfef0621135d436f4ef35f80c2469
[INFO] running `Command { std: "docker" "start" "-a" "e15ab2ee897b5c1f8b3a93558913b60a0ccbfef0621135d436f4ef35f80c2469", kill_on_drop: false }`
[INFO] [stderr]    Compiling gy-21 v0.2.0 (/opt/rustwide/workdir)
[INFO] [stderr]     Finished test [unoptimized + debuginfo] target(s) in 0.18s
[INFO] running `Command { std: "docker" "inspect" "e15ab2ee897b5c1f8b3a93558913b60a0ccbfef0621135d436f4ef35f80c2469", kill_on_drop: false }`
[INFO] running `Command { std: "docker" "rm" "-f" "e15ab2ee897b5c1f8b3a93558913b60a0ccbfef0621135d436f4ef35f80c2469", kill_on_drop: false }`
[INFO] [stdout] e15ab2ee897b5c1f8b3a93558913b60a0ccbfef0621135d436f4ef35f80c2469
[INFO] running `Command { std: "docker" "create" "-v" "/var/lib/crater-agent-workspace/builds/worker-2-tc2/target:/opt/rustwide/target:rw,Z" "-v" "/var/lib/crater-agent-workspace/builds/worker-2-tc2/source:/opt/rustwide/workdir:ro,Z" "-v" "/var/lib/crater-agent-workspace/cargo-home:/opt/rustwide/cargo-home:ro,Z" "-v" "/var/lib/crater-agent-workspace/rustup-home:/opt/rustwide/rustup-home:ro,Z" "-e" "SOURCE_DIR=/opt/rustwide/workdir" "-e" "CARGO_TARGET_DIR=/opt/rustwide/target" "-e" "CARGO_INCREMENTAL=0" "-e" "RUST_BACKTRACE=full" "-e" "RUSTFLAGS=--cap-lints=warn" "-e" "RUSTDOCFLAGS=--cap-lints=warn" "-e" "CARGO_HOME=/opt/rustwide/cargo-home" "-e" "RUSTUP_HOME=/opt/rustwide/rustup-home" "-w" "/opt/rustwide/workdir" "-m" "1610612736" "--user" "0:0" "--network" "none" "ghcr.io/rust-lang/crates-build-env/linux@sha256:2788e3201cd34a07e3172128adcd8b3090168a8e3bcc40d7c032b9dda1df7d1c" "/opt/rustwide/cargo-home/bin/cargo" "+beta-2023-12-22" "test" "--frozen", kill_on_drop: false }`
[INFO] [stdout] b6d34a8c542c42fc9828a4542e1cd4c682637794b6446c3067c7aef67c9e389f
[INFO] running `Command { std: "docker" "start" "-a" "b6d34a8c542c42fc9828a4542e1cd4c682637794b6446c3067c7aef67c9e389f", kill_on_drop: false }`
[INFO] [stderr]     Finished test [unoptimized + debuginfo] target(s) in 0.00s
[INFO] [stderr]      Running unittests src/lib.rs (/opt/rustwide/target/debug/deps/gy_21-f0079292140e21e6)
[INFO] [stdout] 
[INFO] [stdout] running 0 tests
[INFO] [stdout] 
[INFO] [stdout] test result: ok. 0 passed; 0 failed; 0 ignored; 0 measured; 0 filtered out; finished in 0.00s
[INFO] [stdout] 
[INFO] [stderr]    Doc-tests gy-21
[INFO] [stdout] 
[INFO] [stdout] running 7 tests
[INFO] [stdout] test src/lib.rs - Gy21<I2C,DL>::with_address (line 98) - compile ... FAILED
[INFO] [stdout] test src/lib.rs - Gy21<I2C,DL>::new (line 85) - compile ... FAILED
[INFO] [stdout] test src/lib.rs - (line 23) - compile ... FAILED
[INFO] [stdout] test src/lib.rs - Gy21<I2C,DL>::humidity (line 158) - compile ... FAILED
[INFO] [stdout] test src/lib.rs - Gy21<I2C,DL>::temperature (line 137) - compile ... FAILED
[INFO] [stdout] test src/lib.rs - Gy21<I2C,DL>::dew_point_temp (line 181) - compile ... FAILED
[INFO] [stdout] test src/lib.rs - (line 13) - compile ... FAILED
[INFO] [stdout] 
[INFO] [stdout] failures:
[INFO] [stdout] 
[INFO] [stdout] ---- src/lib.rs - Gy21<I2C,DL>::with_address (line 98) stdout ----
[INFO] [stdout] error[E0433]: failed to resolve: use of undeclared type `Gy21`
[INFO] [stdout]  --> src/lib.rs:100:13
[INFO] [stdout]   |
[INFO] [stdout] 5 | let gy_21 = Gy21::with_address(i2c, delay, 0x40);
[INFO] [stdout]   |             ^^^^ use of undeclared type `Gy21`
[INFO] [stdout]   |
[INFO] [stdout] help: consider importing this struct
[INFO] [stdout]   |
[INFO] [stdout] 2 + use gy_21::Gy21;
[INFO] [stdout]   |
[INFO] [stdout] 
[INFO] [stdout] error[E0425]: cannot find value `i2c` in this scope
[INFO] [stdout]  --> src/lib.rs:100:32
[INFO] [stdout]   |
[INFO] [stdout] 5 | let gy_21 = Gy21::with_address(i2c, delay, 0x40);
[INFO] [stdout]   |                                ^^^ not found in this scope
[INFO] [stdout] 
[INFO] [stdout] error[E0425]: cannot find value `delay` in this scope
[INFO] [stdout]  --> src/lib.rs:100:37
[INFO] [stdout]   |
[INFO] [stdout] 5 | let gy_21 = Gy21::with_address(i2c, delay, 0x40);
[INFO] [stdout]   |                                     ^^^^^ not found in this scope
[INFO] [stdout] 
[INFO] [stdout] error: aborting due to 3 previous errors
[INFO] [stdout] 
[INFO] [stdout] Some errors have detailed explanations: E0425, E0433.
[INFO] [stdout] For more information about an error, try `rustc --explain E0425`.
[INFO] [stdout] Couldn't compile the test.
[INFO] [stdout] ---- src/lib.rs - Gy21<I2C,DL>::new (line 85) stdout ----
[INFO] [stdout] error[E0433]: failed to resolve: use of undeclared type `Gy21`
[INFO] [stdout]  --> src/lib.rs:87:13
[INFO] [stdout]   |
[INFO] [stdout] 5 | let gy_21 = Gy21::new(i2c, delay);
[INFO] [stdout]   |             ^^^^ use of undeclared type `Gy21`
[INFO] [stdout]   |
[INFO] [stdout] help: consider importing this struct
[INFO] [stdout]   |
[INFO] [stdout] 2 + use gy_21::Gy21;
[INFO] [stdout]   |
[INFO] [stdout] 
[INFO] [stdout] error[E0425]: cannot find value `i2c` in this scope
[INFO] [stdout]  --> src/lib.rs:87:23
[INFO] [stdout]   |
[INFO] [stdout] 5 | let gy_21 = Gy21::new(i2c, delay);
[INFO] [stdout]   |                       ^^^ not found in this scope
[INFO] [stdout] 
[INFO] [stdout] error[E0425]: cannot find value `delay` in this scope
[INFO] [stdout]  --> src/lib.rs:87:28
[INFO] [stdout]   |
[INFO] [stdout] 5 | let gy_21 = Gy21::new(i2c, delay);
[INFO] [stdout]   |                            ^^^^^ not found in this scope
[INFO] [stdout] 
[INFO] [stdout] error: aborting due to 3 previous errors
[INFO] [stdout] 
[INFO] [stdout] Some errors have detailed explanations: E0425, E0433.
[INFO] [stdout] For more information about an error, try `rustc --explain E0425`.
[INFO] [stdout] Couldn't compile the test.
[INFO] [stdout] ---- src/lib.rs - (line 23) stdout ----
[INFO] [stdout] error[E0423]: expected value, found crate `gy_21`
[INFO] [stdout]  --> src/lib.rs:25:19
[INFO] [stdout]   |
[INFO] [stdout] 5 | if let Ok(temp) = gy_21.temperature() {
[INFO] [stdout]   |                   ^^^^^- help: use the path separator to refer to an item: `::`
[INFO] [stdout] 
[INFO] [stdout] error[E0423]: expected value, found crate `gy_21`
[INFO] [stdout]  --> src/lib.rs:28:19
[INFO] [stdout]   |
[INFO] [stdout] 8 | if let Ok(rhum) = gy_21.humidity() {
[INFO] [stdout]   |                   ^^^^^- help: use the path separator to refer to an item: `::`
[INFO] [stdout] 
[INFO] [stdout] error[E0423]: expected value, found crate `gy_21`
[INFO] [stdout]   --> src/lib.rs:31:18
[INFO] [stdout]    |
[INFO] [stdout] 11 | if let Ok(dpt) = gy_21.dew_point_temp() {
[INFO] [stdout]    |                  ^^^^^- help: use the path separator to refer to an item: `::`
[INFO] [stdout] 
[INFO] [stdout] error: aborting due to 3 previous errors
[INFO] [stdout] 
[INFO] [stdout] For more information about this error, try `rustc --explain E0423`.
[INFO] [stdout] Couldn't compile the test.
[INFO] [stdout] ---- src/lib.rs - Gy21<I2C,DL>::humidity (line 158) stdout ----
[INFO] [stdout] error: `match` arm body without braces
[INFO] [stdout]  --> src/lib.rs:161:16
[INFO] [stdout]   |
[INFO] [stdout] 6 |     Ok(val) => val;
[INFO] [stdout]   |             -- ^^^ this statement is not surrounded by a body
[INFO] [stdout]   |             |
[INFO] [stdout]   |             while parsing the `match` arm starting here
[INFO] [stdout]   |
[INFO] [stdout] help: replace `;` with `,` to end a `match` arm expression
[INFO] [stdout]   |
[INFO] [stdout] 6 |     Ok(val) => val,
[INFO] [stdout]   |                   ~
[INFO] [stdout] 
[INFO] [stdout] error: expected one of `,`, `.`, `?`, `}`, or an operator, found `!`
[INFO] [stdout]  --> src/lib.rs:162:22
[INFO] [stdout]   |
[INFO] [stdout] 7 |     Err(_) => panic()!
[INFO] [stdout]   |            --        ^ expected one of `,`, `.`, `?`, `}`, or an operator
[INFO] [stdout]   |            |
[INFO] [stdout]   |            while parsing the `match` arm starting here
[INFO] [stdout] 
[INFO] [stdout] error: expected `;`, found `}`
[INFO] [stdout]  --> src/lib.rs:163:2
[INFO] [stdout]   |
[INFO] [stdout] 8 | }
[INFO] [stdout]   |  ^ help: add `;` here
[INFO] [stdout] 9 | } _doctest_main_src_lib_rs_158_0() }
[INFO] [stdout]   | - unexpected token
[INFO] [stdout] 
[INFO] [stdout] error[E0423]: expected value, found crate `gy_21`
[INFO] [stdout]  --> src/lib.rs:160:21
[INFO] [stdout]   |
[INFO] [stdout] 5 | let reading = match gy_21.humidity() {
[INFO] [stdout]   |                     ^^^^^- help: use the path separator to refer to an item: `::`
[INFO] [stdout] 
[INFO] [stdout] error[E0658]: `!` patterns are experimental
[INFO] [stdout]  --> src/lib.rs:162:22
[INFO] [stdout]   |
[INFO] [stdout] 7 |     Err(_) => panic()!
[INFO] [stdout]   |                      ^
[INFO] [stdout]   |
[INFO] [stdout]   = note: see issue #118155 <https://github.com/rust-lang/rust/issues/118155> for more information
[INFO] [stdout] 
[INFO] [stdout] error: aborting due to 5 previous errors
[INFO] [stdout] 
[INFO] [stdout] Some errors have detailed explanations: E0423, E0658.
[INFO] [stdout] For more information about an error, try `rustc --explain E0423`.
[INFO] [stdout] Couldn't compile the test.
[INFO] [stdout] ---- src/lib.rs - Gy21<I2C,DL>::temperature (line 137) stdout ----
[INFO] [stdout] error: `match` arm body without braces
[INFO] [stdout]  --> src/lib.rs:140:16
[INFO] [stdout]   |
[INFO] [stdout] 6 |     Ok(val) => val;
[INFO] [stdout]   |             -- ^^^ this statement is not surrounded by a body
[INFO] [stdout]   |             |
[INFO] [stdout]   |             while parsing the `match` arm starting here
[INFO] [stdout]   |
[INFO] [stdout] help: replace `;` with `,` to end a `match` arm expression
[INFO] [stdout]   |
[INFO] [stdout] 6 |     Ok(val) => val,
[INFO] [stdout]   |                   ~
[INFO] [stdout] 
[INFO] [stdout] error: expected one of `,`, `.`, `?`, `}`, or an operator, found `!`
[INFO] [stdout]  --> src/lib.rs:141:22
[INFO] [stdout]   |
[INFO] [stdout] 7 |     Err(_) => panic()!
[INFO] [stdout]   |            --        ^ expected one of `,`, `.`, `?`, `}`, or an operator
[INFO] [stdout]   |            |
[INFO] [stdout]   |            while parsing the `match` arm starting here
[INFO] [stdout] 
[INFO] [stdout] error: expected `;`, found `}`
[INFO] [stdout]  --> src/lib.rs:142:2
[INFO] [stdout]   |
[INFO] [stdout] 8 | }
[INFO] [stdout]   |  ^ help: add `;` here
[INFO] [stdout] 9 | } _doctest_main_src_lib_rs_137_0() }
[INFO] [stdout]   | - unexpected token
[INFO] [stdout] 
[INFO] [stdout] error[E0423]: expected value, found crate `gy_21`
[INFO] [stdout]  --> src/lib.rs:139:21
[INFO] [stdout]   |
[INFO] [stdout] 5 | let reading = match gy_21.temperature() {
[INFO] [stdout]   |                     ^^^^^- help: use the path separator to refer to an item: `::`
[INFO] [stdout] 
[INFO] [stdout] error[E0658]: `!` patterns are experimental
[INFO] [stdout]  --> src/lib.rs:141:22
[INFO] [stdout]   |
[INFO] [stdout] 7 |     Err(_) => panic()!
[INFO] [stdout]   |                      ^
[INFO] [stdout]   |
[INFO] [stdout]   = note: see issue #118155 <https://github.com/rust-lang/rust/issues/118155> for more information
[INFO] [stdout] 
[INFO] [stdout] error: aborting due to 5 previous errors
[INFO] [stdout] 
[INFO] [stdout] Some errors have detailed explanations: E0423, E0658.
[INFO] [stdout] For more information about an error, try `rustc --explain E0423`.
[INFO] [stdout] Couldn't compile the test.
[INFO] [stdout] ---- src/lib.rs - Gy21<I2C,DL>::dew_point_temp (line 181) stdout ----
[INFO] [stdout] error: `match` arm body without braces
[INFO] [stdout]  --> src/lib.rs:184:16
[INFO] [stdout]   |
[INFO] [stdout] 6 |     Ok(val) => val;
[INFO] [stdout]   |             -- ^^^ this statement is not surrounded by a body
[INFO] [stdout]   |             |
[INFO] [stdout]   |             while parsing the `match` arm starting here
[INFO] [stdout]   |
[INFO] [stdout] help: replace `;` with `,` to end a `match` arm expression
[INFO] [stdout]   |
[INFO] [stdout] 6 |     Ok(val) => val,
[INFO] [stdout]   |                   ~
[INFO] [stdout] 
[INFO] [stdout] error: expected one of `,`, `.`, `?`, `}`, or an operator, found `!`
[INFO] [stdout]  --> src/lib.rs:185:22
[INFO] [stdout]   |
[INFO] [stdout] 7 |     Err(_) => panic()!
[INFO] [stdout]   |            --        ^ expected one of `,`, `.`, `?`, `}`, or an operator
[INFO] [stdout]   |            |
[INFO] [stdout]   |            while parsing the `match` arm starting here
[INFO] [stdout] 
[INFO] [stdout] error: expected `;`, found `}`
[INFO] [stdout]  --> src/lib.rs:186:2
[INFO] [stdout]   |
[INFO] [stdout] 8 | }
[INFO] [stdout]   |  ^ help: add `;` here
[INFO] [stdout] 9 | } _doctest_main_src_lib_rs_181_0() }
[INFO] [stdout]   | - unexpected token
[INFO] [stdout] 
[INFO] [stdout] error[E0423]: expected value, found crate `gy_21`
[INFO] [stdout]  --> src/lib.rs:183:21
[INFO] [stdout]   |
[INFO] [stdout] 5 | let reading = match gy_21.dew_point_temp() {
[INFO] [stdout]   |                     ^^^^^- help: use the path separator to refer to an item: `::`
[INFO] [stdout] 
[INFO] [stdout] error[E0658]: `!` patterns are experimental
[INFO] [stdout]  --> src/lib.rs:185:22
[INFO] [stdout]   |
[INFO] [stdout] 7 |     Err(_) => panic()!
[INFO] [stdout]   |                      ^
[INFO] [stdout]   |
[INFO] [stdout]   = note: see issue #118155 <https://github.com/rust-lang/rust/issues/118155> for more information
[INFO] [stdout] 
[INFO] [stdout] error: aborting due to 5 previous errors
[INFO] [stdout] 
[INFO] [stdout] Some errors have detailed explanations: E0423, E0658.
[INFO] [stdout] For more information about an error, try `rustc --explain E0423`.
[INFO] [stdout] Couldn't compile the test.
[INFO] [stdout] ---- src/lib.rs - (line 13) stdout ----
[INFO] [stdout] error: expected `;`, found `}`
[INFO] [stdout]   --> src/lib.rs:20:49
[INFO] [stdout]    |
[INFO] [stdout] 10 | let gy_21 = Gy21::with_address(i2c, delay, 0x40) // Using 0x39 as the I2C address
[INFO] [stdout]    |                                                 ^ help: add `;` here
[INFO] [stdout] 11 | } _doctest_main_src_lib_rs_13_0() }
[INFO] [stdout]    | - unexpected token
[INFO] [stdout] 
[INFO] [stdout] error[E0433]: failed to resolve: use of undeclared type `Gy21`
[INFO] [stdout]  --> src/lib.rs:18:13
[INFO] [stdout]   |
[INFO] [stdout] 8 | let gy_21 = Gy21::new(i2c, delay); // Using the default I2C address for the sensor (0x40)
[INFO] [stdout]   |             ^^^^ use of undeclared type `Gy21`
[INFO] [stdout]   |
[INFO] [stdout] help: consider importing this struct
[INFO] [stdout]   |
[INFO] [stdout] 5 + use gy_21::Gy21;
[INFO] [stdout]   |
[INFO] [stdout] 
[INFO] [stdout] error[E0425]: cannot find value `i2c` in this scope
[INFO] [stdout]  --> src/lib.rs:18:23
[INFO] [stdout]   |
[INFO] [stdout] 8 | let gy_21 = Gy21::new(i2c, delay); // Using the default I2C address for the sensor (0x40)
[INFO] [stdout]   |                       ^^^ not found in this scope
[INFO] [stdout] 
[INFO] [stdout] error[E0425]: cannot find value `delay` in this scope
[INFO] [stdout]  --> src/lib.rs:18:28
[INFO] [stdout]   |
[INFO] [stdout] 8 | let gy_21 = Gy21::new(i2c, delay); // Using the default I2C address for the sensor (0x40)
[INFO] [stdout]   |                            ^^^^^ not found in this scope
[INFO] [stdout] 
[INFO] [stdout] error[E0433]: failed to resolve: use of undeclared type `Gy21`
[INFO] [stdout]   --> src/lib.rs:20:13
[INFO] [stdout]    |
[INFO] [stdout] 10 | let gy_21 = Gy21::with_address(i2c, delay, 0x40) // Using 0x39 as the I2C address
[INFO] [stdout]    |             ^^^^ use of undeclared type `Gy21`
[INFO] [stdout]    |
[INFO] [stdout] help: consider importing this struct
[INFO] [stdout]    |
[INFO] [stdout] 5  + use gy_21::Gy21;
[INFO] [stdout]    |
[INFO] [stdout] 
[INFO] [stdout] error[E0425]: cannot find value `i2c` in this scope
[INFO] [stdout]   --> src/lib.rs:20:32
[INFO] [stdout]    |
[INFO] [stdout] 10 | let gy_21 = Gy21::with_address(i2c, delay, 0x40) // Using 0x39 as the I2C address
[INFO] [stdout]    |                                ^^^ not found in this scope
[INFO] [stdout] 
[INFO] [stdout] error[E0425]: cannot find value `delay` in this scope
[INFO] [stdout]   --> src/lib.rs:20:37
[INFO] [stdout]    |
[INFO] [stdout] 10 | let gy_21 = Gy21::with_address(i2c, delay, 0x40) // Using 0x39 as the I2C address
[INFO] [stdout]    |                                     ^^^^^ not found in this scope
[INFO] [stdout] 
[INFO] [stdout] error: aborting due to 7 previous errors
[INFO] [stdout] 
[INFO] [stdout] Some errors have detailed explanations: E0425, E0433.
[INFO] [stdout] For more information about an error, try `rustc --explain E0425`.
[INFO] [stdout] Couldn't compile the test.
[INFO] [stdout] 
[INFO] [stdout] failures:
[INFO] [stdout]     src/lib.rs - (line 13)
[INFO] [stdout]     src/lib.rs - (line 23)
[INFO] [stdout]     src/lib.rs - Gy21<I2C,DL>::dew_point_temp (line 181)
[INFO] [stdout]     src/lib.rs - Gy21<I2C,DL>::humidity (line 158)
[INFO] [stdout]     src/lib.rs - Gy21<I2C,DL>::new (line 85)
[INFO] [stdout]     src/lib.rs - Gy21<I2C,DL>::temperature (line 137)
[INFO] [stdout]     src/lib.rs - Gy21<I2C,DL>::with_address (line 98)
[INFO] [stdout] 
[INFO] [stdout] test result: FAILED. 0 passed; 7 failed; 0 ignored; 0 measured; 0 filtered out; finished in 0.06s
[INFO] [stdout] 
[INFO] [stderr] error: doctest failed, to rerun pass `--doc`
[INFO] running `Command { std: "docker" "inspect" "b6d34a8c542c42fc9828a4542e1cd4c682637794b6446c3067c7aef67c9e389f", kill_on_drop: false }`
[INFO] running `Command { std: "docker" "rm" "-f" "b6d34a8c542c42fc9828a4542e1cd4c682637794b6446c3067c7aef67c9e389f", kill_on_drop: false }`
[INFO] [stdout] b6d34a8c542c42fc9828a4542e1cd4c682637794b6446c3067c7aef67c9e389f
