[INFO] fetching crate gw2api-rs 0.3.0...
[INFO] testing gw2api-rs-0.3.0 against 1.75.0 for beta-1.76-1
[INFO] extracting crate gw2api-rs 0.3.0 into /workspace/builds/worker-0-tc1/source
[INFO] validating manifest of crates.io crate gw2api-rs 0.3.0 on toolchain 1.75.0
[INFO] running `Command { std: CARGO_HOME="/workspace/cargo-home" RUSTUP_HOME="/workspace/rustup-home" "/workspace/cargo-home/bin/cargo" "+1.75.0" "metadata" "--manifest-path" "Cargo.toml" "--no-deps", kill_on_drop: false }`
[INFO] started tweaking crates.io crate gw2api-rs 0.3.0
[INFO] removed 0 missing tests
[INFO] finished tweaking crates.io crate gw2api-rs 0.3.0
[INFO] tweaked toml for crates.io crate gw2api-rs 0.3.0 written to /workspace/builds/worker-0-tc1/source/Cargo.toml
[INFO] running `Command { std: CARGO_HOME="/workspace/cargo-home" RUSTUP_HOME="/workspace/rustup-home" "/workspace/cargo-home/bin/cargo" "+1.75.0" "generate-lockfile" "--manifest-path" "Cargo.toml", kill_on_drop: false }`
[INFO] [stderr]     Updating crates.io index
[INFO] running `Command { std: CARGO_HOME="/workspace/cargo-home" RUSTUP_HOME="/workspace/rustup-home" "/workspace/cargo-home/bin/cargo" "+1.75.0" "fetch" "--manifest-path" "Cargo.toml", kill_on_drop: false }`
[INFO] running `Command { std: "docker" "create" "-v" "/var/lib/crater-agent-workspace/builds/worker-0-tc1/target:/opt/rustwide/target:rw,Z" "-v" "/var/lib/crater-agent-workspace/builds/worker-0-tc1/source:/opt/rustwide/workdir:ro,Z" "-v" "/var/lib/crater-agent-workspace/cargo-home:/opt/rustwide/cargo-home:ro,Z" "-v" "/var/lib/crater-agent-workspace/rustup-home:/opt/rustwide/rustup-home:ro,Z" "-e" "SOURCE_DIR=/opt/rustwide/workdir" "-e" "CARGO_TARGET_DIR=/opt/rustwide/target" "-e" "CARGO_HOME=/opt/rustwide/cargo-home" "-e" "RUSTUP_HOME=/opt/rustwide/rustup-home" "-w" "/opt/rustwide/workdir" "-m" "1610612736" "--user" "0:0" "--network" "none" "ghcr.io/rust-lang/crates-build-env/linux@sha256:2788e3201cd34a07e3172128adcd8b3090168a8e3bcc40d7c032b9dda1df7d1c" "/opt/rustwide/cargo-home/bin/cargo" "+1.75.0" "metadata" "--no-deps" "--format-version=1", kill_on_drop: false }`
[INFO] [stdout] 26ca745af859ee43fae24bbcdd435665b1bb9167e8d560da184c0f25afea8ada
[INFO] running `Command { std: "docker" "start" "-a" "26ca745af859ee43fae24bbcdd435665b1bb9167e8d560da184c0f25afea8ada", kill_on_drop: false }`
[INFO] running `Command { std: "docker" "inspect" "26ca745af859ee43fae24bbcdd435665b1bb9167e8d560da184c0f25afea8ada", kill_on_drop: false }`
[INFO] running `Command { std: "docker" "rm" "-f" "26ca745af859ee43fae24bbcdd435665b1bb9167e8d560da184c0f25afea8ada", kill_on_drop: false }`
[INFO] [stdout] 26ca745af859ee43fae24bbcdd435665b1bb9167e8d560da184c0f25afea8ada
[INFO] running `Command { std: "docker" "create" "-v" "/var/lib/crater-agent-workspace/builds/worker-0-tc1/target:/opt/rustwide/target:rw,Z" "-v" "/var/lib/crater-agent-workspace/builds/worker-0-tc1/source:/opt/rustwide/workdir:ro,Z" "-v" "/var/lib/crater-agent-workspace/cargo-home:/opt/rustwide/cargo-home:ro,Z" "-v" "/var/lib/crater-agent-workspace/rustup-home:/opt/rustwide/rustup-home:ro,Z" "-e" "SOURCE_DIR=/opt/rustwide/workdir" "-e" "CARGO_TARGET_DIR=/opt/rustwide/target" "-e" "CARGO_INCREMENTAL=0" "-e" "RUST_BACKTRACE=full" "-e" "RUSTFLAGS=--cap-lints=warn" "-e" "RUSTDOCFLAGS=--cap-lints=warn" "-e" "CARGO_HOME=/opt/rustwide/cargo-home" "-e" "RUSTUP_HOME=/opt/rustwide/rustup-home" "-w" "/opt/rustwide/workdir" "-m" "1610612736" "--user" "0:0" "--network" "none" "ghcr.io/rust-lang/crates-build-env/linux@sha256:2788e3201cd34a07e3172128adcd8b3090168a8e3bcc40d7c032b9dda1df7d1c" "/opt/rustwide/cargo-home/bin/cargo" "+1.75.0" "build" "--frozen" "--message-format=json", kill_on_drop: false }`
[INFO] [stdout] 18f0fc195da53496988532ec2e0fbf0e59334aec0b9651fb34ff6e441d5f4491
[INFO] running `Command { std: "docker" "start" "-a" "18f0fc195da53496988532ec2e0fbf0e59334aec0b9651fb34ff6e441d5f4491", kill_on_drop: false }`
[INFO] [stderr]    Compiling libc v0.2.151
[INFO] [stderr]    Compiling vcpkg v0.2.15
[INFO] [stderr]    Compiling bytes v1.5.0
[INFO] [stderr]    Compiling itoa v1.0.10
[INFO] [stderr]    Compiling fnv v1.0.7
[INFO] [stderr]    Compiling openssl v0.10.62
[INFO] [stderr]    Compiling serde v1.0.194
[INFO] [stderr]    Compiling httparse v1.8.0
[INFO] [stderr]    Compiling tracing-core v0.1.32
[INFO] [stderr]    Compiling hashbrown v0.14.3
[INFO] [stderr]    Compiling socket2 v0.5.5
[INFO] [stderr]    Compiling mio v0.8.10
[INFO] [stderr]    Compiling equivalent v1.0.1
[INFO] [stderr]    Compiling futures-task v0.3.30
[INFO] [stderr]    Compiling openssl-macros v0.1.1
[INFO] [stderr]    Compiling native-tls v0.2.11
[INFO] [stderr]    Compiling futures-sink v0.3.30
[INFO] [stderr]    Compiling serde_derive v1.0.194
[INFO] [stderr]    Compiling futures-util v0.3.30
[INFO] [stderr]    Compiling num-traits v0.2.17
[INFO] [stderr]    Compiling try-lock v0.2.5
[INFO] [stderr]    Compiling log v0.4.20
[INFO] [stderr]    Compiling openssl-probe v0.1.5
[INFO] [stderr]    Compiling want v0.3.1
[INFO] [stderr]    Compiling tower-service v0.3.2
[INFO] [stderr]    Compiling httpdate v1.0.3
[INFO] [stderr]    Compiling tracing v0.1.40
[INFO] [stderr]    Compiling serde_json v1.0.111
[INFO] [stderr]    Compiling tokio v1.35.1
[INFO] [stderr]    Compiling http v0.2.11
[INFO] [stderr]    Compiling ryu v1.0.16
[INFO] [stderr]    Compiling iana-time-zone v0.1.59
[INFO] [stderr]    Compiling indexmap v2.1.0
[INFO] [stderr]    Compiling cc v1.0.83
[INFO] [stderr]    Compiling http-body v0.4.6
[INFO] [stderr]    Compiling openssl-sys v0.9.98
[INFO] [stderr]    Compiling tokio-util v0.7.10
[INFO] [stderr]    Compiling h2 v0.3.22
[INFO] [stderr]    Compiling chrono v0.4.31
[INFO] [stderr]    Compiling tokio-native-tls v0.3.1
[INFO] [stderr]    Compiling hyper v0.14.28
[INFO] [stderr]    Compiling hyper-tls v0.5.0
[INFO] [stderr]    Compiling gw2api-rs v0.3.0 (/opt/rustwide/workdir)
[INFO] [stdout] warning: unused imports: `ClientExecutor`, `RequestBuilder`
[INFO] [stdout]  --> src/v2/account/characters.rs:9:13
[INFO] [stdout]   |
[INFO] [stdout] 9 | use crate::{ClientExecutor, RequestBuilder};
[INFO] [stdout]   |             ^^^^^^^^^^^^^^  ^^^^^^^^^^^^^^
[INFO] [stdout]   |
[INFO] [stdout]   = note: `#[warn(unused_imports)]` on by default
[INFO] [stdout] 
[INFO] [stdout] 
[INFO] [stdout] warning: 1 warning emitted
[INFO] [stdout] 
[INFO] [stdout] 
[INFO] [stderr]     Finished dev [unoptimized + debuginfo] target(s) in 8.09s
[INFO] running `Command { std: "docker" "inspect" "18f0fc195da53496988532ec2e0fbf0e59334aec0b9651fb34ff6e441d5f4491", kill_on_drop: false }`
[INFO] running `Command { std: "docker" "rm" "-f" "18f0fc195da53496988532ec2e0fbf0e59334aec0b9651fb34ff6e441d5f4491", kill_on_drop: false }`
[INFO] [stdout] 18f0fc195da53496988532ec2e0fbf0e59334aec0b9651fb34ff6e441d5f4491
[INFO] running `Command { std: "docker" "create" "-v" "/var/lib/crater-agent-workspace/builds/worker-0-tc1/target:/opt/rustwide/target:rw,Z" "-v" "/var/lib/crater-agent-workspace/builds/worker-0-tc1/source:/opt/rustwide/workdir:ro,Z" "-v" "/var/lib/crater-agent-workspace/cargo-home:/opt/rustwide/cargo-home:ro,Z" "-v" "/var/lib/crater-agent-workspace/rustup-home:/opt/rustwide/rustup-home:ro,Z" "-e" "SOURCE_DIR=/opt/rustwide/workdir" "-e" "CARGO_TARGET_DIR=/opt/rustwide/target" "-e" "CARGO_INCREMENTAL=0" "-e" "RUST_BACKTRACE=full" "-e" "RUSTFLAGS=--cap-lints=warn" "-e" "RUSTDOCFLAGS=--cap-lints=warn" "-e" "CARGO_HOME=/opt/rustwide/cargo-home" "-e" "RUSTUP_HOME=/opt/rustwide/rustup-home" "-w" "/opt/rustwide/workdir" "-m" "1610612736" "--user" "0:0" "--network" "none" "ghcr.io/rust-lang/crates-build-env/linux@sha256:2788e3201cd34a07e3172128adcd8b3090168a8e3bcc40d7c032b9dda1df7d1c" "/opt/rustwide/cargo-home/bin/cargo" "+1.75.0" "test" "--frozen" "--no-run" "--message-format=json", kill_on_drop: false }`
[INFO] [stdout] c113dae69d9606f755511a22ff19e1756d366f4584e43b143d8eb7776fb992dc
[INFO] running `Command { std: "docker" "start" "-a" "c113dae69d9606f755511a22ff19e1756d366f4584e43b143d8eb7776fb992dc", kill_on_drop: false }`
[INFO] [stderr]    Compiling num_cpus v1.16.0
[INFO] [stderr]    Compiling tokio-macros v2.2.0
[INFO] [stderr]    Compiling tokio v1.35.1
[INFO] [stderr]    Compiling tokio-util v0.7.10
[INFO] [stderr]    Compiling tokio-native-tls v0.3.1
[INFO] [stderr]    Compiling h2 v0.3.22
[INFO] [stderr]    Compiling hyper v0.14.28
[INFO] [stderr]    Compiling hyper-tls v0.5.0
[INFO] [stderr]    Compiling gw2api-rs v0.3.0 (/opt/rustwide/workdir)
[INFO] [stdout] warning: unused imports: `ClientExecutor`, `RequestBuilder`
[INFO] [stdout]  --> src/v2/account/characters.rs:9:13
[INFO] [stdout]   |
[INFO] [stdout] 9 | use crate::{ClientExecutor, RequestBuilder};
[INFO] [stdout]   |             ^^^^^^^^^^^^^^  ^^^^^^^^^^^^^^
[INFO] [stdout]   |
[INFO] [stdout]   = note: `#[warn(unused_imports)]` on by default
[INFO] [stdout] 
[INFO] [stdout] 
[INFO] [stdout] warning: unused imports: `ClientExecutor`, `RequestBuilder`
[INFO] [stdout]  --> src/v2/account/characters.rs:9:13
[INFO] [stdout]   |
[INFO] [stdout] 9 | use crate::{ClientExecutor, RequestBuilder};
[INFO] [stdout]   |             ^^^^^^^^^^^^^^  ^^^^^^^^^^^^^^
[INFO] [stdout]   |
[INFO] [stdout]   = note: `#[warn(unused_imports)]` on by default
[INFO] [stdout] 
[INFO] [stdout] 
[INFO] [stdout] warning: 1 warning emitted
[INFO] [stdout] 
[INFO] [stdout] 
[INFO] [stdout] warning: 1 warning emitted
[INFO] [stdout] 
[INFO] [stdout] 
[INFO] [stderr]     Finished test [unoptimized + debuginfo] target(s) in 9.05s
[INFO] running `Command { std: "docker" "inspect" "c113dae69d9606f755511a22ff19e1756d366f4584e43b143d8eb7776fb992dc", kill_on_drop: false }`
[INFO] running `Command { std: "docker" "rm" "-f" "c113dae69d9606f755511a22ff19e1756d366f4584e43b143d8eb7776fb992dc", kill_on_drop: false }`
[INFO] [stdout] c113dae69d9606f755511a22ff19e1756d366f4584e43b143d8eb7776fb992dc
[INFO] running `Command { std: "docker" "create" "-v" "/var/lib/crater-agent-workspace/builds/worker-0-tc1/target:/opt/rustwide/target:rw,Z" "-v" "/var/lib/crater-agent-workspace/builds/worker-0-tc1/source:/opt/rustwide/workdir:ro,Z" "-v" "/var/lib/crater-agent-workspace/cargo-home:/opt/rustwide/cargo-home:ro,Z" "-v" "/var/lib/crater-agent-workspace/rustup-home:/opt/rustwide/rustup-home:ro,Z" "-e" "SOURCE_DIR=/opt/rustwide/workdir" "-e" "CARGO_TARGET_DIR=/opt/rustwide/target" "-e" "CARGO_INCREMENTAL=0" "-e" "RUST_BACKTRACE=full" "-e" "RUSTFLAGS=--cap-lints=warn" "-e" "RUSTDOCFLAGS=--cap-lints=warn" "-e" "CARGO_HOME=/opt/rustwide/cargo-home" "-e" "RUSTUP_HOME=/opt/rustwide/rustup-home" "-w" "/opt/rustwide/workdir" "-m" "1610612736" "--user" "0:0" "--network" "none" "ghcr.io/rust-lang/crates-build-env/linux@sha256:2788e3201cd34a07e3172128adcd8b3090168a8e3bcc40d7c032b9dda1df7d1c" "/opt/rustwide/cargo-home/bin/cargo" "+1.75.0" "test" "--frozen", kill_on_drop: false }`
[INFO] [stdout] c5b025b2c535ced1be982ca4b7f1871d085b24883bb787d83f95f62b25187498
[INFO] running `Command { std: "docker" "start" "-a" "c5b025b2c535ced1be982ca4b7f1871d085b24883bb787d83f95f62b25187498", kill_on_drop: false }`
[INFO] [stderr] warning: unused imports: `ClientExecutor`, `RequestBuilder`
[INFO] [stderr]  --> src/v2/account/characters.rs:9:13
[INFO] [stderr]   |
[INFO] [stderr] 9 | use crate::{ClientExecutor, RequestBuilder};
[INFO] [stderr]   |             ^^^^^^^^^^^^^^  ^^^^^^^^^^^^^^
[INFO] [stderr]   |
[INFO] [stderr]   = note: `#[warn(unused_imports)]` on by default
[INFO] [stderr] 
[INFO] [stderr] warning: `gw2api-rs` (lib) generated 1 warning (run `cargo fix --lib -p gw2api-rs` to apply 1 suggestion)
[INFO] [stderr] warning: `gw2api-rs` (lib test) generated 1 warning (1 duplicate)
[INFO] [stderr]     Finished test [unoptimized + debuginfo] target(s) in 0.05s
[INFO] [stderr]      Running unittests src/lib.rs (/opt/rustwide/target/debug/deps/gw2api_rs-36f73000f1cda6dc)
[INFO] [stdout] 
[INFO] [stdout] running 0 tests
[INFO] [stdout] 
[INFO] [stdout] test result: ok. 0 passed; 0 failed; 0 ignored; 0 measured; 0 filtered out; finished in 0.00s
[INFO] [stdout] 
[INFO] [stderr]    Doc-tests gw2api-rs
[INFO] [stdout] 
[INFO] [stdout] running 73 tests
[INFO] [stdout] test src/v2/account.rs - v2::account::AccountDailyCrafting::get (line 476) - compile ... FAILED
[INFO] [stdout] test src/v2/account.rs - v2::account::Account::get (line 90) - compile ... FAILED
[INFO] [stdout] test src/v2/account.rs - v2::account::AccountAchievements::get (line 298) - compile ... FAILED
[INFO] [stdout] test src/v2/account.rs - v2::account::AccountDyes::get (line 585) - compile ... FAILED
[INFO] [stdout] test src/v2/account.rs - v2::account::AccountBank::get (line 382) - compile ... FAILED
[INFO] [stdout] test src/v2/account.rs - v2::account::AccountDungeons::get (line 531) - compile ... FAILED
[INFO] [stdout] test src/v2/account.rs - v2::account::AccountBank::get (line 368) - compile ... ok
[INFO] [stdout] test src/v2/account.rs - v2::account::AccountAchievements::get (line 283) - compile ... ok
[INFO] [stdout] test src/v2/account.rs - v2::account::Account::get (line 75) - compile ... ok
[INFO] [stdout] test src/v2/account.rs - v2::account::AccountDyes::get (line 571) - compile ... ok
[INFO] [stdout] test src/v2/achievements.rs - v2::achievements::Achievement::ids (line 59) ... ignored
[INFO] [stdout] test src/v2/account.rs - v2::account::AccountGliders::get (line 703) - compile ... ok
[INFO] [stdout] test src/v2/achievements.rs - v2::achievements::Achievement::ids (line 72) ... ignored
[INFO] [stdout] test src/v2/account.rs - v2::account::AccountDailyCrafting::get (line 462) - compile ... ok
[INFO] [stdout] test src/v2/account.rs - v2::account::AccountDungeons::get (line 517) - compile ... ok
[INFO] [stdout] test src/v2/colors.rs - v2::colors::Color::ids (line 33) ... ignored
[INFO] [stdout] test src/v2/colors.rs - v2::colors::Color::ids (line 46) ... ignored
[INFO] [stdout] test src/v2/account.rs - v2::account::AccountFinishers::get (line 640) - compile ... FAILED
[INFO] [stdout] test src/v2/account.rs - v2::account::AccountFinishers::get (line 626) - compile ... ok
[INFO] [stdout] test src/v2/account.rs - v2::account::AccountGliders::get (line 717) - compile ... FAILED
[INFO] [stdout] test src/v2/account.rs - v2::account::AccountHomeNodes::get (line 827) - compile ... FAILED
[INFO] [stdout] test src/v2/account.rs - v2::account::AccountHomeCats::get (line 772) - compile ... FAILED
[INFO] [stdout] test src/v2/account.rs - v2::account::AccountLuck::get (line 949) - compile ... FAILED
[INFO] [stdout] test src/v2/account.rs - v2::account::AccountInventory::get (line 885) - compile ... FAILED
[INFO] [stdout] test src/v2/commerce.rs - v2::commerce::CurrentTransactions::sells (line 372) - compile ... FAILED
[INFO] [stdout] test src/v2/commerce.rs - v2::commerce::CurrentTransactions::buys (line 325) - compile ... FAILED
[INFO] [stdout] test src/v2/account.rs - v2::account::AccountInventory::get (line 871) - compile ... ok
[INFO] [stdout] test src/v2/commerce.rs - v2::commerce::Delivery::get (line 44) - compile ... FAILED
[INFO] [stdout] test src/v2/account.rs - v2::account::AccountHomeNodes::get (line 813) - compile ... ok
[INFO] [stdout] test src/v2/account.rs - v2::account::AccountLuck::get (line 935) - compile ... ok
[INFO] [stdout] test src/v2/commerce.rs - v2::commerce::CurrentTransactions::sells (line 359) - compile ... ok
[INFO] [stdout] test src/v2/account.rs - v2::account::AccountHomeCats::get (line 758) - compile ... ok
[INFO] [stdout] test src/v2/commerce.rs - v2::commerce::Delivery::get (line 30) - compile ... ok
[INFO] [stdout] test src/v2/currencies.rs - v2::currencies::Currency::ids (line 18) ... ignored
[INFO] [stdout] test src/v2/currencies.rs - v2::currencies::Currency::ids (line 31) ... ignored
[INFO] [stdout] test src/v2/dungeons.rs - v2::dungeons::Dungeon::ids (line 29) ... ignored
[INFO] [stdout] test src/v2/commerce.rs - v2::commerce::CurrentTransactions::buys (line 312) - compile ... ok
[INFO] [stdout] test src/v2/dungeons.rs - v2::dungeons::Dungeon::ids (line 42) ... ignored
[INFO] [stdout] test src/v2/files.rs - v2::files::File::ids (line 15) ... ignored
[INFO] [stdout] test src/v2/files.rs - v2::files::File::ids (line 28) ... ignored
[INFO] [stdout] test src/v2/commerce.rs - v2::commerce::Exchange::coins (line 100) - compile ... FAILED
[INFO] [stdout] test src/v2/commerce.rs - v2::commerce::Exchange::coins (line 87) - compile ... ok
[INFO] [stdout] test src/v2/commerce.rs - v2::commerce::Exchange::gems (line 141) - compile ... FAILED
[INFO] [stdout] test src/v2/commerce.rs - v2::commerce::HistoryTransactions::sells (line 488) - compile ... FAILED
[INFO] [stdout] test src/v2/minis.rs - v2::minis::Mini::ids (line 19) ... ignored
[INFO] [stdout] test src/v2/minis.rs - v2::minis::Mini::ids (line 32) ... ignored
[INFO] [stdout] test src/v2/novelties.rs - v2::novelties::Novelty::ids (line 29) ... ignored
[INFO] [stdout] test src/v2/novelties.rs - v2::novelties::Novelty::ids (line 42) ... ignored
[INFO] [stdout] test src/v2/quaggans.rs - v2::quaggans::Quaggan::ids (line 15) ... ignored
[INFO] [stdout] test src/v2/quaggans.rs - v2::quaggans::Quaggan::ids (line 28) ... ignored
[INFO] [stdout] test src/v2/raids.rs - v2::raids::Raid::ids (line 33) ... ignored
[INFO] [stdout] test src/v2/raids.rs - v2::raids::Raid::ids (line 46) ... ignored
[INFO] [stdout] test src/v2/titles.rs - v2::titles::Title::ids (line 17) ... ignored
[INFO] [stdout] test src/v2/titles.rs - v2::titles::Title::ids (line 30) ... ignored
[INFO] [stdout] test src/v2/worlds.rs - v2::worlds::World::ids (line 48) ... ignored
[INFO] [stdout] test src/v2/worlds.rs - v2::worlds::World::ids (line 61) ... ignored
[INFO] [stdout] test src/v2/wvw.rs - v2::wvw::Upgrades::ids (line 201) ... ignored
[INFO] [stdout] test src/v2/wvw.rs - v2::wvw::Upgrades::ids (line 214) ... ignored
[INFO] [stdout] test src/v2/commerce.rs - v2::commerce::Exchange::gems (line 128) - compile ... ok
[INFO] [stdout] test src/v2/commerce.rs - v2::commerce::HistoryTransactions::buys (line 440) - compile ... FAILED
[INFO] [stdout] test src/v2/commerce.rs - v2::commerce::Prices::ids (line 262) - compile ... FAILED
[INFO] [stdout] test src/v2/commerce.rs - v2::commerce::Listings::ids (line 192) - compile ... ok
[INFO] [stdout] test src/v2/guild.rs - v2::guild::Guild::search (line 51) - compile ... FAILED
[INFO] [stdout] test src/v2/commerce.rs - v2::commerce::HistoryTransactions::buys (line 427) - compile ... ok
[INFO] [stdout] test src/v2/commerce.rs - v2::commerce::HistoryTransactions::sells (line 475) - compile ... ok
[INFO] [stdout] test src/v2/guild.rs - v2::guild::GuildMembers::get (line 113) - compile ... ok
[INFO] [stdout] test src/v2/commerce.rs - v2::commerce::Prices::ids (line 249) - compile ... ok
[INFO] [stdout] test src/v2/guild.rs - v2::guild::Guild::search (line 37) - compile ... ok
[INFO] [stdout] test src/v2/guild.rs - v2::guild::GuildMembers::get (line 129) - compile ... FAILED
[INFO] [stdout] test src/v2/commerce.rs - v2::commerce::Listings::ids (line 205) - compile ... FAILED
[INFO] [stdout] test src/v2/guild.rs - v2::guild::GuildRanks::get (line 199) - compile ... FAILED
[INFO] [stdout] test src/v2/guild.rs - v2::guild::GuildRanks::get (line 183) - compile ... ok
[INFO] [stdout] test src/lib.rs - (line 5) ... FAILED
[INFO] [stdout] 
[INFO] [stdout] failures:
[INFO] [stdout] 
[INFO] [stdout] ---- src/v2/account.rs - v2::account::AccountDailyCrafting::get (line 476) stdout ----
[INFO] [stdout] error[E0432]: unresolved import `gw2api_rs::blocking`
[INFO] [stdout]  --> src/v2/account.rs:479:16
[INFO] [stdout]   |
[INFO] [stdout] 6 | use gw2api_rs::blocking::Client;
[INFO] [stdout]   |                ^^^^^^^^ could not find `blocking` in `gw2api_rs`
[INFO] [stdout] 
[INFO] [stdout] error: aborting due to previous error
[INFO] [stdout] 
[INFO] [stdout] For more information about this error, try `rustc --explain E0432`.
[INFO] [stdout] Couldn't compile the test.
[INFO] [stdout] ---- src/v2/account.rs - v2::account::Account::get (line 90) stdout ----
[INFO] [stdout] error[E0432]: unresolved import `gw2api_rs::blocking`
[INFO] [stdout]  --> src/v2/account.rs:93:16
[INFO] [stdout]   |
[INFO] [stdout] 6 | use gw2api_rs::blocking::Client;
[INFO] [stdout]   |                ^^^^^^^^ could not find `blocking` in `gw2api_rs`
[INFO] [stdout] 
[INFO] [stdout] error: aborting due to previous error
[INFO] [stdout] 
[INFO] [stdout] For more information about this error, try `rustc --explain E0432`.
[INFO] [stdout] Couldn't compile the test.
[INFO] [stdout] ---- src/v2/account.rs - v2::account::AccountAchievements::get (line 298) stdout ----
[INFO] [stdout] error[E0432]: unresolved import `gw2api_rs::blocking`
[INFO] [stdout]  --> src/v2/account.rs:301:16
[INFO] [stdout]   |
[INFO] [stdout] 6 | use gw2api_rs::blocking::Client;
[INFO] [stdout]   |                ^^^^^^^^ could not find `blocking` in `gw2api_rs`
[INFO] [stdout] 
[INFO] [stdout] error: aborting due to previous error
[INFO] [stdout] 
[INFO] [stdout] For more information about this error, try `rustc --explain E0432`.
[INFO] [stdout] Couldn't compile the test.
[INFO] [stdout] ---- src/v2/account.rs - v2::account::AccountDyes::get (line 585) stdout ----
[INFO] [stdout] error[E0432]: unresolved import `gw2api_rs::blocking`
[INFO] [stdout]  --> src/v2/account.rs:588:16
[INFO] [stdout]   |
[INFO] [stdout] 6 | use gw2api_rs::blocking::Client;
[INFO] [stdout]   |                ^^^^^^^^ could not find `blocking` in `gw2api_rs`
[INFO] [stdout] 
[INFO] [stdout] error: aborting due to previous error
[INFO] [stdout] 
[INFO] [stdout] For more information about this error, try `rustc --explain E0432`.
[INFO] [stdout] Couldn't compile the test.
[INFO] [stdout] ---- src/v2/account.rs - v2::account::AccountBank::get (line 382) stdout ----
[INFO] [stdout] error[E0432]: unresolved import `gw2api_rs::blocking`
[INFO] [stdout]  --> src/v2/account.rs:385:16
[INFO] [stdout]   |
[INFO] [stdout] 6 | use gw2api_rs::blocking::Client;
[INFO] [stdout]   |                ^^^^^^^^ could not find `blocking` in `gw2api_rs`
[INFO] [stdout] 
[INFO] [stdout] error: aborting due to previous error
[INFO] [stdout] 
[INFO] [stdout] For more information about this error, try `rustc --explain E0432`.
[INFO] [stdout] Couldn't compile the test.
[INFO] [stdout] ---- src/v2/account.rs - v2::account::AccountDungeons::get (line 531) stdout ----
[INFO] [stdout] error[E0432]: unresolved import `gw2api_rs::blocking`
[INFO] [stdout]  --> src/v2/account.rs:534:16
[INFO] [stdout]   |
[INFO] [stdout] 6 | use gw2api_rs::blocking::Client;
[INFO] [stdout]   |                ^^^^^^^^ could not find `blocking` in `gw2api_rs`
[INFO] [stdout] 
[INFO] [stdout] error: aborting due to previous error
[INFO] [stdout] 
[INFO] [stdout] For more information about this error, try `rustc --explain E0432`.
[INFO] [stdout] Couldn't compile the test.
[INFO] [stdout] ---- src/v2/account.rs - v2::account::AccountFinishers::get (line 640) stdout ----
[INFO] [stdout] error[E0432]: unresolved import `gw2api_rs::blocking`
[INFO] [stdout]  --> src/v2/account.rs:643:16
[INFO] [stdout]   |
[INFO] [stdout] 6 | use gw2api_rs::blocking::Client;
[INFO] [stdout]   |                ^^^^^^^^ could not find `blocking` in `gw2api_rs`
[INFO] [stdout] 
[INFO] [stdout] error: aborting due to previous error
[INFO] [stdout] 
[INFO] [stdout] For more information about this error, try `rustc --explain E0432`.
[INFO] [stdout] Couldn't compile the test.
[INFO] [stdout] ---- src/v2/account.rs - v2::account::AccountGliders::get (line 717) stdout ----
[INFO] [stdout] error[E0432]: unresolved import `gw2api_rs::blocking`
[INFO] [stdout]  --> src/v2/account.rs:720:16
[INFO] [stdout]   |
[INFO] [stdout] 6 | use gw2api_rs::blocking::Client;
[INFO] [stdout]   |                ^^^^^^^^ could not find `blocking` in `gw2api_rs`
[INFO] [stdout] 
[INFO] [stdout] error: aborting due to previous error
[INFO] [stdout] 
[INFO] [stdout] For more information about this error, try `rustc --explain E0432`.
[INFO] [stdout] Couldn't compile the test.
[INFO] [stdout] ---- src/v2/account.rs - v2::account::AccountHomeNodes::get (line 827) stdout ----
[INFO] [stdout] error[E0432]: unresolved import `gw2api_rs::blocking`
[INFO] [stdout]  --> src/v2/account.rs:830:16
[INFO] [stdout]   |
[INFO] [stdout] 6 | use gw2api_rs::blocking::Client;
[INFO] [stdout]   |                ^^^^^^^^ could not find `blocking` in `gw2api_rs`
[INFO] [stdout] 
[INFO] [stdout] error: aborting due to previous error
[INFO] [stdout] 
[INFO] [stdout] For more information about this error, try `rustc --explain E0432`.
[INFO] [stdout] Couldn't compile the test.
[INFO] [stdout] ---- src/v2/account.rs - v2::account::AccountHomeCats::get (line 772) stdout ----
[INFO] [stdout] error[E0432]: unresolved import `gw2api_rs::blocking`
[INFO] [stdout]  --> src/v2/account.rs:775:16
[INFO] [stdout]   |
[INFO] [stdout] 6 | use gw2api_rs::blocking::Client;
[INFO] [stdout]   |                ^^^^^^^^ could not find `blocking` in `gw2api_rs`
[INFO] [stdout] 
[INFO] [stdout] error: aborting due to previous error
[INFO] [stdout] 
[INFO] [stdout] For more information about this error, try `rustc --explain E0432`.
[INFO] [stdout] Couldn't compile the test.
[INFO] [stdout] ---- src/v2/account.rs - v2::account::AccountLuck::get (line 949) stdout ----
[INFO] [stdout] error[E0432]: unresolved import `gw2api_rs::blocking`
[INFO] [stdout]  --> src/v2/account.rs:952:16
[INFO] [stdout]   |
[INFO] [stdout] 6 | use gw2api_rs::blocking::Client;
[INFO] [stdout]   |                ^^^^^^^^ could not find `blocking` in `gw2api_rs`
[INFO] [stdout] 
[INFO] [stdout] error: aborting due to previous error
[INFO] [stdout] 
[INFO] [stdout] For more information about this error, try `rustc --explain E0432`.
[INFO] [stdout] Couldn't compile the test.
[INFO] [stdout] ---- src/v2/account.rs - v2::account::AccountInventory::get (line 885) stdout ----
[INFO] [stdout] error[E0432]: unresolved import `gw2api_rs::blocking`
[INFO] [stdout]  --> src/v2/account.rs:888:16
[INFO] [stdout]   |
[INFO] [stdout] 6 | use gw2api_rs::blocking::Client;
[INFO] [stdout]   |                ^^^^^^^^ could not find `blocking` in `gw2api_rs`
[INFO] [stdout] 
[INFO] [stdout] error: aborting due to previous error
[INFO] [stdout] 
[INFO] [stdout] For more information about this error, try `rustc --explain E0432`.
[INFO] [stdout] Couldn't compile the test.
[INFO] [stdout] ---- src/v2/commerce.rs - v2::commerce::CurrentTransactions::sells (line 372) stdout ----
[INFO] [stdout] error[E0432]: unresolved import `gw2api_rs::blocking`
[INFO] [stdout]  --> src/v2/commerce.rs:375:16
[INFO] [stdout]   |
[INFO] [stdout] 6 | use gw2api_rs::blocking::Client;
[INFO] [stdout]   |                ^^^^^^^^ could not find `blocking` in `gw2api_rs`
[INFO] [stdout] 
[INFO] [stdout] error: aborting due to previous error
[INFO] [stdout] 
[INFO] [stdout] For more information about this error, try `rustc --explain E0432`.
[INFO] [stdout] Couldn't compile the test.
[INFO] [stdout] ---- src/v2/commerce.rs - v2::commerce::CurrentTransactions::buys (line 325) stdout ----
[INFO] [stdout] error[E0432]: unresolved import `gw2api_rs::blocking`
[INFO] [stdout]  --> src/v2/commerce.rs:328:16
[INFO] [stdout]   |
[INFO] [stdout] 6 | use gw2api_rs::blocking::Client;
[INFO] [stdout]   |                ^^^^^^^^ could not find `blocking` in `gw2api_rs`
[INFO] [stdout] 
[INFO] [stdout] error: aborting due to previous error
[INFO] [stdout] 
[INFO] [stdout] For more information about this error, try `rustc --explain E0432`.
[INFO] [stdout] Couldn't compile the test.
[INFO] [stdout] ---- src/v2/commerce.rs - v2::commerce::Delivery::get (line 44) stdout ----
[INFO] [stdout] error[E0432]: unresolved import `gw2api_rs::blocking`
[INFO] [stdout]  --> src/v2/commerce.rs:47:16
[INFO] [stdout]   |
[INFO] [stdout] 6 | use gw2api_rs::blocking::Client;
[INFO] [stdout]   |                ^^^^^^^^ could not find `blocking` in `gw2api_rs`
[INFO] [stdout] 
[INFO] [stdout] error: aborting due to previous error
[INFO] [stdout] 
[INFO] [stdout] For more information about this error, try `rustc --explain E0432`.
[INFO] [stdout] Couldn't compile the test.
[INFO] [stdout] ---- src/v2/commerce.rs - v2::commerce::Exchange::coins (line 100) stdout ----
[INFO] [stdout] error[E0432]: unresolved import `gw2api_rs::blocking`
[INFO] [stdout]  --> src/v2/commerce.rs:103:16
[INFO] [stdout]   |
[INFO] [stdout] 6 | use gw2api_rs::blocking::Client;
[INFO] [stdout]   |                ^^^^^^^^ could not find `blocking` in `gw2api_rs`
[INFO] [stdout] 
[INFO] [stdout] error: aborting due to previous error
[INFO] [stdout] 
[INFO] [stdout] For more information about this error, try `rustc --explain E0432`.
[INFO] [stdout] Couldn't compile the test.
[INFO] [stdout] ---- src/v2/commerce.rs - v2::commerce::Exchange::gems (line 141) stdout ----
[INFO] [stdout] error[E0432]: unresolved import `gw2api_rs::blocking`
[INFO] [stdout]  --> src/v2/commerce.rs:144:16
[INFO] [stdout]   |
[INFO] [stdout] 6 | use gw2api_rs::blocking::Client;
[INFO] [stdout]   |                ^^^^^^^^ could not find `blocking` in `gw2api_rs`
[INFO] [stdout] 
[INFO] [stdout] error: aborting due to previous error
[INFO] [stdout] 
[INFO] [stdout] For more information about this error, try `rustc --explain E0432`.
[INFO] [stdout] Couldn't compile the test.
[INFO] [stdout] ---- src/v2/commerce.rs - v2::commerce::HistoryTransactions::sells (line 488) stdout ----
[INFO] [stdout] error[E0432]: unresolved import `gw2api_rs::blocking`
[INFO] [stdout]  --> src/v2/commerce.rs:491:16
[INFO] [stdout]   |
[INFO] [stdout] 6 | use gw2api_rs::blocking::Client;
[INFO] [stdout]   |                ^^^^^^^^ could not find `blocking` in `gw2api_rs`
[INFO] [stdout] 
[INFO] [stdout] error: aborting due to previous error
[INFO] [stdout] 
[INFO] [stdout] For more information about this error, try `rustc --explain E0432`.
[INFO] [stdout] Couldn't compile the test.
[INFO] [stdout] ---- src/v2/commerce.rs - v2::commerce::HistoryTransactions::buys (line 440) stdout ----
[INFO] [stdout] error[E0432]: unresolved import `gw2api_rs::blocking`
[INFO] [stdout]  --> src/v2/commerce.rs:443:16
[INFO] [stdout]   |
[INFO] [stdout] 6 | use gw2api_rs::blocking::Client;
[INFO] [stdout]   |                ^^^^^^^^ could not find `blocking` in `gw2api_rs`
[INFO] [stdout] 
[INFO] [stdout] error: aborting due to previous error
[INFO] [stdout] 
[INFO] [stdout] For more information about this error, try `rustc --explain E0432`.
[INFO] [stdout] Couldn't compile the test.
[INFO] [stdout] ---- src/v2/commerce.rs - v2::commerce::Prices::ids (line 262) stdout ----
[INFO] [stdout] error[E0432]: unresolved import `gw2api_rs::blocking`
[INFO] [stdout]  --> src/v2/commerce.rs:265:16
[INFO] [stdout]   |
[INFO] [stdout] 6 | use gw2api_rs::blocking::Client;
[INFO] [stdout]   |                ^^^^^^^^ could not find `blocking` in `gw2api_rs`
[INFO] [stdout] 
[INFO] [stdout] error: aborting due to previous error
[INFO] [stdout] 
[INFO] [stdout] For more information about this error, try `rustc --explain E0432`.
[INFO] [stdout] Couldn't compile the test.
[INFO] [stdout] ---- src/v2/guild.rs - v2::guild::Guild::search (line 51) stdout ----
[INFO] [stdout] error[E0432]: unresolved import `gw2api_rs::blocking`
[INFO] [stdout]  --> src/v2/guild.rs:54:16
[INFO] [stdout]   |
[INFO] [stdout] 6 | use gw2api_rs::blocking::Client;
[INFO] [stdout]   |                ^^^^^^^^ could not find `blocking` in `gw2api_rs`
[INFO] [stdout] 
[INFO] [stdout] error: aborting due to previous error
[INFO] [stdout] 
[INFO] [stdout] For more information about this error, try `rustc --explain E0432`.
[INFO] [stdout] Couldn't compile the test.
[INFO] [stdout] ---- src/v2/guild.rs - v2::guild::GuildMembers::get (line 129) stdout ----
[INFO] [stdout] error[E0432]: unresolved import `gw2api_rs::blocking`
[INFO] [stdout]  --> src/v2/guild.rs:132:16
[INFO] [stdout]   |
[INFO] [stdout] 6 | use gw2api_rs::blocking::Client;
[INFO] [stdout]   |                ^^^^^^^^ could not find `blocking` in `gw2api_rs`
[INFO] [stdout] 
[INFO] [stdout] error: aborting due to previous error
[INFO] [stdout] 
[INFO] [stdout] For more information about this error, try `rustc --explain E0432`.
[INFO] [stdout] Couldn't compile the test.
[INFO] [stdout] ---- src/v2/commerce.rs - v2::commerce::Listings::ids (line 205) stdout ----
[INFO] [stdout] error[E0432]: unresolved import `gw2api_rs::blocking`
[INFO] [stdout]  --> src/v2/commerce.rs:208:16
[INFO] [stdout]   |
[INFO] [stdout] 6 | use gw2api_rs::blocking::Client;
[INFO] [stdout]   |                ^^^^^^^^ could not find `blocking` in `gw2api_rs`
[INFO] [stdout] 
[INFO] [stdout] error: aborting due to previous error
[INFO] [stdout] 
[INFO] [stdout] For more information about this error, try `rustc --explain E0432`.
[INFO] [stdout] Couldn't compile the test.
[INFO] [stdout] ---- src/v2/guild.rs - v2::guild::GuildRanks::get (line 199) stdout ----
[INFO] [stdout] error[E0432]: unresolved import `gw2api_rs::blocking`
[INFO] [stdout]  --> src/v2/guild.rs:202:16
[INFO] [stdout]   |
[INFO] [stdout] 6 | use gw2api_rs::blocking::Client;
[INFO] [stdout]   |                ^^^^^^^^ could not find `blocking` in `gw2api_rs`
[INFO] [stdout] 
[INFO] [stdout] error: aborting due to previous error
[INFO] [stdout] 
[INFO] [stdout] For more information about this error, try `rustc --explain E0432`.
[INFO] [stdout] Couldn't compile the test.
[INFO] [stdout] ---- src/lib.rs - (line 5) stdout ----
[INFO] [stdout] Test executable failed (exit status: 1).
[INFO] [stdout] 
[INFO] [stdout] stderr:
[INFO] [stdout] Error: Error { kind: Http(hyper::Error(Connect, ConnectError("dns error", Custom { kind: Uncategorized, error: "failed to lookup address information: Temporary failure in name resolution" }))) }
[INFO] [stdout] 
[INFO] [stdout] 
[INFO] [stdout] 
[INFO] [stdout] failures:
[INFO] [stdout]     src/lib.rs - (line 5)
[INFO] [stdout]     src/v2/account.rs - v2::account::Account::get (line 90)
[INFO] [stdout]     src/v2/account.rs - v2::account::AccountAchievements::get (line 298)
[INFO] [stdout]     src/v2/account.rs - v2::account::AccountBank::get (line 382)
[INFO] [stdout]     src/v2/account.rs - v2::account::AccountDailyCrafting::get (line 476)
[INFO] [stdout]     src/v2/account.rs - v2::account::AccountDungeons::get (line 531)
[INFO] [stdout]     src/v2/account.rs - v2::account::AccountDyes::get (line 585)
[INFO] [stdout]     src/v2/account.rs - v2::account::AccountFinishers::get (line 640)
[INFO] [stdout]     src/v2/account.rs - v2::account::AccountGliders::get (line 717)
[INFO] [stdout]     src/v2/account.rs - v2::account::AccountHomeCats::get (line 772)
[INFO] [stdout]     src/v2/account.rs - v2::account::AccountHomeNodes::get (line 827)
[INFO] [stdout]     src/v2/account.rs - v2::account::AccountInventory::get (line 885)
[INFO] [stdout]     src/v2/account.rs - v2::account::AccountLuck::get (line 949)
[INFO] [stdout]     src/v2/commerce.rs - v2::commerce::CurrentTransactions::buys (line 325)
[INFO] [stdout]     src/v2/commerce.rs - v2::commerce::CurrentTransactions::sells (line 372)
[INFO] [stdout]     src/v2/commerce.rs - v2::commerce::Delivery::get (line 44)
[INFO] [stdout]     src/v2/commerce.rs - v2::commerce::Exchange::coins (line 100)
[INFO] [stdout]     src/v2/commerce.rs - v2::commerce::Exchange::gems (line 141)
[INFO] [stdout]     src/v2/commerce.rs - v2::commerce::HistoryTransactions::buys (line 440)
[INFO] [stdout]     src/v2/commerce.rs - v2::commerce::HistoryTransactions::sells (line 488)
[INFO] [stdout]     src/v2/commerce.rs - v2::commerce::Listings::ids (line 205)
[INFO] [stdout]     src/v2/commerce.rs - v2::commerce::Prices::ids (line 262)
[INFO] [stdout]     src/v2/guild.rs - v2::guild::Guild::search (line 51)
[INFO] [stdout]     src/v2/guild.rs - v2::guild::GuildMembers::get (line 129)
[INFO] [stdout]     src/v2/guild.rs - v2::guild::GuildRanks::get (line 199)
[INFO] [stdout] 
[INFO] [stdout] test result: FAILED. 24 passed; 25 failed; 24 ignored; 0 measured; 0 filtered out; finished in 3.21s
[INFO] [stdout] 
[INFO] [stderr] error: doctest failed, to rerun pass `--doc`
[INFO] running `Command { std: "docker" "inspect" "c5b025b2c535ced1be982ca4b7f1871d085b24883bb787d83f95f62b25187498", kill_on_drop: false }`
[INFO] running `Command { std: "docker" "rm" "-f" "c5b025b2c535ced1be982ca4b7f1871d085b24883bb787d83f95f62b25187498", kill_on_drop: false }`
[INFO] [stdout] c5b025b2c535ced1be982ca4b7f1871d085b24883bb787d83f95f62b25187498
[INFO] testing gw2api-rs-0.3.0 against beta-2023-12-22 for beta-1.76-1
[INFO] extracting crate gw2api-rs 0.3.0 into /workspace/builds/worker-0-tc2/source
[INFO] validating manifest of crates.io crate gw2api-rs 0.3.0 on toolchain beta-2023-12-22
[INFO] running `Command { std: CARGO_HOME="/workspace/cargo-home" RUSTUP_HOME="/workspace/rustup-home" "/workspace/cargo-home/bin/cargo" "+beta-2023-12-22" "metadata" "--manifest-path" "Cargo.toml" "--no-deps", kill_on_drop: false }`
[INFO] started tweaking crates.io crate gw2api-rs 0.3.0
[INFO] removed 0 missing tests
[INFO] finished tweaking crates.io crate gw2api-rs 0.3.0
[INFO] tweaked toml for crates.io crate gw2api-rs 0.3.0 written to /workspace/builds/worker-0-tc2/source/Cargo.toml
[INFO] running `Command { std: CARGO_HOME="/workspace/cargo-home" RUSTUP_HOME="/workspace/rustup-home" "/workspace/cargo-home/bin/cargo" "+beta-2023-12-22" "generate-lockfile" "--manifest-path" "Cargo.toml", kill_on_drop: false }`
[INFO] [stderr]     Updating crates.io index
[INFO] running `Command { std: CARGO_HOME="/workspace/cargo-home" RUSTUP_HOME="/workspace/rustup-home" "/workspace/cargo-home/bin/cargo" "+beta-2023-12-22" "fetch" "--manifest-path" "Cargo.toml", kill_on_drop: false }`
[INFO] running `Command { std: "docker" "create" "-v" "/var/lib/crater-agent-workspace/builds/worker-0-tc2/target:/opt/rustwide/target:rw,Z" "-v" "/var/lib/crater-agent-workspace/builds/worker-0-tc2/source:/opt/rustwide/workdir:ro,Z" "-v" "/var/lib/crater-agent-workspace/cargo-home:/opt/rustwide/cargo-home:ro,Z" "-v" "/var/lib/crater-agent-workspace/rustup-home:/opt/rustwide/rustup-home:ro,Z" "-e" "SOURCE_DIR=/opt/rustwide/workdir" "-e" "CARGO_TARGET_DIR=/opt/rustwide/target" "-e" "CARGO_HOME=/opt/rustwide/cargo-home" "-e" "RUSTUP_HOME=/opt/rustwide/rustup-home" "-w" "/opt/rustwide/workdir" "-m" "1610612736" "--user" "0:0" "--network" "none" "ghcr.io/rust-lang/crates-build-env/linux@sha256:2788e3201cd34a07e3172128adcd8b3090168a8e3bcc40d7c032b9dda1df7d1c" "/opt/rustwide/cargo-home/bin/cargo" "+beta-2023-12-22" "metadata" "--no-deps" "--format-version=1", kill_on_drop: false }`
[INFO] [stdout] 24dbede6271ebcc39819dfec50c95b7b562f4a12c6222b8d0cd0f4ef6050365a
[INFO] running `Command { std: "docker" "start" "-a" "24dbede6271ebcc39819dfec50c95b7b562f4a12c6222b8d0cd0f4ef6050365a", kill_on_drop: false }`
[INFO] running `Command { std: "docker" "inspect" "24dbede6271ebcc39819dfec50c95b7b562f4a12c6222b8d0cd0f4ef6050365a", kill_on_drop: false }`
[INFO] running `Command { std: "docker" "rm" "-f" "24dbede6271ebcc39819dfec50c95b7b562f4a12c6222b8d0cd0f4ef6050365a", kill_on_drop: false }`
[INFO] [stdout] 24dbede6271ebcc39819dfec50c95b7b562f4a12c6222b8d0cd0f4ef6050365a
[INFO] running `Command { std: "docker" "create" "-v" "/var/lib/crater-agent-workspace/builds/worker-0-tc2/target:/opt/rustwide/target:rw,Z" "-v" "/var/lib/crater-agent-workspace/builds/worker-0-tc2/source:/opt/rustwide/workdir:ro,Z" "-v" "/var/lib/crater-agent-workspace/cargo-home:/opt/rustwide/cargo-home:ro,Z" "-v" "/var/lib/crater-agent-workspace/rustup-home:/opt/rustwide/rustup-home:ro,Z" "-e" "SOURCE_DIR=/opt/rustwide/workdir" "-e" "CARGO_TARGET_DIR=/opt/rustwide/target" "-e" "CARGO_INCREMENTAL=0" "-e" "RUST_BACKTRACE=full" "-e" "RUSTFLAGS=--cap-lints=warn" "-e" "RUSTDOCFLAGS=--cap-lints=warn" "-e" "CARGO_HOME=/opt/rustwide/cargo-home" "-e" "RUSTUP_HOME=/opt/rustwide/rustup-home" "-w" "/opt/rustwide/workdir" "-m" "1610612736" "--user" "0:0" "--network" "none" "ghcr.io/rust-lang/crates-build-env/linux@sha256:2788e3201cd34a07e3172128adcd8b3090168a8e3bcc40d7c032b9dda1df7d1c" "/opt/rustwide/cargo-home/bin/cargo" "+beta-2023-12-22" "build" "--frozen" "--message-format=json", kill_on_drop: false }`
[INFO] [stdout] 27251019708f3c23f2567ad3f8065344dd1b780c29e69a568f9ede7ec0fa4fee
[INFO] running `Command { std: "docker" "start" "-a" "27251019708f3c23f2567ad3f8065344dd1b780c29e69a568f9ede7ec0fa4fee", kill_on_drop: false }`
[INFO] [stderr]    Compiling libc v0.2.151
[INFO] [stderr]    Compiling vcpkg v0.2.15
[INFO] [stderr]    Compiling bytes v1.5.0
[INFO] [stderr]    Compiling itoa v1.0.10
[INFO] [stderr]    Compiling fnv v1.0.7
[INFO] [stderr]    Compiling openssl v0.10.62
[INFO] [stderr]    Compiling serde v1.0.194
[INFO] [stderr]    Compiling tracing-core v0.1.32
[INFO] [stderr]    Compiling hashbrown v0.14.3
[INFO] [stderr]    Compiling native-tls v0.2.11
[INFO] [stderr]    Compiling futures-sink v0.3.30
[INFO] [stderr]    Compiling mio v0.8.10
[INFO] [stderr]    Compiling socket2 v0.5.5
[INFO] [stderr]    Compiling openssl-macros v0.1.1
[INFO] [stderr]    Compiling futures-task v0.3.30
[INFO] [stderr]    Compiling equivalent v1.0.1
[INFO] [stderr]    Compiling httparse v1.8.0
[INFO] [stderr]    Compiling serde_derive v1.0.194
[INFO] [stderr]    Compiling num-traits v0.2.17
[INFO] [stderr]    Compiling futures-util v0.3.30
[INFO] [stderr]    Compiling log v0.4.20
[INFO] [stderr]    Compiling try-lock v0.2.5
[INFO] [stderr]    Compiling openssl-probe v0.1.5
[INFO] [stderr]    Compiling want v0.3.1
[INFO] [stderr]    Compiling serde_json v1.0.111
[INFO] [stderr]    Compiling httpdate v1.0.3
[INFO] [stderr]    Compiling tracing v0.1.40
[INFO] [stderr]    Compiling tokio v1.35.1
[INFO] [stderr]    Compiling http v0.2.11
[INFO] [stderr]    Compiling tower-service v0.3.2
[INFO] [stderr]    Compiling ryu v1.0.16
[INFO] [stderr]    Compiling iana-time-zone v0.1.59
[INFO] [stderr]    Compiling indexmap v2.1.0
[INFO] [stderr]    Compiling cc v1.0.83
[INFO] [stderr]    Compiling http-body v0.4.6
[INFO] [stderr]    Compiling openssl-sys v0.9.98
[INFO] [stderr]    Compiling tokio-util v0.7.10
[INFO] [stderr]    Compiling h2 v0.3.22
[INFO] [stderr]    Compiling chrono v0.4.31
[INFO] [stderr]    Compiling tokio-native-tls v0.3.1
[INFO] [stderr]    Compiling hyper v0.14.28
[INFO] [stderr]    Compiling hyper-tls v0.5.0
[INFO] [stderr]    Compiling gw2api-rs v0.3.0 (/opt/rustwide/workdir)
[INFO] [stdout] warning: unused imports: `ClientExecutor`, `RequestBuilder`
[INFO] [stdout]  --> src/v2/account/characters.rs:9:13
[INFO] [stdout]   |
[INFO] [stdout] 9 | use crate::{ClientExecutor, RequestBuilder};
[INFO] [stdout]   |             ^^^^^^^^^^^^^^  ^^^^^^^^^^^^^^
[INFO] [stdout]   |
[INFO] [stdout]   = note: `#[warn(unused_imports)]` on by default
[INFO] [stdout] 
[INFO] [stdout] 
[INFO] [stdout] warning: 1 warning emitted
[INFO] [stdout] 
[INFO] [stdout] 
[INFO] [stderr]     Finished dev [unoptimized + debuginfo] target(s) in 8.76s
[INFO] running `Command { std: "docker" "inspect" "27251019708f3c23f2567ad3f8065344dd1b780c29e69a568f9ede7ec0fa4fee", kill_on_drop: false }`
[INFO] running `Command { std: "docker" "rm" "-f" "27251019708f3c23f2567ad3f8065344dd1b780c29e69a568f9ede7ec0fa4fee", kill_on_drop: false }`
[INFO] [stdout] 27251019708f3c23f2567ad3f8065344dd1b780c29e69a568f9ede7ec0fa4fee
[INFO] running `Command { std: "docker" "create" "-v" "/var/lib/crater-agent-workspace/builds/worker-0-tc2/target:/opt/rustwide/target:rw,Z" "-v" "/var/lib/crater-agent-workspace/builds/worker-0-tc2/source:/opt/rustwide/workdir:ro,Z" "-v" "/var/lib/crater-agent-workspace/cargo-home:/opt/rustwide/cargo-home:ro,Z" "-v" "/var/lib/crater-agent-workspace/rustup-home:/opt/rustwide/rustup-home:ro,Z" "-e" "SOURCE_DIR=/opt/rustwide/workdir" "-e" "CARGO_TARGET_DIR=/opt/rustwide/target" "-e" "CARGO_INCREMENTAL=0" "-e" "RUST_BACKTRACE=full" "-e" "RUSTFLAGS=--cap-lints=warn" "-e" "RUSTDOCFLAGS=--cap-lints=warn" "-e" "CARGO_HOME=/opt/rustwide/cargo-home" "-e" "RUSTUP_HOME=/opt/rustwide/rustup-home" "-w" "/opt/rustwide/workdir" "-m" "1610612736" "--user" "0:0" "--network" "none" "ghcr.io/rust-lang/crates-build-env/linux@sha256:2788e3201cd34a07e3172128adcd8b3090168a8e3bcc40d7c032b9dda1df7d1c" "/opt/rustwide/cargo-home/bin/cargo" "+beta-2023-12-22" "test" "--frozen" "--no-run" "--message-format=json", kill_on_drop: false }`
[INFO] [stdout] ec26ebf24c028e5db0fba45e3c2382d7eb135bacbd9f20b37fb5725e3e37b662
[INFO] running `Command { std: "docker" "start" "-a" "ec26ebf24c028e5db0fba45e3c2382d7eb135bacbd9f20b37fb5725e3e37b662", kill_on_drop: false }`
[INFO] [stderr]    Compiling num_cpus v1.16.0
[INFO] [stderr]    Compiling tokio-macros v2.2.0
[INFO] [stderr]    Compiling tokio v1.35.1
[INFO] [stderr]    Compiling tokio-util v0.7.10
[INFO] [stderr]    Compiling tokio-native-tls v0.3.1
[INFO] [stderr]    Compiling h2 v0.3.22
[INFO] [stderr]    Compiling hyper v0.14.28
[INFO] [stderr]    Compiling hyper-tls v0.5.0
[INFO] [stderr]    Compiling gw2api-rs v0.3.0 (/opt/rustwide/workdir)
[INFO] [stdout] warning: unused imports: `ClientExecutor`, `RequestBuilder`
[INFO] [stdout]  --> src/v2/account/characters.rs:9:13
[INFO] [stdout]   |
[INFO] [stdout] 9 | use crate::{ClientExecutor, RequestBuilder};
[INFO] [stdout]   |             ^^^^^^^^^^^^^^  ^^^^^^^^^^^^^^
[INFO] [stdout]   |
[INFO] [stdout]   = note: `#[warn(unused_imports)]` on by default
[INFO] [stdout] 
[INFO] [stdout] 
[INFO] [stdout] warning: unused imports: `ClientExecutor`, `RequestBuilder`
[INFO] [stdout]  --> src/v2/account/characters.rs:9:13
[INFO] [stdout]   |
[INFO] [stdout] 9 | use crate::{ClientExecutor, RequestBuilder};
[INFO] [stdout]   |             ^^^^^^^^^^^^^^  ^^^^^^^^^^^^^^
[INFO] [stdout]   |
[INFO] [stdout]   = note: `#[warn(unused_imports)]` on by default
[INFO] [stdout] 
[INFO] [stdout] 
[INFO] [stdout] warning: 1 warning emitted
[INFO] [stdout] 
[INFO] [stdout] 
[INFO] [stdout] warning: 1 warning emitted
[INFO] [stdout] 
[INFO] [stdout] 
[INFO] [stderr]     Finished test [unoptimized + debuginfo] target(s) in 9.21s
[INFO] running `Command { std: "docker" "inspect" "ec26ebf24c028e5db0fba45e3c2382d7eb135bacbd9f20b37fb5725e3e37b662", kill_on_drop: false }`
[INFO] running `Command { std: "docker" "rm" "-f" "ec26ebf24c028e5db0fba45e3c2382d7eb135bacbd9f20b37fb5725e3e37b662", kill_on_drop: false }`
[INFO] [stdout] ec26ebf24c028e5db0fba45e3c2382d7eb135bacbd9f20b37fb5725e3e37b662
[INFO] running `Command { std: "docker" "create" "-v" "/var/lib/crater-agent-workspace/builds/worker-0-tc2/target:/opt/rustwide/target:rw,Z" "-v" "/var/lib/crater-agent-workspace/builds/worker-0-tc2/source:/opt/rustwide/workdir:ro,Z" "-v" "/var/lib/crater-agent-workspace/cargo-home:/opt/rustwide/cargo-home:ro,Z" "-v" "/var/lib/crater-agent-workspace/rustup-home:/opt/rustwide/rustup-home:ro,Z" "-e" "SOURCE_DIR=/opt/rustwide/workdir" "-e" "CARGO_TARGET_DIR=/opt/rustwide/target" "-e" "CARGO_INCREMENTAL=0" "-e" "RUST_BACKTRACE=full" "-e" "RUSTFLAGS=--cap-lints=warn" "-e" "RUSTDOCFLAGS=--cap-lints=warn" "-e" "CARGO_HOME=/opt/rustwide/cargo-home" "-e" "RUSTUP_HOME=/opt/rustwide/rustup-home" "-w" "/opt/rustwide/workdir" "-m" "1610612736" "--user" "0:0" "--network" "none" "ghcr.io/rust-lang/crates-build-env/linux@sha256:2788e3201cd34a07e3172128adcd8b3090168a8e3bcc40d7c032b9dda1df7d1c" "/opt/rustwide/cargo-home/bin/cargo" "+beta-2023-12-22" "test" "--frozen", kill_on_drop: false }`
[INFO] [stdout] 27f4720c4882effc263efed0bd85b7e059f6bb214cb28094047218d6cf91bfed
[INFO] running `Command { std: "docker" "start" "-a" "27f4720c4882effc263efed0bd85b7e059f6bb214cb28094047218d6cf91bfed", kill_on_drop: false }`
[INFO] [stderr] warning: unused imports: `ClientExecutor`, `RequestBuilder`
[INFO] [stderr]  --> src/v2/account/characters.rs:9:13
[INFO] [stderr]   |
[INFO] [stderr] 9 | use crate::{ClientExecutor, RequestBuilder};
[INFO] [stderr]   |             ^^^^^^^^^^^^^^  ^^^^^^^^^^^^^^
[INFO] [stderr]   |
[INFO] [stderr]   = note: `#[warn(unused_imports)]` on by default
[INFO] [stderr] 
[INFO] [stderr] warning: `gw2api-rs` (lib) generated 1 warning (run `cargo fix --lib -p gw2api-rs` to apply 1 suggestion)
[INFO] [stderr] warning: `gw2api-rs` (lib test) generated 1 warning (1 duplicate)
[INFO] [stderr]     Finished test [unoptimized + debuginfo] target(s) in 0.08s
[INFO] [stderr]      Running unittests src/lib.rs (/opt/rustwide/target/debug/deps/gw2api_rs-6a37a218e69c8ef0)
[INFO] [stdout] 
[INFO] [stdout] running 0 tests
[INFO] [stdout] 
[INFO] [stdout] test result: ok. 0 passed; 0 failed; 0 ignored; 0 measured; 0 filtered out; finished in 0.00s
[INFO] [stdout] 
[INFO] [stderr]    Doc-tests gw2api-rs
[INFO] [stdout] 
[INFO] [stdout] running 73 tests
[INFO] [stdout] test src/v2/account.rs - v2::account::AccountBank::get (line 382) - compile ... FAILED
[INFO] [stdout] test src/v2/account.rs - v2::account::Account::get (line 90) - compile ... FAILED
[INFO] [stdout] test src/v2/account.rs - v2::account::AccountDailyCrafting::get (line 476) - compile ... FAILED
[INFO] [stdout] test src/v2/account.rs - v2::account::AccountDailyCrafting::get (line 462) - compile ... ok
[INFO] [stdout] test src/v2/account.rs - v2::account::Account::get (line 75) - compile ... ok
[INFO] [stdout] test src/v2/account.rs - v2::account::AccountDungeons::get (line 531) - compile ... FAILED
[INFO] [stdout] test src/v2/account.rs - v2::account::AccountDungeons::get (line 517) - compile ... ok
[INFO] [stdout] test src/v2/account.rs - v2::account::AccountFinishers::get (line 640) - compile ... FAILED
[INFO] [stdout] test src/v2/account.rs - v2::account::AccountAchievements::get (line 298) - compile ... FAILED
[INFO] [stdout] test src/v2/account.rs - v2::account::AccountDyes::get (line 585) - compile ... FAILED
[INFO] [stdout] test src/v2/achievements.rs - v2::achievements::Achievement::ids (line 59) ... ignored
[INFO] [stdout] test src/v2/achievements.rs - v2::achievements::Achievement::ids (line 72) ... ignored
[INFO] [stdout] test src/v2/colors.rs - v2::colors::Color::ids (line 33) ... ignored
[INFO] [stdout] test src/v2/colors.rs - v2::colors::Color::ids (line 46) ... ignored
[INFO] [stdout] test src/v2/account.rs - v2::account::AccountGliders::get (line 703) - compile ... ok
[INFO] [stdout] test src/v2/account.rs - v2::account::AccountDyes::get (line 571) - compile ... ok
[INFO] [stdout] test src/v2/account.rs - v2::account::AccountGliders::get (line 717) - compile ... FAILED
[INFO] [stdout] test src/v2/account.rs - v2::account::AccountFinishers::get (line 626) - compile ... ok
[INFO] [stdout] test src/v2/account.rs - v2::account::AccountBank::get (line 368) - compile ... ok
[INFO] [stdout] test src/v2/account.rs - v2::account::AccountAchievements::get (line 283) - compile ... ok
[INFO] [stdout] test src/v2/account.rs - v2::account::AccountLuck::get (line 949) - compile ... FAILED
[INFO] [stdout] test src/v2/account.rs - v2::account::AccountHomeNodes::get (line 813) - compile ... ok
[INFO] [stdout] test src/v2/account.rs - v2::account::AccountHomeCats::get (line 772) - compile ... FAILED
[INFO] [stdout] test src/v2/commerce.rs - v2::commerce::CurrentTransactions::sells (line 372) - compile ... FAILED
[INFO] [stdout] test src/v2/account.rs - v2::account::AccountHomeCats::get (line 758) - compile ... ok
[INFO] [stdout] test src/v2/account.rs - v2::account::AccountHomeNodes::get (line 827) - compile ... FAILED
[INFO] [stdout] test src/v2/account.rs - v2::account::AccountInventory::get (line 885) - compile ... FAILED
[INFO] [stdout] test src/v2/commerce.rs - v2::commerce::Delivery::get (line 44) - compile ... FAILED
[INFO] [stdout] test src/v2/commerce.rs - v2::commerce::Exchange::coins (line 100) - compile ... FAILED
[INFO] [stdout] test src/v2/commerce.rs - v2::commerce::CurrentTransactions::sells (line 359) - compile ... ok
[INFO] [stdout] test src/v2/commerce.rs - v2::commerce::Delivery::get (line 30) - compile ... ok
[INFO] [stdout] test src/v2/commerce.rs - v2::commerce::Exchange::gems (line 141) - compile ... FAILED
[INFO] [stdout] test src/v2/account.rs - v2::account::AccountLuck::get (line 935) - compile ... ok
[INFO] [stdout] test src/v2/currencies.rs - v2::currencies::Currency::ids (line 18) ... ignored
[INFO] [stdout] test src/v2/currencies.rs - v2::currencies::Currency::ids (line 31) ... ignored
[INFO] [stdout] test src/v2/dungeons.rs - v2::dungeons::Dungeon::ids (line 29) ... ignored
[INFO] [stdout] test src/v2/dungeons.rs - v2::dungeons::Dungeon::ids (line 42) ... ignored
[INFO] [stdout] test src/v2/files.rs - v2::files::File::ids (line 15) ... ignored
[INFO] [stdout] test src/v2/files.rs - v2::files::File::ids (line 28) ... ignored
[INFO] [stdout] test src/v2/account.rs - v2::account::AccountInventory::get (line 871) - compile ... ok
[INFO] [stdout] test src/v2/commerce.rs - v2::commerce::CurrentTransactions::buys (line 325) - compile ... FAILED
[INFO] [stdout] test src/v2/commerce.rs - v2::commerce::HistoryTransactions::sells (line 475) - compile ... ok
[INFO] [stdout] test src/v2/commerce.rs - v2::commerce::Prices::ids (line 262) - compile ... FAILED
[INFO] [stdout] test src/v2/commerce.rs - v2::commerce::HistoryTransactions::sells (line 488) - compile ... FAILED
[INFO] [stdout] test src/v2/minis.rs - v2::minis::Mini::ids (line 19) ... ignored
[INFO] [stdout] test src/v2/minis.rs - v2::minis::Mini::ids (line 32) ... ignored
[INFO] [stdout] test src/v2/novelties.rs - v2::novelties::Novelty::ids (line 29) ... ignored
[INFO] [stdout] test src/v2/novelties.rs - v2::novelties::Novelty::ids (line 42) ... ignored
[INFO] [stdout] test src/v2/quaggans.rs - v2::quaggans::Quaggan::ids (line 15) ... ignored
[INFO] [stdout] test src/v2/quaggans.rs - v2::quaggans::Quaggan::ids (line 28) ... ignored
[INFO] [stdout] test src/v2/commerce.rs - v2::commerce::HistoryTransactions::buys (line 440) - compile ... FAILED
[INFO] [stdout] test src/v2/raids.rs - v2::raids::Raid::ids (line 33) ... ignored
[INFO] [stdout] test src/v2/raids.rs - v2::raids::Raid::ids (line 46) ... ignored
[INFO] [stdout] test src/v2/commerce.rs - v2::commerce::CurrentTransactions::buys (line 312) - compile ... ok
[INFO] [stdout] test src/v2/titles.rs - v2::titles::Title::ids (line 17) ... ignored
[INFO] [stdout] test src/v2/titles.rs - v2::titles::Title::ids (line 30) ... ignored
[INFO] [stdout] test src/v2/worlds.rs - v2::worlds::World::ids (line 48) ... ignored
[INFO] [stdout] test src/v2/commerce.rs - v2::commerce::Exchange::gems (line 128) - compile ... ok
[INFO] [stdout] test src/v2/commerce.rs - v2::commerce::Listings::ids (line 192) - compile ... ok
[INFO] [stdout] test src/v2/commerce.rs - v2::commerce::Exchange::coins (line 87) - compile ... ok
[INFO] [stdout] test src/v2/worlds.rs - v2::worlds::World::ids (line 61) ... ignored
[INFO] [stdout] test src/v2/wvw.rs - v2::wvw::Upgrades::ids (line 201) ... ignored
[INFO] [stdout] test src/v2/wvw.rs - v2::wvw::Upgrades::ids (line 214) ... ignored
[INFO] [stdout] test src/v2/commerce.rs - v2::commerce::HistoryTransactions::buys (line 427) - compile ... ok
[INFO] [stdout] test src/v2/commerce.rs - v2::commerce::Listings::ids (line 205) - compile ... FAILED
[INFO] [stdout] test src/v2/guild.rs - v2::guild::Guild::search (line 51) - compile ... FAILED
[INFO] [stdout] test src/v2/commerce.rs - v2::commerce::Prices::ids (line 249) - compile ... ok
[INFO] [stdout] test src/v2/guild.rs - v2::guild::Guild::search (line 37) - compile ... ok
[INFO] [stdout] test src/v2/guild.rs - v2::guild::GuildMembers::get (line 113) - compile ... ok
[INFO] [stdout] test src/v2/guild.rs - v2::guild::GuildMembers::get (line 129) - compile ... FAILED
[INFO] [stdout] test src/v2/guild.rs - v2::guild::GuildRanks::get (line 199) - compile ... FAILED
[INFO] [stdout] test src/v2/guild.rs - v2::guild::GuildRanks::get (line 183) - compile ... ok
[INFO] [stdout] test src/lib.rs - (line 5) ... FAILED
[INFO] [stdout] 
[INFO] [stdout] failures:
[INFO] [stdout] 
[INFO] [stdout] ---- src/v2/account.rs - v2::account::AccountBank::get (line 382) stdout ----
[INFO] [stdout] error[E0432]: unresolved import `gw2api_rs::blocking`
[INFO] [stdout]  --> src/v2/account.rs:385:16
[INFO] [stdout]   |
[INFO] [stdout] 6 | use gw2api_rs::blocking::Client;
[INFO] [stdout]   |                ^^^^^^^^ could not find `blocking` in `gw2api_rs`
[INFO] [stdout] 
[INFO] [stdout] error: aborting due to 1 previous error
[INFO] [stdout] 
[INFO] [stdout] For more information about this error, try `rustc --explain E0432`.
[INFO] [stdout] Couldn't compile the test.
[INFO] [stdout] ---- src/v2/account.rs - v2::account::Account::get (line 90) stdout ----
[INFO] [stdout] error[E0432]: unresolved import `gw2api_rs::blocking`
[INFO] [stdout]  --> src/v2/account.rs:93:16
[INFO] [stdout]   |
[INFO] [stdout] 6 | use gw2api_rs::blocking::Client;
[INFO] [stdout]   |                ^^^^^^^^ could not find `blocking` in `gw2api_rs`
[INFO] [stdout] 
[INFO] [stdout] error: aborting due to 1 previous error
[INFO] [stdout] 
[INFO] [stdout] For more information about this error, try `rustc --explain E0432`.
[INFO] [stdout] Couldn't compile the test.
[INFO] [stdout] ---- src/v2/account.rs - v2::account::AccountDailyCrafting::get (line 476) stdout ----
[INFO] [stdout] error[E0432]: unresolved import `gw2api_rs::blocking`
[INFO] [stdout]  --> src/v2/account.rs:479:16
[INFO] [stdout]   |
[INFO] [stdout] 6 | use gw2api_rs::blocking::Client;
[INFO] [stdout]   |                ^^^^^^^^ could not find `blocking` in `gw2api_rs`
[INFO] [stdout] 
[INFO] [stdout] error: aborting due to 1 previous error
[INFO] [stdout] 
[INFO] [stdout] For more information about this error, try `rustc --explain E0432`.
[INFO] [stdout] Couldn't compile the test.
[INFO] [stdout] ---- src/v2/account.rs - v2::account::AccountDungeons::get (line 531) stdout ----
[INFO] [stdout] error[E0432]: unresolved import `gw2api_rs::blocking`
[INFO] [stdout]  --> src/v2/account.rs:534:16
[INFO] [stdout]   |
[INFO] [stdout] 6 | use gw2api_rs::blocking::Client;
[INFO] [stdout]   |                ^^^^^^^^ could not find `blocking` in `gw2api_rs`
[INFO] [stdout] 
[INFO] [stdout] error: aborting due to 1 previous error
[INFO] [stdout] 
[INFO] [stdout] For more information about this error, try `rustc --explain E0432`.
[INFO] [stdout] Couldn't compile the test.
[INFO] [stdout] ---- src/v2/account.rs - v2::account::AccountFinishers::get (line 640) stdout ----
[INFO] [stdout] error[E0432]: unresolved import `gw2api_rs::blocking`
[INFO] [stdout]  --> src/v2/account.rs:643:16
[INFO] [stdout]   |
[INFO] [stdout] 6 | use gw2api_rs::blocking::Client;
[INFO] [stdout]   |                ^^^^^^^^ could not find `blocking` in `gw2api_rs`
[INFO] [stdout] 
[INFO] [stdout] error: aborting due to 1 previous error
[INFO] [stdout] 
[INFO] [stdout] For more information about this error, try `rustc --explain E0432`.
[INFO] [stdout] Couldn't compile the test.
[INFO] [stdout] ---- src/v2/account.rs - v2::account::AccountAchievements::get (line 298) stdout ----
[INFO] [stdout] error[E0432]: unresolved import `gw2api_rs::blocking`
[INFO] [stdout]  --> src/v2/account.rs:301:16
[INFO] [stdout]   |
[INFO] [stdout] 6 | use gw2api_rs::blocking::Client;
[INFO] [stdout]   |                ^^^^^^^^ could not find `blocking` in `gw2api_rs`
[INFO] [stdout] 
[INFO] [stdout] error: aborting due to 1 previous error
[INFO] [stdout] 
[INFO] [stdout] For more information about this error, try `rustc --explain E0432`.
[INFO] [stdout] Couldn't compile the test.
[INFO] [stdout] ---- src/v2/account.rs - v2::account::AccountDyes::get (line 585) stdout ----
[INFO] [stdout] error[E0432]: unresolved import `gw2api_rs::blocking`
[INFO] [stdout]  --> src/v2/account.rs:588:16
[INFO] [stdout]   |
[INFO] [stdout] 6 | use gw2api_rs::blocking::Client;
[INFO] [stdout]   |                ^^^^^^^^ could not find `blocking` in `gw2api_rs`
[INFO] [stdout] 
[INFO] [stdout] error: aborting due to 1 previous error
[INFO] [stdout] 
[INFO] [stdout] For more information about this error, try `rustc --explain E0432`.
[INFO] [stdout] Couldn't compile the test.
[INFO] [stdout] ---- src/v2/account.rs - v2::account::AccountGliders::get (line 717) stdout ----
[INFO] [stdout] error[E0432]: unresolved import `gw2api_rs::blocking`
[INFO] [stdout]  --> src/v2/account.rs:720:16
[INFO] [stdout]   |
[INFO] [stdout] 6 | use gw2api_rs::blocking::Client;
[INFO] [stdout]   |                ^^^^^^^^ could not find `blocking` in `gw2api_rs`
[INFO] [stdout] 
[INFO] [stdout] error: aborting due to 1 previous error
[INFO] [stdout] 
[INFO] [stdout] For more information about this error, try `rustc --explain E0432`.
[INFO] [stdout] Couldn't compile the test.
[INFO] [stdout] ---- src/v2/account.rs - v2::account::AccountLuck::get (line 949) stdout ----
[INFO] [stdout] error[E0432]: unresolved import `gw2api_rs::blocking`
[INFO] [stdout]  --> src/v2/account.rs:952:16
[INFO] [stdout]   |
[INFO] [stdout] 6 | use gw2api_rs::blocking::Client;
[INFO] [stdout]   |                ^^^^^^^^ could not find `blocking` in `gw2api_rs`
[INFO] [stdout] 
[INFO] [stdout] error: aborting due to 1 previous error
[INFO] [stdout] 
[INFO] [stdout] For more information about this error, try `rustc --explain E0432`.
[INFO] [stdout] Couldn't compile the test.
[INFO] [stdout] ---- src/v2/account.rs - v2::account::AccountHomeCats::get (line 772) stdout ----
[INFO] [stdout] error[E0432]: unresolved import `gw2api_rs::blocking`
[INFO] [stdout]  --> src/v2/account.rs:775:16
[INFO] [stdout]   |
[INFO] [stdout] 6 | use gw2api_rs::blocking::Client;
[INFO] [stdout]   |                ^^^^^^^^ could not find `blocking` in `gw2api_rs`
[INFO] [stdout] 
[INFO] [stdout] error: aborting due to 1 previous error
[INFO] [stdout] 
[INFO] [stdout] For more information about this error, try `rustc --explain E0432`.
[INFO] [stdout] Couldn't compile the test.
[INFO] [stdout] ---- src/v2/commerce.rs - v2::commerce::CurrentTransactions::sells (line 372) stdout ----
[INFO] [stdout] error[E0432]: unresolved import `gw2api_rs::blocking`
[INFO] [stdout]  --> src/v2/commerce.rs:375:16
[INFO] [stdout]   |
[INFO] [stdout] 6 | use gw2api_rs::blocking::Client;
[INFO] [stdout]   |                ^^^^^^^^ could not find `blocking` in `gw2api_rs`
[INFO] [stdout] 
[INFO] [stdout] error: aborting due to 1 previous error
[INFO] [stdout] 
[INFO] [stdout] For more information about this error, try `rustc --explain E0432`.
[INFO] [stdout] Couldn't compile the test.
[INFO] [stdout] ---- src/v2/account.rs - v2::account::AccountHomeNodes::get (line 827) stdout ----
[INFO] [stdout] error[E0432]: unresolved import `gw2api_rs::blocking`
[INFO] [stdout]  --> src/v2/account.rs:830:16
[INFO] [stdout]   |
[INFO] [stdout] 6 | use gw2api_rs::blocking::Client;
[INFO] [stdout]   |                ^^^^^^^^ could not find `blocking` in `gw2api_rs`
[INFO] [stdout] 
[INFO] [stdout] error: aborting due to 1 previous error
[INFO] [stdout] 
[INFO] [stdout] For more information about this error, try `rustc --explain E0432`.
[INFO] [stdout] Couldn't compile the test.
[INFO] [stdout] ---- src/v2/account.rs - v2::account::AccountInventory::get (line 885) stdout ----
[INFO] [stdout] error[E0432]: unresolved import `gw2api_rs::blocking`
[INFO] [stdout]  --> src/v2/account.rs:888:16
[INFO] [stdout]   |
[INFO] [stdout] 6 | use gw2api_rs::blocking::Client;
[INFO] [stdout]   |                ^^^^^^^^ could not find `blocking` in `gw2api_rs`
[INFO] [stdout] 
[INFO] [stdout] error: aborting due to 1 previous error
[INFO] [stdout] 
[INFO] [stdout] For more information about this error, try `rustc --explain E0432`.
[INFO] [stdout] Couldn't compile the test.
[INFO] [stdout] ---- src/v2/commerce.rs - v2::commerce::Delivery::get (line 44) stdout ----
[INFO] [stdout] error[E0432]: unresolved import `gw2api_rs::blocking`
[INFO] [stdout]  --> src/v2/commerce.rs:47:16
[INFO] [stdout]   |
[INFO] [stdout] 6 | use gw2api_rs::blocking::Client;
[INFO] [stdout]   |                ^^^^^^^^ could not find `blocking` in `gw2api_rs`
[INFO] [stdout] 
[INFO] [stdout] error: aborting due to 1 previous error
[INFO] [stdout] 
[INFO] [stdout] For more information about this error, try `rustc --explain E0432`.
[INFO] [stdout] Couldn't compile the test.
[INFO] [stdout] ---- src/v2/commerce.rs - v2::commerce::Exchange::coins (line 100) stdout ----
[INFO] [stdout] error[E0432]: unresolved import `gw2api_rs::blocking`
[INFO] [stdout]  --> src/v2/commerce.rs:103:16
[INFO] [stdout]   |
[INFO] [stdout] 6 | use gw2api_rs::blocking::Client;
[INFO] [stdout]   |                ^^^^^^^^ could not find `blocking` in `gw2api_rs`
[INFO] [stdout] 
[INFO] [stdout] error: aborting due to 1 previous error
[INFO] [stdout] 
[INFO] [stdout] For more information about this error, try `rustc --explain E0432`.
[INFO] [stdout] Couldn't compile the test.
[INFO] [stdout] ---- src/v2/commerce.rs - v2::commerce::Exchange::gems (line 141) stdout ----
[INFO] [stdout] error[E0432]: unresolved import `gw2api_rs::blocking`
[INFO] [stdout]  --> src/v2/commerce.rs:144:16
[INFO] [stdout]   |
[INFO] [stdout] 6 | use gw2api_rs::blocking::Client;
[INFO] [stdout]   |                ^^^^^^^^ could not find `blocking` in `gw2api_rs`
[INFO] [stdout] 
[INFO] [stdout] error: aborting due to 1 previous error
[INFO] [stdout] 
[INFO] [stdout] For more information about this error, try `rustc --explain E0432`.
[INFO] [stdout] Couldn't compile the test.
[INFO] [stdout] ---- src/v2/commerce.rs - v2::commerce::CurrentTransactions::buys (line 325) stdout ----
[INFO] [stdout] error[E0432]: unresolved import `gw2api_rs::blocking`
[INFO] [stdout]  --> src/v2/commerce.rs:328:16
[INFO] [stdout]   |
[INFO] [stdout] 6 | use gw2api_rs::blocking::Client;
[INFO] [stdout]   |                ^^^^^^^^ could not find `blocking` in `gw2api_rs`
[INFO] [stdout] 
[INFO] [stdout] error: aborting due to 1 previous error
[INFO] [stdout] 
[INFO] [stdout] For more information about this error, try `rustc --explain E0432`.
[INFO] [stdout] Couldn't compile the test.
[INFO] [stdout] ---- src/v2/commerce.rs - v2::commerce::Prices::ids (line 262) stdout ----
[INFO] [stdout] error[E0432]: unresolved import `gw2api_rs::blocking`
[INFO] [stdout]  --> src/v2/commerce.rs:265:16
[INFO] [stdout]   |
[INFO] [stdout] 6 | use gw2api_rs::blocking::Client;
[INFO] [stdout]   |                ^^^^^^^^ could not find `blocking` in `gw2api_rs`
[INFO] [stdout] 
[INFO] [stdout] error: aborting due to 1 previous error
[INFO] [stdout] 
[INFO] [stdout] For more information about this error, try `rustc --explain E0432`.
[INFO] [stdout] Couldn't compile the test.
[INFO] [stdout] ---- src/v2/commerce.rs - v2::commerce::HistoryTransactions::sells (line 488) stdout ----
[INFO] [stdout] error[E0432]: unresolved import `gw2api_rs::blocking`
[INFO] [stdout]  --> src/v2/commerce.rs:491:16
[INFO] [stdout]   |
[INFO] [stdout] 6 | use gw2api_rs::blocking::Client;
[INFO] [stdout]   |                ^^^^^^^^ could not find `blocking` in `gw2api_rs`
[INFO] [stdout] 
[INFO] [stdout] error: aborting due to 1 previous error
[INFO] [stdout] 
[INFO] [stdout] For more information about this error, try `rustc --explain E0432`.
[INFO] [stdout] Couldn't compile the test.
[INFO] [stdout] ---- src/v2/commerce.rs - v2::commerce::HistoryTransactions::buys (line 440) stdout ----
[INFO] [stdout] error[E0432]: unresolved import `gw2api_rs::blocking`
[INFO] [stdout]  --> src/v2/commerce.rs:443:16
[INFO] [stdout]   |
[INFO] [stdout] 6 | use gw2api_rs::blocking::Client;
[INFO] [stdout]   |                ^^^^^^^^ could not find `blocking` in `gw2api_rs`
[INFO] [stdout] 
[INFO] [stdout] error: aborting due to 1 previous error
[INFO] [stdout] 
[INFO] [stdout] For more information about this error, try `rustc --explain E0432`.
[INFO] [stdout] Couldn't compile the test.
[INFO] [stdout] ---- src/v2/commerce.rs - v2::commerce::Listings::ids (line 205) stdout ----
[INFO] [stdout] error[E0432]: unresolved import `gw2api_rs::blocking`
[INFO] [stdout]  --> src/v2/commerce.rs:208:16
[INFO] [stdout]   |
[INFO] [stdout] 6 | use gw2api_rs::blocking::Client;
[INFO] [stdout]   |                ^^^^^^^^ could not find `blocking` in `gw2api_rs`
[INFO] [stdout] 
[INFO] [stdout] error: aborting due to 1 previous error
[INFO] [stdout] 
[INFO] [stdout] For more information about this error, try `rustc --explain E0432`.
[INFO] [stdout] Couldn't compile the test.
[INFO] [stdout] ---- src/v2/guild.rs - v2::guild::Guild::search (line 51) stdout ----
[INFO] [stdout] error[E0432]: unresolved import `gw2api_rs::blocking`
[INFO] [stdout]  --> src/v2/guild.rs:54:16
[INFO] [stdout]   |
[INFO] [stdout] 6 | use gw2api_rs::blocking::Client;
[INFO] [stdout]   |                ^^^^^^^^ could not find `blocking` in `gw2api_rs`
[INFO] [stdout] 
[INFO] [stdout] error: aborting due to 1 previous error
[INFO] [stdout] 
[INFO] [stdout] For more information about this error, try `rustc --explain E0432`.
[INFO] [stdout] Couldn't compile the test.
[INFO] [stdout] ---- src/v2/guild.rs - v2::guild::GuildMembers::get (line 129) stdout ----
[INFO] [stdout] error[E0432]: unresolved import `gw2api_rs::blocking`
[INFO] [stdout]  --> src/v2/guild.rs:132:16
[INFO] [stdout]   |
[INFO] [stdout] 6 | use gw2api_rs::blocking::Client;
[INFO] [stdout]   |                ^^^^^^^^ could not find `blocking` in `gw2api_rs`
[INFO] [stdout] 
[INFO] [stdout] error: aborting due to 1 previous error
[INFO] [stdout] 
[INFO] [stdout] For more information about this error, try `rustc --explain E0432`.
[INFO] [stdout] Couldn't compile the test.
[INFO] [stdout] ---- src/v2/guild.rs - v2::guild::GuildRanks::get (line 199) stdout ----
[INFO] [stdout] error[E0432]: unresolved import `gw2api_rs::blocking`
[INFO] [stdout]  --> src/v2/guild.rs:202:16
[INFO] [stdout]   |
[INFO] [stdout] 6 | use gw2api_rs::blocking::Client;
[INFO] [stdout]   |                ^^^^^^^^ could not find `blocking` in `gw2api_rs`
[INFO] [stdout] 
[INFO] [stdout] error: aborting due to 1 previous error
[INFO] [stdout] 
[INFO] [stdout] For more information about this error, try `rustc --explain E0432`.
[INFO] [stdout] Couldn't compile the test.
[INFO] [stdout] ---- src/lib.rs - (line 5) stdout ----
[INFO] [stdout] Test executable failed (exit status: 1).
[INFO] [stdout] 
[INFO] [stdout] stderr:
[INFO] [stdout] Error: Error { kind: Http(hyper::Error(Connect, ConnectError("dns error", Custom { kind: Uncategorized, error: "failed to lookup address information: Temporary failure in name resolution" }))) }
[INFO] [stdout] 
[INFO] [stdout] 
[INFO] [stdout] 
[INFO] [stdout] failures:
[INFO] [stdout]     src/lib.rs - (line 5)
[INFO] [stdout]     src/v2/account.rs - v2::account::Account::get (line 90)
[INFO] [stdout]     src/v2/account.rs - v2::account::AccountAchievements::get (line 298)
[INFO] [stdout]     src/v2/account.rs - v2::account::AccountBank::get (line 382)
[INFO] [stdout]     src/v2/account.rs - v2::account::AccountDailyCrafting::get (line 476)
[INFO] [stdout]     src/v2/account.rs - v2::account::AccountDungeons::get (line 531)
[INFO] [stdout]     src/v2/account.rs - v2::account::AccountDyes::get (line 585)
[INFO] [stdout]     src/v2/account.rs - v2::account::AccountFinishers::get (line 640)
[INFO] [stdout]     src/v2/account.rs - v2::account::AccountGliders::get (line 717)
[INFO] [stdout]     src/v2/account.rs - v2::account::AccountHomeCats::get (line 772)
[INFO] [stdout]     src/v2/account.rs - v2::account::AccountHomeNodes::get (line 827)
[INFO] [stdout]     src/v2/account.rs - v2::account::AccountInventory::get (line 885)
[INFO] [stdout]     src/v2/account.rs - v2::account::AccountLuck::get (line 949)
[INFO] [stdout]     src/v2/commerce.rs - v2::commerce::CurrentTransactions::buys (line 325)
[INFO] [stdout]     src/v2/commerce.rs - v2::commerce::CurrentTransactions::sells (line 372)
[INFO] [stdout]     src/v2/commerce.rs - v2::commerce::Delivery::get (line 44)
[INFO] [stdout]     src/v2/commerce.rs - v2::commerce::Exchange::coins (line 100)
[INFO] [stdout]     src/v2/commerce.rs - v2::commerce::Exchange::gems (line 141)
[INFO] [stdout]     src/v2/commerce.rs - v2::commerce::HistoryTransactions::buys (line 440)
[INFO] [stdout]     src/v2/commerce.rs - v2::commerce::HistoryTransactions::sells (line 488)
[INFO] [stdout]     src/v2/commerce.rs - v2::commerce::Listings::ids (line 205)
[INFO] [stdout]     src/v2/commerce.rs - v2::commerce::Prices::ids (line 262)
[INFO] [stdout]     src/v2/guild.rs - v2::guild::Guild::search (line 51)
[INFO] [stdout]     src/v2/guild.rs - v2::guild::GuildMembers::get (line 129)
[INFO] [stdout]     src/v2/guild.rs - v2::guild::GuildRanks::get (line 199)
[INFO] [stdout] 
[INFO] [stdout] test result: FAILED. 24 passed; 25 failed; 24 ignored; 0 measured; 0 filtered out; finished in 3.51s
[INFO] [stdout] 
[INFO] [stderr] error: doctest failed, to rerun pass `--doc`
[INFO] running `Command { std: "docker" "inspect" "27f4720c4882effc263efed0bd85b7e059f6bb214cb28094047218d6cf91bfed", kill_on_drop: false }`
[INFO] running `Command { std: "docker" "rm" "-f" "27f4720c4882effc263efed0bd85b7e059f6bb214cb28094047218d6cf91bfed", kill_on_drop: false }`
[INFO] [stdout] 27f4720c4882effc263efed0bd85b7e059f6bb214cb28094047218d6cf91bfed
