[INFO] fetching crate guilded_rs 0.1.0...
[INFO] testing guilded_rs-0.1.0 against 1.75.0 for beta-1.76-1
[INFO] extracting crate guilded_rs 0.1.0 into /workspace/builds/worker-1-tc1/source
[INFO] validating manifest of crates.io crate guilded_rs 0.1.0 on toolchain 1.75.0
[INFO] running `Command { std: CARGO_HOME="/workspace/cargo-home" RUSTUP_HOME="/workspace/rustup-home" "/workspace/cargo-home/bin/cargo" "+1.75.0" "metadata" "--manifest-path" "Cargo.toml" "--no-deps", kill_on_drop: false }`
[INFO] started tweaking crates.io crate guilded_rs 0.1.0
[INFO] finished tweaking crates.io crate guilded_rs 0.1.0
[INFO] tweaked toml for crates.io crate guilded_rs 0.1.0 written to /workspace/builds/worker-1-tc1/source/Cargo.toml
[INFO] running `Command { std: CARGO_HOME="/workspace/cargo-home" RUSTUP_HOME="/workspace/rustup-home" "/workspace/cargo-home/bin/cargo" "+1.75.0" "generate-lockfile" "--manifest-path" "Cargo.toml", kill_on_drop: false }`
[INFO] [stderr]     Updating crates.io index
[INFO] running `Command { std: CARGO_HOME="/workspace/cargo-home" RUSTUP_HOME="/workspace/rustup-home" "/workspace/cargo-home/bin/cargo" "+1.75.0" "fetch" "--manifest-path" "Cargo.toml", kill_on_drop: false }`
[INFO] [stderr]  Downloading crates ...
[INFO] [stderr]   Downloaded websocket-base v0.26.5
[INFO] [stderr]   Downloaded generic-array v1.0.0
[INFO] [stderr]   Downloaded csbindgen v1.8.3
[INFO] [stderr]   Downloaded tokio-tls v0.2.1
[INFO] [stderr]   Downloaded iso8601-timestamp v0.2.16
[INFO] [stderr]   Downloaded websocket v0.26.5
[INFO] running `Command { std: "docker" "create" "-v" "/var/lib/crater-agent-workspace/builds/worker-1-tc1/target:/opt/rustwide/target:rw,Z" "-v" "/var/lib/crater-agent-workspace/builds/worker-1-tc1/source:/opt/rustwide/workdir:ro,Z" "-v" "/var/lib/crater-agent-workspace/cargo-home:/opt/rustwide/cargo-home:ro,Z" "-v" "/var/lib/crater-agent-workspace/rustup-home:/opt/rustwide/rustup-home:ro,Z" "-e" "SOURCE_DIR=/opt/rustwide/workdir" "-e" "CARGO_TARGET_DIR=/opt/rustwide/target" "-e" "CARGO_HOME=/opt/rustwide/cargo-home" "-e" "RUSTUP_HOME=/opt/rustwide/rustup-home" "-w" "/opt/rustwide/workdir" "-m" "1610612736" "--user" "0:0" "--network" "none" "ghcr.io/rust-lang/crates-build-env/linux@sha256:2788e3201cd34a07e3172128adcd8b3090168a8e3bcc40d7c032b9dda1df7d1c" "/opt/rustwide/cargo-home/bin/cargo" "+1.75.0" "metadata" "--no-deps" "--format-version=1", kill_on_drop: false }`
[INFO] [stdout] 4a2a2ef4103792515fa67185a0e2df91ab51a93779abd95712b5506914b42418
[INFO] running `Command { std: "docker" "start" "-a" "4a2a2ef4103792515fa67185a0e2df91ab51a93779abd95712b5506914b42418", kill_on_drop: false }`
[INFO] running `Command { std: "docker" "inspect" "4a2a2ef4103792515fa67185a0e2df91ab51a93779abd95712b5506914b42418", kill_on_drop: false }`
[INFO] running `Command { std: "docker" "rm" "-f" "4a2a2ef4103792515fa67185a0e2df91ab51a93779abd95712b5506914b42418", kill_on_drop: false }`
[INFO] [stdout] 4a2a2ef4103792515fa67185a0e2df91ab51a93779abd95712b5506914b42418
[INFO] running `Command { std: "docker" "create" "-v" "/var/lib/crater-agent-workspace/builds/worker-1-tc1/target:/opt/rustwide/target:rw,Z" "-v" "/var/lib/crater-agent-workspace/builds/worker-1-tc1/source:/opt/rustwide/workdir:ro,Z" "-v" "/var/lib/crater-agent-workspace/cargo-home:/opt/rustwide/cargo-home:ro,Z" "-v" "/var/lib/crater-agent-workspace/rustup-home:/opt/rustwide/rustup-home:ro,Z" "-e" "SOURCE_DIR=/opt/rustwide/workdir" "-e" "CARGO_TARGET_DIR=/opt/rustwide/target" "-e" "CARGO_INCREMENTAL=0" "-e" "RUST_BACKTRACE=full" "-e" "RUSTFLAGS=--cap-lints=warn" "-e" "RUSTDOCFLAGS=--cap-lints=warn" "-e" "CARGO_HOME=/opt/rustwide/cargo-home" "-e" "RUSTUP_HOME=/opt/rustwide/rustup-home" "-w" "/opt/rustwide/workdir" "-m" "1610612736" "--user" "0:0" "--network" "none" "ghcr.io/rust-lang/crates-build-env/linux@sha256:2788e3201cd34a07e3172128adcd8b3090168a8e3bcc40d7c032b9dda1df7d1c" "/opt/rustwide/cargo-home/bin/cargo" "+1.75.0" "build" "--frozen" "--message-format=json", kill_on_drop: false }`
[INFO] [stdout] 2d7fe4f24cf68ba4cff3a17c0e575a5da355b050d80f7ebf29e0a72c7409d9b8
[INFO] running `Command { std: "docker" "start" "-a" "2d7fe4f24cf68ba4cff3a17c0e575a5da355b050d80f7ebf29e0a72c7409d9b8", kill_on_drop: false }`
[INFO] [stderr]    Compiling libc v0.2.151
[INFO] [stderr]    Compiling autocfg v1.1.0
[INFO] [stderr]    Compiling proc-macro2 v1.0.75
[INFO] [stderr]    Compiling unicode-ident v1.0.12
[INFO] [stderr]    Compiling fnv v1.0.7
[INFO] [stderr]    Compiling byteorder v1.5.0
[INFO] [stderr]    Compiling pkg-config v0.3.28
[INFO] [stderr]    Compiling once_cell v1.19.0
[INFO] [stderr]    Compiling vcpkg v0.2.15
[INFO] [stderr]    Compiling semver-parser v0.7.0
[INFO] [stderr]    Compiling rand_core v0.4.2
[INFO] [stderr]    Compiling cfg-if v0.1.10
[INFO] [stderr]    Compiling pin-project-lite v0.2.13
[INFO] [stderr]    Compiling typenum v1.17.0
[INFO] [stderr]    Compiling bytes v1.5.0
[INFO] [stderr]    Compiling foreign-types-shared v0.1.1
[INFO] [stderr]    Compiling maybe-uninit v2.0.0
[INFO] [stderr]    Compiling futures v0.1.31
[INFO] [stderr]    Compiling tinyvec_macros v0.1.1
[INFO] [stderr]    Compiling openssl v0.10.62
[INFO] [stderr]    Compiling foreign-types v0.3.2
[INFO] [stderr]    Compiling autocfg v0.1.8
[INFO] [stderr]    Compiling tinyvec v1.6.0
[INFO] [stderr]    Compiling semver v0.9.0
[INFO] [stderr]    Compiling itoa v1.0.10
[INFO] [stderr]    Compiling native-tls v0.2.11
[INFO] [stderr]    Compiling bitflags v2.4.1
[INFO] [stderr]    Compiling rand_core v0.3.1
[INFO] [stderr]    Compiling unicode-bidi v0.3.14
[INFO] [stderr]    Compiling httparse v1.8.0
[INFO] [stderr]    Compiling rustc_version v0.2.3
[INFO] [stderr]    Compiling openssl-probe v0.1.5
[INFO] [stderr]    Compiling slab v0.4.9
[INFO] [stderr]    Compiling crossbeam-utils v0.7.2
[INFO] [stderr]    Compiling serde v1.0.194
[INFO] [stderr]    Compiling crossbeam-utils v0.8.18
[INFO] [stderr]    Compiling futures-core v0.3.30
[INFO] [stderr]    Compiling smallvec v0.6.14
[INFO] [stderr]    Compiling parking_lot_core v0.6.3
[INFO] [stderr]    Compiling parking_lot v0.9.0
[INFO] [stderr]    Compiling tracing-core v0.1.32
[INFO] [stderr]    Compiling scopeguard v1.2.0
[INFO] [stderr]    Compiling quote v1.0.35
[INFO] [stderr]    Compiling lock_api v0.3.4
[INFO] [stderr]    Compiling rand_chacha v0.1.1
[INFO] [stderr]    Compiling rand_pcg v0.1.2
[INFO] [stderr]    Compiling syn v2.0.48
[INFO] [stderr]    Compiling unicode-normalization v0.1.22
[INFO] [stderr]    Compiling http v0.2.11
[INFO] [stderr]    Compiling futures-io v0.3.30
[INFO] [stderr]    Compiling hashbrown v0.14.3
[INFO] [stderr]    Compiling memchr v2.7.1
[INFO] [stderr]    Compiling ident_case v1.0.1
[INFO] [stderr]    Compiling strsim v0.10.0
[INFO] [stderr]    Compiling tracing v0.1.40
[INFO] [stderr]    Compiling futures-task v0.3.30
[INFO] [stderr]    Compiling futures-sink v0.3.30
[INFO] [stderr]    Compiling byte-tools v0.3.1
[INFO] [stderr]    Compiling version_check v0.1.5
[INFO] [stderr]    Compiling equivalent v1.0.1
[INFO] [stderr]    Compiling block-padding v0.1.5
[INFO] [stderr]    Compiling tokio-executor v0.1.10
[INFO] [stderr]    Compiling tokio-sync v0.1.8
[INFO] [stderr]    Compiling rand v0.6.5
[INFO] [stderr]    Compiling matches v0.1.10
[INFO] [stderr]    Compiling percent-encoding v2.3.1
[INFO] [stderr]    Compiling try-lock v0.2.5
[INFO] [stderr]    Compiling idna v0.1.5
[INFO] [stderr]    Compiling want v0.3.1
[INFO] [stderr]    Compiling generic-array v0.12.4
[INFO] [stderr]    Compiling unicase v1.4.2
[INFO] [stderr]    Compiling form_urlencoded v1.2.1
[INFO] [stderr]    Compiling futures-channel v0.3.30
[INFO] [stderr]    Compiling futures-util v0.3.30
[INFO] [stderr]    Compiling rand_hc v0.1.0
[INFO] [stderr]    Compiling rand_isaac v0.1.1
[INFO] [stderr]    Compiling cc v1.0.83
[INFO] [stderr]    Compiling num_cpus v1.16.0
[INFO] [stderr]    Compiling iovec v0.1.4
[INFO] [stderr]    Compiling socket2 v0.5.5
[INFO] [stderr]    Compiling mio v0.8.10
[INFO] [stderr]    Compiling net2 v0.2.39
[INFO] [stderr]    Compiling bytes v0.4.12
[INFO] [stderr]    Compiling indexmap v2.1.0
[INFO] [stderr]    Compiling http-body v0.4.6
[INFO] [stderr]    Compiling digest v0.8.1
[INFO] [stderr]    Compiling mio v0.6.23
[INFO] [stderr]    Compiling block-buffer v0.7.3
[INFO] [stderr]    Compiling rand_os v0.1.3
[INFO] [stderr]    Compiling rand_xorshift v0.1.1
[INFO] [stderr]    Compiling tokio-io v0.1.13
[INFO] [stderr]    Compiling rand_jitter v0.1.4
[INFO] [stderr]    Compiling log v0.3.9
[INFO] [stderr]    Compiling httpdate v1.0.3
[INFO] [stderr]    Compiling fake-simd v0.1.2
[INFO] [stderr]    Compiling tokio v1.35.1
[INFO] [stderr]    Compiling percent-encoding v1.0.1
[INFO] [stderr]    Compiling time-core v0.1.2
[INFO] [stderr]    Compiling tower-service v0.3.2
[INFO] [stderr]    Compiling ryu v1.0.16
[INFO] [stderr]    Compiling powerfmt v0.2.0
[INFO] [stderr]    Compiling opaque-debug v0.2.3
[INFO] [stderr]    Compiling safemem v0.3.3
[INFO] [stderr]    Compiling tokio-reactor v0.1.12
[INFO] [stderr]    Compiling sha-1 v0.8.2
[INFO] [stderr]    Compiling time-macros v0.2.16
[INFO] [stderr]    Compiling tokio-codec v0.1.2
[INFO] [stderr]    Compiling deranged v0.3.11
[INFO] [stderr]    Compiling base64 v0.9.3
[INFO] [stderr]    Compiling url v1.7.2
[INFO] [stderr]    Compiling mime v0.2.6
[INFO] [stderr]    Compiling time v0.1.45
[INFO] [stderr]    Compiling idna v0.5.0
[INFO] [stderr]    Compiling crossbeam-epoch v0.9.17
[INFO] [stderr]    Compiling tokio-tcp v0.1.4
[INFO] [stderr]    Compiling base64 v0.10.1
[INFO] [stderr]    Compiling traitobject v0.1.0
[INFO] [stderr]    Compiling serde_json v1.0.111
[INFO] [stderr]    Compiling typeable v0.1.2
[INFO] [stderr]    Compiling language-tags v0.2.2
[INFO] [stderr]    Compiling url v2.5.0
[INFO] [stderr]    Compiling crossbeam-deque v0.8.4
[INFO] [stderr]    Compiling generic-array v1.0.0
[INFO] [stderr]    Compiling crossbeam-channel v0.5.10
[INFO] [stderr]    Compiling crossbeam-queue v0.3.10
[INFO] [stderr]    Compiling encoding_rs v0.8.33
[INFO] [stderr]    Compiling hyper v0.10.16
[INFO] [stderr]    Compiling openssl-sys v0.9.98
[INFO] [stderr]    Compiling mime v0.3.17
[INFO] [stderr]    Compiling ipnet v2.9.0
[INFO] [stderr]    Compiling base64 v0.21.5
[INFO] [stderr]    Compiling time v0.3.31
[INFO] [stderr]    Compiling crossbeam v0.8.3
[INFO] [stderr]    Compiling darling_core v0.20.3
[INFO] [stderr]    Compiling openssl-macros v0.1.1
[INFO] [stderr]    Compiling serde_derive v1.0.194
[INFO] [stderr]    Compiling tokio-util v0.7.10
[INFO] [stderr]    Compiling darling_macro v0.20.3
[INFO] [stderr]    Compiling h2 v0.3.22
[INFO] [stderr]    Compiling darling v0.20.3
[INFO] [stderr]    Compiling serde_with_macros v3.4.0
[INFO] [stderr]    Compiling hyper v0.14.28
[INFO] [stderr]    Compiling tokio-tls v0.2.1
[INFO] [stderr]    Compiling tokio-native-tls v0.3.1
[INFO] [stderr]    Compiling websocket-base v0.26.5
[INFO] [stderr]    Compiling websocket v0.26.5
[INFO] [stderr]    Compiling hyper-tls v0.5.0
[INFO] [stderr]    Compiling serde_urlencoded v0.7.1
[INFO] [stderr]    Compiling iso8601-timestamp v0.2.16
[INFO] [stderr]    Compiling serde_with v3.4.0
[INFO] [stderr]    Compiling reqwest v0.11.23
[INFO] [stderr]    Compiling guilded_rs v0.1.0 (/opt/rustwide/workdir)
[INFO] [stderr]     Finished dev [unoptimized + debuginfo] target(s) in 16.75s
[INFO] [stderr] warning: the following packages contain code that will be rejected by a future version of Rust: traitobject v0.1.0
[INFO] [stderr] note: to see what the problems were, use the option `--future-incompat-report`, or run `cargo report future-incompatibilities --id 1`
[INFO] running `Command { std: "docker" "inspect" "2d7fe4f24cf68ba4cff3a17c0e575a5da355b050d80f7ebf29e0a72c7409d9b8", kill_on_drop: false }`
[INFO] running `Command { std: "docker" "rm" "-f" "2d7fe4f24cf68ba4cff3a17c0e575a5da355b050d80f7ebf29e0a72c7409d9b8", kill_on_drop: false }`
[INFO] [stdout] 2d7fe4f24cf68ba4cff3a17c0e575a5da355b050d80f7ebf29e0a72c7409d9b8
[INFO] running `Command { std: "docker" "create" "-v" "/var/lib/crater-agent-workspace/builds/worker-1-tc1/target:/opt/rustwide/target:rw,Z" "-v" "/var/lib/crater-agent-workspace/builds/worker-1-tc1/source:/opt/rustwide/workdir:ro,Z" "-v" "/var/lib/crater-agent-workspace/cargo-home:/opt/rustwide/cargo-home:ro,Z" "-v" "/var/lib/crater-agent-workspace/rustup-home:/opt/rustwide/rustup-home:ro,Z" "-e" "SOURCE_DIR=/opt/rustwide/workdir" "-e" "CARGO_TARGET_DIR=/opt/rustwide/target" "-e" "CARGO_INCREMENTAL=0" "-e" "RUST_BACKTRACE=full" "-e" "RUSTFLAGS=--cap-lints=warn" "-e" "RUSTDOCFLAGS=--cap-lints=warn" "-e" "CARGO_HOME=/opt/rustwide/cargo-home" "-e" "RUSTUP_HOME=/opt/rustwide/rustup-home" "-w" "/opt/rustwide/workdir" "-m" "1610612736" "--user" "0:0" "--network" "none" "ghcr.io/rust-lang/crates-build-env/linux@sha256:2788e3201cd34a07e3172128adcd8b3090168a8e3bcc40d7c032b9dda1df7d1c" "/opt/rustwide/cargo-home/bin/cargo" "+1.75.0" "test" "--frozen" "--no-run" "--message-format=json", kill_on_drop: false }`
[INFO] [stdout] 2049fb17ccabff3eab4854e1a906efde3bb1cab2e30de3cd9405e0472f369553
[INFO] running `Command { std: "docker" "start" "-a" "2049fb17ccabff3eab4854e1a906efde3bb1cab2e30de3cd9405e0472f369553", kill_on_drop: false }`
[INFO] [stderr]    Compiling guilded_rs v0.1.0 (/opt/rustwide/workdir)
[INFO] [stderr]     Finished test [unoptimized + debuginfo] target(s) in 1.45s
[INFO] [stderr] warning: the following packages contain code that will be rejected by a future version of Rust: traitobject v0.1.0
[INFO] [stderr] note: to see what the problems were, use the option `--future-incompat-report`, or run `cargo report future-incompatibilities --id 1`
[INFO] running `Command { std: "docker" "inspect" "2049fb17ccabff3eab4854e1a906efde3bb1cab2e30de3cd9405e0472f369553", kill_on_drop: false }`
[INFO] running `Command { std: "docker" "rm" "-f" "2049fb17ccabff3eab4854e1a906efde3bb1cab2e30de3cd9405e0472f369553", kill_on_drop: false }`
[INFO] [stdout] 2049fb17ccabff3eab4854e1a906efde3bb1cab2e30de3cd9405e0472f369553
[INFO] running `Command { std: "docker" "create" "-v" "/var/lib/crater-agent-workspace/builds/worker-1-tc1/target:/opt/rustwide/target:rw,Z" "-v" "/var/lib/crater-agent-workspace/builds/worker-1-tc1/source:/opt/rustwide/workdir:ro,Z" "-v" "/var/lib/crater-agent-workspace/cargo-home:/opt/rustwide/cargo-home:ro,Z" "-v" "/var/lib/crater-agent-workspace/rustup-home:/opt/rustwide/rustup-home:ro,Z" "-e" "SOURCE_DIR=/opt/rustwide/workdir" "-e" "CARGO_TARGET_DIR=/opt/rustwide/target" "-e" "CARGO_INCREMENTAL=0" "-e" "RUST_BACKTRACE=full" "-e" "RUSTFLAGS=--cap-lints=warn" "-e" "RUSTDOCFLAGS=--cap-lints=warn" "-e" "CARGO_HOME=/opt/rustwide/cargo-home" "-e" "RUSTUP_HOME=/opt/rustwide/rustup-home" "-w" "/opt/rustwide/workdir" "-m" "1610612736" "--user" "0:0" "--network" "none" "ghcr.io/rust-lang/crates-build-env/linux@sha256:2788e3201cd34a07e3172128adcd8b3090168a8e3bcc40d7c032b9dda1df7d1c" "/opt/rustwide/cargo-home/bin/cargo" "+1.75.0" "test" "--frozen", kill_on_drop: false }`
[INFO] [stdout] 3d48939c87e8a2c5227e74de27be6fa2b7a61a13d04c0962f35ea11d5e8720c5
[INFO] running `Command { std: "docker" "start" "-a" "3d48939c87e8a2c5227e74de27be6fa2b7a61a13d04c0962f35ea11d5e8720c5", kill_on_drop: false }`
[INFO] [stderr]     Finished test [unoptimized + debuginfo] target(s) in 0.09s
[INFO] [stderr] warning: the following packages contain code that will be rejected by a future version of Rust: traitobject v0.1.0
[INFO] [stderr] note: to see what the problems were, use the option `--future-incompat-report`, or run `cargo report future-incompatibilities --id 1`
[INFO] [stderr]      Running unittests src/lib.rs (/opt/rustwide/target/debug/deps/guilded_rs-d98381d19179c01d)
[INFO] [stdout] 
[INFO] [stdout] running 0 tests
[INFO] [stdout] 
[INFO] [stdout] test result: ok. 0 passed; 0 failed; 0 ignored; 0 measured; 0 filtered out; finished in 0.00s
[INFO] [stdout] 
[INFO] [stderr]    Doc-tests guilded_rs
[INFO] [stdout] 
[INFO] [stdout] running 5 tests
[INFO] [stdout] test src/command/mod.rs - command (line 6) ... FAILED
[INFO] [stdout] test src/task.rs - task::Task::interval (line 63) - compile fail ... FAILED
[INFO] [stdout] test src/models/chat_embed.rs - models::chat_embed::ChatEmbed::set_color (line 75) ... ok
[INFO] [stdout] test src/task.rs - task::Task (line 15) ... ok
[INFO] [stdout] test src/task.rs - task::Task (line 39) ... ok
[INFO] [stdout] 
[INFO] [stdout] failures:
[INFO] [stdout] 
[INFO] [stdout] ---- src/command/mod.rs - command (line 6) stdout ----
[INFO] [stdout] error: expected `;`, found keyword `struct`
[INFO] [stdout]  --> src/command/mod.rs:8:24
[INFO] [stdout]   |
[INFO] [stdout] 5 | use guilded_rs::Command
[INFO] [stdout]   |                        ^ help: add `;` here
[INFO] [stdout] 6 |
[INFO] [stdout] 7 | struct PingCommand;
[INFO] [stdout]   | ------ unexpected token
[INFO] [stdout] 
[INFO] [stdout] error[E0412]: cannot find type `CommandContext` in this scope
[INFO] [stdout]   --> src/command/mod.rs:18:32
[INFO] [stdout]    |
[INFO] [stdout] 15 |     fn handler(&self, mut ctx: CommandContext, args: Vec<String>) {
[INFO] [stdout]    |                                ^^^^^^^^^^^^^^ not found in this scope
[INFO] [stdout]    |
[INFO] [stdout] help: consider importing this struct
[INFO] [stdout]    |
[INFO] [stdout] 2  + use guilded_rs::CommandContext;
[INFO] [stdout]    |
[INFO] [stdout] 
[INFO] [stdout] error[E0433]: failed to resolve: use of undeclared type `Message`
[INFO] [stdout]   --> src/command/mod.rs:19:27
[INFO] [stdout]    |
[INFO] [stdout] 16 |         let mut message = Message::default();
[INFO] [stdout]    |                           ^^^^^^^ use of undeclared type `Message`
[INFO] [stdout]    |
[INFO] [stdout] help: consider importing one of these items
[INFO] [stdout]    |
[INFO] [stdout] 2  + use websocket::Message;
[INFO] [stdout]    |
[INFO] [stdout] 2  + use websocket::ws::Message;
[INFO] [stdout]    |
[INFO] [stdout] 
[INFO] [stdout] error: aborting due to 3 previous errors
[INFO] [stdout] 
[INFO] [stdout] Some errors have detailed explanations: E0412, E0433.
[INFO] [stdout] For more information about an error, try `rustc --explain E0412`.
[INFO] [stdout] Couldn't compile the test.
[INFO] [stdout] ---- src/task.rs - task::Task::interval (line 63) stdout ----
[INFO] [stdout] Test compiled successfully, but it's marked `compile_fail`.
[INFO] [stdout] 
[INFO] [stdout] failures:
[INFO] [stdout]     src/command/mod.rs - command (line 6)
[INFO] [stdout]     src/task.rs - task::Task::interval (line 63)
[INFO] [stdout] 
[INFO] [stdout] test result: FAILED. 3 passed; 2 failed; 0 ignored; 0 measured; 0 filtered out; finished in 3.01s
[INFO] [stdout] 
[INFO] [stderr] error: doctest failed, to rerun pass `--doc`
[INFO] running `Command { std: "docker" "inspect" "3d48939c87e8a2c5227e74de27be6fa2b7a61a13d04c0962f35ea11d5e8720c5", kill_on_drop: false }`
[INFO] running `Command { std: "docker" "rm" "-f" "3d48939c87e8a2c5227e74de27be6fa2b7a61a13d04c0962f35ea11d5e8720c5", kill_on_drop: false }`
[INFO] [stdout] 3d48939c87e8a2c5227e74de27be6fa2b7a61a13d04c0962f35ea11d5e8720c5
