[INFO] fetching crate gtmpl 0.7.1...
[INFO] testing gtmpl-0.7.1 against 1.75.0 for beta-1.76-1
[INFO] extracting crate gtmpl 0.7.1 into /workspace/builds/worker-0-tc1/source
[INFO] validating manifest of crates.io crate gtmpl 0.7.1 on toolchain 1.75.0
[INFO] running `Command { std: CARGO_HOME="/workspace/cargo-home" RUSTUP_HOME="/workspace/rustup-home" "/workspace/cargo-home/bin/cargo" "+1.75.0" "metadata" "--manifest-path" "Cargo.toml" "--no-deps", kill_on_drop: false }`
[INFO] started tweaking crates.io crate gtmpl 0.7.1
[INFO] finished tweaking crates.io crate gtmpl 0.7.1
[INFO] tweaked toml for crates.io crate gtmpl 0.7.1 written to /workspace/builds/worker-0-tc1/source/Cargo.toml
[INFO] running `Command { std: CARGO_HOME="/workspace/cargo-home" RUSTUP_HOME="/workspace/rustup-home" "/workspace/cargo-home/bin/cargo" "+1.75.0" "generate-lockfile" "--manifest-path" "Cargo.toml", kill_on_drop: false }`
[INFO] [stderr]     Updating crates.io index
[INFO] running `Command { std: CARGO_HOME="/workspace/cargo-home" RUSTUP_HOME="/workspace/rustup-home" "/workspace/cargo-home/bin/cargo" "+1.75.0" "fetch" "--manifest-path" "Cargo.toml", kill_on_drop: false }`
[INFO] [stderr]  Downloading crates ...
[INFO] [stderr]   Downloaded gtmpl_value v0.5.1
[INFO] [stderr]   Downloaded gtmpl_derive v0.5.0
[INFO] running `Command { std: "docker" "create" "-v" "/var/lib/crater-agent-workspace/builds/worker-0-tc1/target:/opt/rustwide/target:rw,Z" "-v" "/var/lib/crater-agent-workspace/builds/worker-0-tc1/source:/opt/rustwide/workdir:ro,Z" "-v" "/var/lib/crater-agent-workspace/cargo-home:/opt/rustwide/cargo-home:ro,Z" "-v" "/var/lib/crater-agent-workspace/rustup-home:/opt/rustwide/rustup-home:ro,Z" "-e" "SOURCE_DIR=/opt/rustwide/workdir" "-e" "CARGO_TARGET_DIR=/opt/rustwide/target" "-e" "CARGO_HOME=/opt/rustwide/cargo-home" "-e" "RUSTUP_HOME=/opt/rustwide/rustup-home" "-w" "/opt/rustwide/workdir" "-m" "1610612736" "--user" "0:0" "--network" "none" "ghcr.io/rust-lang/crates-build-env/linux@sha256:2788e3201cd34a07e3172128adcd8b3090168a8e3bcc40d7c032b9dda1df7d1c" "/opt/rustwide/cargo-home/bin/cargo" "+1.75.0" "metadata" "--no-deps" "--format-version=1", kill_on_drop: false }`
[INFO] [stdout] b6239447fe397a02b125d5a15b44c71fca56e652a9ec84c1d9b099eb651ed6b8
[INFO] running `Command { std: "docker" "start" "-a" "b6239447fe397a02b125d5a15b44c71fca56e652a9ec84c1d9b099eb651ed6b8", kill_on_drop: false }`
[INFO] running `Command { std: "docker" "inspect" "b6239447fe397a02b125d5a15b44c71fca56e652a9ec84c1d9b099eb651ed6b8", kill_on_drop: false }`
[INFO] running `Command { std: "docker" "rm" "-f" "b6239447fe397a02b125d5a15b44c71fca56e652a9ec84c1d9b099eb651ed6b8", kill_on_drop: false }`
[INFO] [stdout] b6239447fe397a02b125d5a15b44c71fca56e652a9ec84c1d9b099eb651ed6b8
[INFO] running `Command { std: "docker" "create" "-v" "/var/lib/crater-agent-workspace/builds/worker-0-tc1/target:/opt/rustwide/target:rw,Z" "-v" "/var/lib/crater-agent-workspace/builds/worker-0-tc1/source:/opt/rustwide/workdir:ro,Z" "-v" "/var/lib/crater-agent-workspace/cargo-home:/opt/rustwide/cargo-home:ro,Z" "-v" "/var/lib/crater-agent-workspace/rustup-home:/opt/rustwide/rustup-home:ro,Z" "-e" "SOURCE_DIR=/opt/rustwide/workdir" "-e" "CARGO_TARGET_DIR=/opt/rustwide/target" "-e" "CARGO_INCREMENTAL=0" "-e" "RUST_BACKTRACE=full" "-e" "RUSTFLAGS=--cap-lints=warn" "-e" "RUSTDOCFLAGS=--cap-lints=warn" "-e" "CARGO_HOME=/opt/rustwide/cargo-home" "-e" "RUSTUP_HOME=/opt/rustwide/rustup-home" "-w" "/opt/rustwide/workdir" "-m" "1610612736" "--user" "0:0" "--network" "none" "ghcr.io/rust-lang/crates-build-env/linux@sha256:2788e3201cd34a07e3172128adcd8b3090168a8e3bcc40d7c032b9dda1df7d1c" "/opt/rustwide/cargo-home/bin/cargo" "+1.75.0" "build" "--frozen" "--message-format=json", kill_on_drop: false }`
[INFO] [stdout] d6e6d653558cd973fcd8e22072d038206d9fe16bd912fdf52d7f22948bb459fa
[INFO] running `Command { std: "docker" "start" "-a" "d6e6d653558cd973fcd8e22072d038206d9fe16bd912fdf52d7f22948bb459fa", kill_on_drop: false }`
[INFO] [stderr]    Compiling thiserror v1.0.56
[INFO] [stderr]    Compiling syn v2.0.48
[INFO] [stderr]    Compiling thiserror-impl v1.0.56
[INFO] [stderr]    Compiling gtmpl_value v0.5.1
[INFO] [stderr]    Compiling gtmpl v0.7.1 (/opt/rustwide/workdir)
[INFO] [stderr]     Finished dev [unoptimized + debuginfo] target(s) in 3.79s
[INFO] running `Command { std: "docker" "inspect" "d6e6d653558cd973fcd8e22072d038206d9fe16bd912fdf52d7f22948bb459fa", kill_on_drop: false }`
[INFO] running `Command { std: "docker" "rm" "-f" "d6e6d653558cd973fcd8e22072d038206d9fe16bd912fdf52d7f22948bb459fa", kill_on_drop: false }`
[INFO] [stdout] d6e6d653558cd973fcd8e22072d038206d9fe16bd912fdf52d7f22948bb459fa
[INFO] running `Command { std: "docker" "create" "-v" "/var/lib/crater-agent-workspace/builds/worker-0-tc1/target:/opt/rustwide/target:rw,Z" "-v" "/var/lib/crater-agent-workspace/builds/worker-0-tc1/source:/opt/rustwide/workdir:ro,Z" "-v" "/var/lib/crater-agent-workspace/cargo-home:/opt/rustwide/cargo-home:ro,Z" "-v" "/var/lib/crater-agent-workspace/rustup-home:/opt/rustwide/rustup-home:ro,Z" "-e" "SOURCE_DIR=/opt/rustwide/workdir" "-e" "CARGO_TARGET_DIR=/opt/rustwide/target" "-e" "CARGO_INCREMENTAL=0" "-e" "RUST_BACKTRACE=full" "-e" "RUSTFLAGS=--cap-lints=warn" "-e" "RUSTDOCFLAGS=--cap-lints=warn" "-e" "CARGO_HOME=/opt/rustwide/cargo-home" "-e" "RUSTUP_HOME=/opt/rustwide/rustup-home" "-w" "/opt/rustwide/workdir" "-m" "1610612736" "--user" "0:0" "--network" "none" "ghcr.io/rust-lang/crates-build-env/linux@sha256:2788e3201cd34a07e3172128adcd8b3090168a8e3bcc40d7c032b9dda1df7d1c" "/opt/rustwide/cargo-home/bin/cargo" "+1.75.0" "test" "--frozen" "--no-run" "--message-format=json", kill_on_drop: false }`
[INFO] [stdout] bf909030b3f2ef9bf33c700856dcc974969e0e02fb8dc1eb2d1866ea070f3f6d
[INFO] running `Command { std: "docker" "start" "-a" "bf909030b3f2ef9bf33c700856dcc974969e0e02fb8dc1eb2d1866ea070f3f6d", kill_on_drop: false }`
[INFO] [stderr]    Compiling syn v1.0.109
[INFO] [stderr]    Compiling gtmpl_derive v0.5.0
[INFO] [stderr]    Compiling gtmpl v0.7.1 (/opt/rustwide/workdir)
[INFO] [stderr]     Finished test [unoptimized + debuginfo] target(s) in 5.43s
[INFO] running `Command { std: "docker" "inspect" "bf909030b3f2ef9bf33c700856dcc974969e0e02fb8dc1eb2d1866ea070f3f6d", kill_on_drop: false }`
[INFO] running `Command { std: "docker" "rm" "-f" "bf909030b3f2ef9bf33c700856dcc974969e0e02fb8dc1eb2d1866ea070f3f6d", kill_on_drop: false }`
[INFO] [stdout] bf909030b3f2ef9bf33c700856dcc974969e0e02fb8dc1eb2d1866ea070f3f6d
[INFO] running `Command { std: "docker" "create" "-v" "/var/lib/crater-agent-workspace/builds/worker-0-tc1/target:/opt/rustwide/target:rw,Z" "-v" "/var/lib/crater-agent-workspace/builds/worker-0-tc1/source:/opt/rustwide/workdir:ro,Z" "-v" "/var/lib/crater-agent-workspace/cargo-home:/opt/rustwide/cargo-home:ro,Z" "-v" "/var/lib/crater-agent-workspace/rustup-home:/opt/rustwide/rustup-home:ro,Z" "-e" "SOURCE_DIR=/opt/rustwide/workdir" "-e" "CARGO_TARGET_DIR=/opt/rustwide/target" "-e" "CARGO_INCREMENTAL=0" "-e" "RUST_BACKTRACE=full" "-e" "RUSTFLAGS=--cap-lints=warn" "-e" "RUSTDOCFLAGS=--cap-lints=warn" "-e" "CARGO_HOME=/opt/rustwide/cargo-home" "-e" "RUSTUP_HOME=/opt/rustwide/rustup-home" "-w" "/opt/rustwide/workdir" "-m" "1610612736" "--user" "0:0" "--network" "none" "ghcr.io/rust-lang/crates-build-env/linux@sha256:2788e3201cd34a07e3172128adcd8b3090168a8e3bcc40d7c032b9dda1df7d1c" "/opt/rustwide/cargo-home/bin/cargo" "+1.75.0" "test" "--frozen", kill_on_drop: false }`
[INFO] [stdout] 144b090db0badb97684000805d8d36ff9835b3921073774e506bbb3417289946
[INFO] running `Command { std: "docker" "start" "-a" "144b090db0badb97684000805d8d36ff9835b3921073774e506bbb3417289946", kill_on_drop: false }`
[INFO] [stderr]     Finished test [unoptimized + debuginfo] target(s) in 0.02s
[INFO] [stderr]      Running unittests src/lib.rs (/opt/rustwide/target/debug/deps/gtmpl-50385d484d4ce113)
[INFO] [stdout] 
[INFO] [stdout] running 66 tests
[INFO] [stdout] test exec::tests_mocked::test_dollar_dot ... ok
[INFO] [stdout] test exec::tests_mocked::test_assign_string ... ok
[INFO] [stdout] test exec::tests_mocked::test_block ... ok
[INFO] [stdout] test funcs::tests_mocked::test_and ... ok
[INFO] [stdout] test funcs::tests_mocked::test_eq ... ok
[INFO] [stdout] test funcs::tests_mocked::test_ge ... ok
[INFO] [stdout] test exec::tests_mocked::test_novalue ... ok
[INFO] [stdout] test funcs::tests_mocked::test_gt ... ok
[INFO] [stdout] test exec::tests_mocked::test_sub ... ok
[INFO] [stdout] test exec::tests_mocked::test_dot ... ok
[INFO] [stdout] test funcs::tests_mocked::test_builtins ... ok
[INFO] [stdout] test exec::tests_mocked::test_with ... ok
[INFO] [stdout] test funcs::tests_mocked::test_gtmpl_fn ... ok
[INFO] [stdout] test funcs::tests_mocked::test_lt ... ok
[INFO] [stdout] test funcs::tests_mocked::test_or ... ok
[INFO] [stdout] test funcs::tests_mocked::test_ne ... ok
[INFO] [stdout] test funcs::tests_mocked::test_macro ... ok
[INFO] [stdout] test lexer::tests::lex_simple ... ok
[INFO] [stdout] test exec::tests_mocked::test_function_via_dot ... ok
[INFO] [stdout] test funcs::tests_mocked::test_println ... ok
[INFO] [stdout] test lexer::tests::test_comment ... ok
[INFO] [stdout] test funcs::tests_mocked::test_le ... ok
[INFO] [stdout] test exec::tests_mocked::simple_template ... ok
[INFO] [stdout] test lexer::tests::test_trim ... ok
[INFO] [stdout] test lexer::tests::test_input ... ok
[INFO] [stdout] test lexer::tests::lexer_run ... ok
[INFO] [stdout] test funcs::tests_mocked::test_print ... ok
[INFO] [stdout] test exec::tests_mocked::test_function_ret_map ... ok
[INFO] [stdout] test exec::tests_mocked::test_proper_range ... ok
[INFO] [stdout] test funcs::tests_mocked::test_index ... ok
[INFO] [stdout] test node::tests::test_clone ... ok
[INFO] [stdout] test node::tests::test_end ... ok
[INFO] [stdout] test exec::tests_mocked::test_dot_value ... ok
[INFO] [stdout] test parse::tests_mocked::test_backup ... ok
[INFO] [stdout] test lexer::tests::test_underscore ... ok
[INFO] [stdout] test parse::tests_mocked::test_backup3 ... ok
[INFO] [stdout] test lexer::tests::test_whitespace ... ok
[INFO] [stdout] test exec::tests_mocked::test_len ... ok
[INFO] [stdout] test parse::tests_mocked::parse_basic_tree ... ok
[INFO] [stdout] test exec::tests_mocked::test_range ... ok
[INFO] [stdout] test parse::tests_mocked::test_next_non_space ... ok
[INFO] [stdout] test exec::tests_mocked::test_function ... ok
[INFO] [stdout] test parse::tests_mocked::test_assign_string ... ok
[INFO] [stdout] test printf::test::test_sprintf_fancy ... ok
[INFO] [stdout] test exec::tests_mocked::test_eq ... ok
[INFO] [stdout] test printf::test::test_sprintf_index ... ok
[INFO] [stdout] test parse::tests_mocked::test_peek_non_space ... ok
[INFO] [stdout] test printf::test::test_sprintf_array ... ok
[INFO] [stdout] test printf::test::test_parse_index ... ok
[INFO] [stdout] test printf::test::test_sprintf_string_prec ... ok
[INFO] [stdout] test printf::test::test_sprintf_number ... ok
[INFO] [stdout] test printf::test::test_tokenize_err ... ok
[INFO] [stdout] test parse::tests_mocked::test_iter ... ok
[INFO] [stdout] test parse::tests_mocked::test_pipeline_simple ... ok
[INFO] [stdout] test printf::test::test_tokenize ... ok
[INFO] [stdout] test printf::test::test_tokenize_none ... ok
[INFO] [stdout] test printf::test::test_sprinttf_to_format ... ok
[INFO] [stdout] test printf::test::test_sprintf_string_to_hex ... ok
[INFO] [stdout] test printf::test::test_sprintf_map ... ok
[INFO] [stdout] test parse::tests_mocked::test_display ... ok
[INFO] [stdout] test utils::tests::test_unquote_char ... ok
[INFO] [stdout] test utils::tests::test_unquote_str ... ok
[INFO] [stdout] test exec::tests_mocked::test_pipeline_function ... ok
[INFO] [stdout] test parse::tests_mocked::test_term ... ok
[INFO] [stdout] test template::tests_mocked::test_parse ... ok
[INFO] [stderr] error: test failed, to rerun pass `--lib`
[INFO] [stdout] test utils::tests::test_is_true ... FAILED
[INFO] [stdout] 
[INFO] [stdout] failures:
[INFO] [stdout] 
[INFO] [stdout] ---- utils::tests::test_is_true stdout ----
[INFO] [stdout] thread 'utils::tests::test_is_true' panicked at src/utils.rs:184:9:
[INFO] [stdout] assertion failed: is_true(&t)
[INFO] [stdout] stack backtrace:
[INFO] [stdout]    0:     0x55db3a62cb9c - std::backtrace_rs::backtrace::libunwind::trace::ha637c64ce894333a
[INFO] [stdout]                                at /rustc/82e1608dfa6e0b5569232559e3d385fea5a93112/library/std/src/../../backtrace/src/backtrace/libunwind.rs:104:5
[INFO] [stdout]    1:     0x55db3a62cb9c - std::backtrace_rs::backtrace::trace_unsynchronized::h47f62dea28e0c88d
[INFO] [stdout]                                at /rustc/82e1608dfa6e0b5569232559e3d385fea5a93112/library/std/src/../../backtrace/src/backtrace/mod.rs:66:5
[INFO] [stdout]    2:     0x55db3a62cb9c - std::sys_common::backtrace::_print_fmt::h9eef0abe20ede486
[INFO] [stdout]                                at /rustc/82e1608dfa6e0b5569232559e3d385fea5a93112/library/std/src/sys_common/backtrace.rs:67:5
[INFO] [stdout]    3:     0x55db3a62cb9c - <std::sys_common::backtrace::_print::DisplayBacktrace as core::fmt::Display>::fmt::hed7f999df88cc644
[INFO] [stdout]                                at /rustc/82e1608dfa6e0b5569232559e3d385fea5a93112/library/std/src/sys_common/backtrace.rs:44:22
[INFO] [stdout]    4:     0x55db3a6589c0 - core::fmt::rt::Argument::fmt::h1539a9308b8d058d
[INFO] [stdout]                                at /rustc/82e1608dfa6e0b5569232559e3d385fea5a93112/library/core/src/fmt/rt.rs:142:9
[INFO] [stdout]    5:     0x55db3a6589c0 - core::fmt::write::h3a39390d8560d9c9
[INFO] [stdout]                                at /rustc/82e1608dfa6e0b5569232559e3d385fea5a93112/library/core/src/fmt/mod.rs:1120:17
[INFO] [stdout]    6:     0x55db3a62a52f - std::io::Write::write_fmt::h040b369f3a0f9cbc
[INFO] [stdout]                                at /rustc/82e1608dfa6e0b5569232559e3d385fea5a93112/library/std/src/io/mod.rs:1762:15
[INFO] [stdout]    7:     0x55db3a62c984 - std::sys_common::backtrace::_print::h894006fb5c6f3d45
[INFO] [stdout]                                at /rustc/82e1608dfa6e0b5569232559e3d385fea5a93112/library/std/src/sys_common/backtrace.rs:47:5
[INFO] [stdout]    8:     0x55db3a62c984 - std::sys_common::backtrace::print::h23a2d212c6fff936
[INFO] [stdout]                                at /rustc/82e1608dfa6e0b5569232559e3d385fea5a93112/library/std/src/sys_common/backtrace.rs:34:9
[INFO] [stdout]    9:     0x55db3a62e647 - std::panicking::default_hook::{{closure}}::h8a1d2ee00185001a
[INFO] [stdout]   10:     0x55db3a62e333 - std::panicking::default_hook::h6038f2eba384e475
[INFO] [stdout]                                at /rustc/82e1608dfa6e0b5569232559e3d385fea5a93112/library/std/src/panicking.rs:289:9
[INFO] [stdout]   11:     0x55db3a5ec9f7 - <alloc::boxed::Box<F,A> as core::ops::function::Fn<Args>>::call::h0ad024c9bdc6d768
[INFO] [stdout]                                at /rustc/82e1608dfa6e0b5569232559e3d385fea5a93112/library/alloc/src/boxed.rs:2021:9
[INFO] [stdout]   12:     0x55db3a5ec9f7 - test::test_main::{{closure}}::h7500b54257359db6
[INFO] [stdout]                                at /rustc/82e1608dfa6e0b5569232559e3d385fea5a93112/library/test/src/lib.rs:138:21
[INFO] [stdout]   13:     0x55db3a62ec58 - <alloc::boxed::Box<F,A> as core::ops::function::Fn<Args>>::call::h1f8f335eaa9cfaee
[INFO] [stdout]                                at /rustc/82e1608dfa6e0b5569232559e3d385fea5a93112/library/alloc/src/boxed.rs:2021:9
[INFO] [stdout]   14:     0x55db3a62ec58 - std::panicking::rust_panic_with_hook::h2b5517d590cab22e
[INFO] [stdout]                                at /rustc/82e1608dfa6e0b5569232559e3d385fea5a93112/library/std/src/panicking.rs:783:13
[INFO] [stdout]   15:     0x55db3a62e979 - std::panicking::begin_panic_handler::{{closure}}::h233112c06e0ef43e
[INFO] [stdout]                                at /rustc/82e1608dfa6e0b5569232559e3d385fea5a93112/library/std/src/panicking.rs:649:13
[INFO] [stdout]   16:     0x55db3a62d066 - std::sys_common::backtrace::__rust_end_short_backtrace::h6e893f24d7ebbff8
[INFO] [stdout]                                at /rustc/82e1608dfa6e0b5569232559e3d385fea5a93112/library/std/src/sys_common/backtrace.rs:170:18
[INFO] [stdout]   17:     0x55db3a62e712 - rust_begin_unwind
[INFO] [stdout]                                at /rustc/82e1608dfa6e0b5569232559e3d385fea5a93112/library/std/src/panicking.rs:645:5
[INFO] [stdout]   18:     0x55db3a4ae105 - core::panicking::panic_fmt::hbf0e066aabfa482c
[INFO] [stdout]                                at /rustc/82e1608dfa6e0b5569232559e3d385fea5a93112/library/core/src/panicking.rs:72:14
[INFO] [stdout]   19:     0x55db3a4ae1a3 - core::panicking::panic::h195fc2a96298d4c3
[INFO] [stdout]                                at /rustc/82e1608dfa6e0b5569232559e3d385fea5a93112/library/core/src/panicking.rs:127:5
[INFO] [stdout]   20:     0x55db3a55d080 - gtmpl::utils::tests::test_is_true::h69b92311848785ba
[INFO] [stdout]                                at /opt/rustwide/workdir/src/utils.rs:184:9
[INFO] [stdout]   21:     0x55db3a55cf87 - gtmpl::utils::tests::test_is_true::{{closure}}::hc1b605084a9d0cb4
[INFO] [stdout]                                at /opt/rustwide/workdir/src/utils.rs:180:22
[INFO] [stdout]   22:     0x55db3a5a6c16 - core::ops::function::FnOnce::call_once::hc357f00790b0961d
[INFO] [stdout]                                at /rustc/82e1608dfa6e0b5569232559e3d385fea5a93112/library/core/src/ops/function.rs:250:5
[INFO] [stdout]   23:     0x55db3a5f204f - core::ops::function::FnOnce::call_once::h2b5d431d5046312d
[INFO] [stdout]                                at /rustc/82e1608dfa6e0b5569232559e3d385fea5a93112/library/core/src/ops/function.rs:250:5
[INFO] [stdout]   24:     0x55db3a5f204f - test::__rust_begin_short_backtrace::h7714669af176e207
[INFO] [stdout]                                at /rustc/82e1608dfa6e0b5569232559e3d385fea5a93112/library/test/src/lib.rs:628:18
[INFO] [stdout]   25:     0x55db3a5f1065 - test::run_test_in_process::{{closure}}::h85218797dcbcec12
[INFO] [stdout]                                at /rustc/82e1608dfa6e0b5569232559e3d385fea5a93112/library/test/src/lib.rs:651:60
[INFO] [stdout]   26:     0x55db3a5f1065 - <core::panic::unwind_safe::AssertUnwindSafe<F> as core::ops::function::FnOnce<()>>::call_once::h76c106ea31c14d7b
[INFO] [stdout]                                at /rustc/82e1608dfa6e0b5569232559e3d385fea5a93112/library/core/src/panic/unwind_safe.rs:272:9
[INFO] [stdout]   27:     0x55db3a5f1065 - std::panicking::try::do_call::h3bd5d0f6620ee946
[INFO] [stdout]                                at /rustc/82e1608dfa6e0b5569232559e3d385fea5a93112/library/std/src/panicking.rs:552:40
[INFO] [stdout]   28:     0x55db3a5f1065 - std::panicking::try::h232e535e4744fe31
[INFO] [stdout]                                at /rustc/82e1608dfa6e0b5569232559e3d385fea5a93112/library/std/src/panicking.rs:516:19
[INFO] [stdout]   29:     0x55db3a5f1065 - std::panic::catch_unwind::h3ce3bd6ca8dbac68
[INFO] [stdout]                                at /rustc/82e1608dfa6e0b5569232559e3d385fea5a93112/library/std/src/panic.rs:142:14
[INFO] [stdout]   30:     0x55db3a5f1065 - test::run_test_in_process::hc97b257c9621286a
[INFO] [stdout]                                at /rustc/82e1608dfa6e0b5569232559e3d385fea5a93112/library/test/src/lib.rs:651:27
[INFO] [stdout]   31:     0x55db3a5f1065 - test::run_test::{{closure}}::h2aa798823a438d38
[INFO] [stdout]                                at /rustc/82e1608dfa6e0b5569232559e3d385fea5a93112/library/test/src/lib.rs:574:43
[INFO] [stdout]   32:     0x55db3a5b9326 - test::run_test::{{closure}}::h87d231c78fb59832
[INFO] [stdout]                                at /rustc/82e1608dfa6e0b5569232559e3d385fea5a93112/library/test/src/lib.rs:602:41
[INFO] [stdout]   33:     0x55db3a5b9326 - std::sys_common::backtrace::__rust_begin_short_backtrace::he6df152596625789
[INFO] [stdout]                                at /rustc/82e1608dfa6e0b5569232559e3d385fea5a93112/library/std/src/sys_common/backtrace.rs:154:18
[INFO] [stdout]   34:     0x55db3a5be3d7 - std::thread::Builder::spawn_unchecked_::{{closure}}::{{closure}}::ha94be15d1e0acf36
[INFO] [stdout]                                at /rustc/82e1608dfa6e0b5569232559e3d385fea5a93112/library/std/src/thread/mod.rs:529:17
[INFO] [stdout]   35:     0x55db3a5be3d7 - <core::panic::unwind_safe::AssertUnwindSafe<F> as core::ops::function::FnOnce<()>>::call_once::h9dc6bd6372f16606
[INFO] [stdout]                                at /rustc/82e1608dfa6e0b5569232559e3d385fea5a93112/library/core/src/panic/unwind_safe.rs:272:9
[INFO] [stdout]   36:     0x55db3a5be3d7 - std::panicking::try::do_call::h9057517f80303cd4
[INFO] [stdout]                                at /rustc/82e1608dfa6e0b5569232559e3d385fea5a93112/library/std/src/panicking.rs:552:40
[INFO] [stdout]   37:     0x55db3a5be3d7 - std::panicking::try::he3a30b11ee45340c
[INFO] [stdout]                                at /rustc/82e1608dfa6e0b5569232559e3d385fea5a93112/library/std/src/panicking.rs:516:19
[INFO] [stdout]   38:     0x55db3a5be3d7 - std::panic::catch_unwind::h410458cfd3528b8b
[INFO] [stdout]                                at /rustc/82e1608dfa6e0b5569232559e3d385fea5a93112/library/std/src/panic.rs:142:14
[INFO] [stdout]   39:     0x55db3a5be3d7 - std::thread::Builder::spawn_unchecked_::{{closure}}::h72ac3bdb567b737b
[INFO] [stdout]                                at /rustc/82e1608dfa6e0b5569232559e3d385fea5a93112/library/std/src/thread/mod.rs:528:30
[INFO] [stdout]   40:     0x55db3a5be3d7 - core::ops::function::FnOnce::call_once{{vtable.shim}}::h38f34da3654a8344
[INFO] [stdout]                                at /rustc/82e1608dfa6e0b5569232559e3d385fea5a93112/library/core/src/ops/function.rs:250:5
[INFO] [stdout]   41:     0x55db3a6336e5 - <alloc::boxed::Box<F,A> as core::ops::function::FnOnce<Args>>::call_once::hc7eafaff61e32df9
[INFO] [stdout]                                at /rustc/82e1608dfa6e0b5569232559e3d385fea5a93112/library/alloc/src/boxed.rs:2007:9
[INFO] [stdout]   42:     0x55db3a6336e5 - <alloc::boxed::Box<F,A> as core::ops::function::FnOnce<Args>>::call_once::h6ba4a5de48dd2304
[INFO] [stdout]                                at /rustc/82e1608dfa6e0b5569232559e3d385fea5a93112/library/alloc/src/boxed.rs:2007:9
[INFO] [stdout]   43:     0x55db3a6336e5 - std::sys::unix::thread::Thread::new::thread_start::he469335aef763e45
[INFO] [stdout]                                at /rustc/82e1608dfa6e0b5569232559e3d385fea5a93112/library/std/src/sys/unix/thread.rs:108:17
[INFO] [stdout]   44:     0x7fc55c575ac3 - <unknown>
[INFO] [stdout]   45:     0x7fc55c606bf4 - __clone
[INFO] [stdout]   46:                0x0 - <unknown>
[INFO] [stdout] 
[INFO] [stdout] 
[INFO] [stdout] failures:
[INFO] [stdout]     utils::tests::test_is_true
[INFO] [stdout] 
[INFO] [stdout] test result: FAILED. 65 passed; 1 failed; 0 ignored; 0 measured; 0 filtered out; finished in 0.16s
[INFO] [stdout] 
[INFO] running `Command { std: "docker" "inspect" "144b090db0badb97684000805d8d36ff9835b3921073774e506bbb3417289946", kill_on_drop: false }`
[INFO] running `Command { std: "docker" "rm" "-f" "144b090db0badb97684000805d8d36ff9835b3921073774e506bbb3417289946", kill_on_drop: false }`
[INFO] [stdout] 144b090db0badb97684000805d8d36ff9835b3921073774e506bbb3417289946
