[INFO] fetching crate gstreamer 0.21.2...
[INFO] testing gstreamer-0.21.2 against 1.75.0 for beta-1.76-1
[INFO] extracting crate gstreamer 0.21.2 into /workspace/builds/worker-2-tc1/source
[INFO] validating manifest of crates.io crate gstreamer 0.21.2 on toolchain 1.75.0
[INFO] running `Command { std: CARGO_HOME="/workspace/cargo-home" RUSTUP_HOME="/workspace/rustup-home" "/workspace/cargo-home/bin/cargo" "+1.75.0" "metadata" "--manifest-path" "Cargo.toml" "--no-deps", kill_on_drop: false }`
[INFO] started tweaking crates.io crate gstreamer 0.21.2
[INFO] finished tweaking crates.io crate gstreamer 0.21.2
[INFO] tweaked toml for crates.io crate gstreamer 0.21.2 written to /workspace/builds/worker-2-tc1/source/Cargo.toml
[INFO] running `Command { std: CARGO_HOME="/workspace/cargo-home" RUSTUP_HOME="/workspace/rustup-home" "/workspace/cargo-home/bin/cargo" "+1.75.0" "generate-lockfile" "--manifest-path" "Cargo.toml", kill_on_drop: false }`
[INFO] [stderr]     Blocking waiting for file lock on package cache
[INFO] [stderr]     Updating crates.io index
[INFO] running `Command { std: CARGO_HOME="/workspace/cargo-home" RUSTUP_HOME="/workspace/rustup-home" "/workspace/cargo-home/bin/cargo" "+1.75.0" "fetch" "--manifest-path" "Cargo.toml", kill_on_drop: false }`
[INFO] running `Command { std: "docker" "create" "-v" "/var/lib/crater-agent-workspace/builds/worker-2-tc1/target:/opt/rustwide/target:rw,Z" "-v" "/var/lib/crater-agent-workspace/builds/worker-2-tc1/source:/opt/rustwide/workdir:ro,Z" "-v" "/var/lib/crater-agent-workspace/cargo-home:/opt/rustwide/cargo-home:ro,Z" "-v" "/var/lib/crater-agent-workspace/rustup-home:/opt/rustwide/rustup-home:ro,Z" "-e" "SOURCE_DIR=/opt/rustwide/workdir" "-e" "CARGO_TARGET_DIR=/opt/rustwide/target" "-e" "CARGO_HOME=/opt/rustwide/cargo-home" "-e" "RUSTUP_HOME=/opt/rustwide/rustup-home" "-w" "/opt/rustwide/workdir" "-m" "1610612736" "--user" "0:0" "--network" "none" "ghcr.io/rust-lang/crates-build-env/linux@sha256:2788e3201cd34a07e3172128adcd8b3090168a8e3bcc40d7c032b9dda1df7d1c" "/opt/rustwide/cargo-home/bin/cargo" "+1.75.0" "metadata" "--no-deps" "--format-version=1", kill_on_drop: false }`
[INFO] [stdout] 08e300a29efcad82ae8f5ad6721f01f18a53e59b6e638d427f0c8b9cfcbce77e
[INFO] running `Command { std: "docker" "start" "-a" "08e300a29efcad82ae8f5ad6721f01f18a53e59b6e638d427f0c8b9cfcbce77e", kill_on_drop: false }`
[INFO] running `Command { std: "docker" "inspect" "08e300a29efcad82ae8f5ad6721f01f18a53e59b6e638d427f0c8b9cfcbce77e", kill_on_drop: false }`
[INFO] running `Command { std: "docker" "rm" "-f" "08e300a29efcad82ae8f5ad6721f01f18a53e59b6e638d427f0c8b9cfcbce77e", kill_on_drop: false }`
[INFO] [stdout] 08e300a29efcad82ae8f5ad6721f01f18a53e59b6e638d427f0c8b9cfcbce77e
[INFO] running `Command { std: "docker" "create" "-v" "/var/lib/crater-agent-workspace/builds/worker-2-tc1/target:/opt/rustwide/target:rw,Z" "-v" "/var/lib/crater-agent-workspace/builds/worker-2-tc1/source:/opt/rustwide/workdir:ro,Z" "-v" "/var/lib/crater-agent-workspace/cargo-home:/opt/rustwide/cargo-home:ro,Z" "-v" "/var/lib/crater-agent-workspace/rustup-home:/opt/rustwide/rustup-home:ro,Z" "-e" "SOURCE_DIR=/opt/rustwide/workdir" "-e" "CARGO_TARGET_DIR=/opt/rustwide/target" "-e" "CARGO_INCREMENTAL=0" "-e" "RUST_BACKTRACE=full" "-e" "RUSTFLAGS=--cap-lints=warn" "-e" "RUSTDOCFLAGS=--cap-lints=warn" "-e" "CARGO_HOME=/opt/rustwide/cargo-home" "-e" "RUSTUP_HOME=/opt/rustwide/rustup-home" "-w" "/opt/rustwide/workdir" "-m" "1610612736" "--user" "0:0" "--network" "none" "ghcr.io/rust-lang/crates-build-env/linux@sha256:2788e3201cd34a07e3172128adcd8b3090168a8e3bcc40d7c032b9dda1df7d1c" "/opt/rustwide/cargo-home/bin/cargo" "+1.75.0" "build" "--frozen" "--message-format=json", kill_on_drop: false }`
[INFO] [stdout] b28af6b22d79233e8879bbf75f0321a25dd28f829c6844980663e684f934319f
[INFO] running `Command { std: "docker" "start" "-a" "b28af6b22d79233e8879bbf75f0321a25dd28f829c6844980663e684f934319f", kill_on_drop: false }`
[INFO] [stderr]    Compiling serde v1.0.194
[INFO] [stderr]    Compiling hashbrown v0.14.3
[INFO] [stderr]    Compiling equivalent v1.0.1
[INFO] [stderr]    Compiling winnow v0.5.32
[INFO] [stderr]    Compiling target-lexicon v0.12.13
[INFO] [stderr]    Compiling smallvec v1.11.2
[INFO] [stderr]    Compiling heck v0.4.1
[INFO] [stderr]    Compiling autocfg v1.1.0
[INFO] [stderr]    Compiling version-compare v0.1.1
[INFO] [stderr]    Compiling pkg-config v0.3.28
[INFO] [stderr]    Compiling proc-macro2 v1.0.75
[INFO] [stderr]    Compiling unicode-ident v1.0.12
[INFO] [stderr]    Compiling version_check v0.9.4
[INFO] [stderr]    Compiling libc v0.2.151
[INFO] [stderr]    Compiling syn v1.0.109
[INFO] [stderr]    Compiling futures-core v0.3.30
[INFO] [stderr]    Compiling thiserror v1.0.56
[INFO] [stderr]    Compiling paste v1.0.14
[INFO] [stderr]    Compiling futures-task v0.3.30
[INFO] [stderr]    Compiling pin-utils v0.1.0
[INFO] [stderr]    Compiling pin-project-lite v0.2.13
[INFO] [stderr]    Compiling futures-channel v0.3.30
[INFO] [stderr]    Compiling once_cell v1.19.0
[INFO] [stderr]    Compiling either v1.9.0
[INFO] [stderr]    Compiling bitflags v2.4.1
[INFO] [stderr]    Compiling proc-macro-error-attr v1.0.4
[INFO] [stderr]    Compiling proc-macro-error v1.0.4
[INFO] [stderr]    Compiling memchr v2.7.1
[INFO] [stderr]    Compiling itertools v0.11.0
[INFO] [stderr]    Compiling indexmap v2.1.0
[INFO] [stderr]    Compiling slab v0.4.9
[INFO] [stderr]    Compiling num-traits v0.2.17
[INFO] [stderr]    Compiling num-integer v0.1.45
[INFO] [stderr]    Compiling num-rational v0.4.1
[INFO] [stderr]    Compiling cfg-if v1.0.0
[INFO] [stderr]    Compiling pretty-hex v0.3.0
[INFO] [stderr]    Compiling muldiv v1.0.1
[INFO] [stderr]    Compiling quote v1.0.35
[INFO] [stderr]    Compiling syn v2.0.48
[INFO] [stderr]    Compiling cfg-expr v0.15.6
[INFO] [stderr]    Compiling option-operations v0.5.0
[INFO] [stderr]    Compiling toml_datetime v0.6.3
[INFO] [stderr]    Compiling serde_spanned v0.6.5
[INFO] [stderr]    Compiling toml_edit v0.20.2
[INFO] [stderr]    Compiling futures-macro v0.3.30
[INFO] [stderr]    Compiling thiserror-impl v1.0.56
[INFO] [stderr]    Compiling futures-util v0.3.30
[INFO] [stderr]    Compiling toml v0.8.2
[INFO] [stderr]    Compiling proc-macro-crate v2.0.1
[INFO] [stderr]    Compiling system-deps v6.2.0
[INFO] [stderr]    Compiling glib-macros v0.18.5
[INFO] [stderr]    Compiling glib-sys v0.18.1
[INFO] [stderr]    Compiling gobject-sys v0.18.0
[INFO] [stderr]    Compiling gio-sys v0.18.1
[INFO] [stderr]    Compiling gstreamer-sys v0.21.2
[INFO] [stderr]    Compiling futures-executor v0.3.30
[INFO] [stderr]    Compiling glib v0.18.5
[INFO] [stderr]    Compiling gstreamer v0.21.2 (/opt/rustwide/workdir)
[INFO] [stderr]     Finished dev [unoptimized + debuginfo] target(s) in 31.70s
[INFO] running `Command { std: "docker" "inspect" "b28af6b22d79233e8879bbf75f0321a25dd28f829c6844980663e684f934319f", kill_on_drop: false }`
[INFO] running `Command { std: "docker" "rm" "-f" "b28af6b22d79233e8879bbf75f0321a25dd28f829c6844980663e684f934319f", kill_on_drop: false }`
[INFO] [stdout] b28af6b22d79233e8879bbf75f0321a25dd28f829c6844980663e684f934319f
[INFO] running `Command { std: "docker" "create" "-v" "/var/lib/crater-agent-workspace/builds/worker-2-tc1/target:/opt/rustwide/target:rw,Z" "-v" "/var/lib/crater-agent-workspace/builds/worker-2-tc1/source:/opt/rustwide/workdir:ro,Z" "-v" "/var/lib/crater-agent-workspace/cargo-home:/opt/rustwide/cargo-home:ro,Z" "-v" "/var/lib/crater-agent-workspace/rustup-home:/opt/rustwide/rustup-home:ro,Z" "-e" "SOURCE_DIR=/opt/rustwide/workdir" "-e" "CARGO_TARGET_DIR=/opt/rustwide/target" "-e" "CARGO_INCREMENTAL=0" "-e" "RUST_BACKTRACE=full" "-e" "RUSTFLAGS=--cap-lints=warn" "-e" "RUSTDOCFLAGS=--cap-lints=warn" "-e" "CARGO_HOME=/opt/rustwide/cargo-home" "-e" "RUSTUP_HOME=/opt/rustwide/rustup-home" "-w" "/opt/rustwide/workdir" "-m" "1610612736" "--user" "0:0" "--network" "none" "ghcr.io/rust-lang/crates-build-env/linux@sha256:2788e3201cd34a07e3172128adcd8b3090168a8e3bcc40d7c032b9dda1df7d1c" "/opt/rustwide/cargo-home/bin/cargo" "+1.75.0" "test" "--frozen" "--no-run" "--message-format=json", kill_on_drop: false }`
[INFO] [stdout] 3495b8c4940c9103acf605e891fbdb862cb43d5c1b4779dbe40fecfa123da9a1
[INFO] running `Command { std: "docker" "start" "-a" "3495b8c4940c9103acf605e891fbdb862cb43d5c1b4779dbe40fecfa123da9a1", kill_on_drop: false }`
[INFO] [stderr]    Compiling serde v1.0.194
[INFO] [stderr]    Compiling serde_json v1.0.111
[INFO] [stderr]    Compiling itoa v1.0.10
[INFO] [stderr]    Compiling base64 v0.21.5
[INFO] [stderr]    Compiling ryu v1.0.16
[INFO] [stderr]    Compiling gir-format-check v0.1.3
[INFO] [stderr]    Compiling serde_derive v1.0.194
[INFO] [stderr]    Compiling toml_datetime v0.6.3
[INFO] [stderr]    Compiling serde_spanned v0.6.5
[INFO] [stderr]    Compiling bitflags v2.4.1
[INFO] [stderr]    Compiling toml_edit v0.20.2
[INFO] [stderr]    Compiling ron v0.8.1
[INFO] [stderr]    Compiling toml v0.8.2
[INFO] [stderr]    Compiling proc-macro-crate v2.0.1
[INFO] [stderr]    Compiling system-deps v6.2.0
[INFO] [stderr]    Compiling glib-macros v0.18.5
[INFO] [stderr]    Compiling glib-sys v0.18.1
[INFO] [stderr]    Compiling gobject-sys v0.18.0
[INFO] [stderr]    Compiling gio-sys v0.18.1
[INFO] [stderr]    Compiling gstreamer-sys v0.21.2
[INFO] [stderr]    Compiling glib v0.18.5
[INFO] [stderr]    Compiling gstreamer v0.21.2 (/opt/rustwide/workdir)
[INFO] [stderr]     Finished test [unoptimized + debuginfo] target(s) in 28.83s
[INFO] running `Command { std: "docker" "inspect" "3495b8c4940c9103acf605e891fbdb862cb43d5c1b4779dbe40fecfa123da9a1", kill_on_drop: false }`
[INFO] running `Command { std: "docker" "rm" "-f" "3495b8c4940c9103acf605e891fbdb862cb43d5c1b4779dbe40fecfa123da9a1", kill_on_drop: false }`
[INFO] [stdout] 3495b8c4940c9103acf605e891fbdb862cb43d5c1b4779dbe40fecfa123da9a1
[INFO] running `Command { std: "docker" "create" "-v" "/var/lib/crater-agent-workspace/builds/worker-2-tc1/target:/opt/rustwide/target:rw,Z" "-v" "/var/lib/crater-agent-workspace/builds/worker-2-tc1/source:/opt/rustwide/workdir:ro,Z" "-v" "/var/lib/crater-agent-workspace/cargo-home:/opt/rustwide/cargo-home:ro,Z" "-v" "/var/lib/crater-agent-workspace/rustup-home:/opt/rustwide/rustup-home:ro,Z" "-e" "SOURCE_DIR=/opt/rustwide/workdir" "-e" "CARGO_TARGET_DIR=/opt/rustwide/target" "-e" "CARGO_INCREMENTAL=0" "-e" "RUST_BACKTRACE=full" "-e" "RUSTFLAGS=--cap-lints=warn" "-e" "RUSTDOCFLAGS=--cap-lints=warn" "-e" "CARGO_HOME=/opt/rustwide/cargo-home" "-e" "RUSTUP_HOME=/opt/rustwide/rustup-home" "-w" "/opt/rustwide/workdir" "-m" "1610612736" "--user" "0:0" "--network" "none" "ghcr.io/rust-lang/crates-build-env/linux@sha256:2788e3201cd34a07e3172128adcd8b3090168a8e3bcc40d7c032b9dda1df7d1c" "/opt/rustwide/cargo-home/bin/cargo" "+1.75.0" "test" "--frozen", kill_on_drop: false }`
[INFO] [stdout] 52277532cb3ff288c2dbb16c6d3e71026d4bab66b016848306a91832cb8a5a16
[INFO] running `Command { std: "docker" "start" "-a" "52277532cb3ff288c2dbb16c6d3e71026d4bab66b016848306a91832cb8a5a16", kill_on_drop: false }`
[INFO] [stderr]     Finished test [unoptimized + debuginfo] target(s) in 0.04s
[INFO] [stderr]      Running unittests src/lib.rs (/opt/rustwide/target/debug/deps/gstreamer-10f3f366b9e28e8a)
[INFO] [stdout] 
[INFO] [stdout] running 164 tests
[INFO] [stdout] test buffer::tests::test_fields ... ok
[INFO] [stdout] test buffer::tests::test_memories ... ok
[INFO] [stdout] test buffer::tests::test_ptr_eq ... ok
[INFO] [stdout] test buffer::tests::test_meta_foreach ... ok
[INFO] [stdout] test buffer::tests::test_meta_foreach_mut ... ok
[INFO] [stdout] test buffer::tests::test_writability ... ok
[INFO] [stdout] test buffer_cursor::tests::test_buffer_cursor ... ok
[INFO] [stdout] test buffer_cursor::tests::test_buffer_cursor_ref ... ok
[INFO] [stdout] test buffer_pool::tests::pool_no_params ... ok
[INFO] [stdout] test buffer_pool::tests::pool_with_params ... ok
[INFO] [stdout] test bufferlist::tests::test_foreach ... ok
[INFO] [stdout] test bufferlist::tests::test_foreach_mut ... ok
[INFO] [stdout] test bus::tests::test_sync_handler ... ok
[INFO] [stdout] test caps::tests::test_builder ... ok
[INFO] [stdout] test caps::tests::test_builder_full ... ok
[INFO] [stdout] test bus::tests::test_bus_stream ... ok
[INFO] [stdout] test caps::tests::test_builder_full_with_any_features ... ok
[INFO] [stdout] test caps::tests::test_display ... ok
[INFO] [stdout] test caps::tests::test_builder_full_with_features ... ok
[INFO] [stdout] test caps::tests::test_new_from_iter ... ok
[INFO] [stdout] test caps::tests::test_debug ... ok
[INFO] [stdout] test caps::tests::test_simple ... ok
[INFO] [stdout] test caps_features::tests::test_from_value_optional ... ok
[INFO] [stdout] test date_time::tests::test_to_utc ... ok
[INFO] [stdout] test date_time::tests::test_partial_ord ... ok
[INFO] [stdout] test date_time::tests::test_eq ... ok
[INFO] [stdout] test error::tests::logabble_error ... ok
[INFO] [stdout] test event::tests::test_get_structure_mut ... ok
[INFO] [stdout] test error::tests::error_message ... ok
[INFO] [stdout] test event::tests::test_simple ... ok
[INFO] [stdout] test format::clock_time::tests::checked_ops ... ok
[INFO] [stdout] test event::tests::test_view_lifetimes ... ok
[INFO] [stdout] test format::clock_time::tests::comp ... ok
[INFO] [stdout] test element::tests::test_foreach_pad ... ok
[INFO] [stdout] test element::tests::test_get_pads ... ok
[INFO] [stdout] test format::clock_time::tests::display ... ok
[INFO] [stdout] test element::tests::test_element_error ... ok
[INFO] [stdout] test format::clock_time::tests::iter_sum ... ok
[INFO] [stdout] test format::clock_time::tests::ops ... ok
[INFO] [stdout] test format::clock_time::tests::mul_div_ops ... ok
[INFO] [stdout] test format::clock_time::tests::opt_time_clock ... ok
[INFO] [stdout] test element::tests::test_call_async ... ok
[INFO] [stdout] test format::clock_time::tests::try_from_seconds_f32 ... ok
[INFO] [stdout] test format::clock_time::tests::properties_macro_usage ... ok
[INFO] [stdout] test format::clock_time::tests::overflowing_ops ... ok
[INFO] [stdout] test format::clock_time::tests::try_from_seconds_f32_signed ... ok
[INFO] [stdout] test format::clock_time::tests::try_from_seconds_f64 ... ok
[INFO] [stdout] test format::clock_time::tests::saturating_ops ... ok
[INFO] [stdout] test format::clock_time::tests::seconds_float ... ok
[INFO] [stdout] test format::clock_time::tests::try_from_seconds_f64_signed ... ok
[INFO] [stdout] test format::clock_time::tests::seconds_float_signed ... ok
[INFO] [stdout] test format::clock_time::tests::try_into_signed ... ok
[INFO] [stdout] test bin::tests::test_get_children ... ok
[INFO] [stdout] test format::tests::compatible ... ok
[INFO] [stdout] test format::generic::tests::generic_other ... ok
[INFO] [stdout] test format::tests::compatible_explicit ... ok
[INFO] [stdout] test format::generic::tests::generic_signed_other ... ok
[INFO] [stdout] test format::clock_time::tests::wrapping_ops ... ok
[INFO] [stdout] test format::generic::tests::other ... ok
[INFO] [stdout] test format::tests::display_new_types ... ok
[INFO] [stdout] test format::tests::incompatible_explicit ... ok
[INFO] [stdout] test format::tests::none_builder ... ok
[INFO] [stdout] test format::tests::none_signed_builder ... ok
[INFO] [stdout] test format::tests::signed_generic ... ok
[INFO] [stdout] test format::tests::signed_mandatory ... ok
[INFO] [stdout] test format::tests::incompatible ... ok
[INFO] [stdout] test format::tests::display_signed ... ok
[INFO] [stdout] test format::tests::signed_roundtrip ... ok
[INFO] [stdout] test format::tests::signed_optional ... ok
[INFO] [stdout] test functions::tests::test_calculate_linear_regression ... ok
[INFO] [stdout] test ghost_pad::tests::from_template ... ok
[INFO] [stdout] test functions::tests::test_parse_bin_from_description_with_name ... ok
[INFO] [stdout] test ghost_pad::tests::from_template_with_target ... ok
[INFO] [stdout] test ghost_pad::tests::no_template_no_target ... ok
[INFO] [stdout] test ghost_pad::tests::with_target ... ok
[INFO] [stdout] test gobject::tests::test_set_property_from_str ... ok
[INFO] [stdout] test iterator::tests::test_filter ... ok
[INFO] [stdout] test iterator::tests::test_find ... ok
[INFO] [stdout] test iterator::tests::test_fold ... ok
[INFO] [stdout] test iterator::tests::test_foreach ... ok
[INFO] [stdout] test iterator::tests::test_into_iter ... ok
[INFO] [stdout] test iterator::tests::test_std ... ok
[INFO] [stdout] test iterator::tests::test_std_resync_collect ... ok
[INFO] [stdout] test iterator::tests::test_std_resync_find ... ok
[INFO] [stdout] test iterator::tests::test_vec ... ok
[INFO] [stdout] test log::tests::all ... ok
[INFO] [stdout] test log::tests::existing ... ok
[INFO] [stdout] test log::tests::log_handler ... ok
[INFO] [stdout] test log::tests::new_and_log ... ok
[INFO] [stdout] test log::tests::no_argument_evaluation ... ok
[INFO] [stdout] test memory::tests::test_dump ... ok
[INFO] [stdout] test memory::tests::test_map ... ok
[INFO] [stdout] test memory::tests::test_value ... ok
[INFO] [stdout] test message::tests::test_get_seqnum_invalid ... ok
[INFO] [stdout] test message::tests::test_get_seqnum_valid ... ok
[INFO] [stdout] test message::tests::test_other_fields ... ok
[INFO] [stdout] test message::tests::test_simple ... ok
[INFO] [stdout] test clock::tests::test_wait ... ok
[INFO] [stdout] test clock::tests::test_wait_async ... ok
[INFO] [stdout] test meta::tests::test_copy_reference_timestamp_meta ... ok
[INFO] [stdout] test object::tests::test_deep_notify ... ok
[INFO] [stdout] test pad::tests::naming ... ok
[INFO] [stdout] test pad::tests::test_event_chain_functions ... ok
[INFO] [stdout] test pad::tests::test_getrange_function ... ok
[INFO] [stdout] test pad::tests::test_probe ... ok
[INFO] [stdout] test pad::tests::test_remove_probe_from_probe ... ok
[INFO] [stdout] test pad::tests::test_sticky_events ... ok
[INFO] [stdout] test pad::tests::test_sticky_events_foreach ... ok
[INFO] [stdout] test pad::tests::test_task ... ok
[INFO] [stdout] test param_spec::tests::test_trait ... ok
[INFO] [stdout] test plugin_feature::tests::test_load ... ok
[INFO] [stdout] test promise::tests::test_change_func ... ok
[INFO] [stdout] test query::tests::allocation_do_not_need_pool ... ok
[INFO] [stdout] test format::clock_time::tests::attempt_to_build_from_u64max - should panic ... ok
[INFO] [stdout] test query::tests::allocation_need_pool ... ok
[INFO] [stdout] test format::clock_time::tests::attempt_to_build_from_clock_time_none - should panic ... ok
[INFO] [stdout] test query::tests::set_uri ... ok
[INFO] [stdout] test query::tests::test_concrete_to_sys ... ok
[INFO] [stdout] test query::tests::test_into_query ... ok
[INFO] [stdout] test sample::tests::test_sample_new_with_info ... ok
[INFO] [stdout] test query::tests::test_writability ... ok
[INFO] [stdout] test structure::tests::test_builder ... ok
[INFO] [stdout] test structure::tests::new_set_get ... ok
[INFO] [stdout] test structure::tests::test_debug ... ok
[INFO] [stdout] test structure::tests::test_from_value_optional ... ok
[INFO] [stdout] test structure::tests::test_new_from_iter ... ok
[INFO] [stdout] test structure::tests::test_string_conversion ... ok
[INFO] [stdout] test subclass::allocator::tests::test_allocator_registration ... ok
[INFO] [stdout] test subclass::allocator::tests::test_allocator_alloc ... ok
[INFO] [stdout] test subclass::buffer_pool::tests::test_pool_acquire ... ok
[INFO] [stdout] test subclass::buffer_pool::tests::test_pool_free_on_deactivate ... ok
[INFO] [stdout] test subclass::buffer_pool::tests::test_pool_free_on_finalize ... ok
[INFO] [stdout] test subclass::buffer_pool::tests::test_pool_options ... ok
[INFO] [stdout] test subclass::pad::tests::test_pad_subclass ... ok
[INFO] [stdout] test subclass::task_pool::tests::test_simple_subclass ... ok
[INFO] [stdout] test tags::tests::test_add ... ok
[INFO] [stdout] test tags::tests::test_custom_tags ... ok
[INFO] [stdout] test tags::tests::test_debug ... ok
[INFO] [stdout] test tags::tests::test_display ... ok
[INFO] [stdout] test tags::tests::test_generic ... ok
[INFO] [stdout] test tags::tests::test_get ... ok
[INFO] [stdout] test tags::tests::test_scope ... ok
[INFO] [stdout] test subclass::element::tests::test_element_subclass ... ok
[INFO] [stdout] test task::tests::test_simple ... ok
[INFO] [stdout] test task_pool::tests::test_simple ... ok
[INFO] [stdout] test toc::tests::test_simple ... ok
[INFO] [stdout] test value::tests::test_deserialize ... ok
[INFO] [stdout] test format::tests::none_for_inconsistent_format - should panic ... ok
[INFO] [stdout] test value::tests::test_fraction ... ok
[INFO] [stdout] test value::tests::test_int_range_constructor ... ok
[INFO] [stdout] test typefind::tests::test_typefind_call_function ... ok
[INFO] [stdout] test typefind::tests::test_typefind_register ... ok
[INFO] [stdout] test format::tests::none_for_unsupported_format - should panic ... ok
[INFO] [stdout] test ghost_pad::tests::from_template_missing_name - should panic ... ok
[INFO] [stdout] test ghost_pad::tests::from_template_builder_missing_name - should panic ... ok
[INFO] [stdout] test ghost_pad::tests::from_template_with_target_incompatible_conversion_decimal - should panic ... ok
[INFO] [stdout] test ghost_pad::tests::from_template_with_target_incompatible_missing_decimal - should panic ... ok
[INFO] [stdout] test ghost_pad::tests::from_template_with_target_incompatible_conversion_unsigned - should panic ... ok
[INFO] [stdout] test ghost_pad::tests::from_template_with_target_incompatible_prefix - should panic ... ok
[INFO] [stdout] test ghost_pad::tests::from_template_with_target_missing_part - should panic ... ok
[INFO] [stdout] test meta::tests::test_add_get_iterate_meta ... FAILED
[INFO] [stdout] test pad::tests::missing_name - should panic ... ok
[INFO] [stdout] test clock::tests::test_wait_periodic ... ok
[INFO] [stdout] test clock::tests::test_wait_async_periodic ... ok
[INFO] [stdout] 
[INFO] [stdout] failures:
[INFO] [stdout] 
[INFO] [stdout] ---- meta::tests::test_add_get_iterate_meta stdout ----
[INFO] [stdout] thread 'meta::tests::test_add_get_iterate_meta' panicked at src/meta.rs:883:13:
[INFO] [stdout] assertion failed: metas[0].has_tag(glib::Quark::from_str("memory-reference"))
[INFO] [stdout] stack backtrace:
[INFO] [stdout]    0:     0x560644a1c68c - std::backtrace_rs::backtrace::libunwind::trace::ha637c64ce894333a
[INFO] [stdout]                                at /rustc/82e1608dfa6e0b5569232559e3d385fea5a93112/library/std/src/../../backtrace/src/backtrace/libunwind.rs:104:5
[INFO] [stdout]    1:     0x560644a1c68c - std::backtrace_rs::backtrace::trace_unsynchronized::h47f62dea28e0c88d
[INFO] [stdout]                                at /rustc/82e1608dfa6e0b5569232559e3d385fea5a93112/library/std/src/../../backtrace/src/backtrace/mod.rs:66:5
[INFO] [stdout]    2:     0x560644a1c68c - std::sys_common::backtrace::_print_fmt::h9eef0abe20ede486
[INFO] [stdout]                                at /rustc/82e1608dfa6e0b5569232559e3d385fea5a93112/library/std/src/sys_common/backtrace.rs:67:5
[INFO] [stdout]    3:     0x560644a1c68c - <std::sys_common::backtrace::_print::DisplayBacktrace as core::fmt::Display>::fmt::hed7f999df88cc644
[INFO] [stdout]                                at /rustc/82e1608dfa6e0b5569232559e3d385fea5a93112/library/std/src/sys_common/backtrace.rs:44:22
[INFO] [stdout]    4:     0x560644a47420 - core::fmt::rt::Argument::fmt::h1539a9308b8d058d
[INFO] [stdout]                                at /rustc/82e1608dfa6e0b5569232559e3d385fea5a93112/library/core/src/fmt/rt.rs:142:9
[INFO] [stdout]    5:     0x560644a47420 - core::fmt::write::h3a39390d8560d9c9
[INFO] [stdout]                                at /rustc/82e1608dfa6e0b5569232559e3d385fea5a93112/library/core/src/fmt/mod.rs:1120:17
[INFO] [stdout]    6:     0x560644a1a02f - std::io::Write::write_fmt::h040b369f3a0f9cbc
[INFO] [stdout]                                at /rustc/82e1608dfa6e0b5569232559e3d385fea5a93112/library/std/src/io/mod.rs:1762:15
[INFO] [stdout]    7:     0x560644a1c474 - std::sys_common::backtrace::_print::h894006fb5c6f3d45
[INFO] [stdout]                                at /rustc/82e1608dfa6e0b5569232559e3d385fea5a93112/library/std/src/sys_common/backtrace.rs:47:5
[INFO] [stdout]    8:     0x560644a1c474 - std::sys_common::backtrace::print::h23a2d212c6fff936
[INFO] [stdout]                                at /rustc/82e1608dfa6e0b5569232559e3d385fea5a93112/library/std/src/sys_common/backtrace.rs:34:9
[INFO] [stdout]    9:     0x560644a1e137 - std::panicking::default_hook::{{closure}}::h8a1d2ee00185001a
[INFO] [stdout]   10:     0x560644a1de23 - std::panicking::default_hook::h6038f2eba384e475
[INFO] [stdout]                                at /rustc/82e1608dfa6e0b5569232559e3d385fea5a93112/library/std/src/panicking.rs:289:9
[INFO] [stdout]   11:     0x5606449bc1c7 - <alloc::boxed::Box<F,A> as core::ops::function::Fn<Args>>::call::h0ad024c9bdc6d768
[INFO] [stdout]                                at /rustc/82e1608dfa6e0b5569232559e3d385fea5a93112/library/alloc/src/boxed.rs:2021:9
[INFO] [stdout]   12:     0x5606449bc1c7 - test::test_main::{{closure}}::h7500b54257359db6
[INFO] [stdout]                                at /rustc/82e1608dfa6e0b5569232559e3d385fea5a93112/library/test/src/lib.rs:138:21
[INFO] [stdout]   13:     0x560644a1e748 - <alloc::boxed::Box<F,A> as core::ops::function::Fn<Args>>::call::h1f8f335eaa9cfaee
[INFO] [stdout]                                at /rustc/82e1608dfa6e0b5569232559e3d385fea5a93112/library/alloc/src/boxed.rs:2021:9
[INFO] [stdout]   14:     0x560644a1e748 - std::panicking::rust_panic_with_hook::h2b5517d590cab22e
[INFO] [stdout]                                at /rustc/82e1608dfa6e0b5569232559e3d385fea5a93112/library/std/src/panicking.rs:783:13
[INFO] [stdout]   15:     0x560644a1e469 - std::panicking::begin_panic_handler::{{closure}}::h233112c06e0ef43e
[INFO] [stdout]                                at /rustc/82e1608dfa6e0b5569232559e3d385fea5a93112/library/std/src/panicking.rs:649:13
[INFO] [stdout]   16:     0x560644a1cb56 - std::sys_common::backtrace::__rust_end_short_backtrace::h6e893f24d7ebbff8
[INFO] [stdout]                                at /rustc/82e1608dfa6e0b5569232559e3d385fea5a93112/library/std/src/sys_common/backtrace.rs:170:18
[INFO] [stdout]   17:     0x560644a1e202 - rust_begin_unwind
[INFO] [stdout]                                at /rustc/82e1608dfa6e0b5569232559e3d385fea5a93112/library/std/src/panicking.rs:645:5
[INFO] [stdout]   18:     0x5606447df145 - core::panicking::panic_fmt::hbf0e066aabfa482c
[INFO] [stdout]                                at /rustc/82e1608dfa6e0b5569232559e3d385fea5a93112/library/core/src/panicking.rs:72:14
[INFO] [stdout]   19:     0x5606447df1e3 - core::panicking::panic::h195fc2a96298d4c3
[INFO] [stdout]                                at /rustc/82e1608dfa6e0b5569232559e3d385fea5a93112/library/core/src/panicking.rs:127:5
[INFO] [stdout]   20:     0x5606448679b1 - gstreamer::meta::tests::test_add_get_iterate_meta::h61681466fcd82133
[INFO] [stdout]                                at /opt/rustwide/workdir/src/meta.rs:883:13
[INFO] [stdout]   21:     0x560644866f07 - gstreamer::meta::tests::test_add_get_iterate_meta::{{closure}}::h061440b968c4cfbf
[INFO] [stdout]                                at /opt/rustwide/workdir/src/meta.rs:851:35
[INFO] [stdout]   22:     0x5606448b1456 - core::ops::function::FnOnce::call_once::hd6c7b249e7aaef66
[INFO] [stdout]                                at /rustc/82e1608dfa6e0b5569232559e3d385fea5a93112/library/core/src/ops/function.rs:250:5
[INFO] [stdout]   23:     0x5606449c181f - core::ops::function::FnOnce::call_once::h2b5d431d5046312d
[INFO] [stdout]                                at /rustc/82e1608dfa6e0b5569232559e3d385fea5a93112/library/core/src/ops/function.rs:250:5
[INFO] [stdout]   24:     0x5606449c181f - test::__rust_begin_short_backtrace::h7714669af176e207
[INFO] [stdout]                                at /rustc/82e1608dfa6e0b5569232559e3d385fea5a93112/library/test/src/lib.rs:628:18
[INFO] [stdout]   25:     0x5606449c0835 - test::run_test_in_process::{{closure}}::h85218797dcbcec12
[INFO] [stdout]                                at /rustc/82e1608dfa6e0b5569232559e3d385fea5a93112/library/test/src/lib.rs:651:60
[INFO] [stdout]   26:     0x5606449c0835 - <core::panic::unwind_safe::AssertUnwindSafe<F> as core::ops::function::FnOnce<()>>::call_once::h76c106ea31c14d7b
[INFO] [stdout]                                at /rustc/82e1608dfa6e0b5569232559e3d385fea5a93112/library/core/src/panic/unwind_safe.rs:272:9
[INFO] [stdout]   27:     0x5606449c0835 - std::panicking::try::do_call::h3bd5d0f6620ee946
[INFO] [stdout]                                at /rustc/82e1608dfa6e0b5569232559e3d385fea5a93112/library/std/src/panicking.rs:552:40
[INFO] [stdout]   28:     0x5606449c0835 - std::panicking::try::h232e535e4744fe31
[INFO] [stdout]                                at /rustc/82e1608dfa6e0b5569232559e3d385fea5a93112/library/std/src/panicking.rs:516:19
[INFO] [stdout]   29:     0x5606449c0835 - std::panic::catch_unwind::h3ce3bd6ca8dbac68
[INFO] [stdout]                                at /rustc/82e1608dfa6e0b5569232559e3d385fea5a93112/library/std/src/panic.rs:142:14
[INFO] [stdout]   30:     0x5606449c0835 - test::run_test_in_process::hc97b257c9621286a
[INFO] [stdout]                                at /rustc/82e1608dfa6e0b5569232559e3d385fea5a93112/library/test/src/lib.rs:651:27
[INFO] [stdout]   31:     0x5606449c0835 - test::run_test::{{closure}}::h2aa798823a438d38
[INFO] [stdout]                                at /rustc/82e1608dfa6e0b5569232559e3d385fea5a93112/library/test/src/lib.rs:574:43
[INFO] [stdout]   32:     0x560644988af6 - test::run_test::{{closure}}::h87d231c78fb59832
[INFO] [stdout]                                at /rustc/82e1608dfa6e0b5569232559e3d385fea5a93112/library/test/src/lib.rs:602:41
[INFO] [stdout]   33:     0x560644988af6 - std::sys_common::backtrace::__rust_begin_short_backtrace::he6df152596625789
[INFO] [stdout]                                at /rustc/82e1608dfa6e0b5569232559e3d385fea5a93112/library/std/src/sys_common/backtrace.rs:154:18
[INFO] [stdout]   34:     0x56064498dba7 - std::thread::Builder::spawn_unchecked_::{{closure}}::{{closure}}::ha94be15d1e0acf36
[INFO] [stdout]                                at /rustc/82e1608dfa6e0b5569232559e3d385fea5a93112/library/std/src/thread/mod.rs:529:17
[INFO] [stdout]   35:     0x56064498dba7 - <core::panic::unwind_safe::AssertUnwindSafe<F> as core::ops::function::FnOnce<()>>::call_once::h9dc6bd6372f16606
[INFO] [stdout]                                at /rustc/82e1608dfa6e0b5569232559e3d385fea5a93112/library/core/src/panic/unwind_safe.rs:272:9
[INFO] [stdout]   36:     0x56064498dba7 - std::panicking::try::do_call::h9057517f80303cd4
[INFO] [stdout]                                at /rustc/82e1608dfa6e0b5569232559e3d385fea5a93112/library/std/src/panicking.rs:552:40
[INFO] [stdout]   37:     0x56064498dba7 - std::panicking::try::he3a30b11ee45340c
[INFO] [stdout]                                at /rustc/82e1608dfa6e0b5569232559e3d385fea5a93112/library/std/src/panicking.rs:516:19
[INFO] [stdout]   38:     0x56064498dba7 - std::panic::catch_unwind::h410458cfd3528b8b
[INFO] [stdout]                                at /rustc/82e1608dfa6e0b5569232559e3d385fea5a93112/library/std/src/panic.rs:142:14
[INFO] [stdout]   39:     0x56064498dba7 - std::thread::Builder::spawn_unchecked_::{{closure}}::h72ac3bdb567b737b
[INFO] [stdout]                                at /rustc/82e1608dfa6e0b5569232559e3d385fea5a93112/library/std/src/thread/mod.rs:528:30
[INFO] [stdout]   40:     0x56064498dba7 - core::ops::function::FnOnce::call_once{{vtable.shim}}::h38f34da3654a8344
[INFO] [stdout]                                at /rustc/82e1608dfa6e0b5569232559e3d385fea5a93112/library/core/src/ops/function.rs:250:5
[INFO] [stdout]   41:     0x560644a232b5 - <alloc::boxed::Box<F,A> as core::ops::function::FnOnce<Args>>::call_once::hc7eafaff61e32df9
[INFO] [stdout]                                at /rustc/82e1608dfa6e0b5569232559e3d385fea5a93112/library/alloc/src/boxed.rs:2007:9
[INFO] [stdout]   42:     0x560644a232b5 - <alloc::boxed::Box<F,A> as core::ops::function::FnOnce<Args>>::call_once::h6ba4a5de48dd2304
[INFO] [stdout]                                at /rustc/82e1608dfa6e0b5569232559e3d385fea5a93112/library/alloc/src/boxed.rs:2007:9
[INFO] [stdout]   43:     0x560644a232b5 - std::sys::unix::thread::Thread::new::thread_start::he469335aef763e45
[INFO] [stdout]                                at /rustc/82e1608dfa6e0b5569232559e3d385fea5a93112/library/std/src/sys/unix/thread.rs:108:17
[INFO] [stdout]   44:     0x7febaa03eac3 - <unknown>
[INFO] [stdout]   45:     0x7febaa0cfbf4 - __clone
[INFO] [stdout]   46:                0x0 - <unknown>
[INFO] [stdout] 
[INFO] [stdout] 
[INFO] [stdout] failures:
[INFO] [stdout]     meta::tests::test_add_get_iterate_meta
[INFO] [stdout] 
[INFO] [stdout] test result: FAILED. 163 passed; 1 failed; 0 ignored; 0 measured; 0 filtered out; finished in 0.14s
[INFO] [stdout] 
[INFO] [stderr] error: test failed, to rerun pass `--lib`
[INFO] running `Command { std: "docker" "inspect" "52277532cb3ff288c2dbb16c6d3e71026d4bab66b016848306a91832cb8a5a16", kill_on_drop: false }`
[INFO] running `Command { std: "docker" "rm" "-f" "52277532cb3ff288c2dbb16c6d3e71026d4bab66b016848306a91832cb8a5a16", kill_on_drop: false }`
[INFO] [stdout] 52277532cb3ff288c2dbb16c6d3e71026d4bab66b016848306a91832cb8a5a16
[INFO] testing gstreamer-0.21.2 against beta-2023-12-22 for beta-1.76-1
[INFO] extracting crate gstreamer 0.21.2 into /workspace/builds/worker-2-tc2/source
[INFO] validating manifest of crates.io crate gstreamer 0.21.2 on toolchain beta-2023-12-22
[INFO] running `Command { std: CARGO_HOME="/workspace/cargo-home" RUSTUP_HOME="/workspace/rustup-home" "/workspace/cargo-home/bin/cargo" "+beta-2023-12-22" "metadata" "--manifest-path" "Cargo.toml" "--no-deps", kill_on_drop: false }`
[INFO] started tweaking crates.io crate gstreamer 0.21.2
[INFO] finished tweaking crates.io crate gstreamer 0.21.2
[INFO] tweaked toml for crates.io crate gstreamer 0.21.2 written to /workspace/builds/worker-2-tc2/source/Cargo.toml
[INFO] running `Command { std: CARGO_HOME="/workspace/cargo-home" RUSTUP_HOME="/workspace/rustup-home" "/workspace/cargo-home/bin/cargo" "+beta-2023-12-22" "generate-lockfile" "--manifest-path" "Cargo.toml", kill_on_drop: false }`
[INFO] [stderr]     Updating crates.io index
[INFO] running `Command { std: CARGO_HOME="/workspace/cargo-home" RUSTUP_HOME="/workspace/rustup-home" "/workspace/cargo-home/bin/cargo" "+beta-2023-12-22" "fetch" "--manifest-path" "Cargo.toml", kill_on_drop: false }`
[INFO] running `Command { std: "docker" "create" "-v" "/var/lib/crater-agent-workspace/builds/worker-2-tc2/target:/opt/rustwide/target:rw,Z" "-v" "/var/lib/crater-agent-workspace/builds/worker-2-tc2/source:/opt/rustwide/workdir:ro,Z" "-v" "/var/lib/crater-agent-workspace/cargo-home:/opt/rustwide/cargo-home:ro,Z" "-v" "/var/lib/crater-agent-workspace/rustup-home:/opt/rustwide/rustup-home:ro,Z" "-e" "SOURCE_DIR=/opt/rustwide/workdir" "-e" "CARGO_TARGET_DIR=/opt/rustwide/target" "-e" "CARGO_HOME=/opt/rustwide/cargo-home" "-e" "RUSTUP_HOME=/opt/rustwide/rustup-home" "-w" "/opt/rustwide/workdir" "-m" "1610612736" "--user" "0:0" "--network" "none" "ghcr.io/rust-lang/crates-build-env/linux@sha256:2788e3201cd34a07e3172128adcd8b3090168a8e3bcc40d7c032b9dda1df7d1c" "/opt/rustwide/cargo-home/bin/cargo" "+beta-2023-12-22" "metadata" "--no-deps" "--format-version=1", kill_on_drop: false }`
[INFO] [stdout] 02a961a183f5959db81dcfc01f1702114750aa1e982eac06e6510d84e1d043e6
[INFO] running `Command { std: "docker" "start" "-a" "02a961a183f5959db81dcfc01f1702114750aa1e982eac06e6510d84e1d043e6", kill_on_drop: false }`
[INFO] running `Command { std: "docker" "inspect" "02a961a183f5959db81dcfc01f1702114750aa1e982eac06e6510d84e1d043e6", kill_on_drop: false }`
[INFO] running `Command { std: "docker" "rm" "-f" "02a961a183f5959db81dcfc01f1702114750aa1e982eac06e6510d84e1d043e6", kill_on_drop: false }`
[INFO] [stdout] 02a961a183f5959db81dcfc01f1702114750aa1e982eac06e6510d84e1d043e6
[INFO] running `Command { std: "docker" "create" "-v" "/var/lib/crater-agent-workspace/builds/worker-2-tc2/target:/opt/rustwide/target:rw,Z" "-v" "/var/lib/crater-agent-workspace/builds/worker-2-tc2/source:/opt/rustwide/workdir:ro,Z" "-v" "/var/lib/crater-agent-workspace/cargo-home:/opt/rustwide/cargo-home:ro,Z" "-v" "/var/lib/crater-agent-workspace/rustup-home:/opt/rustwide/rustup-home:ro,Z" "-e" "SOURCE_DIR=/opt/rustwide/workdir" "-e" "CARGO_TARGET_DIR=/opt/rustwide/target" "-e" "CARGO_INCREMENTAL=0" "-e" "RUST_BACKTRACE=full" "-e" "RUSTFLAGS=--cap-lints=warn" "-e" "RUSTDOCFLAGS=--cap-lints=warn" "-e" "CARGO_HOME=/opt/rustwide/cargo-home" "-e" "RUSTUP_HOME=/opt/rustwide/rustup-home" "-w" "/opt/rustwide/workdir" "-m" "1610612736" "--user" "0:0" "--network" "none" "ghcr.io/rust-lang/crates-build-env/linux@sha256:2788e3201cd34a07e3172128adcd8b3090168a8e3bcc40d7c032b9dda1df7d1c" "/opt/rustwide/cargo-home/bin/cargo" "+beta-2023-12-22" "build" "--frozen" "--message-format=json", kill_on_drop: false }`
[INFO] [stdout] f1ae5a535d88eb7f1753a510239e72a8dcd9e1f48eac22c01c6e66a22d7b6f73
[INFO] running `Command { std: "docker" "start" "-a" "f1ae5a535d88eb7f1753a510239e72a8dcd9e1f48eac22c01c6e66a22d7b6f73", kill_on_drop: false }`
[INFO] [stderr]    Compiling serde v1.0.194
[INFO] [stderr]    Compiling equivalent v1.0.1
[INFO] [stderr]    Compiling hashbrown v0.14.3
[INFO] [stderr]    Compiling winnow v0.5.32
[INFO] [stderr]    Compiling target-lexicon v0.12.13
[INFO] [stderr]    Compiling heck v0.4.1
[INFO] [stderr]    Compiling autocfg v1.1.0
[INFO] [stderr]    Compiling smallvec v1.11.2
[INFO] [stderr]    Compiling pkg-config v0.3.28
[INFO] [stderr]    Compiling proc-macro2 v1.0.75
[INFO] [stderr]    Compiling version-compare v0.1.1
[INFO] [stderr]    Compiling unicode-ident v1.0.12
[INFO] [stderr]    Compiling version_check v0.9.4
[INFO] [stderr]    Compiling libc v0.2.151
[INFO] [stderr]    Compiling syn v1.0.109
[INFO] [stderr]    Compiling futures-core v0.3.30
[INFO] [stderr]    Compiling thiserror v1.0.56
[INFO] [stderr]    Compiling paste v1.0.14
[INFO] [stderr]    Compiling pin-project-lite v0.2.13
[INFO] [stderr]    Compiling futures-task v0.3.30
[INFO] [stderr]    Compiling pin-utils v0.1.0
[INFO] [stderr]    Compiling futures-channel v0.3.30
[INFO] [stderr]    Compiling either v1.9.0
[INFO] [stderr]    Compiling proc-macro-error-attr v1.0.4
[INFO] [stderr]    Compiling proc-macro-error v1.0.4
[INFO] [stderr]    Compiling once_cell v1.19.0
[INFO] [stderr]    Compiling memchr v2.7.1
[INFO] [stderr]    Compiling slab v0.4.9
[INFO] [stderr]    Compiling num-traits v0.2.17
[INFO] [stderr]    Compiling num-integer v0.1.45
[INFO] [stderr]    Compiling num-rational v0.4.1
[INFO] [stderr]    Compiling bitflags v2.4.1
[INFO] [stderr]    Compiling itertools v0.11.0
[INFO] [stderr]    Compiling pretty-hex v0.3.0
[INFO] [stderr]    Compiling muldiv v1.0.1
[INFO] [stderr]    Compiling cfg-if v1.0.0
[INFO] [stderr]    Compiling indexmap v2.1.0
[INFO] [stderr]    Compiling quote v1.0.35
[INFO] [stderr]    Compiling cfg-expr v0.15.6
[INFO] [stderr]    Compiling syn v2.0.48
[INFO] [stderr]    Compiling option-operations v0.5.0
[INFO] [stderr]    Compiling toml_datetime v0.6.3
[INFO] [stderr]    Compiling serde_spanned v0.6.5
[INFO] [stderr]    Compiling toml_edit v0.20.2
[INFO] [stderr]    Compiling futures-macro v0.3.30
[INFO] [stderr]    Compiling thiserror-impl v1.0.56
[INFO] [stderr]    Compiling futures-util v0.3.30
[INFO] [stderr]    Compiling toml v0.8.2
[INFO] [stderr]    Compiling proc-macro-crate v2.0.1
[INFO] [stderr]    Compiling system-deps v6.2.0
[INFO] [stderr]    Compiling glib-macros v0.18.5
[INFO] [stderr]    Compiling glib-sys v0.18.1
[INFO] [stderr]    Compiling gobject-sys v0.18.0
[INFO] [stderr]    Compiling gio-sys v0.18.1
[INFO] [stderr]    Compiling gstreamer-sys v0.21.2
[INFO] [stderr]    Compiling futures-executor v0.3.30
[INFO] [stderr]    Compiling glib v0.18.5
[INFO] [stderr]    Compiling gstreamer v0.21.2 (/opt/rustwide/workdir)
[INFO] [stderr]     Finished dev [unoptimized + debuginfo] target(s) in 21.67s
[INFO] running `Command { std: "docker" "inspect" "f1ae5a535d88eb7f1753a510239e72a8dcd9e1f48eac22c01c6e66a22d7b6f73", kill_on_drop: false }`
[INFO] running `Command { std: "docker" "rm" "-f" "f1ae5a535d88eb7f1753a510239e72a8dcd9e1f48eac22c01c6e66a22d7b6f73", kill_on_drop: false }`
[INFO] [stdout] f1ae5a535d88eb7f1753a510239e72a8dcd9e1f48eac22c01c6e66a22d7b6f73
[INFO] running `Command { std: "docker" "create" "-v" "/var/lib/crater-agent-workspace/builds/worker-2-tc2/target:/opt/rustwide/target:rw,Z" "-v" "/var/lib/crater-agent-workspace/builds/worker-2-tc2/source:/opt/rustwide/workdir:ro,Z" "-v" "/var/lib/crater-agent-workspace/cargo-home:/opt/rustwide/cargo-home:ro,Z" "-v" "/var/lib/crater-agent-workspace/rustup-home:/opt/rustwide/rustup-home:ro,Z" "-e" "SOURCE_DIR=/opt/rustwide/workdir" "-e" "CARGO_TARGET_DIR=/opt/rustwide/target" "-e" "CARGO_INCREMENTAL=0" "-e" "RUST_BACKTRACE=full" "-e" "RUSTFLAGS=--cap-lints=warn" "-e" "RUSTDOCFLAGS=--cap-lints=warn" "-e" "CARGO_HOME=/opt/rustwide/cargo-home" "-e" "RUSTUP_HOME=/opt/rustwide/rustup-home" "-w" "/opt/rustwide/workdir" "-m" "1610612736" "--user" "0:0" "--network" "none" "ghcr.io/rust-lang/crates-build-env/linux@sha256:2788e3201cd34a07e3172128adcd8b3090168a8e3bcc40d7c032b9dda1df7d1c" "/opt/rustwide/cargo-home/bin/cargo" "+beta-2023-12-22" "test" "--frozen" "--no-run" "--message-format=json", kill_on_drop: false }`
[INFO] [stdout] a4ac4fb472a85228f883a2f95a8e09605e84b7d56c1dc92d9663cfdd21b428a7
[INFO] running `Command { std: "docker" "start" "-a" "a4ac4fb472a85228f883a2f95a8e09605e84b7d56c1dc92d9663cfdd21b428a7", kill_on_drop: false }`
[INFO] [stderr]    Compiling serde v1.0.194
[INFO] [stderr]    Compiling serde_json v1.0.111
[INFO] [stderr]    Compiling base64 v0.21.5
[INFO] [stderr]    Compiling itoa v1.0.10
[INFO] [stderr]    Compiling ryu v1.0.16
[INFO] [stderr]    Compiling gir-format-check v0.1.3
[INFO] [stderr]    Compiling serde_derive v1.0.194
[INFO] [stderr]    Compiling toml_datetime v0.6.3
[INFO] [stderr]    Compiling serde_spanned v0.6.5
[INFO] [stderr]    Compiling bitflags v2.4.1
[INFO] [stderr]    Compiling toml_edit v0.20.2
[INFO] [stderr]    Compiling ron v0.8.1
[INFO] [stderr]    Compiling toml v0.8.2
[INFO] [stderr]    Compiling proc-macro-crate v2.0.1
[INFO] [stderr]    Compiling system-deps v6.2.0
[INFO] [stderr]    Compiling glib-macros v0.18.5
[INFO] [stderr]    Compiling glib-sys v0.18.1
[INFO] [stderr]    Compiling gobject-sys v0.18.0
[INFO] [stderr]    Compiling gio-sys v0.18.1
[INFO] [stderr]    Compiling gstreamer-sys v0.21.2
[INFO] [stderr]    Compiling glib v0.18.5
[INFO] [stderr]    Compiling gstreamer v0.21.2 (/opt/rustwide/workdir)
[INFO] [stderr]     Finished test [unoptimized + debuginfo] target(s) in 24.67s
[INFO] running `Command { std: "docker" "inspect" "a4ac4fb472a85228f883a2f95a8e09605e84b7d56c1dc92d9663cfdd21b428a7", kill_on_drop: false }`
[INFO] running `Command { std: "docker" "rm" "-f" "a4ac4fb472a85228f883a2f95a8e09605e84b7d56c1dc92d9663cfdd21b428a7", kill_on_drop: false }`
[INFO] [stdout] a4ac4fb472a85228f883a2f95a8e09605e84b7d56c1dc92d9663cfdd21b428a7
[INFO] running `Command { std: "docker" "create" "-v" "/var/lib/crater-agent-workspace/builds/worker-2-tc2/target:/opt/rustwide/target:rw,Z" "-v" "/var/lib/crater-agent-workspace/builds/worker-2-tc2/source:/opt/rustwide/workdir:ro,Z" "-v" "/var/lib/crater-agent-workspace/cargo-home:/opt/rustwide/cargo-home:ro,Z" "-v" "/var/lib/crater-agent-workspace/rustup-home:/opt/rustwide/rustup-home:ro,Z" "-e" "SOURCE_DIR=/opt/rustwide/workdir" "-e" "CARGO_TARGET_DIR=/opt/rustwide/target" "-e" "CARGO_INCREMENTAL=0" "-e" "RUST_BACKTRACE=full" "-e" "RUSTFLAGS=--cap-lints=warn" "-e" "RUSTDOCFLAGS=--cap-lints=warn" "-e" "CARGO_HOME=/opt/rustwide/cargo-home" "-e" "RUSTUP_HOME=/opt/rustwide/rustup-home" "-w" "/opt/rustwide/workdir" "-m" "1610612736" "--user" "0:0" "--network" "none" "ghcr.io/rust-lang/crates-build-env/linux@sha256:2788e3201cd34a07e3172128adcd8b3090168a8e3bcc40d7c032b9dda1df7d1c" "/opt/rustwide/cargo-home/bin/cargo" "+beta-2023-12-22" "test" "--frozen", kill_on_drop: false }`
[INFO] [stdout] deda62033286aac846b87138649f23ccb0f644dc80dcfb09371cd8fce3ad02b1
[INFO] running `Command { std: "docker" "start" "-a" "deda62033286aac846b87138649f23ccb0f644dc80dcfb09371cd8fce3ad02b1", kill_on_drop: false }`
[INFO] [stderr]     Finished test [unoptimized + debuginfo] target(s) in 0.04s
[INFO] [stderr]      Running unittests src/lib.rs (/opt/rustwide/target/debug/deps/gstreamer-d9fc299faf651ae7)
[INFO] [stdout] 
[INFO] [stdout] running 164 tests
[INFO] [stdout] test buffer::tests::test_fields ... ok
[INFO] [stdout] test buffer::tests::test_meta_foreach ... ok
[INFO] [stdout] test buffer::tests::test_memories ... ok
[INFO] [stdout] test buffer::tests::test_meta_foreach_mut ... ok
[INFO] [stdout] test buffer::tests::test_ptr_eq ... ok
[INFO] [stdout] test buffer::tests::test_writability ... ok
[INFO] [stdout] test buffer_cursor::tests::test_buffer_cursor ... ok
[INFO] [stdout] test buffer_cursor::tests::test_buffer_cursor_ref ... ok
[INFO] [stdout] test bufferlist::tests::test_foreach_mut ... ok
[INFO] [stdout] test buffer_pool::tests::pool_no_params ... ok
[INFO] [stdout] test bufferlist::tests::test_foreach ... ok
[INFO] [stdout] test buffer_pool::tests::pool_with_params ... ok
[INFO] [stdout] test bus::tests::test_sync_handler ... ok
[INFO] [stdout] test caps::tests::test_builder ... ok
[INFO] [stdout] test bus::tests::test_bus_stream ... ok
[INFO] [stdout] test caps::tests::test_builder_full ... ok
[INFO] [stdout] test caps::tests::test_builder_full_with_any_features ... ok
[INFO] [stdout] test caps::tests::test_builder_full_with_features ... ok
[INFO] [stdout] test caps::tests::test_display ... ok
[INFO] [stdout] test caps::tests::test_debug ... ok
[INFO] [stdout] test caps_features::tests::test_from_value_optional ... ok
[INFO] [stdout] test caps::tests::test_simple ... ok
[INFO] [stdout] test caps::tests::test_new_from_iter ... ok
[INFO] [stdout] test date_time::tests::test_eq ... ok
[INFO] [stdout] test date_time::tests::test_partial_ord ... ok
[INFO] [stdout] test bin::tests::test_get_children ... ok
[INFO] [stdout] test error::tests::error_message ... ok
[INFO] [stdout] test error::tests::logabble_error ... ok
[INFO] [stdout] test event::tests::test_get_structure_mut ... ok
[INFO] [stdout] test event::tests::test_simple ... ok
[INFO] [stdout] test element::tests::test_get_pads ... ok
[INFO] [stdout] test element::tests::test_element_error ... ok
[INFO] [stdout] test date_time::tests::test_to_utc ... ok
[INFO] [stdout] test event::tests::test_view_lifetimes ... ok
[INFO] [stdout] test element::tests::test_foreach_pad ... ok
[INFO] [stdout] test element::tests::test_call_async ... ok
[INFO] [stdout] test format::clock_time::tests::comp ... ok
[INFO] [stdout] test format::clock_time::tests::iter_sum ... ok
[INFO] [stdout] test format::clock_time::tests::checked_ops ... ok
[INFO] [stdout] test format::clock_time::tests::mul_div_ops ... ok
[INFO] [stdout] test format::clock_time::tests::ops ... ok
[INFO] [stdout] test format::clock_time::tests::display ... ok
[INFO] [stdout] test format::clock_time::tests::overflowing_ops ... ok
[INFO] [stdout] test format::clock_time::tests::opt_time_clock ... ok
[INFO] [stdout] test format::clock_time::tests::seconds_float ... ok
[INFO] [stdout] test format::clock_time::tests::try_from_seconds_f32 ... ok
[INFO] [stdout] test format::clock_time::tests::try_from_seconds_f32_signed ... ok
[INFO] [stdout] test format::clock_time::tests::try_from_seconds_f64 ... ok
[INFO] [stdout] test format::clock_time::tests::try_from_seconds_f64_signed ... ok
[INFO] [stdout] test format::clock_time::tests::properties_macro_usage ... ok
[INFO] [stdout] test format::clock_time::tests::wrapping_ops ... ok
[INFO] [stdout] test format::clock_time::tests::seconds_float_signed ... ok
[INFO] [stdout] test format::generic::tests::generic_other ... ok
[INFO] [stdout] test format::clock_time::tests::saturating_ops ... ok
[INFO] [stdout] test format::clock_time::tests::try_into_signed ... ok
[INFO] [stdout] test format::tests::compatible_explicit ... ok
[INFO] [stdout] test format::generic::tests::generic_signed_other ... ok
[INFO] [stdout] test format::tests::compatible ... ok
[INFO] [stdout] test format::generic::tests::other ... ok
[INFO] [stdout] test format::tests::display_new_types ... ok
[INFO] [stdout] test format::tests::display_signed ... ok
[INFO] [stdout] test format::tests::incompatible ... ok
[INFO] [stdout] test format::tests::incompatible_explicit ... ok
[INFO] [stdout] test format::tests::none_builder ... ok
[INFO] [stdout] test format::tests::none_signed_builder ... ok
[INFO] [stdout] test format::tests::signed_optional ... ok
[INFO] [stdout] test format::tests::signed_roundtrip ... ok
[INFO] [stdout] test format::tests::signed_mandatory ... ok
[INFO] [stdout] test functions::tests::test_calculate_linear_regression ... ok
[INFO] [stdout] test format::tests::signed_generic ... ok
[INFO] [stdout] test ghost_pad::tests::from_template ... ok
[INFO] [stdout] test functions::tests::test_parse_bin_from_description_with_name ... ok
[INFO] [stdout] test ghost_pad::tests::from_template_with_target ... ok
[INFO] [stdout] test ghost_pad::tests::no_template_no_target ... ok
[INFO] [stdout] test ghost_pad::tests::with_target ... ok
[INFO] [stdout] test gobject::tests::test_set_property_from_str ... ok
[INFO] [stdout] test iterator::tests::test_filter ... ok
[INFO] [stdout] test iterator::tests::test_find ... ok
[INFO] [stdout] test iterator::tests::test_fold ... ok
[INFO] [stdout] test iterator::tests::test_foreach ... ok
[INFO] [stdout] test iterator::tests::test_into_iter ... ok
[INFO] [stdout] test iterator::tests::test_std ... ok
[INFO] [stdout] test iterator::tests::test_std_resync_collect ... ok
[INFO] [stdout] test iterator::tests::test_std_resync_find ... ok
[INFO] [stdout] test iterator::tests::test_vec ... ok
[INFO] [stdout] test log::tests::all ... ok
[INFO] [stdout] test log::tests::existing ... ok
[INFO] [stdout] test log::tests::log_handler ... ok
[INFO] [stdout] test log::tests::new_and_log ... ok
[INFO] [stdout] test log::tests::no_argument_evaluation ... ok
[INFO] [stdout] test memory::tests::test_dump ... ok
[INFO] [stdout] test memory::tests::test_map ... ok
[INFO] [stdout] test memory::tests::test_value ... ok
[INFO] [stdout] test message::tests::test_get_seqnum_invalid ... ok
[INFO] [stdout] test message::tests::test_get_seqnum_valid ... ok
[INFO] [stdout] test message::tests::test_other_fields ... ok
[INFO] [stdout] test message::tests::test_simple ... ok
[INFO] [stdout] test clock::tests::test_wait ... ok
[INFO] [stdout] test clock::tests::test_wait_async ... ok
[INFO] [stdout] test meta::tests::test_copy_reference_timestamp_meta ... ok
[INFO] [stdout] test object::tests::test_deep_notify ... ok
[INFO] [stdout] test pad::tests::naming ... ok
[INFO] [stdout] test pad::tests::test_event_chain_functions ... ok
[INFO] [stdout] test pad::tests::test_getrange_function ... ok
[INFO] [stdout] test pad::tests::test_probe ... ok
[INFO] [stdout] test pad::tests::test_remove_probe_from_probe ... ok
[INFO] [stdout] test pad::tests::test_sticky_events ... ok
[INFO] [stdout] test pad::tests::test_sticky_events_foreach ... ok
[INFO] [stdout] test pad::tests::test_task ... ok
[INFO] [stdout] test param_spec::tests::test_trait ... ok
[INFO] [stdout] test plugin_feature::tests::test_load ... ok
[INFO] [stdout] test promise::tests::test_change_func ... ok
[INFO] [stdout] test query::tests::allocation_do_not_need_pool ... ok
[INFO] [stdout] test query::tests::allocation_need_pool ... ok
[INFO] [stdout] test query::tests::set_uri ... ok
[INFO] [stdout] test query::tests::test_concrete_to_sys ... ok
[INFO] [stdout] test query::tests::test_into_query ... ok
[INFO] [stdout] test query::tests::test_writability ... ok
[INFO] [stdout] test format::clock_time::tests::attempt_to_build_from_clock_time_none - should panic ... ok
[INFO] [stdout] test sample::tests::test_sample_new_with_info ... ok
[INFO] [stdout] test format::clock_time::tests::attempt_to_build_from_u64max - should panic ... ok
[INFO] [stdout] test structure::tests::new_set_get ... ok
[INFO] [stdout] test structure::tests::test_builder ... ok
[INFO] [stdout] test structure::tests::test_from_value_optional ... ok
[INFO] [stdout] test structure::tests::test_debug ... ok
[INFO] [stdout] test structure::tests::test_new_from_iter ... ok
[INFO] [stdout] test structure::tests::test_string_conversion ... ok
[INFO] [stdout] test subclass::allocator::tests::test_allocator_alloc ... ok
[INFO] [stdout] test subclass::allocator::tests::test_allocator_registration ... ok
[INFO] [stdout] test subclass::buffer_pool::tests::test_pool_acquire ... ok
[INFO] [stdout] test subclass::buffer_pool::tests::test_pool_free_on_deactivate ... ok
[INFO] [stdout] test subclass::buffer_pool::tests::test_pool_free_on_finalize ... ok
[INFO] [stdout] test subclass::buffer_pool::tests::test_pool_options ... ok
[INFO] [stdout] test subclass::pad::tests::test_pad_subclass ... ok
[INFO] [stdout] test subclass::task_pool::tests::test_simple_subclass ... ok
[INFO] [stdout] test tags::tests::test_add ... ok
[INFO] [stdout] test tags::tests::test_custom_tags ... ok
[INFO] [stdout] test tags::tests::test_display ... ok
[INFO] [stdout] test tags::tests::test_debug ... ok
[INFO] [stdout] test tags::tests::test_generic ... ok
[INFO] [stdout] test tags::tests::test_get ... ok
[INFO] [stdout] test tags::tests::test_scope ... ok
[INFO] [stdout] test subclass::element::tests::test_element_subclass ... ok
[INFO] [stdout] test task::tests::test_simple ... ok
[INFO] [stdout] test toc::tests::test_simple ... ok
[INFO] [stdout] test task_pool::tests::test_simple ... ok
[INFO] [stdout] test value::tests::test_deserialize ... ok
[INFO] [stdout] test value::tests::test_fraction ... ok
[INFO] [stdout] test value::tests::test_int_range_constructor ... ok
[INFO] [stdout] test format::tests::none_for_unsupported_format - should panic ... ok
[INFO] [stdout] test typefind::tests::test_typefind_call_function ... ok
[INFO] [stdout] test format::tests::none_for_inconsistent_format - should panic ... ok
[INFO] [stdout] test typefind::tests::test_typefind_register ... ok
[INFO] [stdout] test ghost_pad::tests::from_template_missing_name - should panic ... ok
[INFO] [stdout] test ghost_pad::tests::from_template_builder_missing_name - should panic ... ok
[INFO] [stdout] test ghost_pad::tests::from_template_with_target_incompatible_conversion_decimal - should panic ... ok
[INFO] [stdout] test ghost_pad::tests::from_template_with_target_incompatible_conversion_unsigned - should panic ... ok
[INFO] [stdout] test ghost_pad::tests::from_template_with_target_incompatible_prefix - should panic ... ok
[INFO] [stdout] test ghost_pad::tests::from_template_with_target_incompatible_missing_decimal - should panic ... ok
[INFO] [stdout] test ghost_pad::tests::from_template_with_target_missing_part - should panic ... ok
[INFO] [stdout] test meta::tests::test_add_get_iterate_meta ... FAILED
[INFO] [stdout] test pad::tests::missing_name - should panic ... ok
[INFO] [stdout] test clock::tests::test_wait_periodic ... ok
[INFO] [stdout] test clock::tests::test_wait_async_periodic ... ok
[INFO] [stdout] 
[INFO] [stdout] failures:
[INFO] [stdout] 
[INFO] [stdout] ---- meta::tests::test_add_get_iterate_meta stdout ----
[INFO] [stdout] thread 'meta::tests::test_add_get_iterate_meta' panicked at src/meta.rs:883:13:
[INFO] [stdout] assertion failed: metas[0].has_tag(glib::Quark::from_str("memory-reference"))
[INFO] [stdout] stack backtrace:
[INFO] [stdout]    0:     0x56227228da66 - std::backtrace_rs::backtrace::libunwind::trace::h261606ad26a499c1
[INFO] [stdout]                                at /rustc/0e09125c6c3c2fd70d7de961bcf0e51575235fad/library/std/src/../../backtrace/src/backtrace/libunwind.rs:104:5
[INFO] [stdout]    1:     0x56227228da66 - std::backtrace_rs::backtrace::trace_unsynchronized::hd183f0625477fb28
[INFO] [stdout]                                at /rustc/0e09125c6c3c2fd70d7de961bcf0e51575235fad/library/std/src/../../backtrace/src/backtrace/mod.rs:66:5
[INFO] [stdout]    2:     0x56227228da66 - std::sys_common::backtrace::_print_fmt::hd7f8fef21b4eda67
[INFO] [stdout]                                at /rustc/0e09125c6c3c2fd70d7de961bcf0e51575235fad/library/std/src/sys_common/backtrace.rs:68:5
[INFO] [stdout]    3:     0x56227228da66 - <std::sys_common::backtrace::_print::DisplayBacktrace as core::fmt::Display>::fmt::h623d9b51f2f453f1
[INFO] [stdout]                                at /rustc/0e09125c6c3c2fd70d7de961bcf0e51575235fad/library/std/src/sys_common/backtrace.rs:44:22
[INFO] [stdout]    4:     0x5622722b7b00 - core::fmt::rt::Argument::fmt::h9f417ac76a86f368
[INFO] [stdout]                                at /rustc/0e09125c6c3c2fd70d7de961bcf0e51575235fad/library/core/src/fmt/rt.rs:142:9
[INFO] [stdout]    5:     0x5622722b7b00 - core::fmt::write::hc9b6faf4ac2aeff7
[INFO] [stdout]                                at /rustc/0e09125c6c3c2fd70d7de961bcf0e51575235fad/library/core/src/fmt/mod.rs:1120:17
[INFO] [stdout]    6:     0x56227228b4bf - std::io::Write::write_fmt::he04625a3a989fec3
[INFO] [stdout]                                at /rustc/0e09125c6c3c2fd70d7de961bcf0e51575235fad/library/std/src/io/mod.rs:1810:15
[INFO] [stdout]    7:     0x56227228d844 - std::sys_common::backtrace::_print::hd5d66399c7df88a2
[INFO] [stdout]                                at /rustc/0e09125c6c3c2fd70d7de961bcf0e51575235fad/library/std/src/sys_common/backtrace.rs:47:5
[INFO] [stdout]    8:     0x56227228d844 - std::sys_common::backtrace::print::he81ed2da642d37e5
[INFO] [stdout]                                at /rustc/0e09125c6c3c2fd70d7de961bcf0e51575235fad/library/std/src/sys_common/backtrace.rs:34:9
[INFO] [stdout]    9:     0x56227228f5b7 - std::panicking::default_hook::{{closure}}::h85773f4fa117163d
[INFO] [stdout]   10:     0x56227228f29d - std::panicking::default_hook::h6a1694a91d09b278
[INFO] [stdout]                                at /rustc/0e09125c6c3c2fd70d7de961bcf0e51575235fad/library/std/src/panicking.rs:289:9
[INFO] [stdout]   11:     0x56227222da57 - <alloc::boxed::Box<F,A> as core::ops::function::Fn<Args>>::call::h616ac37fa3cd6c8f
[INFO] [stdout]                                at /rustc/0e09125c6c3c2fd70d7de961bcf0e51575235fad/library/alloc/src/boxed.rs:2029:9
[INFO] [stdout]   12:     0x56227222da57 - test::test_main::{{closure}}::h00d84697cefdcbb6
[INFO] [stdout]                                at /rustc/0e09125c6c3c2fd70d7de961bcf0e51575235fad/library/test/src/lib.rs:138:21
[INFO] [stdout]   13:     0x56227228fbd6 - <alloc::boxed::Box<F,A> as core::ops::function::Fn<Args>>::call::hcb3fe3b9bb537ba8
[INFO] [stdout]                                at /rustc/0e09125c6c3c2fd70d7de961bcf0e51575235fad/library/alloc/src/boxed.rs:2029:9
[INFO] [stdout]   14:     0x56227228fbd6 - std::panicking::rust_panic_with_hook::h0a7ad96e90f7145b
[INFO] [stdout]                                at /rustc/0e09125c6c3c2fd70d7de961bcf0e51575235fad/library/std/src/panicking.rs:783:13
[INFO] [stdout]   15:     0x56227228f8e9 - std::panicking::begin_panic_handler::{{closure}}::h7919090525c6485e
[INFO] [stdout]                                at /rustc/0e09125c6c3c2fd70d7de961bcf0e51575235fad/library/std/src/panicking.rs:649:13
[INFO] [stdout]   16:     0x56227228df66 - std::sys_common::backtrace::__rust_end_short_backtrace::hf3289479464f7dfe
[INFO] [stdout]                                at /rustc/0e09125c6c3c2fd70d7de961bcf0e51575235fad/library/std/src/sys_common/backtrace.rs:171:18
[INFO] [stdout]   17:     0x56227228f680 - rust_begin_unwind
[INFO] [stdout]                                at /rustc/0e09125c6c3c2fd70d7de961bcf0e51575235fad/library/std/src/panicking.rs:645:5
[INFO] [stdout]   18:     0x562272051125 - core::panicking::panic_fmt::hcc9f77c5c132af55
[INFO] [stdout]                                at /rustc/0e09125c6c3c2fd70d7de961bcf0e51575235fad/library/core/src/panicking.rs:72:14
[INFO] [stdout]   19:     0x5622720511e3 - core::panicking::panic::h5a1259c1164bd480
[INFO] [stdout]                                at /rustc/0e09125c6c3c2fd70d7de961bcf0e51575235fad/library/core/src/panicking.rs:144:5
[INFO] [stdout]   20:     0x562272068341 - gstreamer::meta::tests::test_add_get_iterate_meta::h7c3332318d76bf59
[INFO] [stdout]                                at /opt/rustwide/workdir/src/meta.rs:883:13
[INFO] [stdout]   21:     0x562272067897 - gstreamer::meta::tests::test_add_get_iterate_meta::{{closure}}::he98e82b86c4dfd61
[INFO] [stdout]                                at /opt/rustwide/workdir/src/meta.rs:851:35
[INFO] [stdout]   22:     0x5622721be386 - core::ops::function::FnOnce::call_once::h7f7316e1d61a11fc
[INFO] [stdout]                                at /rustc/0e09125c6c3c2fd70d7de961bcf0e51575235fad/library/core/src/ops/function.rs:250:5
[INFO] [stdout]   23:     0x56227223332f - core::ops::function::FnOnce::call_once::hd64d26f405258157
[INFO] [stdout]                                at /rustc/0e09125c6c3c2fd70d7de961bcf0e51575235fad/library/core/src/ops/function.rs:250:5
[INFO] [stdout]   24:     0x56227223332f - test::__rust_begin_short_backtrace::he21b0b7a6d731bf9
[INFO] [stdout]                                at /rustc/0e09125c6c3c2fd70d7de961bcf0e51575235fad/library/test/src/lib.rs:627:18
[INFO] [stdout]   25:     0x5622722320b1 - test::run_test_in_process::{{closure}}::hf5c73986d7bdfde2
[INFO] [stdout]                                at /rustc/0e09125c6c3c2fd70d7de961bcf0e51575235fad/library/test/src/lib.rs:650:60
[INFO] [stdout]   26:     0x5622722320b1 - <core::panic::unwind_safe::AssertUnwindSafe<F> as core::ops::function::FnOnce<()>>::call_once::h330011ad032aadc0
[INFO] [stdout]                                at /rustc/0e09125c6c3c2fd70d7de961bcf0e51575235fad/library/core/src/panic/unwind_safe.rs:272:9
[INFO] [stdout]   27:     0x5622722320b1 - std::panicking::try::do_call::he61b0a958b795a41
[INFO] [stdout]                                at /rustc/0e09125c6c3c2fd70d7de961bcf0e51575235fad/library/std/src/panicking.rs:552:40
[INFO] [stdout]   28:     0x5622722320b1 - std::panicking::try::h7309da130f906eb7
[INFO] [stdout]                                at /rustc/0e09125c6c3c2fd70d7de961bcf0e51575235fad/library/std/src/panicking.rs:516:19
[INFO] [stdout]   29:     0x5622722320b1 - std::panic::catch_unwind::hc5c3a06fdaf0a92a
[INFO] [stdout]                                at /rustc/0e09125c6c3c2fd70d7de961bcf0e51575235fad/library/std/src/panic.rs:142:14
[INFO] [stdout]   30:     0x5622722320b1 - test::run_test_in_process::h7e7b7c71c3324e0f
[INFO] [stdout]                                at /rustc/0e09125c6c3c2fd70d7de961bcf0e51575235fad/library/test/src/lib.rs:650:27
[INFO] [stdout]   31:     0x5622722320b1 - test::run_test::{{closure}}::h1f509f28f5cf20b1
[INFO] [stdout]                                at /rustc/0e09125c6c3c2fd70d7de961bcf0e51575235fad/library/test/src/lib.rs:573:43
[INFO] [stdout]   32:     0x5622721f93e6 - test::run_test::{{closure}}::h1754218abf443f6d
[INFO] [stdout]                                at /rustc/0e09125c6c3c2fd70d7de961bcf0e51575235fad/library/test/src/lib.rs:601:41
[INFO] [stdout]   33:     0x5622721f93e6 - std::sys_common::backtrace::__rust_begin_short_backtrace::h2ee174b9d5954948
[INFO] [stdout]                                at /rustc/0e09125c6c3c2fd70d7de961bcf0e51575235fad/library/std/src/sys_common/backtrace.rs:155:18
[INFO] [stdout]   34:     0x5622721fe447 - std::thread::Builder::spawn_unchecked_::{{closure}}::{{closure}}::hf60bee9c1a17ef09
[INFO] [stdout]                                at /rustc/0e09125c6c3c2fd70d7de961bcf0e51575235fad/library/std/src/thread/mod.rs:529:17
[INFO] [stdout]   35:     0x5622721fe447 - <core::panic::unwind_safe::AssertUnwindSafe<F> as core::ops::function::FnOnce<()>>::call_once::h33d0dddec5216160
[INFO] [stdout]                                at /rustc/0e09125c6c3c2fd70d7de961bcf0e51575235fad/library/core/src/panic/unwind_safe.rs:272:9
[INFO] [stdout]   36:     0x5622721fe447 - std::panicking::try::do_call::h144b3048b546f835
[INFO] [stdout]                                at /rustc/0e09125c6c3c2fd70d7de961bcf0e51575235fad/library/std/src/panicking.rs:552:40
[INFO] [stdout]   37:     0x5622721fe447 - std::panicking::try::h978244d04646189f
[INFO] [stdout]                                at /rustc/0e09125c6c3c2fd70d7de961bcf0e51575235fad/library/std/src/panicking.rs:516:19
[INFO] [stdout]   38:     0x5622721fe447 - std::panic::catch_unwind::hdf436369d188fe86
[INFO] [stdout]                                at /rustc/0e09125c6c3c2fd70d7de961bcf0e51575235fad/library/std/src/panic.rs:142:14
[INFO] [stdout]   39:     0x5622721fe447 - std::thread::Builder::spawn_unchecked_::{{closure}}::h87329cbdd33c79ec
[INFO] [stdout]                                at /rustc/0e09125c6c3c2fd70d7de961bcf0e51575235fad/library/std/src/thread/mod.rs:528:30
[INFO] [stdout]   40:     0x5622721fe447 - core::ops::function::FnOnce::call_once{{vtable.shim}}::h401abbe67897d450
[INFO] [stdout]                                at /rustc/0e09125c6c3c2fd70d7de961bcf0e51575235fad/library/core/src/ops/function.rs:250:5
[INFO] [stdout]   41:     0x562272294765 - <alloc::boxed::Box<F,A> as core::ops::function::FnOnce<Args>>::call_once::h5d7c8f150ab9c84c
[INFO] [stdout]                                at /rustc/0e09125c6c3c2fd70d7de961bcf0e51575235fad/library/alloc/src/boxed.rs:2015:9
[INFO] [stdout]   42:     0x562272294765 - <alloc::boxed::Box<F,A> as core::ops::function::FnOnce<Args>>::call_once::h570d5b005c242c15
[INFO] [stdout]                                at /rustc/0e09125c6c3c2fd70d7de961bcf0e51575235fad/library/alloc/src/boxed.rs:2015:9
[INFO] [stdout]   43:     0x562272294765 - std::sys::unix::thread::Thread::new::thread_start::h36b0a20c0b2361ad
[INFO] [stdout]                                at /rustc/0e09125c6c3c2fd70d7de961bcf0e51575235fad/library/std/src/sys/unix/thread.rs:108:17
[INFO] [stdout]   44:     0x7fd217fdcac3 - <unknown>
[INFO] [stdout]   45:     0x7fd21806dbf4 - __clone
[INFO] [stdout]   46:                0x0 - <unknown>
[INFO] [stdout] 
[INFO] [stdout] 
[INFO] [stdout] failures:
[INFO] [stdout]     meta::tests::test_add_get_iterate_meta
[INFO] [stdout] 
[INFO] [stdout] test result: FAILED. 163 passed; 1 failed; 0 ignored; 0 measured; 0 filtered out; finished in 0.14s
[INFO] [stdout] 
[INFO] [stderr] error: test failed, to rerun pass `--lib`
[INFO] running `Command { std: "docker" "inspect" "deda62033286aac846b87138649f23ccb0f644dc80dcfb09371cd8fce3ad02b1", kill_on_drop: false }`
[INFO] running `Command { std: "docker" "rm" "-f" "deda62033286aac846b87138649f23ccb0f644dc80dcfb09371cd8fce3ad02b1", kill_on_drop: false }`
[INFO] [stdout] deda62033286aac846b87138649f23ccb0f644dc80dcfb09371cd8fce3ad02b1
