[INFO] fetching crate grx_macros 0.1.1...
[INFO] testing grx_macros-0.1.1 against 1.75.0 for beta-1.76-1
[INFO] extracting crate grx_macros 0.1.1 into /workspace/builds/worker-4-tc1/source
[INFO] validating manifest of crates.io crate grx_macros 0.1.1 on toolchain 1.75.0
[INFO] running `Command { std: CARGO_HOME="/workspace/cargo-home" RUSTUP_HOME="/workspace/rustup-home" "/workspace/cargo-home/bin/cargo" "+1.75.0" "metadata" "--manifest-path" "Cargo.toml" "--no-deps", kill_on_drop: false }`
[INFO] started tweaking crates.io crate grx_macros 0.1.1
[INFO] finished tweaking crates.io crate grx_macros 0.1.1
[INFO] tweaked toml for crates.io crate grx_macros 0.1.1 written to /workspace/builds/worker-4-tc1/source/Cargo.toml
[INFO] running `Command { std: CARGO_HOME="/workspace/cargo-home" RUSTUP_HOME="/workspace/rustup-home" "/workspace/cargo-home/bin/cargo" "+1.75.0" "generate-lockfile" "--manifest-path" "Cargo.toml", kill_on_drop: false }`
[INFO] [stderr]     Updating crates.io index
[INFO] running `Command { std: CARGO_HOME="/workspace/cargo-home" RUSTUP_HOME="/workspace/rustup-home" "/workspace/cargo-home/bin/cargo" "+1.75.0" "fetch" "--manifest-path" "Cargo.toml", kill_on_drop: false }`
[INFO] running `Command { std: "docker" "create" "-v" "/var/lib/crater-agent-workspace/builds/worker-4-tc1/target:/opt/rustwide/target:rw,Z" "-v" "/var/lib/crater-agent-workspace/builds/worker-4-tc1/source:/opt/rustwide/workdir:ro,Z" "-v" "/var/lib/crater-agent-workspace/cargo-home:/opt/rustwide/cargo-home:ro,Z" "-v" "/var/lib/crater-agent-workspace/rustup-home:/opt/rustwide/rustup-home:ro,Z" "-e" "SOURCE_DIR=/opt/rustwide/workdir" "-e" "CARGO_TARGET_DIR=/opt/rustwide/target" "-e" "CARGO_HOME=/opt/rustwide/cargo-home" "-e" "RUSTUP_HOME=/opt/rustwide/rustup-home" "-w" "/opt/rustwide/workdir" "-m" "1610612736" "--user" "0:0" "--network" "none" "ghcr.io/rust-lang/crates-build-env/linux@sha256:2788e3201cd34a07e3172128adcd8b3090168a8e3bcc40d7c032b9dda1df7d1c" "/opt/rustwide/cargo-home/bin/cargo" "+1.75.0" "metadata" "--no-deps" "--format-version=1", kill_on_drop: false }`
[INFO] [stdout] 8764753d72892843a85cdaba66590d4bdaeaf12fc0ae9186fc997f58b3ac8fa6
[INFO] running `Command { std: "docker" "start" "-a" "8764753d72892843a85cdaba66590d4bdaeaf12fc0ae9186fc997f58b3ac8fa6", kill_on_drop: false }`
[INFO] running `Command { std: "docker" "inspect" "8764753d72892843a85cdaba66590d4bdaeaf12fc0ae9186fc997f58b3ac8fa6", kill_on_drop: false }`
[INFO] running `Command { std: "docker" "rm" "-f" "8764753d72892843a85cdaba66590d4bdaeaf12fc0ae9186fc997f58b3ac8fa6", kill_on_drop: false }`
[INFO] [stdout] 8764753d72892843a85cdaba66590d4bdaeaf12fc0ae9186fc997f58b3ac8fa6
[INFO] running `Command { std: "docker" "create" "-v" "/var/lib/crater-agent-workspace/builds/worker-4-tc1/target:/opt/rustwide/target:rw,Z" "-v" "/var/lib/crater-agent-workspace/builds/worker-4-tc1/source:/opt/rustwide/workdir:ro,Z" "-v" "/var/lib/crater-agent-workspace/cargo-home:/opt/rustwide/cargo-home:ro,Z" "-v" "/var/lib/crater-agent-workspace/rustup-home:/opt/rustwide/rustup-home:ro,Z" "-e" "SOURCE_DIR=/opt/rustwide/workdir" "-e" "CARGO_TARGET_DIR=/opt/rustwide/target" "-e" "CARGO_INCREMENTAL=0" "-e" "RUST_BACKTRACE=full" "-e" "RUSTFLAGS=--cap-lints=warn" "-e" "RUSTDOCFLAGS=--cap-lints=warn" "-e" "CARGO_HOME=/opt/rustwide/cargo-home" "-e" "RUSTUP_HOME=/opt/rustwide/rustup-home" "-w" "/opt/rustwide/workdir" "-m" "1610612736" "--user" "0:0" "--network" "none" "ghcr.io/rust-lang/crates-build-env/linux@sha256:2788e3201cd34a07e3172128adcd8b3090168a8e3bcc40d7c032b9dda1df7d1c" "/opt/rustwide/cargo-home/bin/cargo" "+1.75.0" "build" "--frozen" "--message-format=json", kill_on_drop: false }`
[INFO] [stdout] 39df54ab7f81b4fe9f0217315cf77c28763f490762690b3d1457483b3370c3db
[INFO] running `Command { std: "docker" "start" "-a" "39df54ab7f81b4fe9f0217315cf77c28763f490762690b3d1457483b3370c3db", kill_on_drop: false }`
[INFO] [stderr]    Compiling proc-macro2 v1.0.75
[INFO] [stderr]    Compiling syn v1.0.109
[INFO] [stderr]    Compiling quote v1.0.35
[INFO] [stderr]    Compiling grx_macros v0.1.1 (/opt/rustwide/workdir)
[INFO] [stderr]     Finished dev [unoptimized + debuginfo] target(s) in 3.29s
[INFO] running `Command { std: "docker" "inspect" "39df54ab7f81b4fe9f0217315cf77c28763f490762690b3d1457483b3370c3db", kill_on_drop: false }`
[INFO] running `Command { std: "docker" "rm" "-f" "39df54ab7f81b4fe9f0217315cf77c28763f490762690b3d1457483b3370c3db", kill_on_drop: false }`
[INFO] [stdout] 39df54ab7f81b4fe9f0217315cf77c28763f490762690b3d1457483b3370c3db
[INFO] running `Command { std: "docker" "create" "-v" "/var/lib/crater-agent-workspace/builds/worker-4-tc1/target:/opt/rustwide/target:rw,Z" "-v" "/var/lib/crater-agent-workspace/builds/worker-4-tc1/source:/opt/rustwide/workdir:ro,Z" "-v" "/var/lib/crater-agent-workspace/cargo-home:/opt/rustwide/cargo-home:ro,Z" "-v" "/var/lib/crater-agent-workspace/rustup-home:/opt/rustwide/rustup-home:ro,Z" "-e" "SOURCE_DIR=/opt/rustwide/workdir" "-e" "CARGO_TARGET_DIR=/opt/rustwide/target" "-e" "CARGO_INCREMENTAL=0" "-e" "RUST_BACKTRACE=full" "-e" "RUSTFLAGS=--cap-lints=warn" "-e" "RUSTDOCFLAGS=--cap-lints=warn" "-e" "CARGO_HOME=/opt/rustwide/cargo-home" "-e" "RUSTUP_HOME=/opt/rustwide/rustup-home" "-w" "/opt/rustwide/workdir" "-m" "1610612736" "--user" "0:0" "--network" "none" "ghcr.io/rust-lang/crates-build-env/linux@sha256:2788e3201cd34a07e3172128adcd8b3090168a8e3bcc40d7c032b9dda1df7d1c" "/opt/rustwide/cargo-home/bin/cargo" "+1.75.0" "test" "--frozen" "--no-run" "--message-format=json", kill_on_drop: false }`
[INFO] [stdout] 3d39a015f924954821d9fe30a835da04c85a5dd6b753a9b3088ad26f8dea86bd
[INFO] running `Command { std: "docker" "start" "-a" "3d39a015f924954821d9fe30a835da04c85a5dd6b753a9b3088ad26f8dea86bd", kill_on_drop: false }`
[INFO] [stderr]    Compiling grx_macros v0.1.1 (/opt/rustwide/workdir)
[INFO] [stderr]     Finished test [unoptimized + debuginfo] target(s) in 0.81s
[INFO] running `Command { std: "docker" "inspect" "3d39a015f924954821d9fe30a835da04c85a5dd6b753a9b3088ad26f8dea86bd", kill_on_drop: false }`
[INFO] running `Command { std: "docker" "rm" "-f" "3d39a015f924954821d9fe30a835da04c85a5dd6b753a9b3088ad26f8dea86bd", kill_on_drop: false }`
[INFO] [stdout] 3d39a015f924954821d9fe30a835da04c85a5dd6b753a9b3088ad26f8dea86bd
[INFO] running `Command { std: "docker" "create" "-v" "/var/lib/crater-agent-workspace/builds/worker-4-tc1/target:/opt/rustwide/target:rw,Z" "-v" "/var/lib/crater-agent-workspace/builds/worker-4-tc1/source:/opt/rustwide/workdir:ro,Z" "-v" "/var/lib/crater-agent-workspace/cargo-home:/opt/rustwide/cargo-home:ro,Z" "-v" "/var/lib/crater-agent-workspace/rustup-home:/opt/rustwide/rustup-home:ro,Z" "-e" "SOURCE_DIR=/opt/rustwide/workdir" "-e" "CARGO_TARGET_DIR=/opt/rustwide/target" "-e" "CARGO_INCREMENTAL=0" "-e" "RUST_BACKTRACE=full" "-e" "RUSTFLAGS=--cap-lints=warn" "-e" "RUSTDOCFLAGS=--cap-lints=warn" "-e" "CARGO_HOME=/opt/rustwide/cargo-home" "-e" "RUSTUP_HOME=/opt/rustwide/rustup-home" "-w" "/opt/rustwide/workdir" "-m" "1610612736" "--user" "0:0" "--network" "none" "ghcr.io/rust-lang/crates-build-env/linux@sha256:2788e3201cd34a07e3172128adcd8b3090168a8e3bcc40d7c032b9dda1df7d1c" "/opt/rustwide/cargo-home/bin/cargo" "+1.75.0" "test" "--frozen", kill_on_drop: false }`
[INFO] [stdout] 45ba99ca4de24cab2c2545d0415ffc182aace1ef93b5815a8417258e2a52f562
[INFO] running `Command { std: "docker" "start" "-a" "45ba99ca4de24cab2c2545d0415ffc182aace1ef93b5815a8417258e2a52f562", kill_on_drop: false }`
[INFO] [stderr]     Finished test [unoptimized + debuginfo] target(s) in 0.01s
[INFO] [stderr]      Running unittests src/lib.rs (/opt/rustwide/target/debug/deps/grx_macros-c6707474bc486f1d)
[INFO] [stdout] 
[INFO] [stdout] running 0 tests
[INFO] [stdout] 
[INFO] [stdout] test result: ok. 0 passed; 0 failed; 0 ignored; 0 measured; 0 filtered out; finished in 0.00s
[INFO] [stdout] 
[INFO] [stderr]    Doc-tests grx_macros
[INFO] [stdout] 
[INFO] [stdout] running 1 test
[INFO] [stdout] test src/lib.rs - props (line 182) - compile ... FAILED
[INFO] [stdout] 
[INFO] [stdout] failures:
[INFO] [stdout] 
[INFO] [stdout] ---- src/lib.rs - props (line 182) stdout ----
[INFO] [stdout] error[E0433]: failed to resolve: use of undeclared crate or module `grx`
[INFO] [stdout]  --> src/lib.rs:187:21
[INFO] [stdout]   |
[INFO] [stdout] 7 |     pub styles: Vec<grx::Style>,
[INFO] [stdout]   |                     ^^^ use of undeclared crate or module `grx`
[INFO] [stdout] 
[INFO] [stdout] error[E0433]: failed to resolve: use of undeclared crate or module `grx`
[INFO] [stdout]  --> src/lib.rs:188:23
[INFO] [stdout]   |
[INFO] [stdout] 8 |     pub children: Vec<grx::Component>,
[INFO] [stdout]   |                       ^^^ use of undeclared crate or module `grx`
[INFO] [stdout] 
[INFO] [stdout] error: aborting due to 2 previous errors
[INFO] [stdout] 
[INFO] [stdout] For more information about this error, try `rustc --explain E0433`.
[INFO] [stdout] Couldn't compile the test.
[INFO] [stdout] 
[INFO] [stdout] failures:
[INFO] [stdout]     src/lib.rs - props (line 182)
[INFO] [stdout] 
[INFO] [stdout] test result: FAILED. 0 passed; 1 failed; 0 ignored; 0 measured; 0 filtered out; finished in 0.06s
[INFO] [stdout] 
[INFO] [stderr] error: doctest failed, to rerun pass `--doc`
[INFO] running `Command { std: "docker" "inspect" "45ba99ca4de24cab2c2545d0415ffc182aace1ef93b5815a8417258e2a52f562", kill_on_drop: false }`
[INFO] running `Command { std: "docker" "rm" "-f" "45ba99ca4de24cab2c2545d0415ffc182aace1ef93b5815a8417258e2a52f562", kill_on_drop: false }`
[INFO] [stdout] 45ba99ca4de24cab2c2545d0415ffc182aace1ef93b5815a8417258e2a52f562
[INFO] testing grx_macros-0.1.1 against beta-2023-12-22 for beta-1.76-1
[INFO] extracting crate grx_macros 0.1.1 into /workspace/builds/worker-4-tc2/source
[INFO] validating manifest of crates.io crate grx_macros 0.1.1 on toolchain beta-2023-12-22
[INFO] running `Command { std: CARGO_HOME="/workspace/cargo-home" RUSTUP_HOME="/workspace/rustup-home" "/workspace/cargo-home/bin/cargo" "+beta-2023-12-22" "metadata" "--manifest-path" "Cargo.toml" "--no-deps", kill_on_drop: false }`
[INFO] started tweaking crates.io crate grx_macros 0.1.1
[INFO] finished tweaking crates.io crate grx_macros 0.1.1
[INFO] tweaked toml for crates.io crate grx_macros 0.1.1 written to /workspace/builds/worker-4-tc2/source/Cargo.toml
[INFO] running `Command { std: CARGO_HOME="/workspace/cargo-home" RUSTUP_HOME="/workspace/rustup-home" "/workspace/cargo-home/bin/cargo" "+beta-2023-12-22" "generate-lockfile" "--manifest-path" "Cargo.toml", kill_on_drop: false }`
[INFO] [stderr]     Updating crates.io index
[INFO] running `Command { std: CARGO_HOME="/workspace/cargo-home" RUSTUP_HOME="/workspace/rustup-home" "/workspace/cargo-home/bin/cargo" "+beta-2023-12-22" "fetch" "--manifest-path" "Cargo.toml", kill_on_drop: false }`
[INFO] running `Command { std: "docker" "create" "-v" "/var/lib/crater-agent-workspace/builds/worker-4-tc2/target:/opt/rustwide/target:rw,Z" "-v" "/var/lib/crater-agent-workspace/builds/worker-4-tc2/source:/opt/rustwide/workdir:ro,Z" "-v" "/var/lib/crater-agent-workspace/cargo-home:/opt/rustwide/cargo-home:ro,Z" "-v" "/var/lib/crater-agent-workspace/rustup-home:/opt/rustwide/rustup-home:ro,Z" "-e" "SOURCE_DIR=/opt/rustwide/workdir" "-e" "CARGO_TARGET_DIR=/opt/rustwide/target" "-e" "CARGO_HOME=/opt/rustwide/cargo-home" "-e" "RUSTUP_HOME=/opt/rustwide/rustup-home" "-w" "/opt/rustwide/workdir" "-m" "1610612736" "--user" "0:0" "--network" "none" "ghcr.io/rust-lang/crates-build-env/linux@sha256:2788e3201cd34a07e3172128adcd8b3090168a8e3bcc40d7c032b9dda1df7d1c" "/opt/rustwide/cargo-home/bin/cargo" "+beta-2023-12-22" "metadata" "--no-deps" "--format-version=1", kill_on_drop: false }`
[INFO] [stdout] dffd11d1081b71fc45832de766ff0379a3dba8fef31e6ec1f2d84a1ad4770d05
[INFO] running `Command { std: "docker" "start" "-a" "dffd11d1081b71fc45832de766ff0379a3dba8fef31e6ec1f2d84a1ad4770d05", kill_on_drop: false }`
[INFO] running `Command { std: "docker" "inspect" "dffd11d1081b71fc45832de766ff0379a3dba8fef31e6ec1f2d84a1ad4770d05", kill_on_drop: false }`
[INFO] running `Command { std: "docker" "rm" "-f" "dffd11d1081b71fc45832de766ff0379a3dba8fef31e6ec1f2d84a1ad4770d05", kill_on_drop: false }`
[INFO] [stdout] dffd11d1081b71fc45832de766ff0379a3dba8fef31e6ec1f2d84a1ad4770d05
[INFO] running `Command { std: "docker" "create" "-v" "/var/lib/crater-agent-workspace/builds/worker-4-tc2/target:/opt/rustwide/target:rw,Z" "-v" "/var/lib/crater-agent-workspace/builds/worker-4-tc2/source:/opt/rustwide/workdir:ro,Z" "-v" "/var/lib/crater-agent-workspace/cargo-home:/opt/rustwide/cargo-home:ro,Z" "-v" "/var/lib/crater-agent-workspace/rustup-home:/opt/rustwide/rustup-home:ro,Z" "-e" "SOURCE_DIR=/opt/rustwide/workdir" "-e" "CARGO_TARGET_DIR=/opt/rustwide/target" "-e" "CARGO_INCREMENTAL=0" "-e" "RUST_BACKTRACE=full" "-e" "RUSTFLAGS=--cap-lints=warn" "-e" "RUSTDOCFLAGS=--cap-lints=warn" "-e" "CARGO_HOME=/opt/rustwide/cargo-home" "-e" "RUSTUP_HOME=/opt/rustwide/rustup-home" "-w" "/opt/rustwide/workdir" "-m" "1610612736" "--user" "0:0" "--network" "none" "ghcr.io/rust-lang/crates-build-env/linux@sha256:2788e3201cd34a07e3172128adcd8b3090168a8e3bcc40d7c032b9dda1df7d1c" "/opt/rustwide/cargo-home/bin/cargo" "+beta-2023-12-22" "build" "--frozen" "--message-format=json", kill_on_drop: false }`
[INFO] [stdout] 12d7614adc649253a74d5559a9b1ffafa403b16b0a60e667edc136a30dba4732
[INFO] running `Command { std: "docker" "start" "-a" "12d7614adc649253a74d5559a9b1ffafa403b16b0a60e667edc136a30dba4732", kill_on_drop: false }`
[INFO] [stderr]    Compiling proc-macro2 v1.0.75
[INFO] [stderr]    Compiling syn v1.0.109
[INFO] [stderr]    Compiling quote v1.0.35
[INFO] [stderr]    Compiling grx_macros v0.1.1 (/opt/rustwide/workdir)
[INFO] [stderr]     Finished dev [unoptimized + debuginfo] target(s) in 3.52s
[INFO] running `Command { std: "docker" "inspect" "12d7614adc649253a74d5559a9b1ffafa403b16b0a60e667edc136a30dba4732", kill_on_drop: false }`
[INFO] running `Command { std: "docker" "rm" "-f" "12d7614adc649253a74d5559a9b1ffafa403b16b0a60e667edc136a30dba4732", kill_on_drop: false }`
[INFO] [stdout] 12d7614adc649253a74d5559a9b1ffafa403b16b0a60e667edc136a30dba4732
[INFO] running `Command { std: "docker" "create" "-v" "/var/lib/crater-agent-workspace/builds/worker-4-tc2/target:/opt/rustwide/target:rw,Z" "-v" "/var/lib/crater-agent-workspace/builds/worker-4-tc2/source:/opt/rustwide/workdir:ro,Z" "-v" "/var/lib/crater-agent-workspace/cargo-home:/opt/rustwide/cargo-home:ro,Z" "-v" "/var/lib/crater-agent-workspace/rustup-home:/opt/rustwide/rustup-home:ro,Z" "-e" "SOURCE_DIR=/opt/rustwide/workdir" "-e" "CARGO_TARGET_DIR=/opt/rustwide/target" "-e" "CARGO_INCREMENTAL=0" "-e" "RUST_BACKTRACE=full" "-e" "RUSTFLAGS=--cap-lints=warn" "-e" "RUSTDOCFLAGS=--cap-lints=warn" "-e" "CARGO_HOME=/opt/rustwide/cargo-home" "-e" "RUSTUP_HOME=/opt/rustwide/rustup-home" "-w" "/opt/rustwide/workdir" "-m" "1610612736" "--user" "0:0" "--network" "none" "ghcr.io/rust-lang/crates-build-env/linux@sha256:2788e3201cd34a07e3172128adcd8b3090168a8e3bcc40d7c032b9dda1df7d1c" "/opt/rustwide/cargo-home/bin/cargo" "+beta-2023-12-22" "test" "--frozen" "--no-run" "--message-format=json", kill_on_drop: false }`
[INFO] [stdout] d3993088aeaad657c23ba968e9702e4e4bb524418113365d1f4c7054b42b6d85
[INFO] running `Command { std: "docker" "start" "-a" "d3993088aeaad657c23ba968e9702e4e4bb524418113365d1f4c7054b42b6d85", kill_on_drop: false }`
[INFO] [stderr]    Compiling grx_macros v0.1.1 (/opt/rustwide/workdir)
[INFO] [stderr]     Finished test [unoptimized + debuginfo] target(s) in 0.54s
[INFO] running `Command { std: "docker" "inspect" "d3993088aeaad657c23ba968e9702e4e4bb524418113365d1f4c7054b42b6d85", kill_on_drop: false }`
[INFO] running `Command { std: "docker" "rm" "-f" "d3993088aeaad657c23ba968e9702e4e4bb524418113365d1f4c7054b42b6d85", kill_on_drop: false }`
[INFO] [stdout] d3993088aeaad657c23ba968e9702e4e4bb524418113365d1f4c7054b42b6d85
[INFO] running `Command { std: "docker" "create" "-v" "/var/lib/crater-agent-workspace/builds/worker-4-tc2/target:/opt/rustwide/target:rw,Z" "-v" "/var/lib/crater-agent-workspace/builds/worker-4-tc2/source:/opt/rustwide/workdir:ro,Z" "-v" "/var/lib/crater-agent-workspace/cargo-home:/opt/rustwide/cargo-home:ro,Z" "-v" "/var/lib/crater-agent-workspace/rustup-home:/opt/rustwide/rustup-home:ro,Z" "-e" "SOURCE_DIR=/opt/rustwide/workdir" "-e" "CARGO_TARGET_DIR=/opt/rustwide/target" "-e" "CARGO_INCREMENTAL=0" "-e" "RUST_BACKTRACE=full" "-e" "RUSTFLAGS=--cap-lints=warn" "-e" "RUSTDOCFLAGS=--cap-lints=warn" "-e" "CARGO_HOME=/opt/rustwide/cargo-home" "-e" "RUSTUP_HOME=/opt/rustwide/rustup-home" "-w" "/opt/rustwide/workdir" "-m" "1610612736" "--user" "0:0" "--network" "none" "ghcr.io/rust-lang/crates-build-env/linux@sha256:2788e3201cd34a07e3172128adcd8b3090168a8e3bcc40d7c032b9dda1df7d1c" "/opt/rustwide/cargo-home/bin/cargo" "+beta-2023-12-22" "test" "--frozen", kill_on_drop: false }`
[INFO] [stdout] ec1ec627fc533c719da995b30f8eeafff732ae8b06edaebc6b9bf38658c7a6c1
[INFO] running `Command { std: "docker" "start" "-a" "ec1ec627fc533c719da995b30f8eeafff732ae8b06edaebc6b9bf38658c7a6c1", kill_on_drop: false }`
[INFO] [stderr]     Finished test [unoptimized + debuginfo] target(s) in 0.01s
[INFO] [stderr]      Running unittests src/lib.rs (/opt/rustwide/target/debug/deps/grx_macros-a14825805a3ecf9a)
[INFO] [stdout] 
[INFO] [stdout] running 0 tests
[INFO] [stdout] 
[INFO] [stdout] test result: ok. 0 passed; 0 failed; 0 ignored; 0 measured; 0 filtered out; finished in 0.00s
[INFO] [stdout] 
[INFO] [stderr]    Doc-tests grx_macros
[INFO] [stdout] 
[INFO] [stdout] running 1 test
[INFO] [stdout] test src/lib.rs - props (line 182) - compile ... FAILED
[INFO] [stdout] 
[INFO] [stdout] failures:
[INFO] [stdout] 
[INFO] [stdout] ---- src/lib.rs - props (line 182) stdout ----
[INFO] [stdout] error[E0433]: failed to resolve: use of undeclared crate or module `grx`
[INFO] [stdout]  --> src/lib.rs:187:21
[INFO] [stdout]   |
[INFO] [stdout] 7 |     pub styles: Vec<grx::Style>,
[INFO] [stdout]   |                     ^^^ use of undeclared crate or module `grx`
[INFO] [stdout] 
[INFO] [stdout] error[E0433]: failed to resolve: use of undeclared crate or module `grx`
[INFO] [stdout]  --> src/lib.rs:188:23
[INFO] [stdout]   |
[INFO] [stdout] 8 |     pub children: Vec<grx::Component>,
[INFO] [stdout]   |                       ^^^ use of undeclared crate or module `grx`
[INFO] [stdout] 
[INFO] [stdout] error: aborting due to 2 previous errors
[INFO] [stdout] 
[INFO] [stdout] For more information about this error, try `rustc --explain E0433`.
[INFO] [stdout] Couldn't compile the test.
[INFO] [stdout] 
[INFO] [stdout] failures:
[INFO] [stdout]     src/lib.rs - props (line 182)
[INFO] [stdout] 
[INFO] [stdout] test result: FAILED. 0 passed; 1 failed; 0 ignored; 0 measured; 0 filtered out; finished in 0.05s
[INFO] [stdout] 
[INFO] [stderr] error: doctest failed, to rerun pass `--doc`
[INFO] running `Command { std: "docker" "inspect" "ec1ec627fc533c719da995b30f8eeafff732ae8b06edaebc6b9bf38658c7a6c1", kill_on_drop: false }`
[INFO] running `Command { std: "docker" "rm" "-f" "ec1ec627fc533c719da995b30f8eeafff732ae8b06edaebc6b9bf38658c7a6c1", kill_on_drop: false }`
[INFO] [stdout] ec1ec627fc533c719da995b30f8eeafff732ae8b06edaebc6b9bf38658c7a6c1
