[INFO] fetching crate groundhog-nrf52 0.5.0...
[INFO] testing groundhog-nrf52-0.5.0 against 1.75.0 for beta-1.76-1
[INFO] extracting crate groundhog-nrf52 0.5.0 into /workspace/builds/worker-4-tc1/source
[INFO] validating manifest of crates.io crate groundhog-nrf52 0.5.0 on toolchain 1.75.0
[INFO] running `Command { std: CARGO_HOME="/workspace/cargo-home" RUSTUP_HOME="/workspace/rustup-home" "/workspace/cargo-home/bin/cargo" "+1.75.0" "metadata" "--manifest-path" "Cargo.toml" "--no-deps", kill_on_drop: false }`
[INFO] started tweaking crates.io crate groundhog-nrf52 0.5.0
[INFO] finished tweaking crates.io crate groundhog-nrf52 0.5.0
[INFO] tweaked toml for crates.io crate groundhog-nrf52 0.5.0 written to /workspace/builds/worker-4-tc1/source/Cargo.toml
[INFO] running `Command { std: CARGO_HOME="/workspace/cargo-home" RUSTUP_HOME="/workspace/rustup-home" "/workspace/cargo-home/bin/cargo" "+1.75.0" "generate-lockfile" "--manifest-path" "Cargo.toml", kill_on_drop: false }`
[INFO] [stderr]     Updating crates.io index
[INFO] running `Command { std: CARGO_HOME="/workspace/cargo-home" RUSTUP_HOME="/workspace/rustup-home" "/workspace/cargo-home/bin/cargo" "+1.75.0" "fetch" "--manifest-path" "Cargo.toml", kill_on_drop: false }`
[INFO] [stderr]  Downloading crates ...
[INFO] [stderr]   Downloaded nrf52840-hal v0.14.1
[INFO] [stderr]   Downloaded groundhog v0.2.5
[INFO] [stderr]   Downloaded critical-section v0.2.8
[INFO] [stderr]   Downloaded hash32 v0.1.1
[INFO] [stderr]   Downloaded rtic-core v0.3.1
[INFO] [stderr]   Downloaded heapless v0.6.1
[INFO] [stderr]   Downloaded nrf-usbd v0.1.1
[INFO] [stderr]   Downloaded nrf52840-pac v0.10.1
[INFO] [stderr]   Downloaded usb-device v0.2.9
[INFO] [stderr]   Downloaded rtic-syntax v0.4.0
[INFO] [stderr]   Downloaded cortex-m-rtic-macros v0.5.3
[INFO] [stderr]   Downloaded cortex-m-rtic v0.5.9
[INFO] [stderr]   Downloaded nrf-hal-common v0.14.1
[INFO] [stderr]   Downloaded embedded-storage v0.2.0
[INFO] running `Command { std: "docker" "create" "-v" "/var/lib/crater-agent-workspace/builds/worker-4-tc1/target:/opt/rustwide/target:rw,Z" "-v" "/var/lib/crater-agent-workspace/builds/worker-4-tc1/source:/opt/rustwide/workdir:ro,Z" "-v" "/var/lib/crater-agent-workspace/cargo-home:/opt/rustwide/cargo-home:ro,Z" "-v" "/var/lib/crater-agent-workspace/rustup-home:/opt/rustwide/rustup-home:ro,Z" "-e" "SOURCE_DIR=/opt/rustwide/workdir" "-e" "CARGO_TARGET_DIR=/opt/rustwide/target" "-e" "CARGO_HOME=/opt/rustwide/cargo-home" "-e" "RUSTUP_HOME=/opt/rustwide/rustup-home" "-w" "/opt/rustwide/workdir" "-m" "1610612736" "--user" "0:0" "--network" "none" "ghcr.io/rust-lang/crates-build-env/linux@sha256:2788e3201cd34a07e3172128adcd8b3090168a8e3bcc40d7c032b9dda1df7d1c" "/opt/rustwide/cargo-home/bin/cargo" "+1.75.0" "metadata" "--no-deps" "--format-version=1", kill_on_drop: false }`
[INFO] [stdout] 5fab1be2876ced2c6bb41413e5844976449bb3529ad768908668afda4268a1eb
[INFO] running `Command { std: "docker" "start" "-a" "5fab1be2876ced2c6bb41413e5844976449bb3529ad768908668afda4268a1eb", kill_on_drop: false }`
[INFO] running `Command { std: "docker" "inspect" "5fab1be2876ced2c6bb41413e5844976449bb3529ad768908668afda4268a1eb", kill_on_drop: false }`
[INFO] running `Command { std: "docker" "rm" "-f" "5fab1be2876ced2c6bb41413e5844976449bb3529ad768908668afda4268a1eb", kill_on_drop: false }`
[INFO] [stdout] 5fab1be2876ced2c6bb41413e5844976449bb3529ad768908668afda4268a1eb
[INFO] running `Command { std: "docker" "create" "-v" "/var/lib/crater-agent-workspace/builds/worker-4-tc1/target:/opt/rustwide/target:rw,Z" "-v" "/var/lib/crater-agent-workspace/builds/worker-4-tc1/source:/opt/rustwide/workdir:ro,Z" "-v" "/var/lib/crater-agent-workspace/cargo-home:/opt/rustwide/cargo-home:ro,Z" "-v" "/var/lib/crater-agent-workspace/rustup-home:/opt/rustwide/rustup-home:ro,Z" "-e" "SOURCE_DIR=/opt/rustwide/workdir" "-e" "CARGO_TARGET_DIR=/opt/rustwide/target" "-e" "CARGO_INCREMENTAL=0" "-e" "RUST_BACKTRACE=full" "-e" "RUSTFLAGS=--cap-lints=warn" "-e" "RUSTDOCFLAGS=--cap-lints=warn" "-e" "CARGO_HOME=/opt/rustwide/cargo-home" "-e" "RUSTUP_HOME=/opt/rustwide/rustup-home" "-w" "/opt/rustwide/workdir" "-m" "1610612736" "--user" "0:0" "--network" "none" "ghcr.io/rust-lang/crates-build-env/linux@sha256:2788e3201cd34a07e3172128adcd8b3090168a8e3bcc40d7c032b9dda1df7d1c" "/opt/rustwide/cargo-home/bin/cargo" "+1.75.0" "build" "--frozen" "--message-format=json", kill_on_drop: false }`
[INFO] [stdout] 0b728cc82681f1a7e8ca21d663e2d985748f1920687b7aed29c9bdb141fba13b
[INFO] running `Command { std: "docker" "start" "-a" "0b728cc82681f1a7e8ca21d663e2d985748f1920687b7aed29c9bdb141fba13b", kill_on_drop: false }`
[INFO] [stderr]    Compiling proc-macro2 v1.0.75
[INFO] [stderr]    Compiling semver-parser v0.7.0
[INFO] [stderr]    Compiling unicode-ident v1.0.12
[INFO] [stderr]    Compiling typenum v1.17.0
[INFO] [stderr]    Compiling syn v1.0.109
[INFO] [stderr]    Compiling cortex-m v0.7.7
[INFO] [stderr]    Compiling version_check v0.9.4
[INFO] [stderr]    Compiling nb v1.1.0
[INFO] [stderr]    Compiling nb v0.1.3
[INFO] [stderr]    Compiling void v1.0.2
[INFO] [stderr]    Compiling vcell v0.1.3
[INFO] [stderr]    Compiling embedded-hal v0.2.7
[INFO] [stderr]    Compiling volatile-register v0.2.2
[INFO] [stderr]    Compiling autocfg v1.1.0
[INFO] [stderr]    Compiling cortex-m-rt v0.7.3
[INFO] [stderr]    Compiling bitfield v0.13.2
[INFO] [stderr]    Compiling stable_deref_trait v1.2.0
[INFO] [stderr]    Compiling az v1.2.1
[INFO] [stderr]    Compiling semver v0.9.0
[INFO] [stderr]    Compiling generic-array v0.14.7
[INFO] [stderr]    Compiling bare-metal v1.0.0
[INFO] [stderr]    Compiling indexmap v1.9.3
[INFO] [stderr]    Compiling cfg-if v1.0.0
[INFO] [stderr]    Compiling nrf52840-pac v0.10.1
[INFO] [stderr]    Compiling critical-section v1.1.2
[INFO] [stderr]    Compiling hashbrown v0.12.3
[INFO] [stderr]    Compiling rustc_version v0.2.3
[INFO] [stderr]    Compiling fixed v1.24.0
[INFO] [stderr]    Compiling critical-section v0.2.8
[INFO] [stderr]    Compiling half v2.3.1
[INFO] [stderr]    Compiling bytemuck v1.14.0
[INFO] [stderr]    Compiling quote v1.0.35
[INFO] [stderr]    Compiling bare-metal v0.2.5
[INFO] [stderr]    Compiling nrf-hal-common v0.14.1
[INFO] [stderr]    Compiling heapless v0.6.1
[INFO] [stderr]    Compiling byteorder v1.5.0
[INFO] [stderr]    Compiling usb-device v0.2.9
[INFO] [stderr]    Compiling cortex-m-rtic v0.5.9
[INFO] [stderr]    Compiling generic-array v0.13.3
[INFO] [stderr]    Compiling generic-array v0.12.4
[INFO] [stderr]    Compiling nrf-usbd v0.1.1
[INFO] [stderr]    Compiling hash32 v0.1.1
[INFO] [stderr]    Compiling embedded-dma v0.1.2
[INFO] [stderr]    Compiling embedded-storage v0.2.0
[INFO] [stderr]    Compiling cast v0.3.0
[INFO] [stderr]    Compiling as-slice v0.1.5
[INFO] [stderr]    Compiling nrf52840-hal v0.14.1
[INFO] [stderr]    Compiling rand_core v0.6.4
[INFO] [stderr]    Compiling rtic-core v0.3.1
[INFO] [stderr]    Compiling groundhog v0.2.5
[INFO] [stderr]    Compiling rtic-syntax v0.4.0
[INFO] [stderr]    Compiling cortex-m-rt-macros v0.7.0
[INFO] [stderr]    Compiling cortex-m-rtic-macros v0.5.3
[INFO] [stderr]    Compiling groundhog-nrf52 v0.5.0 (/opt/rustwide/workdir)
[INFO] [stderr]     Finished dev [unoptimized + debuginfo] target(s) in 42.16s
[INFO] running `Command { std: "docker" "inspect" "0b728cc82681f1a7e8ca21d663e2d985748f1920687b7aed29c9bdb141fba13b", kill_on_drop: false }`
[INFO] running `Command { std: "docker" "rm" "-f" "0b728cc82681f1a7e8ca21d663e2d985748f1920687b7aed29c9bdb141fba13b", kill_on_drop: false }`
[INFO] [stdout] 0b728cc82681f1a7e8ca21d663e2d985748f1920687b7aed29c9bdb141fba13b
[INFO] running `Command { std: "docker" "create" "-v" "/var/lib/crater-agent-workspace/builds/worker-4-tc1/target:/opt/rustwide/target:rw,Z" "-v" "/var/lib/crater-agent-workspace/builds/worker-4-tc1/source:/opt/rustwide/workdir:ro,Z" "-v" "/var/lib/crater-agent-workspace/cargo-home:/opt/rustwide/cargo-home:ro,Z" "-v" "/var/lib/crater-agent-workspace/rustup-home:/opt/rustwide/rustup-home:ro,Z" "-e" "SOURCE_DIR=/opt/rustwide/workdir" "-e" "CARGO_TARGET_DIR=/opt/rustwide/target" "-e" "CARGO_INCREMENTAL=0" "-e" "RUST_BACKTRACE=full" "-e" "RUSTFLAGS=--cap-lints=warn" "-e" "RUSTDOCFLAGS=--cap-lints=warn" "-e" "CARGO_HOME=/opt/rustwide/cargo-home" "-e" "RUSTUP_HOME=/opt/rustwide/rustup-home" "-w" "/opt/rustwide/workdir" "-m" "1610612736" "--user" "0:0" "--network" "none" "ghcr.io/rust-lang/crates-build-env/linux@sha256:2788e3201cd34a07e3172128adcd8b3090168a8e3bcc40d7c032b9dda1df7d1c" "/opt/rustwide/cargo-home/bin/cargo" "+1.75.0" "test" "--frozen" "--no-run" "--message-format=json", kill_on_drop: false }`
[INFO] [stdout] 581ddb10606999c0ea03fac0002f8fb0367b5df70329e8eef2f0300183a74093
[INFO] running `Command { std: "docker" "start" "-a" "581ddb10606999c0ea03fac0002f8fb0367b5df70329e8eef2f0300183a74093", kill_on_drop: false }`
[INFO] [stderr]    Compiling groundhog-nrf52 v0.5.0 (/opt/rustwide/workdir)
[INFO] [stderr]     Finished test [unoptimized + debuginfo] target(s) in 0.52s
[INFO] running `Command { std: "docker" "inspect" "581ddb10606999c0ea03fac0002f8fb0367b5df70329e8eef2f0300183a74093", kill_on_drop: false }`
[INFO] running `Command { std: "docker" "rm" "-f" "581ddb10606999c0ea03fac0002f8fb0367b5df70329e8eef2f0300183a74093", kill_on_drop: false }`
[INFO] [stdout] 581ddb10606999c0ea03fac0002f8fb0367b5df70329e8eef2f0300183a74093
[INFO] running `Command { std: "docker" "create" "-v" "/var/lib/crater-agent-workspace/builds/worker-4-tc1/target:/opt/rustwide/target:rw,Z" "-v" "/var/lib/crater-agent-workspace/builds/worker-4-tc1/source:/opt/rustwide/workdir:ro,Z" "-v" "/var/lib/crater-agent-workspace/cargo-home:/opt/rustwide/cargo-home:ro,Z" "-v" "/var/lib/crater-agent-workspace/rustup-home:/opt/rustwide/rustup-home:ro,Z" "-e" "SOURCE_DIR=/opt/rustwide/workdir" "-e" "CARGO_TARGET_DIR=/opt/rustwide/target" "-e" "CARGO_INCREMENTAL=0" "-e" "RUST_BACKTRACE=full" "-e" "RUSTFLAGS=--cap-lints=warn" "-e" "RUSTDOCFLAGS=--cap-lints=warn" "-e" "CARGO_HOME=/opt/rustwide/cargo-home" "-e" "RUSTUP_HOME=/opt/rustwide/rustup-home" "-w" "/opt/rustwide/workdir" "-m" "1610612736" "--user" "0:0" "--network" "none" "ghcr.io/rust-lang/crates-build-env/linux@sha256:2788e3201cd34a07e3172128adcd8b3090168a8e3bcc40d7c032b9dda1df7d1c" "/opt/rustwide/cargo-home/bin/cargo" "+1.75.0" "test" "--frozen", kill_on_drop: false }`
[INFO] [stdout] 58504c66780d5705cee2b73581a702a81aa47ac5144861e540e93851c2d0ac8d
[INFO] running `Command { std: "docker" "start" "-a" "58504c66780d5705cee2b73581a702a81aa47ac5144861e540e93851c2d0ac8d", kill_on_drop: false }`
[INFO] [stderr]     Finished test [unoptimized + debuginfo] target(s) in 0.05s
[INFO] [stderr]      Running unittests src/lib.rs (/opt/rustwide/target/debug/deps/groundhog_nrf52-76a730806b34a92b)
[INFO] [stdout] 
[INFO] [stdout] running 0 tests
[INFO] [stdout] 
[INFO] [stdout] test result: ok. 0 passed; 0 failed; 0 ignored; 0 measured; 0 filtered out; finished in 0.00s
[INFO] [stdout] 
[INFO] [stderr]    Doc-tests groundhog-nrf52
[INFO] [stdout] 
[INFO] [stdout] running 3 tests
[INFO] [stdout] test src/lib.rs - (line 13) ... FAILED
[INFO] [stdout] test src/lib.rs - (line 19) ... FAILED
[INFO] [stdout] test src/lib.rs - (line 30) ... FAILED
[INFO] [stderr] error: doctest failed, to rerun pass `--doc`
[INFO] [stdout] 
[INFO] [stdout] failures:
[INFO] [stdout] 
[INFO] [stdout] ---- src/lib.rs - (line 13) stdout ----
[INFO] [stdout] error: expected statement after outer attribute
[INFO] [stdout]  --> src/lib.rs:15:1
[INFO] [stdout]   |
[INFO] [stdout] 5 | #[rtic::app(device = nrf52840_hal::pac, peripherals = true, monotonic = groundhog_nrf52::GlobalRollingTimer)]
[INFO] [stdout]   | ^^^^^^^^^^^^^^^^^^^^^^^^^^^^^^^^^^^^^^^^^^^^^^^^^^^^^^^^^^^^^^^^^^^^^^^^^^^^^^^^^^^^^^^^^^^^^^^^^^^^^^^^^^^^^
[INFO] [stdout] 
[INFO] [stdout] error: aborting due to previous error
[INFO] [stdout] 
[INFO] [stdout] Couldn't compile the test.
[INFO] [stdout] ---- src/lib.rs - (line 19) stdout ----
[INFO] [stdout] error: cannot find attribute `init` in this scope
[INFO] [stdout]  --> src/lib.rs:20:3
[INFO] [stdout]   |
[INFO] [stdout] 3 | #[init]
[INFO] [stdout]   |   ^^^^
[INFO] [stdout]   |
[INFO] [stdout]   = note: `init` is in scope, but it is a function, not an attribute
[INFO] [stdout] 
[INFO] [stdout] error[E0433]: failed to resolve: use of undeclared type `GlobalRollingTimer`
[INFO] [stdout]  --> src/lib.rs:23:5
[INFO] [stdout]   |
[INFO] [stdout] 6 |     GlobalRollingTimer::init(ctx.device.TIMER0);
[INFO] [stdout]   |     ^^^^^^^^^^^^^^^^^^ use of undeclared type `GlobalRollingTimer`
[INFO] [stdout]   |
[INFO] [stdout] help: consider importing this struct
[INFO] [stdout]   |
[INFO] [stdout] 2 + use groundhog_nrf52::GlobalRollingTimer;
[INFO] [stdout]   |
[INFO] [stdout] 
[INFO] [stdout] error[E0433]: failed to resolve: use of undeclared crate or module `init`
[INFO] [stdout]  --> src/lib.rs:21:14
[INFO] [stdout]   |
[INFO] [stdout] 4 | fn init(ctx: init::Context) -> init::LateResources {
[INFO] [stdout]   |              ^^^^ use of undeclared crate or module `init`
[INFO] [stdout] 
[INFO] [stdout] error[E0433]: failed to resolve: use of undeclared crate or module `init`
[INFO] [stdout]  --> src/lib.rs:21:32
[INFO] [stdout]   |
[INFO] [stdout] 4 | fn init(ctx: init::Context) -> init::LateResources {
[INFO] [stdout]   |                                ^^^^ use of undeclared crate or module `init`
[INFO] [stdout] 
[INFO] [stdout] error: aborting due to 4 previous errors
[INFO] [stdout] 
[INFO] [stdout] For more information about this error, try `rustc --explain E0433`.
[INFO] [stdout] Couldn't compile the test.
[INFO] [stdout] ---- src/lib.rs - (line 30) stdout ----
[INFO] [stdout] error: cannot find attribute `task` in this scope
[INFO] [stdout]  --> src/lib.rs:31:3
[INFO] [stdout]   |
[INFO] [stdout] 3 | #[task]
[INFO] [stdout]   |   ^^^^
[INFO] [stdout] 
[INFO] [stdout] error[E0433]: failed to resolve: use of undeclared crate or module `my_task`
[INFO] [stdout]  --> src/lib.rs:32:17
[INFO] [stdout]   |
[INFO] [stdout] 4 | fn my_task(ctx: my_task::Context) {
[INFO] [stdout]   |                 ^^^^^^^ use of undeclared crate or module `my_task`
[INFO] [stdout] 
[INFO] [stdout] error: aborting due to 2 previous errors
[INFO] [stdout] 
[INFO] [stdout] For more information about this error, try `rustc --explain E0433`.
[INFO] [stdout] Couldn't compile the test.
[INFO] [stdout] 
[INFO] [stdout] failures:
[INFO] [stdout]     src/lib.rs - (line 13)
[INFO] [stdout]     src/lib.rs - (line 19)
[INFO] [stdout]     src/lib.rs - (line 30)
[INFO] [stdout] 
[INFO] [stdout] test result: FAILED. 0 passed; 3 failed; 0 ignored; 0 measured; 0 filtered out; finished in 0.21s
[INFO] [stdout] 
[INFO] running `Command { std: "docker" "inspect" "58504c66780d5705cee2b73581a702a81aa47ac5144861e540e93851c2d0ac8d", kill_on_drop: false }`
[INFO] running `Command { std: "docker" "rm" "-f" "58504c66780d5705cee2b73581a702a81aa47ac5144861e540e93851c2d0ac8d", kill_on_drop: false }`
[INFO] [stdout] 58504c66780d5705cee2b73581a702a81aa47ac5144861e540e93851c2d0ac8d
