[INFO] fetching crate grin_store 5.1.2...
[INFO] testing grin_store-5.1.2 against 1.75.0 for beta-1.76-1
[INFO] extracting crate grin_store 5.1.2 into /workspace/builds/worker-0-tc1/source
[INFO] validating manifest of crates.io crate grin_store 5.1.2 on toolchain 1.75.0
[INFO] running `Command { std: CARGO_HOME="/workspace/cargo-home" RUSTUP_HOME="/workspace/rustup-home" "/workspace/cargo-home/bin/cargo" "+1.75.0" "metadata" "--manifest-path" "Cargo.toml" "--no-deps", kill_on_drop: false }`
[INFO] started tweaking crates.io crate grin_store 5.1.2
[INFO] finished tweaking crates.io crate grin_store 5.1.2
[INFO] tweaked toml for crates.io crate grin_store 5.1.2 written to /workspace/builds/worker-0-tc1/source/Cargo.toml
[INFO] running `Command { std: CARGO_HOME="/workspace/cargo-home" RUSTUP_HOME="/workspace/rustup-home" "/workspace/cargo-home/bin/cargo" "+1.75.0" "generate-lockfile" "--manifest-path" "Cargo.toml", kill_on_drop: false }`
[INFO] [stderr]     Updating crates.io index
[INFO] running `Command { std: CARGO_HOME="/workspace/cargo-home" RUSTUP_HOME="/workspace/rustup-home" "/workspace/cargo-home/bin/cargo" "+1.75.0" "fetch" "--manifest-path" "Cargo.toml", kill_on_drop: false }`
[INFO] [stderr]  Downloading crates ...
[INFO] [stderr]   Downloaded lmdb-zero v0.4.4
[INFO] [stderr]   Downloaded password-hash v0.2.3
[INFO] [stderr]   Downloaded typemap v0.3.3
[INFO] [stderr]   Downloaded croaring v0.4.6
[INFO] [stderr]   Downloaded unsafe-any v0.4.2
[INFO] [stderr]   Downloaded blake2-rfc v0.2.18
[INFO] [stderr]   Downloaded grin_util v5.1.2
[INFO] [stderr]   Downloaded parking_lot_core v0.7.3
[INFO] [stderr]   Downloaded grin_keychain v5.1.2
[INFO] [stderr]   Downloaded log4rs v0.12.0
[INFO] [stderr]   Downloaded croaring-sys v0.4.6
[INFO] [stderr]   Downloaded grin_core v5.1.2
[INFO] [stderr]   Downloaded liblmdb-sys v0.2.2
[INFO] [stderr]   Downloaded grin_secp256k1zkp v0.7.12
[INFO] [stderr]   Downloaded supercow v0.1.0
[INFO] [stderr]   Downloaded arc-swap v0.4.8
[INFO] [stderr]   Downloaded serde-value v0.6.0
[INFO] running `Command { std: "docker" "create" "-v" "/var/lib/crater-agent-workspace/builds/worker-0-tc1/target:/opt/rustwide/target:rw,Z" "-v" "/var/lib/crater-agent-workspace/builds/worker-0-tc1/source:/opt/rustwide/workdir:ro,Z" "-v" "/var/lib/crater-agent-workspace/cargo-home:/opt/rustwide/cargo-home:ro,Z" "-v" "/var/lib/crater-agent-workspace/rustup-home:/opt/rustwide/rustup-home:ro,Z" "-e" "SOURCE_DIR=/opt/rustwide/workdir" "-e" "CARGO_TARGET_DIR=/opt/rustwide/target" "-e" "CARGO_HOME=/opt/rustwide/cargo-home" "-e" "RUSTUP_HOME=/opt/rustwide/rustup-home" "-w" "/opt/rustwide/workdir" "-m" "1610612736" "--user" "0:0" "--network" "none" "ghcr.io/rust-lang/crates-build-env/linux@sha256:2788e3201cd34a07e3172128adcd8b3090168a8e3bcc40d7c032b9dda1df7d1c" "/opt/rustwide/cargo-home/bin/cargo" "+1.75.0" "metadata" "--no-deps" "--format-version=1", kill_on_drop: false }`
[INFO] [stdout] 5cd7f425f41b78e9c0ee4e00f32ffd727528c42089b4f19ad2c46c5b1ee87ab9
[INFO] running `Command { std: "docker" "start" "-a" "5cd7f425f41b78e9c0ee4e00f32ffd727528c42089b4f19ad2c46c5b1ee87ab9", kill_on_drop: false }`
[INFO] running `Command { std: "docker" "inspect" "5cd7f425f41b78e9c0ee4e00f32ffd727528c42089b4f19ad2c46c5b1ee87ab9", kill_on_drop: false }`
[INFO] running `Command { std: "docker" "rm" "-f" "5cd7f425f41b78e9c0ee4e00f32ffd727528c42089b4f19ad2c46c5b1ee87ab9", kill_on_drop: false }`
[INFO] [stdout] 5cd7f425f41b78e9c0ee4e00f32ffd727528c42089b4f19ad2c46c5b1ee87ab9
[INFO] running `Command { std: "docker" "create" "-v" "/var/lib/crater-agent-workspace/builds/worker-0-tc1/target:/opt/rustwide/target:rw,Z" "-v" "/var/lib/crater-agent-workspace/builds/worker-0-tc1/source:/opt/rustwide/workdir:ro,Z" "-v" "/var/lib/crater-agent-workspace/cargo-home:/opt/rustwide/cargo-home:ro,Z" "-v" "/var/lib/crater-agent-workspace/rustup-home:/opt/rustwide/rustup-home:ro,Z" "-e" "SOURCE_DIR=/opt/rustwide/workdir" "-e" "CARGO_TARGET_DIR=/opt/rustwide/target" "-e" "CARGO_INCREMENTAL=0" "-e" "RUST_BACKTRACE=full" "-e" "RUSTFLAGS=--cap-lints=warn" "-e" "RUSTDOCFLAGS=--cap-lints=warn" "-e" "CARGO_HOME=/opt/rustwide/cargo-home" "-e" "RUSTUP_HOME=/opt/rustwide/rustup-home" "-w" "/opt/rustwide/workdir" "-m" "1610612736" "--user" "0:0" "--network" "none" "ghcr.io/rust-lang/crates-build-env/linux@sha256:2788e3201cd34a07e3172128adcd8b3090168a8e3bcc40d7c032b9dda1df7d1c" "/opt/rustwide/cargo-home/bin/cargo" "+1.75.0" "build" "--frozen" "--message-format=json", kill_on_drop: false }`
[INFO] [stdout] dabc4a91444f88c3d519dbfc75b049859242e13769b38dc16708c09952cded9c
[INFO] running `Command { std: "docker" "start" "-a" "dabc4a91444f88c3d519dbfc75b049859242e13769b38dc16708c09952cded9c", kill_on_drop: false }`
[INFO] [stderr]    Compiling autocfg v1.1.0
[INFO] [stderr]    Compiling libc v0.2.151
[INFO] [stderr]    Compiling version_check v0.9.4
[INFO] [stderr]    Compiling cfg-if v1.0.0
[INFO] [stderr]    Compiling serde v1.0.194
[INFO] [stderr]    Compiling memchr v2.7.1
[INFO] [stderr]    Compiling rand_core v0.4.2
[INFO] [stderr]    Compiling syn v2.0.48
[INFO] [stderr]    Compiling autocfg v0.1.8
[INFO] [stderr]    Compiling typenum v1.17.0
[INFO] [stderr]    Compiling rand_core v0.3.1
[INFO] [stderr]    Compiling glob v0.3.1
[INFO] [stderr]    Compiling regex-syntax v0.8.2
[INFO] [stderr]    Compiling generic-array v0.14.7
[INFO] [stderr]    Compiling num-traits v0.2.17
[INFO] [stderr]    Compiling aho-corasick v1.1.2
[INFO] [stderr]    Compiling clang-sys v1.7.0
[INFO] [stderr]    Compiling nom v5.1.3
[INFO] [stderr]    Compiling adler v1.0.2
[INFO] [stderr]    Compiling lazy_static v1.4.0
[INFO] [stderr]    Compiling crc32fast v1.3.2
[INFO] [stderr]    Compiling unicode-width v0.1.11
[INFO] [stderr]    Compiling textwrap v0.11.0
[INFO] [stderr]    Compiling cc v1.0.83
[INFO] [stderr]    Compiling atty v0.2.14
[INFO] [stderr]    Compiling miniz_oxide v0.7.1
[INFO] [stderr]    Compiling num-integer v0.1.45
[INFO] [stderr]    Compiling regex-automata v0.4.3
[INFO] [stderr]    Compiling indexmap v1.9.3
[INFO] [stderr]    Compiling libloading v0.8.1
[INFO] [stderr]    Compiling linked-hash-map v0.5.6
[INFO] [stderr]    Compiling strsim v0.8.0
[INFO] [stderr]    Compiling ansi_term v0.12.1
[INFO] [stderr]    Compiling humantime v2.1.0
[INFO] [stderr]    Compiling vec_map v0.8.2
[INFO] [stderr]    Compiling termcolor v1.4.0
[INFO] [stderr]    Compiling bindgen v0.56.0
[INFO] [stderr]    Compiling ryu v1.0.16
[INFO] [stderr]    Compiling serde_json v1.0.111
[INFO] [stderr]    Compiling nodrop v0.1.14
[INFO] [stderr]    Compiling bitflags v1.3.2
[INFO] [stderr]    Compiling backtrace v0.3.69
[INFO] [stderr]    Compiling clap v2.34.0
[INFO] [stderr]    Compiling cexpr v0.4.0
[INFO] [stderr]    Compiling digest v0.9.0
[INFO] [stderr]    Compiling which v3.1.1
[INFO] [stderr]    Compiling rand_chacha v0.1.1
[INFO] [stderr]    Compiling rand_pcg v0.1.2
[INFO] [stderr]    Compiling cfg-if v0.1.10
[INFO] [stderr]    Compiling smallvec v1.11.2
[INFO] [stderr]    Compiling rustc-hash v1.1.0
[INFO] [stderr]    Compiling itoa v1.0.10
[INFO] [stderr]    Compiling subtle v2.4.1
[INFO] [stderr]    Compiling peeking_take_while v0.1.2
[INFO] [stderr]    Compiling lazycell v1.3.0
[INFO] [stderr]    Compiling traitobject v0.1.0
[INFO] [stderr]    Compiling regex v1.10.2
[INFO] [stderr]    Compiling scopeguard v1.2.0
[INFO] [stderr]    Compiling thiserror v1.0.56
[INFO] [stderr]    Compiling syn v1.0.109
[INFO] [stderr]    Compiling gimli v0.28.1
[INFO] [stderr]    Compiling shlex v0.1.1
[INFO] [stderr]    Compiling hashbrown v0.12.3
[INFO] [stderr]    Compiling lock_api v0.3.4
[INFO] [stderr]    Compiling unsafe-any v0.4.2
[INFO] [stderr]    Compiling parking_lot_core v0.7.3
[INFO] [stderr]    Compiling yaml-rust v0.4.5
[INFO] [stderr]    Compiling grin_secp256k1zkp v0.7.12
[INFO] [stderr]    Compiling block-buffer v0.9.0
[INFO] [stderr]    Compiling ordered-float v1.1.1
[INFO] [stderr]    Compiling object v0.32.2
[INFO] [stderr]    Compiling num-bigint v0.2.6
[INFO] [stderr]    Compiling serde_derive v1.0.194
[INFO] [stderr]    Compiling addr2line v0.21.0
[INFO] [stderr]    Compiling thiserror-impl v1.0.56
[INFO] [stderr]    Compiling zeroize_derive v1.4.2
[INFO] [stderr]    Compiling rand v0.6.5
[INFO] [stderr]    Compiling byteorder v1.5.0
[INFO] [stderr]    Compiling iana-time-zone v0.1.59
[INFO] [stderr]    Compiling quick-error v1.2.3
[INFO] [stderr]    Compiling arrayvec v0.4.12
[INFO] [stderr]    Compiling opaque-debug v0.3.0
[INFO] [stderr]    Compiling rustc-demangle v0.1.23
[INFO] [stderr]    Compiling odds v0.2.26
[INFO] [stderr]    Compiling zeroize v1.7.0
[INFO] [stderr]    Compiling arrayvec v0.3.25
[INFO] [stderr]    Compiling humantime v1.3.0
[INFO] [stderr]    Compiling parking_lot v0.10.2
[INFO] [stderr]    Compiling typemap v0.3.3
[INFO] [stderr]    Compiling crypto-mac v0.11.1
[INFO] [stderr]    Compiling flate2 v1.0.28
[INFO] [stderr]    Compiling rand v0.5.6
[INFO] [stderr]    Compiling thread-id v3.3.0
[INFO] [stderr]    Compiling rand_os v0.1.3
[INFO] [stderr]    Compiling num-complex v0.2.4
[INFO] [stderr]    Compiling num-iter v0.1.43
[INFO] [stderr]    Compiling num-rational v0.2.4
[INFO] [stderr]    Compiling rand_hc v0.1.0
[INFO] [stderr]    Compiling rand_isaac v0.1.1
[INFO] [stderr]    Compiling rand_xorshift v0.1.1
[INFO] [stderr]    Compiling rand_jitter v0.1.4
[INFO] [stderr]    Compiling cpufeatures v0.2.12
[INFO] [stderr]    Compiling arc-swap v0.4.8
[INFO] [stderr]    Compiling rand_core v0.6.4
[INFO] [stderr]    Compiling unicode-xid v0.2.4
[INFO] [stderr]    Compiling failure_derive v0.1.8
[INFO] [stderr]    Compiling fnv v1.0.7
[INFO] [stderr]    Compiling log-mdc v0.1.0
[INFO] [stderr]    Compiling gcc v0.3.55
[INFO] [stderr]    Compiling rustc-serialize v0.3.25
[INFO] [stderr]    Compiling base64ct v1.6.0
[INFO] [stderr]    Compiling same-file v1.0.6
[INFO] [stderr]    Compiling walkdir v2.4.0
[INFO] [stderr]    Compiling sha2 v0.9.9
[INFO] [stderr]    Compiling password-hash v0.2.3
[INFO] [stderr]    Compiling liblmdb-sys v0.2.2
[INFO] [stderr]    Compiling synstructure v0.12.6
[INFO] [stderr]    Compiling hmac v0.11.0
[INFO] [stderr]    Compiling zip v0.5.13
[INFO] [stderr]    Compiling rustix v0.38.28
[INFO] [stderr]    Compiling constant_time_eq v0.1.5
[INFO] [stderr]    Compiling base64 v0.12.3
[INFO] [stderr]    Compiling blake2-rfc v0.2.18
[INFO] [stderr]    Compiling pbkdf2 v0.8.0
[INFO] [stderr]    Compiling ripemd160 v0.9.1
[INFO] [stderr]    Compiling num-traits v0.1.43
[INFO] [stderr]    Compiling linux-raw-sys v0.4.12
[INFO] [stderr]    Compiling bitflags v2.4.1
[INFO] [stderr]    Compiling enum_primitive v0.1.1
[INFO] [stderr]    Compiling num v0.2.1
[INFO] [stderr]    Compiling lru-cache v0.1.2
[INFO] [stderr]    Compiling bytes v0.5.6
[INFO] [stderr]    Compiling supercow v0.1.0
[INFO] [stderr]    Compiling bitflags v0.9.1
[INFO] [stderr]    Compiling failure v0.1.8
[INFO] [stderr]    Compiling siphasher v0.3.11
[INFO] [stderr]    Compiling fastrand v2.0.1
[INFO] [stderr]    Compiling memmap v0.7.0
[INFO] [stderr]    Compiling tempfile v3.9.0
[INFO] [stderr]    Compiling lmdb-zero v0.4.4
[INFO] [stderr]    Compiling log v0.4.20
[INFO] [stderr]    Compiling chrono v0.4.31
[INFO] [stderr]    Compiling serde-value v0.6.0
[INFO] [stderr]    Compiling serde_yaml v0.8.26
[INFO] [stderr]    Compiling env_logger v0.8.4
[INFO] [stderr]    Compiling log4rs v0.12.0
[INFO] [stderr]    Compiling grin_util v5.1.2
[INFO] [stderr]    Compiling grin_keychain v5.1.2
[INFO] [stderr]    Compiling croaring-sys v0.4.6
[INFO] [stderr]    Compiling croaring v0.4.6
[INFO] [stderr]    Compiling grin_core v5.1.2
[INFO] [stderr]    Compiling grin_store v5.1.2 (/opt/rustwide/workdir)
[INFO] [stderr]     Finished dev [unoptimized + debuginfo] target(s) in 1m 08s
[INFO] [stderr] warning: the following packages contain code that will be rejected by a future version of Rust: grin_secp256k1zkp v0.7.12, traitobject v0.1.0
[INFO] [stderr] note: to see what the problems were, use the option `--future-incompat-report`, or run `cargo report future-incompatibilities --id 1`
[INFO] running `Command { std: "docker" "inspect" "dabc4a91444f88c3d519dbfc75b049859242e13769b38dc16708c09952cded9c", kill_on_drop: false }`
[INFO] running `Command { std: "docker" "rm" "-f" "dabc4a91444f88c3d519dbfc75b049859242e13769b38dc16708c09952cded9c", kill_on_drop: false }`
[INFO] [stdout] dabc4a91444f88c3d519dbfc75b049859242e13769b38dc16708c09952cded9c
[INFO] running `Command { std: "docker" "create" "-v" "/var/lib/crater-agent-workspace/builds/worker-0-tc1/target:/opt/rustwide/target:rw,Z" "-v" "/var/lib/crater-agent-workspace/builds/worker-0-tc1/source:/opt/rustwide/workdir:ro,Z" "-v" "/var/lib/crater-agent-workspace/cargo-home:/opt/rustwide/cargo-home:ro,Z" "-v" "/var/lib/crater-agent-workspace/rustup-home:/opt/rustwide/rustup-home:ro,Z" "-e" "SOURCE_DIR=/opt/rustwide/workdir" "-e" "CARGO_TARGET_DIR=/opt/rustwide/target" "-e" "CARGO_INCREMENTAL=0" "-e" "RUST_BACKTRACE=full" "-e" "RUSTFLAGS=--cap-lints=warn" "-e" "RUSTDOCFLAGS=--cap-lints=warn" "-e" "CARGO_HOME=/opt/rustwide/cargo-home" "-e" "RUSTUP_HOME=/opt/rustwide/rustup-home" "-w" "/opt/rustwide/workdir" "-m" "1610612736" "--user" "0:0" "--network" "none" "ghcr.io/rust-lang/crates-build-env/linux@sha256:2788e3201cd34a07e3172128adcd8b3090168a8e3bcc40d7c032b9dda1df7d1c" "/opt/rustwide/cargo-home/bin/cargo" "+1.75.0" "test" "--frozen" "--no-run" "--message-format=json", kill_on_drop: false }`
[INFO] [stdout] bbca5beea262e1a29cc9704a903966472cefe4fe38b7dbc3666633b63c84ec8b
[INFO] running `Command { std: "docker" "start" "-a" "bbca5beea262e1a29cc9704a903966472cefe4fe38b7dbc3666633b63c84ec8b", kill_on_drop: false }`
[INFO] [stderr]    Compiling aho-corasick v1.1.2
[INFO] [stderr]    Compiling regex-syntax v0.8.2
[INFO] [stderr]    Compiling atty v0.2.14
[INFO] [stderr]    Compiling termcolor v1.4.0
[INFO] [stderr]    Compiling filetime v0.2.23
[INFO] [stderr]    Compiling clap v2.34.0
[INFO] [stderr]    Compiling regex-automata v0.4.3
[INFO] [stderr]    Compiling regex v1.10.2
[INFO] [stderr]    Compiling env_logger v0.8.4
[INFO] [stderr]    Compiling env_logger v0.7.1
[INFO] [stderr]    Compiling bindgen v0.56.0
[INFO] [stderr]    Compiling croaring-sys v0.4.6
[INFO] [stderr]    Compiling croaring v0.4.6
[INFO] [stderr]    Compiling grin_core v5.1.2
[INFO] [stderr]    Compiling grin_store v5.1.2 (/opt/rustwide/workdir)
[INFO] [stdout] warning: use of deprecated method `chrono::DateTime::<Tz>::timestamp_nanos`: use `timestamp_nanos_opt()` instead
[INFO] [stdout]    --> tests/test_bitmap.rs:125:25
[INFO] [stdout]     |
[INFO] [stdout] 125 |     let start = Utc::now().timestamp_nanos();
[INFO] [stdout]     |                            ^^^^^^^^^^^^^^^
[INFO] [stdout]     |
[INFO] [stdout]     = note: `#[warn(deprecated)]` on by default
[INFO] [stdout] 
[INFO] [stdout] 
[INFO] [stdout] warning: use of deprecated method `chrono::DateTime::<Tz>::timestamp_nanos`: use `timestamp_nanos_opt()` instead
[INFO] [stdout]    --> tests/test_bitmap.rs:129:23
[INFO] [stdout]     |
[INFO] [stdout] 129 |     let fin = Utc::now().timestamp_nanos();
[INFO] [stdout]     |                          ^^^^^^^^^^^^^^^
[INFO] [stdout] 
[INFO] [stdout] 
[INFO] [stdout] warning: use of deprecated method `chrono::DateTime::<Tz>::timestamp_nanos`: use `timestamp_nanos_opt()` instead
[INFO] [stdout]    --> tests/test_bitmap.rs:138:25
[INFO] [stdout]     |
[INFO] [stdout] 138 |     let start = Utc::now().timestamp_nanos();
[INFO] [stdout]     |                            ^^^^^^^^^^^^^^^
[INFO] [stdout] 
[INFO] [stdout] 
[INFO] [stdout] warning: use of deprecated method `chrono::DateTime::<Tz>::timestamp_nanos`: use `timestamp_nanos_opt()` instead
[INFO] [stdout]    --> tests/test_bitmap.rs:140:23
[INFO] [stdout]     |
[INFO] [stdout] 140 |     let fin = Utc::now().timestamp_nanos();
[INFO] [stdout]     |                          ^^^^^^^^^^^^^^^
[INFO] [stdout] 
[INFO] [stdout] 
[INFO] [stdout] warning: use of deprecated method `chrono::DateTime::<Tz>::timestamp_nanos`: use `timestamp_nanos_opt()` instead
[INFO] [stdout]    --> tests/test_bitmap.rs:149:25
[INFO] [stdout]     |
[INFO] [stdout] 149 |     let start = Utc::now().timestamp_nanos();
[INFO] [stdout]     |                            ^^^^^^^^^^^^^^^
[INFO] [stdout] 
[INFO] [stdout] 
[INFO] [stdout] warning: use of deprecated method `chrono::DateTime::<Tz>::timestamp_nanos`: use `timestamp_nanos_opt()` instead
[INFO] [stdout]    --> tests/test_bitmap.rs:151:23
[INFO] [stdout]     |
[INFO] [stdout] 151 |     let fin = Utc::now().timestamp_nanos();
[INFO] [stdout]     |                          ^^^^^^^^^^^^^^^
[INFO] [stdout] 
[INFO] [stdout] 
[INFO] [stdout] warning: 6 warnings emitted
[INFO] [stdout] 
[INFO] [stdout] 
[INFO] [stderr]     Finished test [unoptimized + debuginfo] target(s) in 42.14s
[INFO] [stderr] warning: the following packages contain code that will be rejected by a future version of Rust: grin_secp256k1zkp v0.7.12, traitobject v0.1.0
[INFO] [stderr] note: to see what the problems were, use the option `--future-incompat-report`, or run `cargo report future-incompatibilities --id 1`
[INFO] running `Command { std: "docker" "inspect" "bbca5beea262e1a29cc9704a903966472cefe4fe38b7dbc3666633b63c84ec8b", kill_on_drop: false }`
[INFO] running `Command { std: "docker" "rm" "-f" "bbca5beea262e1a29cc9704a903966472cefe4fe38b7dbc3666633b63c84ec8b", kill_on_drop: false }`
[INFO] [stdout] bbca5beea262e1a29cc9704a903966472cefe4fe38b7dbc3666633b63c84ec8b
[INFO] running `Command { std: "docker" "create" "-v" "/var/lib/crater-agent-workspace/builds/worker-0-tc1/target:/opt/rustwide/target:rw,Z" "-v" "/var/lib/crater-agent-workspace/builds/worker-0-tc1/source:/opt/rustwide/workdir:ro,Z" "-v" "/var/lib/crater-agent-workspace/cargo-home:/opt/rustwide/cargo-home:ro,Z" "-v" "/var/lib/crater-agent-workspace/rustup-home:/opt/rustwide/rustup-home:ro,Z" "-e" "SOURCE_DIR=/opt/rustwide/workdir" "-e" "CARGO_TARGET_DIR=/opt/rustwide/target" "-e" "CARGO_INCREMENTAL=0" "-e" "RUST_BACKTRACE=full" "-e" "RUSTFLAGS=--cap-lints=warn" "-e" "RUSTDOCFLAGS=--cap-lints=warn" "-e" "CARGO_HOME=/opt/rustwide/cargo-home" "-e" "RUSTUP_HOME=/opt/rustwide/rustup-home" "-w" "/opt/rustwide/workdir" "-m" "1610612736" "--user" "0:0" "--network" "none" "ghcr.io/rust-lang/crates-build-env/linux@sha256:2788e3201cd34a07e3172128adcd8b3090168a8e3bcc40d7c032b9dda1df7d1c" "/opt/rustwide/cargo-home/bin/cargo" "+1.75.0" "test" "--frozen", kill_on_drop: false }`
[INFO] [stdout] b1296091f570af134881821a4a8e2dd2c2bc7dc47d93b3237eeb76418f6f4af0
[INFO] running `Command { std: "docker" "start" "-a" "b1296091f570af134881821a4a8e2dd2c2bc7dc47d93b3237eeb76418f6f4af0", kill_on_drop: false }`
[INFO] [stderr] warning: use of deprecated method `chrono::DateTime::<Tz>::timestamp_nanos`: use `timestamp_nanos_opt()` instead
[INFO] [stderr]    --> tests/test_bitmap.rs:125:25
[INFO] [stderr]     |
[INFO] [stderr] 125 |     let start = Utc::now().timestamp_nanos();
[INFO] [stderr]     |                            ^^^^^^^^^^^^^^^
[INFO] [stderr]     |
[INFO] [stderr]     = note: `#[warn(deprecated)]` on by default
[INFO] [stderr] 
[INFO] [stderr] warning: use of deprecated method `chrono::DateTime::<Tz>::timestamp_nanos`: use `timestamp_nanos_opt()` instead
[INFO] [stderr]    --> tests/test_bitmap.rs:129:23
[INFO] [stderr]     |
[INFO] [stderr] 129 |     let fin = Utc::now().timestamp_nanos();
[INFO] [stderr]     |                          ^^^^^^^^^^^^^^^
[INFO] [stderr] 
[INFO] [stderr] warning: use of deprecated method `chrono::DateTime::<Tz>::timestamp_nanos`: use `timestamp_nanos_opt()` instead
[INFO] [stderr]    --> tests/test_bitmap.rs:138:25
[INFO] [stderr]     |
[INFO] [stderr] 138 |     let start = Utc::now().timestamp_nanos();
[INFO] [stderr]     |                            ^^^^^^^^^^^^^^^
[INFO] [stderr] 
[INFO] [stderr] warning: use of deprecated method `chrono::DateTime::<Tz>::timestamp_nanos`: use `timestamp_nanos_opt()` instead
[INFO] [stderr]    --> tests/test_bitmap.rs:140:23
[INFO] [stderr]     |
[INFO] [stderr] 140 |     let fin = Utc::now().timestamp_nanos();
[INFO] [stderr]     |                          ^^^^^^^^^^^^^^^
[INFO] [stderr] 
[INFO] [stderr] warning: use of deprecated method `chrono::DateTime::<Tz>::timestamp_nanos`: use `timestamp_nanos_opt()` instead
[INFO] [stderr]    --> tests/test_bitmap.rs:149:25
[INFO] [stderr]     |
[INFO] [stderr] 149 |     let start = Utc::now().timestamp_nanos();
[INFO] [stderr]     |                            ^^^^^^^^^^^^^^^
[INFO] [stderr] 
[INFO] [stderr] warning: use of deprecated method `chrono::DateTime::<Tz>::timestamp_nanos`: use `timestamp_nanos_opt()` instead
[INFO] [stderr]    --> tests/test_bitmap.rs:151:23
[INFO] [stderr]     |
[INFO] [stderr] 151 |     let fin = Utc::now().timestamp_nanos();
[INFO] [stderr]     |                          ^^^^^^^^^^^^^^^
[INFO] [stderr] 
[INFO] [stderr] warning: `grin_store` (test "test_bitmap") generated 6 warnings
[INFO] [stderr]     Finished test [unoptimized + debuginfo] target(s) in 0.19s
[INFO] [stderr] warning: the following packages contain code that will be rejected by a future version of Rust: grin_secp256k1zkp v0.7.12, traitobject v0.1.0
[INFO] [stderr] note: to see what the problems were, use the option `--future-incompat-report`, or run `cargo report future-incompatibilities --id 1`
[INFO] [stderr]      Running unittests src/lib.rs (/opt/rustwide/target/debug/deps/grin_store-5f8afb849aa30c8c)
[INFO] [stdout] 
[INFO] [stdout] running 0 tests
[INFO] [stdout] 
[INFO] [stdout] test result: ok. 0 passed; 0 failed; 0 ignored; 0 measured; 0 filtered out; finished in 0.00s
[INFO] [stdout] 
[INFO] [stderr]      Running tests/lmdb.rs (/opt/rustwide/target/debug/deps/lmdb-0075a08291a3f21b)
[INFO] [stdout] 
[INFO] [stdout] running 3 tests
[INFO] [stdout] 2024-01-05T04:44:41.470199094+00:00 INFO grin_util::logger - log4rs is initialized, stdout level: Debug, min. level: Debug
[INFO] [stdout] test test_iter ... FAILED
[INFO] [stdout] test lmdb_allocate ... FAILED
[INFO] [stdout] test test_exists ... FAILED
[INFO] [stdout] 
[INFO] [stdout] failures:
[INFO] [stdout] 
[INFO] [stdout] ---- test_iter stdout ----
[INFO] [stdout] Error: FileErr("Unable to create directory 'db_root' to store chain_data: Os { code: 30, kind: ReadOnlyFilesystem, message: \"Read-only file system\" }")
[INFO] [stdout] 
[INFO] [stdout] ---- lmdb_allocate stdout ----
[INFO] [stdout] Error: FileErr("Unable to create directory 'db_root' to store chain_data: Os { code: 30, kind: ReadOnlyFilesystem, message: \"Read-only file system\" }")
[INFO] [stdout] 
[INFO] [stdout] ---- test_exists stdout ----
[INFO] [stdout] Error: FileErr("Unable to create directory 'db_root' to store chain_data: Os { code: 30, kind: ReadOnlyFilesystem, message: \"Read-only file system\" }")
[INFO] [stdout] 
[INFO] [stdout] 
[INFO] [stdout] failures:
[INFO] [stdout]     lmdb_allocate
[INFO] [stdout]     test_exists
[INFO] [stdout]     test_iter
[INFO] [stdout] 
[INFO] [stdout] test result: FAILED. 0 passed; 3 failed; 0 ignored; 0 measured; 0 filtered out; finished in 0.03s
[INFO] [stdout] 
[INFO] [stderr] error: test failed, to rerun pass `--test lmdb`
[INFO] running `Command { std: "docker" "inspect" "b1296091f570af134881821a4a8e2dd2c2bc7dc47d93b3237eeb76418f6f4af0", kill_on_drop: false }`
[INFO] running `Command { std: "docker" "rm" "-f" "b1296091f570af134881821a4a8e2dd2c2bc7dc47d93b3237eeb76418f6f4af0", kill_on_drop: false }`
[INFO] [stdout] b1296091f570af134881821a4a8e2dd2c2bc7dc47d93b3237eeb76418f6f4af0
