[INFO] fetching crate grass 0.13.1...
[INFO] testing grass-0.13.1 against 1.75.0 for beta-1.76-1
[INFO] extracting crate grass 0.13.1 into /workspace/builds/worker-7-tc1/source
[INFO] validating manifest of crates.io crate grass 0.13.1 on toolchain 1.75.0
[INFO] running `Command { std: CARGO_HOME="/workspace/cargo-home" RUSTUP_HOME="/workspace/rustup-home" "/workspace/cargo-home/bin/cargo" "+1.75.0" "metadata" "--manifest-path" "Cargo.toml" "--no-deps", kill_on_drop: false }`
[INFO] started tweaking crates.io crate grass 0.13.1
[INFO] finished tweaking crates.io crate grass 0.13.1
[INFO] tweaked toml for crates.io crate grass 0.13.1 written to /workspace/builds/worker-7-tc1/source/Cargo.toml
[INFO] crate crates.io crate grass 0.13.1 already has a lockfile, it will not be regenerated
[INFO] running `Command { std: CARGO_HOME="/workspace/cargo-home" RUSTUP_HOME="/workspace/rustup-home" "/workspace/cargo-home/bin/cargo" "+1.75.0" "fetch" "--manifest-path" "Cargo.toml", kill_on_drop: false }`
[INFO] [stderr]     Updating crates.io index
[INFO] [stderr]  Downloading crates ...
[INFO] [stderr]   Downloaded lasso v0.6.0
[INFO] [stderr]   Downloaded include_sass v0.13.0
[INFO] [stderr]   Downloaded clap v4.3.14
[INFO] [stderr]   Downloaded grass_compiler v0.13.0
[INFO] [stderr]   Downloaded clap_builder v4.3.14
[INFO] running `Command { std: "docker" "create" "-v" "/var/lib/crater-agent-workspace/builds/worker-7-tc1/target:/opt/rustwide/target:rw,Z" "-v" "/var/lib/crater-agent-workspace/builds/worker-7-tc1/source:/opt/rustwide/workdir:ro,Z" "-v" "/var/lib/crater-agent-workspace/cargo-home:/opt/rustwide/cargo-home:ro,Z" "-v" "/var/lib/crater-agent-workspace/rustup-home:/opt/rustwide/rustup-home:ro,Z" "-e" "SOURCE_DIR=/opt/rustwide/workdir" "-e" "CARGO_TARGET_DIR=/opt/rustwide/target" "-e" "CARGO_HOME=/opt/rustwide/cargo-home" "-e" "RUSTUP_HOME=/opt/rustwide/rustup-home" "-w" "/opt/rustwide/workdir" "-m" "1610612736" "--user" "0:0" "--network" "none" "ghcr.io/rust-lang/crates-build-env/linux@sha256:2788e3201cd34a07e3172128adcd8b3090168a8e3bcc40d7c032b9dda1df7d1c" "/opt/rustwide/cargo-home/bin/cargo" "+1.75.0" "metadata" "--no-deps" "--format-version=1", kill_on_drop: false }`
[INFO] [stdout] 9f427582b7ba65e88e648fa971dc71aff1af65301d53b2d4da34d37b32ff0f1a
[INFO] running `Command { std: "docker" "start" "-a" "9f427582b7ba65e88e648fa971dc71aff1af65301d53b2d4da34d37b32ff0f1a", kill_on_drop: false }`
[INFO] running `Command { std: "docker" "inspect" "9f427582b7ba65e88e648fa971dc71aff1af65301d53b2d4da34d37b32ff0f1a", kill_on_drop: false }`
[INFO] running `Command { std: "docker" "rm" "-f" "9f427582b7ba65e88e648fa971dc71aff1af65301d53b2d4da34d37b32ff0f1a", kill_on_drop: false }`
[INFO] [stdout] 9f427582b7ba65e88e648fa971dc71aff1af65301d53b2d4da34d37b32ff0f1a
[INFO] running `Command { std: "docker" "create" "-v" "/var/lib/crater-agent-workspace/builds/worker-7-tc1/target:/opt/rustwide/target:rw,Z" "-v" "/var/lib/crater-agent-workspace/builds/worker-7-tc1/source:/opt/rustwide/workdir:ro,Z" "-v" "/var/lib/crater-agent-workspace/cargo-home:/opt/rustwide/cargo-home:ro,Z" "-v" "/var/lib/crater-agent-workspace/rustup-home:/opt/rustwide/rustup-home:ro,Z" "-e" "SOURCE_DIR=/opt/rustwide/workdir" "-e" "CARGO_TARGET_DIR=/opt/rustwide/target" "-e" "CARGO_INCREMENTAL=0" "-e" "RUST_BACKTRACE=full" "-e" "RUSTFLAGS=--cap-lints=warn" "-e" "RUSTDOCFLAGS=--cap-lints=warn" "-e" "CARGO_HOME=/opt/rustwide/cargo-home" "-e" "RUSTUP_HOME=/opt/rustwide/rustup-home" "-w" "/opt/rustwide/workdir" "-m" "1610612736" "--user" "0:0" "--network" "none" "ghcr.io/rust-lang/crates-build-env/linux@sha256:2788e3201cd34a07e3172128adcd8b3090168a8e3bcc40d7c032b9dda1df7d1c" "/opt/rustwide/cargo-home/bin/cargo" "+1.75.0" "build" "--frozen" "--message-format=json", kill_on_drop: false }`
[INFO] [stdout] d6b3fe6b0d4a13197fa592511be81a55ddbb43e0ca5fb1ada5f381dd169664e0
[INFO] running `Command { std: "docker" "start" "-a" "d6b3fe6b0d4a13197fa592511be81a55ddbb43e0ca5fb1ada5f381dd169664e0", kill_on_drop: false }`
[INFO] [stderr]    Compiling libc v0.2.147
[INFO] [stderr]    Compiling proc-macro2 v1.0.66
[INFO] [stderr]    Compiling unicode-ident v1.0.11
[INFO] [stderr]    Compiling version_check v0.9.4
[INFO] [stderr]    Compiling rustix v0.38.4
[INFO] [stderr]    Compiling siphasher v0.3.10
[INFO] [stderr]    Compiling syn v1.0.109
[INFO] [stderr]    Compiling linux-raw-sys v0.4.3
[INFO] [stderr]    Compiling bitflags v2.3.3
[INFO] [stderr]    Compiling proc-macro-hack v0.5.20+deprecated
[INFO] [stderr]    Compiling utf8parse v0.2.1
[INFO] [stderr]    Compiling once_cell v1.18.0
[INFO] [stderr]    Compiling autocfg v1.1.0
[INFO] [stderr]    Compiling colorchoice v1.0.0
[INFO] [stderr]    Compiling anstyle-query v1.0.0
[INFO] [stderr]    Compiling anstyle v1.0.1
[INFO] [stderr]    Compiling anstyle-parse v0.2.1
[INFO] [stderr]    Compiling strsim v0.10.0
[INFO] [stderr]    Compiling clap_lex v0.5.0
[INFO] [stderr]    Compiling hashbrown v0.12.3
[INFO] [stderr]    Compiling phf_shared v0.10.0
[INFO] [stderr]    Compiling codemap v0.1.3
[INFO] [stderr]    Compiling indexmap v1.9.3
[INFO] [stderr]    Compiling ahash v0.7.6
[INFO] [stderr]    Compiling quote v1.0.31
[INFO] [stderr]    Compiling is-terminal v0.4.9
[INFO] [stderr]    Compiling anstream v0.3.2
[INFO] [stderr]    Compiling clap_builder v4.3.14
[INFO] [stderr]    Compiling getrandom v0.2.10
[INFO] [stderr]    Compiling rand_core v0.6.4
[INFO] [stderr]    Compiling hashbrown v0.11.2
[INFO] [stderr]    Compiling rand_chacha v0.3.1
[INFO] [stderr]    Compiling rand v0.8.5
[INFO] [stderr]    Compiling lasso v0.6.0
[INFO] [stderr]    Compiling phf_generator v0.10.0
[INFO] [stderr]    Compiling clap v4.3.14
[INFO] [stderr]    Compiling phf_macros v0.10.0
[INFO] [stderr]    Compiling phf v0.10.1
[INFO] [stderr]    Compiling grass_compiler v0.13.0
[INFO] [stderr]    Compiling grass v0.13.1 (/opt/rustwide/workdir)
[INFO] [stderr]     Finished dev [unoptimized + debuginfo] target(s) in 18.39s
[INFO] running `Command { std: "docker" "inspect" "d6b3fe6b0d4a13197fa592511be81a55ddbb43e0ca5fb1ada5f381dd169664e0", kill_on_drop: false }`
[INFO] running `Command { std: "docker" "rm" "-f" "d6b3fe6b0d4a13197fa592511be81a55ddbb43e0ca5fb1ada5f381dd169664e0", kill_on_drop: false }`
[INFO] [stdout] d6b3fe6b0d4a13197fa592511be81a55ddbb43e0ca5fb1ada5f381dd169664e0
[INFO] running `Command { std: "docker" "create" "-v" "/var/lib/crater-agent-workspace/builds/worker-7-tc1/target:/opt/rustwide/target:rw,Z" "-v" "/var/lib/crater-agent-workspace/builds/worker-7-tc1/source:/opt/rustwide/workdir:ro,Z" "-v" "/var/lib/crater-agent-workspace/cargo-home:/opt/rustwide/cargo-home:ro,Z" "-v" "/var/lib/crater-agent-workspace/rustup-home:/opt/rustwide/rustup-home:ro,Z" "-e" "SOURCE_DIR=/opt/rustwide/workdir" "-e" "CARGO_TARGET_DIR=/opt/rustwide/target" "-e" "CARGO_INCREMENTAL=0" "-e" "RUST_BACKTRACE=full" "-e" "RUSTFLAGS=--cap-lints=warn" "-e" "RUSTDOCFLAGS=--cap-lints=warn" "-e" "CARGO_HOME=/opt/rustwide/cargo-home" "-e" "RUSTUP_HOME=/opt/rustwide/rustup-home" "-w" "/opt/rustwide/workdir" "-m" "1610612736" "--user" "0:0" "--network" "none" "ghcr.io/rust-lang/crates-build-env/linux@sha256:2788e3201cd34a07e3172128adcd8b3090168a8e3bcc40d7c032b9dda1df7d1c" "/opt/rustwide/cargo-home/bin/cargo" "+1.75.0" "test" "--frozen" "--no-run" "--message-format=json", kill_on_drop: false }`
[INFO] [stdout] 8f00bb69d36200303d8f8a1cd53df3d4132dbe3fd55467c2a7224efa8e612708
[INFO] running `Command { std: "docker" "start" "-a" "8f00bb69d36200303d8f8a1cd53df3d4132dbe3fd55467c2a7224efa8e612708", kill_on_drop: false }`
[INFO] [stderr]    Compiling io-lifetimes v1.0.11
[INFO] [stderr]    Compiling rustix v0.37.23
[INFO] [stderr]    Compiling tempfile v3.6.0
[INFO] [stderr]    Compiling paste v1.0.14
[INFO] [stderr]    Compiling bitflags v1.3.2
[INFO] [stderr]    Compiling linux-raw-sys v0.3.8
[INFO] [stderr]    Compiling fastrand v1.9.0
[INFO] [stderr]    Compiling grass v0.13.1 (/opt/rustwide/workdir)
[INFO] [stderr]     Finished test [unoptimized + debuginfo] target(s) in 3.33s
[INFO] running `Command { std: "docker" "inspect" "8f00bb69d36200303d8f8a1cd53df3d4132dbe3fd55467c2a7224efa8e612708", kill_on_drop: false }`
[INFO] running `Command { std: "docker" "rm" "-f" "8f00bb69d36200303d8f8a1cd53df3d4132dbe3fd55467c2a7224efa8e612708", kill_on_drop: false }`
[INFO] [stdout] 8f00bb69d36200303d8f8a1cd53df3d4132dbe3fd55467c2a7224efa8e612708
[INFO] running `Command { std: "docker" "create" "-v" "/var/lib/crater-agent-workspace/builds/worker-7-tc1/target:/opt/rustwide/target:rw,Z" "-v" "/var/lib/crater-agent-workspace/builds/worker-7-tc1/source:/opt/rustwide/workdir:ro,Z" "-v" "/var/lib/crater-agent-workspace/cargo-home:/opt/rustwide/cargo-home:ro,Z" "-v" "/var/lib/crater-agent-workspace/rustup-home:/opt/rustwide/rustup-home:ro,Z" "-e" "SOURCE_DIR=/opt/rustwide/workdir" "-e" "CARGO_TARGET_DIR=/opt/rustwide/target" "-e" "CARGO_INCREMENTAL=0" "-e" "RUST_BACKTRACE=full" "-e" "RUSTFLAGS=--cap-lints=warn" "-e" "RUSTDOCFLAGS=--cap-lints=warn" "-e" "CARGO_HOME=/opt/rustwide/cargo-home" "-e" "RUSTUP_HOME=/opt/rustwide/rustup-home" "-w" "/opt/rustwide/workdir" "-m" "1610612736" "--user" "0:0" "--network" "none" "ghcr.io/rust-lang/crates-build-env/linux@sha256:2788e3201cd34a07e3172128adcd8b3090168a8e3bcc40d7c032b9dda1df7d1c" "/opt/rustwide/cargo-home/bin/cargo" "+1.75.0" "test" "--frozen", kill_on_drop: false }`
[INFO] [stdout] 24773fa488b23fb2e8854d632a487b7fb0e147ff6f1dbb7a3e95ec416bc1e5fc
[INFO] running `Command { std: "docker" "start" "-a" "24773fa488b23fb2e8854d632a487b7fb0e147ff6f1dbb7a3e95ec416bc1e5fc", kill_on_drop: false }`
[INFO] [stderr]     Finished test [unoptimized + debuginfo] target(s) in 0.04s
[INFO] [stderr]      Running unittests src/lib.rs (/opt/rustwide/target/debug/deps/grass-0ce894a7627b4362)
[INFO] [stdout] 
[INFO] [stdout] running 0 tests
[INFO] [stdout] 
[INFO] [stdout] test result: ok. 0 passed; 0 failed; 0 ignored; 0 measured; 0 filtered out; finished in 0.00s
[INFO] [stdout] 
[INFO] [stderr]      Running unittests src/main.rs (/opt/rustwide/target/debug/deps/grass-ff1ffb8a0cf44b6e)
[INFO] [stdout] 
[INFO] [stdout] running 1 test
[INFO] [stdout] test test::verify ... ok
[INFO] [stdout] 
[INFO] [stdout] test result: ok. 1 passed; 0 failed; 0 ignored; 0 measured; 0 filtered out; finished in 0.00s
[INFO] [stdout] 
[INFO] [stderr]    Doc-tests grass
[INFO] [stdout] 
[INFO] [stdout] running 2 tests
[INFO] [stdout] test src/lib.rs - include (line 75) ... FAILED
[INFO] [stdout] test src/lib.rs - (line 15) ... ok
[INFO] [stdout] 
[INFO] [stdout] failures:
[INFO] [stdout] 
[INFO] [stdout] ---- src/lib.rs - include (line 75) stdout ----
[INFO] [stdout] error[E0433]: failed to resolve: could not find `include` in `grass`
[INFO] [stdout]   --> src/lib.rs:77:27
[INFO] [stdout]    |
[INFO] [stdout] 5  | static CSS: &str = grass::include!("../static/_index.scss");
[INFO] [stdout]    |                           ^^^^^^^ could not find `include` in `grass`
[INFO] [stdout]    |
[INFO] [stdout] note: found an item that was configured out
[INFO] [stdout]   --> /opt/rustwide/workdir/src/lib.rs:96:14
[INFO] [stdout]    |
[INFO] [stdout] 96 | macro_rules! include {
[INFO] [stdout]    |              ^^^^^^^
[INFO] [stdout] 
[INFO] [stdout] error: aborting due to previous error
[INFO] [stdout] 
[INFO] [stdout] For more information about this error, try `rustc --explain E0433`.
[INFO] [stdout] Couldn't compile the test.
[INFO] [stdout] 
[INFO] [stdout] failures:
[INFO] [stdout]     src/lib.rs - include (line 75)
[INFO] [stdout] 
[INFO] [stdout] test result: FAILED. 1 passed; 1 failed; 0 ignored; 0 measured; 0 filtered out; finished in 1.22s
[INFO] [stdout] 
[INFO] [stderr] error: doctest failed, to rerun pass `--doc`
[INFO] running `Command { std: "docker" "inspect" "24773fa488b23fb2e8854d632a487b7fb0e147ff6f1dbb7a3e95ec416bc1e5fc", kill_on_drop: false }`
[INFO] running `Command { std: "docker" "rm" "-f" "24773fa488b23fb2e8854d632a487b7fb0e147ff6f1dbb7a3e95ec416bc1e5fc", kill_on_drop: false }`
[INFO] [stdout] 24773fa488b23fb2e8854d632a487b7fb0e147ff6f1dbb7a3e95ec416bc1e5fc
[INFO] testing grass-0.13.1 against beta-2023-12-22 for beta-1.76-1
[INFO] extracting crate grass 0.13.1 into /workspace/builds/worker-7-tc2/source
[INFO] validating manifest of crates.io crate grass 0.13.1 on toolchain beta-2023-12-22
[INFO] running `Command { std: CARGO_HOME="/workspace/cargo-home" RUSTUP_HOME="/workspace/rustup-home" "/workspace/cargo-home/bin/cargo" "+beta-2023-12-22" "metadata" "--manifest-path" "Cargo.toml" "--no-deps", kill_on_drop: false }`
[INFO] started tweaking crates.io crate grass 0.13.1
[INFO] finished tweaking crates.io crate grass 0.13.1
[INFO] tweaked toml for crates.io crate grass 0.13.1 written to /workspace/builds/worker-7-tc2/source/Cargo.toml
[INFO] crate crates.io crate grass 0.13.1 already has a lockfile, it will not be regenerated
[INFO] running `Command { std: CARGO_HOME="/workspace/cargo-home" RUSTUP_HOME="/workspace/rustup-home" "/workspace/cargo-home/bin/cargo" "+beta-2023-12-22" "fetch" "--manifest-path" "Cargo.toml", kill_on_drop: false }`
[INFO] running `Command { std: "docker" "create" "-v" "/var/lib/crater-agent-workspace/builds/worker-7-tc2/target:/opt/rustwide/target:rw,Z" "-v" "/var/lib/crater-agent-workspace/builds/worker-7-tc2/source:/opt/rustwide/workdir:ro,Z" "-v" "/var/lib/crater-agent-workspace/cargo-home:/opt/rustwide/cargo-home:ro,Z" "-v" "/var/lib/crater-agent-workspace/rustup-home:/opt/rustwide/rustup-home:ro,Z" "-e" "SOURCE_DIR=/opt/rustwide/workdir" "-e" "CARGO_TARGET_DIR=/opt/rustwide/target" "-e" "CARGO_HOME=/opt/rustwide/cargo-home" "-e" "RUSTUP_HOME=/opt/rustwide/rustup-home" "-w" "/opt/rustwide/workdir" "-m" "1610612736" "--user" "0:0" "--network" "none" "ghcr.io/rust-lang/crates-build-env/linux@sha256:2788e3201cd34a07e3172128adcd8b3090168a8e3bcc40d7c032b9dda1df7d1c" "/opt/rustwide/cargo-home/bin/cargo" "+beta-2023-12-22" "metadata" "--no-deps" "--format-version=1", kill_on_drop: false }`
[INFO] [stdout] fea6bb4b706fae2f8d2ea0bf86efd75e545bfc255569e2fc0ed5a8211b8d5cfc
[INFO] running `Command { std: "docker" "start" "-a" "fea6bb4b706fae2f8d2ea0bf86efd75e545bfc255569e2fc0ed5a8211b8d5cfc", kill_on_drop: false }`
[INFO] running `Command { std: "docker" "inspect" "fea6bb4b706fae2f8d2ea0bf86efd75e545bfc255569e2fc0ed5a8211b8d5cfc", kill_on_drop: false }`
[INFO] running `Command { std: "docker" "rm" "-f" "fea6bb4b706fae2f8d2ea0bf86efd75e545bfc255569e2fc0ed5a8211b8d5cfc", kill_on_drop: false }`
[INFO] [stdout] fea6bb4b706fae2f8d2ea0bf86efd75e545bfc255569e2fc0ed5a8211b8d5cfc
[INFO] running `Command { std: "docker" "create" "-v" "/var/lib/crater-agent-workspace/builds/worker-7-tc2/target:/opt/rustwide/target:rw,Z" "-v" "/var/lib/crater-agent-workspace/builds/worker-7-tc2/source:/opt/rustwide/workdir:ro,Z" "-v" "/var/lib/crater-agent-workspace/cargo-home:/opt/rustwide/cargo-home:ro,Z" "-v" "/var/lib/crater-agent-workspace/rustup-home:/opt/rustwide/rustup-home:ro,Z" "-e" "SOURCE_DIR=/opt/rustwide/workdir" "-e" "CARGO_TARGET_DIR=/opt/rustwide/target" "-e" "CARGO_INCREMENTAL=0" "-e" "RUST_BACKTRACE=full" "-e" "RUSTFLAGS=--cap-lints=warn" "-e" "RUSTDOCFLAGS=--cap-lints=warn" "-e" "CARGO_HOME=/opt/rustwide/cargo-home" "-e" "RUSTUP_HOME=/opt/rustwide/rustup-home" "-w" "/opt/rustwide/workdir" "-m" "1610612736" "--user" "0:0" "--network" "none" "ghcr.io/rust-lang/crates-build-env/linux@sha256:2788e3201cd34a07e3172128adcd8b3090168a8e3bcc40d7c032b9dda1df7d1c" "/opt/rustwide/cargo-home/bin/cargo" "+beta-2023-12-22" "build" "--frozen" "--message-format=json", kill_on_drop: false }`
[INFO] [stdout] b979c8c43afec76381f6003713b09d10bd008d7c10bc9d33dfa3f191a80898b9
[INFO] running `Command { std: "docker" "start" "-a" "b979c8c43afec76381f6003713b09d10bd008d7c10bc9d33dfa3f191a80898b9", kill_on_drop: false }`
[INFO] [stderr]    Compiling libc v0.2.147
[INFO] [stderr]    Compiling proc-macro2 v1.0.66
[INFO] [stderr]    Compiling rustix v0.38.4
[INFO] [stderr]    Compiling unicode-ident v1.0.11
[INFO] [stderr]    Compiling version_check v0.9.4
[INFO] [stderr]    Compiling syn v1.0.109
[INFO] [stderr]    Compiling siphasher v0.3.10
[INFO] [stderr]    Compiling bitflags v2.3.3
[INFO] [stderr]    Compiling linux-raw-sys v0.4.3
[INFO] [stderr]    Compiling proc-macro-hack v0.5.20+deprecated
[INFO] [stderr]    Compiling once_cell v1.18.0
[INFO] [stderr]    Compiling autocfg v1.1.0
[INFO] [stderr]    Compiling utf8parse v0.2.1
[INFO] [stderr]    Compiling anstyle-query v1.0.0
[INFO] [stderr]    Compiling colorchoice v1.0.0
[INFO] [stderr]    Compiling anstyle v1.0.1
[INFO] [stderr]    Compiling strsim v0.10.0
[INFO] [stderr]    Compiling anstyle-parse v0.2.1
[INFO] [stderr]    Compiling hashbrown v0.12.3
[INFO] [stderr]    Compiling clap_lex v0.5.0
[INFO] [stderr]    Compiling phf_shared v0.10.0
[INFO] [stderr]    Compiling codemap v0.1.3
[INFO] [stderr]    Compiling ahash v0.7.6
[INFO] [stderr]    Compiling indexmap v1.9.3
[INFO] [stderr]    Compiling quote v1.0.31
[INFO] [stderr]    Compiling is-terminal v0.4.9
[INFO] [stderr]    Compiling anstream v0.3.2
[INFO] [stderr]    Compiling clap_builder v4.3.14
[INFO] [stderr]    Compiling getrandom v0.2.10
[INFO] [stderr]    Compiling rand_core v0.6.4
[INFO] [stderr]    Compiling rand_chacha v0.3.1
[INFO] [stderr]    Compiling hashbrown v0.11.2
[INFO] [stderr]    Compiling rand v0.8.5
[INFO] [stderr]    Compiling lasso v0.6.0
[INFO] [stderr]    Compiling phf_generator v0.10.0
[INFO] [stderr]    Compiling clap v4.3.14
[INFO] [stderr]    Compiling phf_macros v0.10.0
[INFO] [stderr]    Compiling phf v0.10.1
[INFO] [stderr]    Compiling grass_compiler v0.13.0
[INFO] [stderr]    Compiling grass v0.13.1 (/opt/rustwide/workdir)
[INFO] [stderr]     Finished dev [unoptimized + debuginfo] target(s) in 10.19s
[INFO] running `Command { std: "docker" "inspect" "b979c8c43afec76381f6003713b09d10bd008d7c10bc9d33dfa3f191a80898b9", kill_on_drop: false }`
[INFO] running `Command { std: "docker" "rm" "-f" "b979c8c43afec76381f6003713b09d10bd008d7c10bc9d33dfa3f191a80898b9", kill_on_drop: false }`
[INFO] [stdout] b979c8c43afec76381f6003713b09d10bd008d7c10bc9d33dfa3f191a80898b9
[INFO] running `Command { std: "docker" "create" "-v" "/var/lib/crater-agent-workspace/builds/worker-7-tc2/target:/opt/rustwide/target:rw,Z" "-v" "/var/lib/crater-agent-workspace/builds/worker-7-tc2/source:/opt/rustwide/workdir:ro,Z" "-v" "/var/lib/crater-agent-workspace/cargo-home:/opt/rustwide/cargo-home:ro,Z" "-v" "/var/lib/crater-agent-workspace/rustup-home:/opt/rustwide/rustup-home:ro,Z" "-e" "SOURCE_DIR=/opt/rustwide/workdir" "-e" "CARGO_TARGET_DIR=/opt/rustwide/target" "-e" "CARGO_INCREMENTAL=0" "-e" "RUST_BACKTRACE=full" "-e" "RUSTFLAGS=--cap-lints=warn" "-e" "RUSTDOCFLAGS=--cap-lints=warn" "-e" "CARGO_HOME=/opt/rustwide/cargo-home" "-e" "RUSTUP_HOME=/opt/rustwide/rustup-home" "-w" "/opt/rustwide/workdir" "-m" "1610612736" "--user" "0:0" "--network" "none" "ghcr.io/rust-lang/crates-build-env/linux@sha256:2788e3201cd34a07e3172128adcd8b3090168a8e3bcc40d7c032b9dda1df7d1c" "/opt/rustwide/cargo-home/bin/cargo" "+beta-2023-12-22" "test" "--frozen" "--no-run" "--message-format=json", kill_on_drop: false }`
[INFO] [stdout] 2a1395fece6ce42944b74d7b3afe10a4ee93eb9171e781e7d5e0019608b56c26
[INFO] running `Command { std: "docker" "start" "-a" "2a1395fece6ce42944b74d7b3afe10a4ee93eb9171e781e7d5e0019608b56c26", kill_on_drop: false }`
[INFO] [stderr]    Compiling io-lifetimes v1.0.11
[INFO] [stderr]    Compiling rustix v0.37.23
[INFO] [stderr]    Compiling tempfile v3.6.0
[INFO] [stderr]    Compiling bitflags v1.3.2
[INFO] [stderr]    Compiling paste v1.0.14
[INFO] [stderr]    Compiling linux-raw-sys v0.3.8
[INFO] [stderr]    Compiling fastrand v1.9.0
[INFO] [stderr]    Compiling grass v0.13.1 (/opt/rustwide/workdir)
[INFO] [stderr]     Finished test [unoptimized + debuginfo] target(s) in 2.72s
[INFO] running `Command { std: "docker" "inspect" "2a1395fece6ce42944b74d7b3afe10a4ee93eb9171e781e7d5e0019608b56c26", kill_on_drop: false }`
[INFO] running `Command { std: "docker" "rm" "-f" "2a1395fece6ce42944b74d7b3afe10a4ee93eb9171e781e7d5e0019608b56c26", kill_on_drop: false }`
[INFO] [stdout] 2a1395fece6ce42944b74d7b3afe10a4ee93eb9171e781e7d5e0019608b56c26
[INFO] running `Command { std: "docker" "create" "-v" "/var/lib/crater-agent-workspace/builds/worker-7-tc2/target:/opt/rustwide/target:rw,Z" "-v" "/var/lib/crater-agent-workspace/builds/worker-7-tc2/source:/opt/rustwide/workdir:ro,Z" "-v" "/var/lib/crater-agent-workspace/cargo-home:/opt/rustwide/cargo-home:ro,Z" "-v" "/var/lib/crater-agent-workspace/rustup-home:/opt/rustwide/rustup-home:ro,Z" "-e" "SOURCE_DIR=/opt/rustwide/workdir" "-e" "CARGO_TARGET_DIR=/opt/rustwide/target" "-e" "CARGO_INCREMENTAL=0" "-e" "RUST_BACKTRACE=full" "-e" "RUSTFLAGS=--cap-lints=warn" "-e" "RUSTDOCFLAGS=--cap-lints=warn" "-e" "CARGO_HOME=/opt/rustwide/cargo-home" "-e" "RUSTUP_HOME=/opt/rustwide/rustup-home" "-w" "/opt/rustwide/workdir" "-m" "1610612736" "--user" "0:0" "--network" "none" "ghcr.io/rust-lang/crates-build-env/linux@sha256:2788e3201cd34a07e3172128adcd8b3090168a8e3bcc40d7c032b9dda1df7d1c" "/opt/rustwide/cargo-home/bin/cargo" "+beta-2023-12-22" "test" "--frozen", kill_on_drop: false }`
[INFO] [stdout] 935c7723a21b1d00f56a88dffb54157bae4469effc4d222eb3b757907ed90910
[INFO] running `Command { std: "docker" "start" "-a" "935c7723a21b1d00f56a88dffb54157bae4469effc4d222eb3b757907ed90910", kill_on_drop: false }`
[INFO] [stderr]     Finished test [unoptimized + debuginfo] target(s) in 0.03s
[INFO] [stderr]      Running unittests src/lib.rs (/opt/rustwide/target/debug/deps/grass-84146340268e748e)
[INFO] [stdout] 
[INFO] [stdout] running 0 tests
[INFO] [stdout] 
[INFO] [stdout] test result: ok. 0 passed; 0 failed; 0 ignored; 0 measured; 0 filtered out; finished in 0.00s
[INFO] [stdout] 
[INFO] [stderr]      Running unittests src/main.rs (/opt/rustwide/target/debug/deps/grass-77182a5c53b42f34)
[INFO] [stdout] 
[INFO] [stdout] running 1 test
[INFO] [stdout] test test::verify ... ok
[INFO] [stdout] 
[INFO] [stdout] test result: ok. 1 passed; 0 failed; 0 ignored; 0 measured; 0 filtered out; finished in 0.00s
[INFO] [stdout] 
[INFO] [stderr]    Doc-tests grass
[INFO] [stdout] 
[INFO] [stdout] running 2 tests
[INFO] [stdout] test src/lib.rs - include (line 75) ... FAILED
[INFO] [stdout] test src/lib.rs - (line 15) ... ok
[INFO] [stdout] 
[INFO] [stdout] failures:
[INFO] [stdout] 
[INFO] [stdout] ---- src/lib.rs - include (line 75) stdout ----
[INFO] [stdout] error[E0433]: failed to resolve: could not find `include` in `grass`
[INFO] [stdout]   --> src/lib.rs:77:27
[INFO] [stdout]    |
[INFO] [stdout] 5  | static CSS: &str = grass::include!("../static/_index.scss");
[INFO] [stdout]    |                           ^^^^^^^ could not find `include` in `grass`
[INFO] [stdout]    |
[INFO] [stdout] note: found an item that was configured out
[INFO] [stdout]   --> /opt/rustwide/workdir/src/lib.rs:96:14
[INFO] [stdout]    |
[INFO] [stdout] 96 | macro_rules! include {
[INFO] [stdout]    |              ^^^^^^^
[INFO] [stdout] 
[INFO] [stdout] error: aborting due to 1 previous error
[INFO] [stdout] 
[INFO] [stdout] For more information about this error, try `rustc --explain E0433`.
[INFO] [stdout] Couldn't compile the test.
[INFO] [stdout] 
[INFO] [stdout] failures:
[INFO] [stdout]     src/lib.rs - include (line 75)
[INFO] [stdout] 
[INFO] [stdout] test result: FAILED. 1 passed; 1 failed; 0 ignored; 0 measured; 0 filtered out; finished in 0.84s
[INFO] [stdout] 
[INFO] [stderr] error: doctest failed, to rerun pass `--doc`
[INFO] running `Command { std: "docker" "inspect" "935c7723a21b1d00f56a88dffb54157bae4469effc4d222eb3b757907ed90910", kill_on_drop: false }`
[INFO] running `Command { std: "docker" "rm" "-f" "935c7723a21b1d00f56a88dffb54157bae4469effc4d222eb3b757907ed90910", kill_on_drop: false }`
[INFO] [stdout] 935c7723a21b1d00f56a88dffb54157bae4469effc4d222eb3b757907ed90910
