[INFO] fetching crate graph-rs-sdk 1.1.2...
[INFO] testing graph-rs-sdk-1.1.2 against 1.75.0 for beta-1.76-1
[INFO] extracting crate graph-rs-sdk 1.1.2 into /workspace/builds/worker-4-tc1/source
[INFO] validating manifest of crates.io crate graph-rs-sdk 1.1.2 on toolchain 1.75.0
[INFO] running `Command { std: CARGO_HOME="/workspace/cargo-home" RUSTUP_HOME="/workspace/rustup-home" "/workspace/cargo-home/bin/cargo" "+1.75.0" "metadata" "--manifest-path" "Cargo.toml" "--no-deps", kill_on_drop: false }`
[INFO] started tweaking crates.io crate graph-rs-sdk 1.1.2
[INFO] finished tweaking crates.io crate graph-rs-sdk 1.1.2
[INFO] tweaked toml for crates.io crate graph-rs-sdk 1.1.2 written to /workspace/builds/worker-4-tc1/source/Cargo.toml
[INFO] crate crates.io crate graph-rs-sdk 1.1.2 already has a lockfile, it will not be regenerated
[INFO] running `Command { std: CARGO_HOME="/workspace/cargo-home" RUSTUP_HOME="/workspace/rustup-home" "/workspace/cargo-home/bin/cargo" "+1.75.0" "fetch" "--manifest-path" "Cargo.toml", kill_on_drop: false }`
[INFO] [stderr]     Updating crates.io index
[INFO] [stderr]  Downloading crates ...
[INFO] [stderr]   Downloaded handlebars v2.0.4
[INFO] [stderr]   Downloaded remain v0.2.11
[INFO] [stderr]   Downloaded graph-core v0.4.1
[INFO] [stderr]   Downloaded http-serde v1.1.3
[INFO] [stderr]   Downloaded chrono-humanize v0.2.3
[INFO] [stderr]   Downloaded async-compression v0.4.4
[INFO] [stderr]   Downloaded rustix v0.38.22
[INFO] [stderr]   Downloaded serde-aux v4.2.0
[INFO] [stderr]   Downloaded graph-error v0.2.2
[INFO] [stderr]   Downloaded graph-http v1.1.1
[INFO] [stderr]   Downloaded graph-oauth v1.0.2
[INFO] running `Command { std: "docker" "create" "-v" "/var/lib/crater-agent-workspace/builds/worker-4-tc1/target:/opt/rustwide/target:rw,Z" "-v" "/var/lib/crater-agent-workspace/builds/worker-4-tc1/source:/opt/rustwide/workdir:ro,Z" "-v" "/var/lib/crater-agent-workspace/cargo-home:/opt/rustwide/cargo-home:ro,Z" "-v" "/var/lib/crater-agent-workspace/rustup-home:/opt/rustwide/rustup-home:ro,Z" "-e" "SOURCE_DIR=/opt/rustwide/workdir" "-e" "CARGO_TARGET_DIR=/opt/rustwide/target" "-e" "CARGO_HOME=/opt/rustwide/cargo-home" "-e" "RUSTUP_HOME=/opt/rustwide/rustup-home" "-w" "/opt/rustwide/workdir" "-m" "1610612736" "--user" "0:0" "--network" "none" "ghcr.io/rust-lang/crates-build-env/linux@sha256:2788e3201cd34a07e3172128adcd8b3090168a8e3bcc40d7c032b9dda1df7d1c" "/opt/rustwide/cargo-home/bin/cargo" "+1.75.0" "metadata" "--no-deps" "--format-version=1", kill_on_drop: false }`
[INFO] [stdout] b06faad938adee7f924a28c6b853a539b5bec3ef5592e4e8c0486c7190e1e459
[INFO] running `Command { std: "docker" "start" "-a" "b06faad938adee7f924a28c6b853a539b5bec3ef5592e4e8c0486c7190e1e459", kill_on_drop: false }`
[INFO] running `Command { std: "docker" "inspect" "b06faad938adee7f924a28c6b853a539b5bec3ef5592e4e8c0486c7190e1e459", kill_on_drop: false }`
[INFO] running `Command { std: "docker" "rm" "-f" "b06faad938adee7f924a28c6b853a539b5bec3ef5592e4e8c0486c7190e1e459", kill_on_drop: false }`
[INFO] [stdout] b06faad938adee7f924a28c6b853a539b5bec3ef5592e4e8c0486c7190e1e459
[INFO] running `Command { std: "docker" "create" "-v" "/var/lib/crater-agent-workspace/builds/worker-4-tc1/target:/opt/rustwide/target:rw,Z" "-v" "/var/lib/crater-agent-workspace/builds/worker-4-tc1/source:/opt/rustwide/workdir:ro,Z" "-v" "/var/lib/crater-agent-workspace/cargo-home:/opt/rustwide/cargo-home:ro,Z" "-v" "/var/lib/crater-agent-workspace/rustup-home:/opt/rustwide/rustup-home:ro,Z" "-e" "SOURCE_DIR=/opt/rustwide/workdir" "-e" "CARGO_TARGET_DIR=/opt/rustwide/target" "-e" "CARGO_INCREMENTAL=0" "-e" "RUST_BACKTRACE=full" "-e" "RUSTFLAGS=--cap-lints=warn" "-e" "RUSTDOCFLAGS=--cap-lints=warn" "-e" "CARGO_HOME=/opt/rustwide/cargo-home" "-e" "RUSTUP_HOME=/opt/rustwide/rustup-home" "-w" "/opt/rustwide/workdir" "-m" "1610612736" "--user" "0:0" "--network" "none" "ghcr.io/rust-lang/crates-build-env/linux@sha256:2788e3201cd34a07e3172128adcd8b3090168a8e3bcc40d7c032b9dda1df7d1c" "/opt/rustwide/cargo-home/bin/cargo" "+1.75.0" "build" "--frozen" "--message-format=json", kill_on_drop: false }`
[INFO] [stdout] c53b03c37b12205a209f2d991df33516b691c92a5e2fef4eb3ed0f5d30166c7d
[INFO] running `Command { std: "docker" "start" "-a" "c53b03c37b12205a209f2d991df33516b691c92a5e2fef4eb3ed0f5d30166c7d", kill_on_drop: false }`
[INFO] [stderr]    Compiling proc-macro2 v1.0.69
[INFO] [stderr]    Compiling serde v1.0.192
[INFO] [stderr]    Compiling libc v0.2.150
[INFO] [stderr]    Compiling once_cell v1.18.0
[INFO] [stderr]    Compiling futures-core v0.3.29
[INFO] [stderr]    Compiling itoa v1.0.9
[INFO] [stderr]    Compiling parking_lot_core v0.9.9
[INFO] [stderr]    Compiling futures-task v0.3.29
[INFO] [stderr]    Compiling futures-sink v0.3.29
[INFO] [stderr]    Compiling futures-channel v0.3.29
[INFO] [stderr]    Compiling futures-util v0.3.29
[INFO] [stderr]    Compiling thiserror v1.0.50
[INFO] [stderr]    Compiling futures-io v0.3.29
[INFO] [stderr]    Compiling openssl v0.10.59
[INFO] [stderr]    Compiling ryu v1.0.15
[INFO] [stderr]    Compiling serde_json v1.0.108
[INFO] [stderr]    Compiling tracing-core v0.1.32
[INFO] [stderr]    Compiling indexmap v1.9.3
[INFO] [stderr]    Compiling percent-encoding v2.3.0
[INFO] [stderr]    Compiling ucd-trie v0.1.6
[INFO] [stderr]    Compiling hashbrown v0.12.3
[INFO] [stderr]    Compiling bitflags v2.4.1
[INFO] [stderr]    Compiling crc32fast v1.3.2
[INFO] [stderr]    Compiling adler v1.0.2
[INFO] [stderr]    Compiling unicode-bidi v0.3.13
[INFO] [stderr]    Compiling try-lock v0.2.4
[INFO] [stderr]    Compiling form_urlencoded v1.2.0
[INFO] [stderr]    Compiling rustversion v1.0.14
[INFO] [stderr]    Compiling want v0.3.1
[INFO] [stderr]    Compiling miniz_oxide v0.7.1
[INFO] [stderr]    Compiling num-traits v0.2.17
[INFO] [stderr]    Compiling aho-corasick v1.1.2
[INFO] [stderr]    Compiling heck v0.4.1
[INFO] [stderr]    Compiling same-file v1.0.6
[INFO] [stderr]    Compiling quick-error v1.2.3
[INFO] [stderr]    Compiling iana-time-zone v0.1.58
[INFO] [stderr]    Compiling async-trait v0.1.74
[INFO] [stderr]    Compiling home v0.5.5
[INFO] [stderr]    Compiling walkdir v2.4.0
[INFO] [stderr]    Compiling idna v0.4.0
[INFO] [stderr]    Compiling tracing v0.1.40
[INFO] [stderr]    Compiling flate2 v1.0.28
[INFO] [stderr]    Compiling quote v1.0.33
[INFO] [stderr]    Compiling cc v1.0.84
[INFO] [stderr]    Compiling num_cpus v1.16.0
[INFO] [stderr]    Compiling socket2 v0.5.5
[INFO] [stderr]    Compiling syn v2.0.39
[INFO] [stderr]    Compiling signal-hook-registry v1.4.1
[INFO] [stderr]    Compiling mio v0.8.9
[INFO] [stderr]    Compiling socket2 v0.4.10
[INFO] [stderr]    Compiling syn v1.0.109
[INFO] [stderr]    Compiling parking_lot v0.12.1
[INFO] [stderr]    Compiling regex-automata v0.4.3
[INFO] [stderr]    Compiling openssl-sys v0.9.95
[INFO] [stderr]    Compiling ring v0.16.20
[INFO] [stderr]    Compiling native-tls v0.2.11
[INFO] [stderr]    Compiling regex v1.10.2
[INFO] [stderr]    Compiling Inflector v0.11.4
[INFO] [stderr]    Compiling strum_macros v0.24.3
[INFO] [stderr]    Compiling serde_derive v1.0.192
[INFO] [stderr]    Compiling tokio-macros v2.2.0
[INFO] [stderr]    Compiling futures-macro v0.3.29
[INFO] [stderr]    Compiling thiserror-impl v1.0.50
[INFO] [stderr]    Compiling openssl-macros v0.1.1
[INFO] [stderr]    Compiling remain v0.2.11
[INFO] [stderr]    Compiling async-stream-impl v0.3.5
[INFO] [stderr]    Compiling async-stream v0.3.5
[INFO] [stderr]    Compiling strum v0.24.1
[INFO] [stderr]    Compiling pest v2.7.5
[INFO] [stderr]    Compiling pest_meta v2.7.5
[INFO] [stderr]    Compiling pest_generator v2.7.5
[INFO] [stderr]    Compiling pest_derive v2.7.5
[INFO] [stderr]    Compiling futures-executor v0.3.29
[INFO] [stderr]    Compiling futures v0.3.29
[INFO] [stderr]    Compiling bytes v1.5.0
[INFO] [stderr]    Compiling url v2.4.1
[INFO] [stderr]    Compiling hashbrown v0.5.0
[INFO] [stderr]    Compiling serde_urlencoded v0.7.1
[INFO] [stderr]    Compiling chrono v0.4.31
[INFO] [stderr]    Compiling webbrowser v0.8.12
[INFO] [stderr]    Compiling tokio v1.34.0
[INFO] [stderr]    Compiling http v0.2.11
[INFO] [stderr]    Compiling handlebars v2.0.4
[INFO] [stderr]    Compiling graph-core v0.4.1
[INFO] [stderr]    Compiling http-body v0.4.5
[INFO] [stderr]    Compiling http-serde v1.1.3
[INFO] [stderr]    Compiling serde-aux v4.2.0
[INFO] [stderr]    Compiling chrono-humanize v0.2.3
[INFO] [stderr]    Compiling tokio-util v0.7.10
[INFO] [stderr]    Compiling tokio-native-tls v0.3.1
[INFO] [stderr]    Compiling async-compression v0.4.4
[INFO] [stderr]    Compiling h2 v0.3.21
[INFO] [stderr]    Compiling hyper v0.14.27
[INFO] [stderr]    Compiling hyper-tls v0.5.0
[INFO] [stderr]    Compiling reqwest v0.11.22
[INFO] [stderr]    Compiling graph-error v0.2.2
[INFO] [stderr]    Compiling graph-http v1.1.1
[INFO] [stderr]    Compiling graph-oauth v1.0.2
[INFO] [stderr]    Compiling graph-rs-sdk v1.1.2 (/opt/rustwide/workdir)
[INFO] [stdout] warning: unused import: `manual_request::*`
[INFO] [stdout]  --> src/reports/mod.rs:4:9
[INFO] [stdout]   |
[INFO] [stdout] 4 | pub use manual_request::*;
[INFO] [stdout]   |         ^^^^^^^^^^^^^^^^^
[INFO] [stdout]   |
[INFO] [stdout]   = note: `#[warn(unused_imports)]` on by default
[INFO] [stdout] 
[INFO] [stdout] 
[INFO] [stdout] warning: unused import: `crate::client::Graph`
[INFO] [stdout]    --> src/lib.rs:348:13
[INFO] [stdout]     |
[INFO] [stdout] 348 |     pub use crate::client::Graph;
[INFO] [stdout]     |             ^^^^^^^^^^^^^^^^^^^^
[INFO] [stdout] 
[INFO] [stdout] 
[INFO] [stdout] warning: 2 warnings emitted
[INFO] [stdout] 
[INFO] [stdout] 
[INFO] [stderr]     Finished dev [unoptimized + debuginfo] target(s) in 51.38s
[INFO] running `Command { std: "docker" "inspect" "c53b03c37b12205a209f2d991df33516b691c92a5e2fef4eb3ed0f5d30166c7d", kill_on_drop: false }`
[INFO] running `Command { std: "docker" "rm" "-f" "c53b03c37b12205a209f2d991df33516b691c92a5e2fef4eb3ed0f5d30166c7d", kill_on_drop: false }`
[INFO] [stdout] c53b03c37b12205a209f2d991df33516b691c92a5e2fef4eb3ed0f5d30166c7d
[INFO] running `Command { std: "docker" "create" "-v" "/var/lib/crater-agent-workspace/builds/worker-4-tc1/target:/opt/rustwide/target:rw,Z" "-v" "/var/lib/crater-agent-workspace/builds/worker-4-tc1/source:/opt/rustwide/workdir:ro,Z" "-v" "/var/lib/crater-agent-workspace/cargo-home:/opt/rustwide/cargo-home:ro,Z" "-v" "/var/lib/crater-agent-workspace/rustup-home:/opt/rustwide/rustup-home:ro,Z" "-e" "SOURCE_DIR=/opt/rustwide/workdir" "-e" "CARGO_TARGET_DIR=/opt/rustwide/target" "-e" "CARGO_INCREMENTAL=0" "-e" "RUST_BACKTRACE=full" "-e" "RUSTFLAGS=--cap-lints=warn" "-e" "RUSTDOCFLAGS=--cap-lints=warn" "-e" "CARGO_HOME=/opt/rustwide/cargo-home" "-e" "RUSTUP_HOME=/opt/rustwide/rustup-home" "-w" "/opt/rustwide/workdir" "-m" "1610612736" "--user" "0:0" "--network" "none" "ghcr.io/rust-lang/crates-build-env/linux@sha256:2788e3201cd34a07e3172128adcd8b3090168a8e3bcc40d7c032b9dda1df7d1c" "/opt/rustwide/cargo-home/bin/cargo" "+1.75.0" "test" "--frozen" "--no-run" "--message-format=json", kill_on_drop: false }`
[INFO] [stdout] ca43a44167372df53974b99151b73605d9058f48a84ac4b3d7aacc2b35138ae8
[INFO] running `Command { std: "docker" "start" "-a" "ca43a44167372df53974b99151b73605d9058f48a84ac4b3d7aacc2b35138ae8", kill_on_drop: false }`
[INFO] [stderr]    Compiling tracing v0.1.40
[INFO] [stderr]    Compiling generic-array v0.14.7
[INFO] [stderr]    Compiling getrandom v0.2.11
[INFO] [stderr]    Compiling unicase v2.7.0
[INFO] [stderr]    Compiling cpufeatures v0.2.11
[INFO] [stderr]    Compiling multer v2.1.0
[INFO] [stderr]    Compiling utf-8 v0.7.6
[INFO] [stderr]    Compiling data-encoding v2.4.0
[INFO] [stderr]    Compiling byteorder v1.5.0
[INFO] [stderr]    Compiling headers-core v0.2.0
[INFO] [stderr]    Compiling pin-project-internal v1.1.3
[INFO] [stderr]    Compiling spin v0.9.8
[INFO] [stderr]    Compiling tokio-stream v0.1.14
[INFO] [stderr]    Compiling rustls-pemfile v1.0.4
[INFO] [stderr]    Compiling rand_core v0.6.4
[INFO] [stderr]    Compiling tokio-util v0.7.10
[INFO] [stderr]    Compiling rand_chacha v0.3.1
[INFO] [stderr]    Compiling rand v0.8.5
[INFO] [stderr]    Compiling mime_guess v2.0.4
[INFO] [stderr]    Compiling h2 v0.3.21
[INFO] [stderr]    Compiling block-buffer v0.10.4
[INFO] [stderr]    Compiling crypto-common v0.1.6
[INFO] [stderr]    Compiling digest v0.10.7
[INFO] [stderr]    Compiling sha1 v0.10.6
[INFO] [stderr]    Compiling tungstenite v0.20.1
[INFO] [stderr]    Compiling headers v0.3.9
[INFO] [stderr]    Compiling pin-project v1.1.3
[INFO] [stderr]    Compiling tokio-tungstenite v0.20.1
[INFO] [stderr]    Compiling hyper v0.14.27
[INFO] [stderr]    Compiling hyper-tls v0.5.0
[INFO] [stderr]    Compiling warp v0.3.6
[INFO] [stderr]    Compiling reqwest v0.11.22
[INFO] [stderr]    Compiling graph-error v0.2.2
[INFO] [stderr]    Compiling graph-http v1.1.1
[INFO] [stderr]    Compiling graph-oauth v1.0.2
[INFO] [stderr]    Compiling graph-rs-sdk v1.1.2 (/opt/rustwide/workdir)
[INFO] [stdout] warning: unused import: `manual_request::*`
[INFO] [stdout]  --> src/reports/mod.rs:4:9
[INFO] [stdout]   |
[INFO] [stdout] 4 | pub use manual_request::*;
[INFO] [stdout]   |         ^^^^^^^^^^^^^^^^^
[INFO] [stdout]   |
[INFO] [stdout]   = note: `#[warn(unused_imports)]` on by default
[INFO] [stdout] 
[INFO] [stdout] 
[INFO] [stdout] warning: unused import: `crate::client::Graph`
[INFO] [stdout]    --> src/lib.rs:348:13
[INFO] [stdout]     |
[INFO] [stdout] 348 |     pub use crate::client::Graph;
[INFO] [stdout]     |             ^^^^^^^^^^^^^^^^^^^^
[INFO] [stdout] 
[INFO] [stdout] 
[INFO] [stdout] warning: unused import: `manual_request::*`
[INFO] [stdout]  --> src/reports/mod.rs:4:9
[INFO] [stdout]   |
[INFO] [stdout] 4 | pub use manual_request::*;
[INFO] [stdout]   |         ^^^^^^^^^^^^^^^^^
[INFO] [stdout]   |
[INFO] [stdout]   = note: `#[warn(unused_imports)]` on by default
[INFO] [stdout] 
[INFO] [stdout] 
[INFO] [stdout] warning: unused import: `crate::client::Graph`
[INFO] [stdout]    --> src/lib.rs:348:13
[INFO] [stdout]     |
[INFO] [stdout] 348 |     pub use crate::client::Graph;
[INFO] [stdout]     |             ^^^^^^^^^^^^^^^^^^^^
[INFO] [stdout] 
[INFO] [stdout] 
[INFO] [stdout] warning: 2 warnings emitted
[INFO] [stdout] 
[INFO] [stdout] 
[INFO] [stdout] warning: 2 warnings emitted
[INFO] [stdout] 
[INFO] [stdout] 
[INFO] [stderr]     Finished test [unoptimized + debuginfo] target(s) in 22.26s
[INFO] running `Command { std: "docker" "inspect" "ca43a44167372df53974b99151b73605d9058f48a84ac4b3d7aacc2b35138ae8", kill_on_drop: false }`
[INFO] running `Command { std: "docker" "rm" "-f" "ca43a44167372df53974b99151b73605d9058f48a84ac4b3d7aacc2b35138ae8", kill_on_drop: false }`
[INFO] [stdout] ca43a44167372df53974b99151b73605d9058f48a84ac4b3d7aacc2b35138ae8
[INFO] running `Command { std: "docker" "create" "-v" "/var/lib/crater-agent-workspace/builds/worker-4-tc1/target:/opt/rustwide/target:rw,Z" "-v" "/var/lib/crater-agent-workspace/builds/worker-4-tc1/source:/opt/rustwide/workdir:ro,Z" "-v" "/var/lib/crater-agent-workspace/cargo-home:/opt/rustwide/cargo-home:ro,Z" "-v" "/var/lib/crater-agent-workspace/rustup-home:/opt/rustwide/rustup-home:ro,Z" "-e" "SOURCE_DIR=/opt/rustwide/workdir" "-e" "CARGO_TARGET_DIR=/opt/rustwide/target" "-e" "CARGO_INCREMENTAL=0" "-e" "RUST_BACKTRACE=full" "-e" "RUSTFLAGS=--cap-lints=warn" "-e" "RUSTDOCFLAGS=--cap-lints=warn" "-e" "CARGO_HOME=/opt/rustwide/cargo-home" "-e" "RUSTUP_HOME=/opt/rustwide/rustup-home" "-w" "/opt/rustwide/workdir" "-m" "1610612736" "--user" "0:0" "--network" "none" "ghcr.io/rust-lang/crates-build-env/linux@sha256:2788e3201cd34a07e3172128adcd8b3090168a8e3bcc40d7c032b9dda1df7d1c" "/opt/rustwide/cargo-home/bin/cargo" "+1.75.0" "test" "--frozen", kill_on_drop: false }`
[INFO] [stdout] c7f6fab976d9c27e2babba605799d3f02e21f50c367fd3fc59af95cafc4e4dd6
[INFO] running `Command { std: "docker" "start" "-a" "c7f6fab976d9c27e2babba605799d3f02e21f50c367fd3fc59af95cafc4e4dd6", kill_on_drop: false }`
[INFO] [stderr] warning: unused import: `manual_request::*`
[INFO] [stderr]  --> src/reports/mod.rs:4:9
[INFO] [stderr]   |
[INFO] [stderr] 4 | pub use manual_request::*;
[INFO] [stderr]   |         ^^^^^^^^^^^^^^^^^
[INFO] [stderr]   |
[INFO] [stderr]   = note: `#[warn(unused_imports)]` on by default
[INFO] [stderr] 
[INFO] [stderr] warning: unused import: `crate::client::Graph`
[INFO] [stderr]    --> src/lib.rs:348:13
[INFO] [stderr]     |
[INFO] [stderr] 348 |     pub use crate::client::Graph;
[INFO] [stderr]     |             ^^^^^^^^^^^^^^^^^^^^
[INFO] [stderr] 
[INFO] [stderr] warning: `graph-rs-sdk` (lib) generated 2 warnings (run `cargo fix --lib -p graph-rs-sdk` to apply 2 suggestions)
[INFO] [stderr] warning: `graph-rs-sdk` (lib test) generated 2 warnings (2 duplicates)
[INFO] [stderr]     Finished test [unoptimized + debuginfo] target(s) in 0.13s
[INFO] [stderr]      Running unittests src/lib.rs (/opt/rustwide/target/debug/deps/graph_rs_sdk-a17fc3f7b5561441)
[INFO] [stdout] 
[INFO] [stdout] running 2 tests
[INFO] [stdout] test client::common::resource_provisioner::tests::resource_provisioner_graph_url ... ok
[INFO] [stdout] test client::common::resource_provisioner::tests::resource_provisioner_custom_endpoint ... ok
[INFO] [stdout] 
[INFO] [stdout] test result: ok. 2 passed; 0 failed; 0 ignored; 0 measured; 0 filtered out; finished in 0.00s
[INFO] [stdout] 
[INFO] [stderr]    Doc-tests graph-rs-sdk
[INFO] [stdout] 
[INFO] [stdout] running 15 tests
[INFO] [stdout] test src/client/graph.rs - client::graph::Graph::beta (line 134) ... ignored
[INFO] [stdout] test src/client/graph.rs - client::graph::Graph::custom_endpoint (line 177) ... ignored
[INFO] [stdout] test src/client/graph.rs - client::graph::Graph::v1 (line 96) ... ignored
[INFO] [stdout] test src/lib.rs - (line 104) ... ignored
[INFO] [stdout] test src/lib.rs - (line 127) ... ignored
[INFO] [stdout] test src/lib.rs - (line 202) ... ignored
[INFO] [stdout] test src/lib.rs - (line 211) ... ignored
[INFO] [stdout] test src/lib.rs - (line 218) ... ignored
[INFO] [stdout] test src/lib.rs - (line 28) ... ignored
[INFO] [stdout] test src/lib.rs - (line 52) ... ignored
[INFO] [stdout] test src/lib.rs - (line 81) ... ignored
[INFO] [stdout] test src/client/graph.rs - client::graph::Graph::use_v1 (line 118) ... FAILED
[INFO] [stdout] test src/lib.rs - (line 181) ... ok
[INFO] [stdout] test src/client/graph.rs - client::graph::Graph::use_endpoint (line 197) ... ok
[INFO] [stdout] test src/client/graph.rs - client::graph::Graph::use_beta (line 156) ... ok
[INFO] [stdout] 
[INFO] [stdout] failures:
[INFO] [stdout] 
[INFO] [stdout] ---- src/client/graph.rs - client::graph::Graph::use_v1 (line 118) stdout ----
[INFO] [stdout] error: linking with `cc` failed: exit status: 1
[INFO] [stdout]   |
[INFO] [stdout]   = note: LC_ALL="C" PATH="/opt/rustwide/rustup-home/toolchains/1.75.0-x86_64-unknown-linux-gnu/lib/rustlib/x86_64-unknown-linux-gnu/bin:/opt/rustwide/cargo-home/bin:/usr/local/sbin:/usr/local/bin:/usr/sbin:/usr/bin:/sbin:/bin" VSLANG="1033" "cc" "-m64" "/tmp/rustcjagtbc/symbols.o" "/tmp/rustdoctestlrGnlb/rust_out.rust_out.263fb70ac1c95110-cgu.0.rcgu.o" "/tmp/rustdoctestlrGnlb/rust_out.2uel00cfmdh5ufit.rcgu.o" "-Wl,--as-needed" "-L" "/opt/rustwide/target/debug/deps" "-L" "/opt/rustwide/target/debug/deps" "-L" "/opt/rustwide/target/debug/build/ring-94059ea2d3441449/out" "-L" "/opt/rustwide/rustup-home/toolchains/1.75.0-x86_64-unknown-linux-gnu/lib/rustlib/x86_64-unknown-linux-gnu/lib" "-Wl,-Bstatic" "/opt/rustwide/target/debug/deps/libgraph_rs_sdk-5e816cbde68ed84a.rlib" "/opt/rustwide/target/debug/deps/libgraph_oauth-b8d1717db39fb296.rlib" "/opt/rustwide/target/debug/deps/libwebbrowser-78d047be296c4361.rlib" "/opt/rustwide/target/debug/deps/libhome-dbb15dd2a55a077b.rlib" "/opt/rustwide/target/debug/deps/libserde_aux-e11372d3ec4e37c7.rlib" "/opt/rustwide/target/debug/deps/libchrono_humanize-bd8cb83d74402992.rlib" "/opt/rustwide/target/debug/deps/libchrono-d666efe583b7a65a.rlib" "/opt/rustwide/target/debug/deps/libnum_traits-fbf3e4065138c85e.rlib" "/opt/rustwide/target/debug/deps/libiana_time_zone-a8226bfa732531ed.rlib" "/opt/rustwide/target/debug/deps/libgraph_http-9c3d6a82a25be011.rlib" "/opt/rustwide/target/debug/deps/libfutures-a80418a394693965.rlib" "/opt/rustwide/target/debug/deps/libfutures_executor-77f1cab6bf9c301d.rlib" "/opt/rustwide/target/debug/deps/libasync_stream-dc9d50c6a6606154.rlib" "/opt/rustwide/target/debug/deps/libgraph_error-7fe501c411faf2f3.rlib" "/opt/rustwide/target/debug/deps/libring-f31b7f0d8b16d7b7.rlib" "/opt/rustwide/target/debug/deps/libspin-c4098cd951aef6c9.rlib" "/opt/rustwide/target/debug/deps/libuntrusted-5ec0aa78ed8cda5c.rlib" "/opt/rustwide/target/debug/deps/libhandlebars-b00f7ca553ef3c64.rlib" "/opt/rustwide/target/debug/deps/libhashbrown-a1df4acc726b4405.rlib" "/opt/rustwide/target/debug/deps/libwalkdir-855d0afe3de90c17.rlib" "/opt/rustwide/target/debug/deps/libsame_file-06a4c01142053b65.rlib" "/opt/rustwide/target/debug/deps/libquick_error-e0931f21b2f0d487.rlib" "/opt/rustwide/target/debug/deps/libpest-26e8e19696a2fb63.rlib" "/opt/rustwide/target/debug/deps/libucd_trie-6132939a2ce7db4c.rlib" "/opt/rustwide/target/debug/deps/libthiserror-17943e5c61fb7acb.rlib" "/opt/rustwide/target/debug/deps/libreqwest-ac5169650b4ced6f.rlib" "/opt/rustwide/target/debug/deps/libhyper_tls-2ef6d6038c65a45c.rlib" "/opt/rustwide/target/debug/deps/libbase64-c757f6e1d18850a5.rlib" "/opt/rustwide/target/debug/deps/libipnet-31f1670f407a9398.rlib" "/opt/rustwide/target/debug/deps/libtokio_native_tls-60e52863b8be4f3b.rlib" "/opt/rustwide/target/debug/deps/libserde_urlencoded-ffb60a54f211c131.rlib" "/opt/rustwide/target/debug/deps/libmime-7e306270d8ceb372.rlib" "/opt/rustwide/target/debug/deps/libencoding_rs-000c97fafd38c2ed.rlib" "/opt/rustwide/target/debug/deps/libserde_json-525e100a085012bd.rlib" "/opt/rustwide/target/debug/deps/libryu-f8e8abf733224b36.rlib" "/opt/rustwide/target/debug/deps/libasync_compression-fd8c3e1e31a7030d.rlib" "/opt/rustwide/target/debug/deps/libflate2-1347a47922d98cc4.rlib" "/opt/rustwide/target/debug/deps/libminiz_oxide-f272f5814aa49507.rlib" "/opt/rustwide/target/debug/deps/libadler-c8f2240c56a0abca.rlib" "/opt/rustwide/target/debug/deps/libcrc32fast-664446237529ebff.rlib" "/opt/rustwide/target/debug/deps/libnative_tls-ae0225403210509a.rlib" "/opt/rustwide/target/debug/deps/libopenssl_probe-d850575132083d7c.rlib" "/opt/rustwide/target/debug/deps/libopenssl-e4f6d0420c67f7b3.rlib" "/opt/rustwide/target/debug/deps/libbitflags-0065cf305c229aa5.rlib" "/opt/rustwide/target/debug/deps/libforeign_types-c05743815e5b8a9d.rlib" "/opt/rustwide/target/debug/deps/libforeign_types_shared-d149f5491fde2862.rlib" "/opt/rustwide/target/debug/deps/libopenssl_sys-aa4923b7b2107264.rlib" "/opt/rustwide/target/debug/deps/libhyper-0e84afcd8ce478c2.rlib" "/opt/rustwide/target/debug/deps/libwant-0e59d2771cba3a35.rlib" "/opt/rustwide/target/debug/deps/libtry_lock-51271589248cd7d9.rlib" "/opt/rustwide/target/debug/deps/libsocket2-f2b88ec994c5f528.rlib" "/opt/rustwide/target/debug/deps/libhttparse-64f1ffbeda450424.rlib" "/opt/rustwide/target/debug/deps/libh2-4ac1d0867cde7c9f.rlib" "/opt/rustwide/target/debug/deps/libindexmap-93f72862478380d0.rlib" "/opt/rustwide/target/debug/deps/libhashbrown-567986452cb9bc94.rlib" "/opt/rustwide/target/debug/deps/libtower_service-104d6e83d5ce383d.rlib" "/opt/rustwide/target/debug/deps/libhttpdate-60c45fdec07c28d7.rlib" "/opt/rustwide/target/debug/deps/libtokio_util-dd620f8d54b511ef.rlib" "/opt/rustwide/target/debug/deps/libtracing-b9b9957e3db796c9.rlib" "/opt/rustwide/target/debug/deps/libtracing_core-4ad00ebcda7f03a2.rlib" "/opt/rustwide/target/debug/deps/libonce_cell-865e1c5018a0303a.rlib" "/opt/rustwide/target/debug/deps/libtokio-c341a985ca383f77.rlib" "/opt/rustwide/target/debug/deps/libsignal_hook_registry-04af8ddf59e64b1b.rlib" "/opt/rustwide/target/debug/deps/libnum_cpus-2148e9f03304bebc.rlib" "/opt/rustwide/target/debug/deps/libsocket2-b470de2714f3a9fe.rlib" "/opt/rustwide/target/debug/deps/libmio-41a6d46e981e0b00.rlib" "/opt/rustwide/target/debug/deps/libparking_lot-4428e085fa59df26.rlib" "/opt/rustwide/target/debug/deps/libparking_lot_core-ab34f3e710f3178d.rlib" "/opt/rustwide/target/debug/deps/liblibc-a9a2a17e1d19328b.rlib" "/opt/rustwide/target/debug/deps/libcfg_if-61dc7a6799e72b18.rlib" "/opt/rustwide/target/debug/deps/libsmallvec-19f6a51af3f3c214.rlib" "/opt/rustwide/target/debug/deps/liblock_api-2e3cdc36e2d071f0.rlib" "/opt/rustwide/target/debug/deps/libscopeguard-012e5ed929fc2fe6.rlib" "/opt/rustwide/target/debug/deps/libhttp_body-21e9a0163ccc23b0.rlib" "/opt/rustwide/target/debug/deps/liblog-4f472032e8cdd371.rlib" "/opt/rustwide/target/debug/deps/libfutures_util-4fd3dd590a519985.rlib" "/opt/rustwide/target/debug/deps/libfutures_io-f78ef9dc246c63e2.rlib" "/opt/rustwide/target/debug/deps/libslab-6eb39baadbe9101c.rlib" "/opt/rustwide/target/debug/deps/libfutures_channel-d0ca9427ebdb155b.rlib" "/opt/rustwide/target/debug/deps/libpin_project_lite-e0757e0deaa2f8a0.rlib" "/opt/rustwide/target/debug/deps/libfutures_sink-ca415c0607e47a6c.rlib" "/opt/rustwide/target/debug/deps/libfutures_task-b197dd02e3eb7463.rlib" "/opt/rustwide/target/debug/deps/libpin_utils-741f7d9d160e4a16.rlib" "/opt/rustwide/target/debug/deps/libfutures_core-17b45303463871aa.rlib" "/opt/rustwide/target/debug/deps/liburl-a5e4318239951e30.rlib" "/opt/rustwide/target/debug/deps/libidna-35e3e2f202e10859.rlib" "/opt/rustwide/target/debug/deps/libunicode_normalization-e04a0b39935fba30.rlib" "/opt/rustwide/target/debug/deps/libtinyvec-cf6c9f6b792a5507.rlib" "/opt/rustwide/target/debug/deps/libtinyvec_macros-b1cb7f53f58c9f87.rlib" "/opt/rustwide/target/debug/deps/libunicode_bidi-020370784786e57d.rlib" "/opt/rustwide/target/debug/deps/libform_urlencoded-a39e5ffbd9c88c0c.rlib" "/opt/rustwide/target/debug/deps/libpercent_encoding-5d42724fd4d173a7.rlib" "/opt/rustwide/target/debug/deps/libhttp-868ea3788ecb7e0e.rlib" "/opt/rustwide/target/debug/deps/libitoa-05fb7c91ffbc0a79.rlib" "/opt/rustwide/target/debug/deps/libbytes-c9807b4b988b8a1e.rlib" "/opt/rustwide/target/debug/deps/libfnv-18bf5144d055e772.rlib" "/opt/rustwide/target/debug/deps/libgraph_core-85a0ee5b89161566.rlib" "/opt/rustwide/target/debug/deps/libinflector-811e9a4662d96ae8.rlib" "/opt/rustwide/target/debug/deps/liblazy_static-591486ebcb9a7ead.rlib" "/opt/rustwide/target/debug/deps/libregex-43bdbc33a6384815.rlib" "/opt/rustwide/target/debug/deps/libregex_automata-35f9be2f753ec7d5.rlib" "/opt/rustwide/target/debug/deps/libaho_corasick-1143312c78fc67c2.rlib" "/opt/rustwide/target/debug/deps/libmemchr-8adfc22b612d6f7a.rlib" "/opt/rustwide/target/debug/deps/libregex_syntax-e4dd3c3a3cb10e1d.rlib" "/opt/rustwide/target/debug/deps/libserde-86287d91db850dcd.rlib" "/opt/rustwide/target/debug/deps/libstrum-c951bc7ae4b56929.rlib" "/opt/rustwide/rustup-home/toolchains/1.75.0-x86_64-unknown-linux-gnu/lib/rustlib/x86_64-unknown-linux-gnu/lib/libstd-90f6ddbf82de36ec.rlib" "/opt/rustwide/rustup-home/toolchains/1.75.0-x86_64-unknown-linux-gnu/lib/rustlib/x86_64-unknown-linux-gnu/lib/libpanic_unwind-480c41e9d4e1f677.rlib" "/opt/rustwide/rustup-home/toolchains/1.75.0-x86_64-unknown-linux-gnu/lib/rustlib/x86_64-unknown-linux-gnu/lib/libobject-db744c0ca03eed1d.rlib" "/opt/rustwide/rustup-home/toolchains/1.75.0-x86_64-unknown-linux-gnu/lib/rustlib/x86_64-unknown-linux-gnu/lib/libmemchr-8ba652dc7d4b285a.rlib" "/opt/rustwide/rustup-home/toolchains/1.75.0-x86_64-unknown-linux-gnu/lib/rustlib/x86_64-unknown-linux-gnu/lib/libaddr2line-d5f4520a9ebc0d58.rlib" "/opt/rustwide/rustup-home/toolchains/1.75.0-x86_64-unknown-linux-gnu/lib/rustlib/x86_64-unknown-linux-gnu/lib/libgimli-4ad84de58f0cb463.rlib" "/opt/rustwide/rustup-home/toolchains/1.75.0-x86_64-unknown-linux-gnu/lib/rustlib/x86_64-unknown-linux-gnu/lib/librustc_demangle-0d10aae2e0f38735.rlib" "/opt/rustwide/rustup-home/toolchains/1.75.0-x86_64-unknown-linux-gnu/lib/rustlib/x86_64-unknown-linux-gnu/lib/libstd_detect-0c17cff739e6745b.rlib" "/opt/rustwide/rustup-home/toolchains/1.75.0-x86_64-unknown-linux-gnu/lib/rustlib/x86_64-unknown-linux-gnu/lib/libhashbrown-b29e17139dde1aa8.rlib" "/opt/rustwide/rustup-home/toolchains/1.75.0-x86_64-unknown-linux-gnu/lib/rustlib/x86_64-unknown-linux-gnu/lib/librustc_std_workspace_alloc-1f975299829cc7bd.rlib" "/opt/rustwide/rustup-home/toolchains/1.75.0-x86_64-unknown-linux-gnu/lib/rustlib/x86_64-unknown-linux-gnu/lib/libminiz_oxide-86bae3bc3079f89b.rlib" "/opt/rustwide/rustup-home/toolchains/1.75.0-x86_64-unknown-linux-gnu/lib/rustlib/x86_64-unknown-linux-gnu/lib/libadler-321b82c30dffdf5f.rlib" "/opt/rustwide/rustup-home/toolchains/1.75.0-x86_64-unknown-linux-gnu/lib/rustlib/x86_64-unknown-linux-gnu/lib/libunwind-3dd8a6810a0bdfef.rlib" "/opt/rustwide/rustup-home/toolchains/1.75.0-x86_64-unknown-linux-gnu/lib/rustlib/x86_64-unknown-linux-gnu/lib/libcfg_if-eb39a61c0c879984.rlib" "/opt/rustwide/rustup-home/toolchains/1.75.0-x86_64-unknown-linux-gnu/lib/rustlib/x86_64-unknown-linux-gnu/lib/liblibc-aa769569f91c3548.rlib" "/opt/rustwide/rustup-home/toolchains/1.75.0-x86_64-unknown-linux-gnu/lib/rustlib/x86_64-unknown-linux-gnu/lib/liballoc-510a192a50a983ed.rlib" "/opt/rustwide/rustup-home/toolchains/1.75.0-x86_64-unknown-linux-gnu/lib/rustlib/x86_64-unknown-linux-gnu/lib/librustc_std_workspace_core-0577018320f99037.rlib" "/opt/rustwide/rustup-home/toolchains/1.75.0-x86_64-unknown-linux-gnu/lib/rustlib/x86_64-unknown-linux-gnu/lib/libcore-193cf992125ccd4c.rlib" "/opt/rustwide/rustup-home/toolchains/1.75.0-x86_64-unknown-linux-gnu/lib/rustlib/x86_64-unknown-linux-gnu/lib/libcompiler_builtins-8e138eaf26ebb4a8.rlib" "-Wl,-Bdynamic" "-lssl" "-lcrypto" "-lgcc_s" "-lutil" "-lrt" "-lpthread" "-lm" "-ldl" "-lc" "-Wl,--eh-frame-hdr" "-Wl,-z,noexecstack" "-L" "/opt/rustwide/rustup-home/toolchains/1.75.0-x86_64-unknown-linux-gnu/lib/rustlib/x86_64-unknown-linux-gnu/lib" "-o" "/tmp/rustdoctestlrGnlb/rust_out" "-Wl,--gc-sections" "-pie" "-Wl,-z,relro,-z,now" "-nodefaultlibs"
[INFO] [stdout]   = note: collect2: fatal error: ld terminated with signal 9 [Killed]
[INFO] [stdout]           compilation terminated.
[INFO] [stdout]           
[INFO] [stdout] 
[INFO] [stdout] error: aborting due to previous error
[INFO] [stdout] 
[INFO] [stdout] Couldn't compile the test.
[INFO] [stdout] 
[INFO] [stdout] failures:
[INFO] [stdout]     src/client/graph.rs - client::graph::Graph::use_v1 (line 118)
[INFO] [stdout] 
[INFO] [stdout] test result: FAILED. 3 passed; 1 failed; 11 ignored; 0 measured; 0 filtered out; finished in 4.02s
[INFO] [stdout] 
[INFO] [stderr] error: doctest failed, to rerun pass `--doc`
[INFO] running `Command { std: "docker" "inspect" "c7f6fab976d9c27e2babba605799d3f02e21f50c367fd3fc59af95cafc4e4dd6", kill_on_drop: false }`
[INFO] running `Command { std: "docker" "rm" "-f" "c7f6fab976d9c27e2babba605799d3f02e21f50c367fd3fc59af95cafc4e4dd6", kill_on_drop: false }`
[INFO] [stdout] c7f6fab976d9c27e2babba605799d3f02e21f50c367fd3fc59af95cafc4e4dd6
[INFO] testing graph-rs-sdk-1.1.2 against beta-2023-12-22 for beta-1.76-1
[INFO] extracting crate graph-rs-sdk 1.1.2 into /workspace/builds/worker-4-tc2/source
[INFO] validating manifest of crates.io crate graph-rs-sdk 1.1.2 on toolchain beta-2023-12-22
[INFO] running `Command { std: CARGO_HOME="/workspace/cargo-home" RUSTUP_HOME="/workspace/rustup-home" "/workspace/cargo-home/bin/cargo" "+beta-2023-12-22" "metadata" "--manifest-path" "Cargo.toml" "--no-deps", kill_on_drop: false }`
[INFO] started tweaking crates.io crate graph-rs-sdk 1.1.2
[INFO] finished tweaking crates.io crate graph-rs-sdk 1.1.2
[INFO] tweaked toml for crates.io crate graph-rs-sdk 1.1.2 written to /workspace/builds/worker-4-tc2/source/Cargo.toml
[INFO] crate crates.io crate graph-rs-sdk 1.1.2 already has a lockfile, it will not be regenerated
[INFO] running `Command { std: CARGO_HOME="/workspace/cargo-home" RUSTUP_HOME="/workspace/rustup-home" "/workspace/cargo-home/bin/cargo" "+beta-2023-12-22" "fetch" "--manifest-path" "Cargo.toml", kill_on_drop: false }`
[INFO] running `Command { std: "docker" "create" "-v" "/var/lib/crater-agent-workspace/builds/worker-4-tc2/target:/opt/rustwide/target:rw,Z" "-v" "/var/lib/crater-agent-workspace/builds/worker-4-tc2/source:/opt/rustwide/workdir:ro,Z" "-v" "/var/lib/crater-agent-workspace/cargo-home:/opt/rustwide/cargo-home:ro,Z" "-v" "/var/lib/crater-agent-workspace/rustup-home:/opt/rustwide/rustup-home:ro,Z" "-e" "SOURCE_DIR=/opt/rustwide/workdir" "-e" "CARGO_TARGET_DIR=/opt/rustwide/target" "-e" "CARGO_HOME=/opt/rustwide/cargo-home" "-e" "RUSTUP_HOME=/opt/rustwide/rustup-home" "-w" "/opt/rustwide/workdir" "-m" "1610612736" "--user" "0:0" "--network" "none" "ghcr.io/rust-lang/crates-build-env/linux@sha256:2788e3201cd34a07e3172128adcd8b3090168a8e3bcc40d7c032b9dda1df7d1c" "/opt/rustwide/cargo-home/bin/cargo" "+beta-2023-12-22" "metadata" "--no-deps" "--format-version=1", kill_on_drop: false }`
[INFO] [stdout] c6f278b68cb5a4024c290a27cccdc55c36a21fea6c1b1e3f40a72ad5e464387a
[INFO] running `Command { std: "docker" "start" "-a" "c6f278b68cb5a4024c290a27cccdc55c36a21fea6c1b1e3f40a72ad5e464387a", kill_on_drop: false }`
[INFO] running `Command { std: "docker" "inspect" "c6f278b68cb5a4024c290a27cccdc55c36a21fea6c1b1e3f40a72ad5e464387a", kill_on_drop: false }`
[INFO] running `Command { std: "docker" "rm" "-f" "c6f278b68cb5a4024c290a27cccdc55c36a21fea6c1b1e3f40a72ad5e464387a", kill_on_drop: false }`
[INFO] [stdout] c6f278b68cb5a4024c290a27cccdc55c36a21fea6c1b1e3f40a72ad5e464387a
[INFO] running `Command { std: "docker" "create" "-v" "/var/lib/crater-agent-workspace/builds/worker-4-tc2/target:/opt/rustwide/target:rw,Z" "-v" "/var/lib/crater-agent-workspace/builds/worker-4-tc2/source:/opt/rustwide/workdir:ro,Z" "-v" "/var/lib/crater-agent-workspace/cargo-home:/opt/rustwide/cargo-home:ro,Z" "-v" "/var/lib/crater-agent-workspace/rustup-home:/opt/rustwide/rustup-home:ro,Z" "-e" "SOURCE_DIR=/opt/rustwide/workdir" "-e" "CARGO_TARGET_DIR=/opt/rustwide/target" "-e" "CARGO_INCREMENTAL=0" "-e" "RUST_BACKTRACE=full" "-e" "RUSTFLAGS=--cap-lints=warn" "-e" "RUSTDOCFLAGS=--cap-lints=warn" "-e" "CARGO_HOME=/opt/rustwide/cargo-home" "-e" "RUSTUP_HOME=/opt/rustwide/rustup-home" "-w" "/opt/rustwide/workdir" "-m" "1610612736" "--user" "0:0" "--network" "none" "ghcr.io/rust-lang/crates-build-env/linux@sha256:2788e3201cd34a07e3172128adcd8b3090168a8e3bcc40d7c032b9dda1df7d1c" "/opt/rustwide/cargo-home/bin/cargo" "+beta-2023-12-22" "build" "--frozen" "--message-format=json", kill_on_drop: false }`
[INFO] [stdout] c50d2d940795f56d53709b5cecda6b2b9786d72ebe5a6fe6e63feadb36d0fb39
[INFO] running `Command { std: "docker" "start" "-a" "c50d2d940795f56d53709b5cecda6b2b9786d72ebe5a6fe6e63feadb36d0fb39", kill_on_drop: false }`
[INFO] [stderr]    Compiling proc-macro2 v1.0.69
[INFO] [stderr]    Compiling serde v1.0.192
[INFO] [stderr]    Compiling libc v0.2.150
[INFO] [stderr]    Compiling once_cell v1.18.0
[INFO] [stderr]    Compiling futures-core v0.3.29
[INFO] [stderr]    Compiling itoa v1.0.9
[INFO] [stderr]    Compiling parking_lot_core v0.9.9
[INFO] [stderr]    Compiling futures-channel v0.3.29
[INFO] [stderr]    Compiling futures-task v0.3.29
[INFO] [stderr]    Compiling futures-sink v0.3.29
[INFO] [stderr]    Compiling futures-util v0.3.29
[INFO] [stderr]    Compiling thiserror v1.0.50
[INFO] [stderr]    Compiling futures-io v0.3.29
[INFO] [stderr]    Compiling ryu v1.0.15
[INFO] [stderr]    Compiling serde_json v1.0.108
[INFO] [stderr]    Compiling openssl v0.10.59
[INFO] [stderr]    Compiling indexmap v1.9.3
[INFO] [stderr]    Compiling ucd-trie v0.1.6
[INFO] [stderr]    Compiling tracing-core v0.1.32
[INFO] [stderr]    Compiling bitflags v2.4.1
[INFO] [stderr]    Compiling hashbrown v0.12.3
[INFO] [stderr]    Compiling percent-encoding v2.3.0
[INFO] [stderr]    Compiling crc32fast v1.3.2
[INFO] [stderr]    Compiling rustversion v1.0.14
[INFO] [stderr]    Compiling adler v1.0.2
[INFO] [stderr]    Compiling form_urlencoded v1.2.0
[INFO] [stderr]    Compiling unicode-bidi v0.3.13
[INFO] [stderr]    Compiling try-lock v0.2.4
[INFO] [stderr]    Compiling miniz_oxide v0.7.1
[INFO] [stderr]    Compiling num-traits v0.2.17
[INFO] [stderr]    Compiling want v0.3.1
[INFO] [stderr]    Compiling aho-corasick v1.1.2
[INFO] [stderr]    Compiling same-file v1.0.6
[INFO] [stderr]    Compiling heck v0.4.1
[INFO] [stderr]    Compiling quick-error v1.2.3
[INFO] [stderr]    Compiling walkdir v2.4.0
[INFO] [stderr]    Compiling iana-time-zone v0.1.58
[INFO] [stderr]    Compiling async-trait v0.1.74
[INFO] [stderr]    Compiling home v0.5.5
[INFO] [stderr]    Compiling tracing v0.1.40
[INFO] [stderr]    Compiling idna v0.4.0
[INFO] [stderr]    Compiling quote v1.0.33
[INFO] [stderr]    Compiling flate2 v1.0.28
[INFO] [stderr]    Compiling syn v2.0.39
[INFO] [stderr]    Compiling syn v1.0.109
[INFO] [stderr]    Compiling cc v1.0.84
[INFO] [stderr]    Compiling socket2 v0.5.5
[INFO] [stderr]    Compiling signal-hook-registry v1.4.1
[INFO] [stderr]    Compiling num_cpus v1.16.0
[INFO] [stderr]    Compiling mio v0.8.9
[INFO] [stderr]    Compiling socket2 v0.4.10
[INFO] [stderr]    Compiling parking_lot v0.12.1
[INFO] [stderr]    Compiling regex-automata v0.4.3
[INFO] [stderr]    Compiling openssl-sys v0.9.95
[INFO] [stderr]    Compiling ring v0.16.20
[INFO] [stderr]    Compiling native-tls v0.2.11
[INFO] [stderr]    Compiling strum_macros v0.24.3
[INFO] [stderr]    Compiling regex v1.10.2
[INFO] [stderr]    Compiling Inflector v0.11.4
[INFO] [stderr]    Compiling serde_derive v1.0.192
[INFO] [stderr]    Compiling tokio-macros v2.2.0
[INFO] [stderr]    Compiling futures-macro v0.3.29
[INFO] [stderr]    Compiling thiserror-impl v1.0.50
[INFO] [stderr]    Compiling openssl-macros v0.1.1
[INFO] [stderr]    Compiling remain v0.2.11
[INFO] [stderr]    Compiling async-stream-impl v0.3.5
[INFO] [stderr]    Compiling strum v0.24.1
[INFO] [stderr]    Compiling async-stream v0.3.5
[INFO] [stderr]    Compiling pest v2.7.5
[INFO] [stderr]    Compiling pest_meta v2.7.5
[INFO] [stderr]    Compiling pest_generator v2.7.5
[INFO] [stderr]    Compiling pest_derive v2.7.5
[INFO] [stderr]    Compiling futures-executor v0.3.29
[INFO] [stderr]    Compiling futures v0.3.29
[INFO] [stderr]    Compiling bytes v1.5.0
[INFO] [stderr]    Compiling url v2.4.1
[INFO] [stderr]    Compiling serde_urlencoded v0.7.1
[INFO] [stderr]    Compiling hashbrown v0.5.0
[INFO] [stderr]    Compiling chrono v0.4.31
[INFO] [stderr]    Compiling tokio v1.34.0
[INFO] [stderr]    Compiling http v0.2.11
[INFO] [stderr]    Compiling webbrowser v0.8.12
[INFO] [stderr]    Compiling handlebars v2.0.4
[INFO] [stderr]    Compiling graph-core v0.4.1
[INFO] [stderr]    Compiling http-body v0.4.5
[INFO] [stderr]    Compiling http-serde v1.1.3
[INFO] [stderr]    Compiling serde-aux v4.2.0
[INFO] [stderr]    Compiling chrono-humanize v0.2.3
[INFO] [stderr]    Compiling tokio-util v0.7.10
[INFO] [stderr]    Compiling tokio-native-tls v0.3.1
[INFO] [stderr]    Compiling async-compression v0.4.4
[INFO] [stderr]    Compiling h2 v0.3.21
[INFO] [stderr]    Compiling hyper v0.14.27
[INFO] [stderr]    Compiling hyper-tls v0.5.0
[INFO] [stderr]    Compiling reqwest v0.11.22
[INFO] [stderr]    Compiling graph-error v0.2.2
[INFO] [stderr]    Compiling graph-oauth v1.0.2
[INFO] [stderr]    Compiling graph-http v1.1.1
[INFO] [stderr]    Compiling graph-rs-sdk v1.1.2 (/opt/rustwide/workdir)
[INFO] [stdout] warning: unused import: `manual_request::*`
[INFO] [stdout]  --> src/reports/mod.rs:4:9
[INFO] [stdout]   |
[INFO] [stdout] 4 | pub use manual_request::*;
[INFO] [stdout]   |         ^^^^^^^^^^^^^^^^^
[INFO] [stdout]   |
[INFO] [stdout]   = note: `#[warn(unused_imports)]` on by default
[INFO] [stdout] 
[INFO] [stdout] 
[INFO] [stdout] warning: unused import: `crate::client::Graph`
[INFO] [stdout]    --> src/lib.rs:348:13
[INFO] [stdout]     |
[INFO] [stdout] 348 |     pub use crate::client::Graph;
[INFO] [stdout]     |             ^^^^^^^^^^^^^^^^^^^^
[INFO] [stdout] 
[INFO] [stdout] 
[INFO] [stdout] warning: 2 warnings emitted
[INFO] [stdout] 
[INFO] [stdout] 
[INFO] [stderr]     Finished dev [unoptimized + debuginfo] target(s) in 35.00s
[INFO] running `Command { std: "docker" "inspect" "c50d2d940795f56d53709b5cecda6b2b9786d72ebe5a6fe6e63feadb36d0fb39", kill_on_drop: false }`
[INFO] running `Command { std: "docker" "rm" "-f" "c50d2d940795f56d53709b5cecda6b2b9786d72ebe5a6fe6e63feadb36d0fb39", kill_on_drop: false }`
[INFO] [stdout] c50d2d940795f56d53709b5cecda6b2b9786d72ebe5a6fe6e63feadb36d0fb39
[INFO] running `Command { std: "docker" "create" "-v" "/var/lib/crater-agent-workspace/builds/worker-4-tc2/target:/opt/rustwide/target:rw,Z" "-v" "/var/lib/crater-agent-workspace/builds/worker-4-tc2/source:/opt/rustwide/workdir:ro,Z" "-v" "/var/lib/crater-agent-workspace/cargo-home:/opt/rustwide/cargo-home:ro,Z" "-v" "/var/lib/crater-agent-workspace/rustup-home:/opt/rustwide/rustup-home:ro,Z" "-e" "SOURCE_DIR=/opt/rustwide/workdir" "-e" "CARGO_TARGET_DIR=/opt/rustwide/target" "-e" "CARGO_INCREMENTAL=0" "-e" "RUST_BACKTRACE=full" "-e" "RUSTFLAGS=--cap-lints=warn" "-e" "RUSTDOCFLAGS=--cap-lints=warn" "-e" "CARGO_HOME=/opt/rustwide/cargo-home" "-e" "RUSTUP_HOME=/opt/rustwide/rustup-home" "-w" "/opt/rustwide/workdir" "-m" "1610612736" "--user" "0:0" "--network" "none" "ghcr.io/rust-lang/crates-build-env/linux@sha256:2788e3201cd34a07e3172128adcd8b3090168a8e3bcc40d7c032b9dda1df7d1c" "/opt/rustwide/cargo-home/bin/cargo" "+beta-2023-12-22" "test" "--frozen" "--no-run" "--message-format=json", kill_on_drop: false }`
[INFO] [stdout] aac364861e31d76a23f795d0205c0f736abef5cfa0df832d1c492b46cfa2b453
[INFO] running `Command { std: "docker" "start" "-a" "aac364861e31d76a23f795d0205c0f736abef5cfa0df832d1c492b46cfa2b453", kill_on_drop: false }`
[INFO] [stderr]    Compiling tracing v0.1.40
[INFO] [stderr]    Compiling generic-array v0.14.7
[INFO] [stderr]    Compiling getrandom v0.2.11
[INFO] [stderr]    Compiling unicase v2.7.0
[INFO] [stderr]    Compiling cpufeatures v0.2.11
[INFO] [stderr]    Compiling multer v2.1.0
[INFO] [stderr]    Compiling byteorder v1.5.0
[INFO] [stderr]    Compiling data-encoding v2.4.0
[INFO] [stderr]    Compiling utf-8 v0.7.6
[INFO] [stderr]    Compiling headers-core v0.2.0
[INFO] [stderr]    Compiling pin-project-internal v1.1.3
[INFO] [stderr]    Compiling spin v0.9.8
[INFO] [stderr]    Compiling tokio-stream v0.1.14
[INFO] [stderr]    Compiling rustls-pemfile v1.0.4
[INFO] [stderr]    Compiling rand_core v0.6.4
[INFO] [stderr]    Compiling tokio-util v0.7.10
[INFO] [stderr]    Compiling rand_chacha v0.3.1
[INFO] [stderr]    Compiling rand v0.8.5
[INFO] [stderr]    Compiling mime_guess v2.0.4
[INFO] [stderr]    Compiling h2 v0.3.21
[INFO] [stderr]    Compiling block-buffer v0.10.4
[INFO] [stderr]    Compiling crypto-common v0.1.6
[INFO] [stderr]    Compiling digest v0.10.7
[INFO] [stderr]    Compiling sha1 v0.10.6
[INFO] [stderr]    Compiling tungstenite v0.20.1
[INFO] [stderr]    Compiling headers v0.3.9
[INFO] [stderr]    Compiling pin-project v1.1.3
[INFO] [stderr]    Compiling tokio-tungstenite v0.20.1
[INFO] [stderr]    Compiling hyper v0.14.27
[INFO] [stderr]    Compiling hyper-tls v0.5.0
[INFO] [stderr]    Compiling warp v0.3.6
[INFO] [stderr]    Compiling reqwest v0.11.22
[INFO] [stderr]    Compiling graph-error v0.2.2
[INFO] [stderr]    Compiling graph-http v1.1.1
[INFO] [stderr]    Compiling graph-oauth v1.0.2
[INFO] [stderr]    Compiling graph-rs-sdk v1.1.2 (/opt/rustwide/workdir)
[INFO] [stdout] warning: unused import: `manual_request::*`
[INFO] [stdout]  --> src/reports/mod.rs:4:9
[INFO] [stdout]   |
[INFO] [stdout] 4 | pub use manual_request::*;
[INFO] [stdout]   |         ^^^^^^^^^^^^^^^^^
[INFO] [stdout]   |
[INFO] [stdout]   = note: `#[warn(unused_imports)]` on by default
[INFO] [stdout] 
[INFO] [stdout] 
[INFO] [stdout] warning: unused import: `crate::client::Graph`
[INFO] [stdout]    --> src/lib.rs:348:13
[INFO] [stdout]     |
[INFO] [stdout] 348 |     pub use crate::client::Graph;
[INFO] [stdout]     |             ^^^^^^^^^^^^^^^^^^^^
[INFO] [stdout] 
[INFO] [stdout] 
[INFO] [stdout] warning: unused import: `manual_request::*`
[INFO] [stdout]  --> src/reports/mod.rs:4:9
[INFO] [stdout]   |
[INFO] [stdout] 4 | pub use manual_request::*;
[INFO] [stdout]   |         ^^^^^^^^^^^^^^^^^
[INFO] [stdout]   |
[INFO] [stdout]   = note: `#[warn(unused_imports)]` on by default
[INFO] [stdout] 
[INFO] [stdout] 
[INFO] [stdout] warning: unused import: `crate::client::Graph`
[INFO] [stdout]    --> src/lib.rs:348:13
[INFO] [stdout]     |
[INFO] [stdout] 348 |     pub use crate::client::Graph;
[INFO] [stdout]     |             ^^^^^^^^^^^^^^^^^^^^
[INFO] [stdout] 
[INFO] [stdout] 
[INFO] [stdout] warning: 2 warnings emitted
[INFO] [stdout] 
[INFO] [stdout] 
[INFO] [stdout] warning: 2 warnings emitted
[INFO] [stdout] 
[INFO] [stdout] 
[INFO] [stderr]     Finished test [unoptimized + debuginfo] target(s) in 19.24s
[INFO] running `Command { std: "docker" "inspect" "aac364861e31d76a23f795d0205c0f736abef5cfa0df832d1c492b46cfa2b453", kill_on_drop: false }`
[INFO] running `Command { std: "docker" "rm" "-f" "aac364861e31d76a23f795d0205c0f736abef5cfa0df832d1c492b46cfa2b453", kill_on_drop: false }`
[INFO] [stdout] aac364861e31d76a23f795d0205c0f736abef5cfa0df832d1c492b46cfa2b453
[INFO] running `Command { std: "docker" "create" "-v" "/var/lib/crater-agent-workspace/builds/worker-4-tc2/target:/opt/rustwide/target:rw,Z" "-v" "/var/lib/crater-agent-workspace/builds/worker-4-tc2/source:/opt/rustwide/workdir:ro,Z" "-v" "/var/lib/crater-agent-workspace/cargo-home:/opt/rustwide/cargo-home:ro,Z" "-v" "/var/lib/crater-agent-workspace/rustup-home:/opt/rustwide/rustup-home:ro,Z" "-e" "SOURCE_DIR=/opt/rustwide/workdir" "-e" "CARGO_TARGET_DIR=/opt/rustwide/target" "-e" "CARGO_INCREMENTAL=0" "-e" "RUST_BACKTRACE=full" "-e" "RUSTFLAGS=--cap-lints=warn" "-e" "RUSTDOCFLAGS=--cap-lints=warn" "-e" "CARGO_HOME=/opt/rustwide/cargo-home" "-e" "RUSTUP_HOME=/opt/rustwide/rustup-home" "-w" "/opt/rustwide/workdir" "-m" "1610612736" "--user" "0:0" "--network" "none" "ghcr.io/rust-lang/crates-build-env/linux@sha256:2788e3201cd34a07e3172128adcd8b3090168a8e3bcc40d7c032b9dda1df7d1c" "/opt/rustwide/cargo-home/bin/cargo" "+beta-2023-12-22" "test" "--frozen", kill_on_drop: false }`
[INFO] [stdout] 1d904f100319b1a8f702b8ad0df33bceb6df11a7053fe8476e9810c7d8af9818
[INFO] running `Command { std: "docker" "start" "-a" "1d904f100319b1a8f702b8ad0df33bceb6df11a7053fe8476e9810c7d8af9818", kill_on_drop: false }`
[INFO] [stderr] warning: unused import: `manual_request::*`
[INFO] [stderr]  --> src/reports/mod.rs:4:9
[INFO] [stderr]   |
[INFO] [stderr] 4 | pub use manual_request::*;
[INFO] [stderr]   |         ^^^^^^^^^^^^^^^^^
[INFO] [stderr]   |
[INFO] [stderr]   = note: `#[warn(unused_imports)]` on by default
[INFO] [stderr] 
[INFO] [stderr] warning: unused import: `crate::client::Graph`
[INFO] [stderr]    --> src/lib.rs:348:13
[INFO] [stderr]     |
[INFO] [stderr] 348 |     pub use crate::client::Graph;
[INFO] [stderr]     |             ^^^^^^^^^^^^^^^^^^^^
[INFO] [stderr] 
[INFO] [stderr] warning: `graph-rs-sdk` (lib) generated 2 warnings (run `cargo fix --lib -p graph-rs-sdk` to apply 2 suggestions)
[INFO] [stderr] warning: `graph-rs-sdk` (lib test) generated 2 warnings (2 duplicates)
[INFO] [stderr]     Finished test [unoptimized + debuginfo] target(s) in 0.17s
[INFO] [stderr]      Running unittests src/lib.rs (/opt/rustwide/target/debug/deps/graph_rs_sdk-6baac9080935abe5)
[INFO] [stdout] 
[INFO] [stdout] running 2 tests
[INFO] [stdout] test client::common::resource_provisioner::tests::resource_provisioner_custom_endpoint ... ok
[INFO] [stdout] test client::common::resource_provisioner::tests::resource_provisioner_graph_url ... ok
[INFO] [stdout] 
[INFO] [stdout] test result: ok. 2 passed; 0 failed; 0 ignored; 0 measured; 0 filtered out; finished in 0.00s
[INFO] [stdout] 
[INFO] [stderr]    Doc-tests graph-rs-sdk
[INFO] [stdout] 
[INFO] [stdout] running 15 tests
[INFO] [stdout] test src/client/graph.rs - client::graph::Graph::beta (line 134) ... ignored
[INFO] [stdout] test src/client/graph.rs - client::graph::Graph::custom_endpoint (line 177) ... ignored
[INFO] [stdout] test src/client/graph.rs - client::graph::Graph::v1 (line 96) ... ignored
[INFO] [stdout] test src/lib.rs - (line 104) ... ignored
[INFO] [stdout] test src/lib.rs - (line 127) ... ignored
[INFO] [stdout] test src/lib.rs - (line 202) ... ignored
[INFO] [stdout] test src/lib.rs - (line 211) ... ignored
[INFO] [stdout] test src/lib.rs - (line 218) ... ignored
[INFO] [stdout] test src/lib.rs - (line 28) ... ignored
[INFO] [stdout] test src/lib.rs - (line 52) ... ignored
[INFO] [stdout] test src/lib.rs - (line 81) ... ignored
[INFO] [stdout] test src/client/graph.rs - client::graph::Graph::use_beta (line 156) ... FAILED
[INFO] [stdout] test src/lib.rs - (line 181) ... ok
[INFO] [stdout] test src/client/graph.rs - client::graph::Graph::use_v1 (line 118) ... ok
[INFO] [stdout] test src/client/graph.rs - client::graph::Graph::use_endpoint (line 197) ... ok
[INFO] [stdout] 
[INFO] [stdout] failures:
[INFO] [stdout] 
[INFO] [stdout] ---- src/client/graph.rs - client::graph::Graph::use_beta (line 156) stdout ----
[INFO] [stdout] error: linking with `cc` failed: exit status: 1
[INFO] [stdout]   |
[INFO] [stdout]   = note: LC_ALL="C" PATH="/opt/rustwide/rustup-home/toolchains/beta-2023-12-22-x86_64-unknown-linux-gnu/lib/rustlib/x86_64-unknown-linux-gnu/bin:/opt/rustwide/cargo-home/bin:/usr/local/sbin:/usr/local/bin:/usr/sbin:/usr/bin:/sbin:/bin" VSLANG="1033" "cc" "-m64" "/tmp/rustcUpFQla/symbols.o" "/tmp/rustdoctestn3N4qa/rust_out.rust_out.1380c8ea7c88b8e2-cgu.0.rcgu.o" "/tmp/rustdoctestn3N4qa/rust_out.3lr6z6385pynyhem.rcgu.o" "-Wl,--as-needed" "-L" "/opt/rustwide/target/debug/deps" "-L" "/opt/rustwide/target/debug/deps" "-L" "/opt/rustwide/target/debug/build/ring-caaebdf454df19f1/out" "-L" "/opt/rustwide/rustup-home/toolchains/beta-2023-12-22-x86_64-unknown-linux-gnu/lib/rustlib/x86_64-unknown-linux-gnu/lib" "-Wl,-Bstatic" "/opt/rustwide/target/debug/deps/libgraph_rs_sdk-a777ae81a9f21529.rlib" "/opt/rustwide/target/debug/deps/libgraph_oauth-ca819cbb4f6d31d3.rlib" "/opt/rustwide/target/debug/deps/libwebbrowser-67a27cebfab6b795.rlib" "/opt/rustwide/target/debug/deps/libhome-a1c0edac94651a7a.rlib" "/opt/rustwide/target/debug/deps/libserde_aux-f30af56bce56589a.rlib" "/opt/rustwide/target/debug/deps/libchrono_humanize-ad8638d76d0d846f.rlib" "/opt/rustwide/target/debug/deps/libchrono-49f3103a6303bfad.rlib" "/opt/rustwide/target/debug/deps/libnum_traits-a17ba3937dd3424f.rlib" "/opt/rustwide/target/debug/deps/libiana_time_zone-2309547321f2bcb7.rlib" "/opt/rustwide/target/debug/deps/libgraph_http-dea1157031ac4a6e.rlib" "/opt/rustwide/target/debug/deps/libfutures-16b756429f32d1f1.rlib" "/opt/rustwide/target/debug/deps/libfutures_executor-1b7c53bd3132c200.rlib" "/opt/rustwide/target/debug/deps/libasync_stream-b5f75e6bd77c63af.rlib" "/opt/rustwide/target/debug/deps/libgraph_error-c7c7015b64e84cf7.rlib" "/opt/rustwide/target/debug/deps/libring-5f62e0319381d46a.rlib" "/opt/rustwide/target/debug/deps/libspin-e858d3468b8e3abd.rlib" "/opt/rustwide/target/debug/deps/libuntrusted-6cf40e3a64622ff0.rlib" "/opt/rustwide/target/debug/deps/libhandlebars-0041dc59d1c09350.rlib" "/opt/rustwide/target/debug/deps/libhashbrown-d1d22d0ddbb08cb0.rlib" "/opt/rustwide/target/debug/deps/libwalkdir-55706bb0eac46bcc.rlib" "/opt/rustwide/target/debug/deps/libsame_file-5e62a1af5be346fb.rlib" "/opt/rustwide/target/debug/deps/libquick_error-4f8a11f127df9c4f.rlib" "/opt/rustwide/target/debug/deps/libpest-d3f28305ee4b4c82.rlib" "/opt/rustwide/target/debug/deps/libucd_trie-de4c36fe49124ec8.rlib" "/opt/rustwide/target/debug/deps/libthiserror-22f523e9bcb03d0e.rlib" "/opt/rustwide/target/debug/deps/libreqwest-806bff1f77263791.rlib" "/opt/rustwide/target/debug/deps/libhyper_tls-c95eb872d229d45c.rlib" "/opt/rustwide/target/debug/deps/libbase64-47ce12bf5fcc4351.rlib" "/opt/rustwide/target/debug/deps/libipnet-5d86936adafddcc9.rlib" "/opt/rustwide/target/debug/deps/libtokio_native_tls-2f0379415b7757c6.rlib" "/opt/rustwide/target/debug/deps/libserde_urlencoded-3e3efc72dafad3c2.rlib" "/opt/rustwide/target/debug/deps/libmime-a9df5a780629fb7d.rlib" "/opt/rustwide/target/debug/deps/libencoding_rs-4339e23ae7924400.rlib" "/opt/rustwide/target/debug/deps/libserde_json-ef1de32012f178e6.rlib" "/opt/rustwide/target/debug/deps/libryu-d2c3aff9aeca12bd.rlib" "/opt/rustwide/target/debug/deps/libasync_compression-54e458c1a6199bfb.rlib" "/opt/rustwide/target/debug/deps/libflate2-8e6e456291549b86.rlib" "/opt/rustwide/target/debug/deps/libminiz_oxide-fdd9e74574a7bd2a.rlib" "/opt/rustwide/target/debug/deps/libadler-eba61f23bb3cdb48.rlib" "/opt/rustwide/target/debug/deps/libcrc32fast-dbea8ee6fb11ce73.rlib" "/opt/rustwide/target/debug/deps/libnative_tls-16ffbfd716913b33.rlib" "/opt/rustwide/target/debug/deps/libopenssl_probe-01da96bec2dfd166.rlib" "/opt/rustwide/target/debug/deps/libopenssl-184c279e53ed3bc0.rlib" "/opt/rustwide/target/debug/deps/libbitflags-ea1894d07953e9ad.rlib" "/opt/rustwide/target/debug/deps/libforeign_types-34162016ad32c65c.rlib" "/opt/rustwide/target/debug/deps/libforeign_types_shared-6c481fa47d8ef87b.rlib" "/opt/rustwide/target/debug/deps/libopenssl_sys-959391cbb97b0e8b.rlib" "/opt/rustwide/target/debug/deps/libhyper-f2370eeddf51ea2a.rlib" "/opt/rustwide/target/debug/deps/libwant-a53deb880f5b4491.rlib" "/opt/rustwide/target/debug/deps/libtry_lock-539bdf1ed77a7a8a.rlib" "/opt/rustwide/target/debug/deps/libsocket2-eecf2a54e1f4647a.rlib" "/opt/rustwide/target/debug/deps/libhttparse-2dbc320ca65411a3.rlib" "/opt/rustwide/target/debug/deps/libh2-ee19d5404f920e9a.rlib" "/opt/rustwide/target/debug/deps/libindexmap-7ff1a537f445f359.rlib" "/opt/rustwide/target/debug/deps/libhashbrown-e273ba0f8cdcbe5b.rlib" "/opt/rustwide/target/debug/deps/libtower_service-92bbc7b5a1dd8782.rlib" "/opt/rustwide/target/debug/deps/libhttpdate-bf64bff9ff5092d8.rlib" "/opt/rustwide/target/debug/deps/libtokio_util-cfc87cabeedcced1.rlib" "/opt/rustwide/target/debug/deps/libtracing-e53a4d314a283426.rlib" "/opt/rustwide/target/debug/deps/libtracing_core-6547972a0886d4d8.rlib" "/opt/rustwide/target/debug/deps/libonce_cell-728f13abc4f8cf5f.rlib" "/opt/rustwide/target/debug/deps/libtokio-cdf27e9cd9e5c35f.rlib" "/opt/rustwide/target/debug/deps/libsignal_hook_registry-18f7a52b74ce801b.rlib" "/opt/rustwide/target/debug/deps/libnum_cpus-fb23db51be3872f8.rlib" "/opt/rustwide/target/debug/deps/libsocket2-7287d77433a71fb1.rlib" "/opt/rustwide/target/debug/deps/libmio-aaca43c3a95b51bd.rlib" "/opt/rustwide/target/debug/deps/libparking_lot-10720266bc97c4a3.rlib" "/opt/rustwide/target/debug/deps/libparking_lot_core-e40251cdb588a427.rlib" "/opt/rustwide/target/debug/deps/liblibc-a40391b8f7ca94de.rlib" "/opt/rustwide/target/debug/deps/libcfg_if-e7002d307f97bc56.rlib" "/opt/rustwide/target/debug/deps/libsmallvec-2fe51d264bce6b98.rlib" "/opt/rustwide/target/debug/deps/liblock_api-af608386887ddd92.rlib" "/opt/rustwide/target/debug/deps/libscopeguard-f937485db0060aca.rlib" "/opt/rustwide/target/debug/deps/libhttp_body-54f710ba2eb0984b.rlib" "/opt/rustwide/target/debug/deps/liblog-8188d82fb061445d.rlib" "/opt/rustwide/target/debug/deps/libfutures_util-c11731f7faa88904.rlib" "/opt/rustwide/target/debug/deps/libfutures_io-076b2cfebeae0714.rlib" "/opt/rustwide/target/debug/deps/libslab-0a39a638bccea296.rlib" "/opt/rustwide/target/debug/deps/libfutures_channel-77e21484e2336cad.rlib" "/opt/rustwide/target/debug/deps/libpin_project_lite-085b19c93bbb2231.rlib" "/opt/rustwide/target/debug/deps/libfutures_sink-2277a9e5dde989ce.rlib" "/opt/rustwide/target/debug/deps/libfutures_task-8a8d0b282fffed3e.rlib" "/opt/rustwide/target/debug/deps/libpin_utils-9c5dcf17efb91bff.rlib" "/opt/rustwide/target/debug/deps/libfutures_core-c75aab8011a428b1.rlib" "/opt/rustwide/target/debug/deps/liburl-eec90807773dff36.rlib" "/opt/rustwide/target/debug/deps/libidna-cec821f7529828f2.rlib" "/opt/rustwide/target/debug/deps/libunicode_normalization-a49209942f8cb303.rlib" "/opt/rustwide/target/debug/deps/libtinyvec-dcbbce603bc23510.rlib" "/opt/rustwide/target/debug/deps/libtinyvec_macros-333661e3b238a9a3.rlib" "/opt/rustwide/target/debug/deps/libunicode_bidi-ee612f5df1be5cab.rlib" "/opt/rustwide/target/debug/deps/libform_urlencoded-ee95c3013bc32c40.rlib" "/opt/rustwide/target/debug/deps/libpercent_encoding-c878b6f40f2978b2.rlib" "/opt/rustwide/target/debug/deps/libhttp-812cfe259e7cecf2.rlib" "/opt/rustwide/target/debug/deps/libitoa-c3a42249f065e11e.rlib" "/opt/rustwide/target/debug/deps/libbytes-7b972bff60ca7ba7.rlib" "/opt/rustwide/target/debug/deps/libfnv-953831fe314029b4.rlib" "/opt/rustwide/target/debug/deps/libgraph_core-e6521d4b013b1a57.rlib" "/opt/rustwide/target/debug/deps/libinflector-5a76ac71f1c777f0.rlib" "/opt/rustwide/target/debug/deps/liblazy_static-efa3519517df6cf0.rlib" "/opt/rustwide/target/debug/deps/libregex-303fb85dd4918125.rlib" "/opt/rustwide/target/debug/deps/libregex_automata-b87278bb9bc2845e.rlib" "/opt/rustwide/target/debug/deps/libaho_corasick-42eca8b16757950a.rlib" "/opt/rustwide/target/debug/deps/libmemchr-996a195865583db1.rlib" "/opt/rustwide/target/debug/deps/libregex_syntax-2fba322c2516c6a3.rlib" "/opt/rustwide/target/debug/deps/libserde-2330ec5f43bff224.rlib" "/opt/rustwide/target/debug/deps/libstrum-4d4ed55d2ec014ec.rlib" "/opt/rustwide/rustup-home/toolchains/beta-2023-12-22-x86_64-unknown-linux-gnu/lib/rustlib/x86_64-unknown-linux-gnu/lib/libstd-0672489a78b613de.rlib" "/opt/rustwide/rustup-home/toolchains/beta-2023-12-22-x86_64-unknown-linux-gnu/lib/rustlib/x86_64-unknown-linux-gnu/lib/libpanic_unwind-7eb3ffc34a49f675.rlib" "/opt/rustwide/rustup-home/toolchains/beta-2023-12-22-x86_64-unknown-linux-gnu/lib/rustlib/x86_64-unknown-linux-gnu/lib/libobject-6478a9daa4bee8e2.rlib" "/opt/rustwide/rustup-home/toolchains/beta-2023-12-22-x86_64-unknown-linux-gnu/lib/rustlib/x86_64-unknown-linux-gnu/lib/libmemchr-0c75d871a5c3923d.rlib" "/opt/rustwide/rustup-home/toolchains/beta-2023-12-22-x86_64-unknown-linux-gnu/lib/rustlib/x86_64-unknown-linux-gnu/lib/libaddr2line-d163ef63ad37bb71.rlib" "/opt/rustwide/rustup-home/toolchains/beta-2023-12-22-x86_64-unknown-linux-gnu/lib/rustlib/x86_64-unknown-linux-gnu/lib/libgimli-8a3fd810a85b9f4c.rlib" "/opt/rustwide/rustup-home/toolchains/beta-2023-12-22-x86_64-unknown-linux-gnu/lib/rustlib/x86_64-unknown-linux-gnu/lib/librustc_demangle-462a2cde8c5dfc10.rlib" "/opt/rustwide/rustup-home/toolchains/beta-2023-12-22-x86_64-unknown-linux-gnu/lib/rustlib/x86_64-unknown-linux-gnu/lib/libstd_detect-cb06ac9f54713f71.rlib" "/opt/rustwide/rustup-home/toolchains/beta-2023-12-22-x86_64-unknown-linux-gnu/lib/rustlib/x86_64-unknown-linux-gnu/lib/libhashbrown-f20bfd1f8e59b393.rlib" "/opt/rustwide/rustup-home/toolchains/beta-2023-12-22-x86_64-unknown-linux-gnu/lib/rustlib/x86_64-unknown-linux-gnu/lib/librustc_std_workspace_alloc-1ef460949b49da4b.rlib" "/opt/rustwide/rustup-home/toolchains/beta-2023-12-22-x86_64-unknown-linux-gnu/lib/rustlib/x86_64-unknown-linux-gnu/lib/libminiz_oxide-2cb0c0ffe4f87514.rlib" "/opt/rustwide/rustup-home/toolchains/beta-2023-12-22-x86_64-unknown-linux-gnu/lib/rustlib/x86_64-unknown-linux-gnu/lib/libadler-58d841eb322a11a2.rlib" "/opt/rustwide/rustup-home/toolchains/beta-2023-12-22-x86_64-unknown-linux-gnu/lib/rustlib/x86_64-unknown-linux-gnu/lib/libunwind-aa2ae0b0a9d11533.rlib" "/opt/rustwide/rustup-home/toolchains/beta-2023-12-22-x86_64-unknown-linux-gnu/lib/rustlib/x86_64-unknown-linux-gnu/lib/libcfg_if-23874e15830ed336.rlib" "/opt/rustwide/rustup-home/toolchains/beta-2023-12-22-x86_64-unknown-linux-gnu/lib/rustlib/x86_64-unknown-linux-gnu/lib/liblibc-e47cddc003bce885.rlib" "/opt/rustwide/rustup-home/toolchains/beta-2023-12-22-x86_64-unknown-linux-gnu/lib/rustlib/x86_64-unknown-linux-gnu/lib/liballoc-c22b13b48a8f128e.rlib" "/opt/rustwide/rustup-home/toolchains/beta-2023-12-22-x86_64-unknown-linux-gnu/lib/rustlib/x86_64-unknown-linux-gnu/lib/librustc_std_workspace_core-e46bc3da6d7c462f.rlib" "/opt/rustwide/rustup-home/toolchains/beta-2023-12-22-x86_64-unknown-linux-gnu/lib/rustlib/x86_64-unknown-linux-gnu/lib/libcore-8d1ac131d3cb2645.rlib" "/opt/rustwide/rustup-home/toolchains/beta-2023-12-22-x86_64-unknown-linux-gnu/lib/rustlib/x86_64-unknown-linux-gnu/lib/libcompiler_builtins-a1b43df8c6899c1f.rlib" "-Wl,-Bdynamic" "-lssl" "-lcrypto" "-lgcc_s" "-lutil" "-lrt" "-lpthread" "-lm" "-ldl" "-lc" "-Wl,--eh-frame-hdr" "-Wl,-z,noexecstack" "-L" "/opt/rustwide/rustup-home/toolchains/beta-2023-12-22-x86_64-unknown-linux-gnu/lib/rustlib/x86_64-unknown-linux-gnu/lib" "-o" "/tmp/rustdoctestn3N4qa/rust_out" "-Wl,--gc-sections" "-pie" "-Wl,-z,relro,-z,now" "-nodefaultlibs"
[INFO] [stdout]   = note: collect2: fatal error: ld terminated with signal 9 [Killed]
[INFO] [stdout]           compilation terminated.
[INFO] [stdout]           
[INFO] [stdout] 
[INFO] [stdout] error: aborting due to 1 previous error
[INFO] [stdout] 
[INFO] [stdout] Couldn't compile the test.
[INFO] [stdout] 
[INFO] [stdout] failures:
[INFO] [stdout]     src/client/graph.rs - client::graph::Graph::use_beta (line 156)
[INFO] [stdout] 
[INFO] [stdout] test result: FAILED. 3 passed; 1 failed; 11 ignored; 0 measured; 0 filtered out; finished in 3.36s
[INFO] [stdout] 
[INFO] [stderr] error: doctest failed, to rerun pass `--doc`
[INFO] running `Command { std: "docker" "inspect" "1d904f100319b1a8f702b8ad0df33bceb6df11a7053fe8476e9810c7d8af9818", kill_on_drop: false }`
[INFO] running `Command { std: "docker" "rm" "-f" "1d904f100319b1a8f702b8ad0df33bceb6df11a7053fe8476e9810c7d8af9818", kill_on_drop: false }`
[INFO] [stdout] 1d904f100319b1a8f702b8ad0df33bceb6df11a7053fe8476e9810c7d8af9818
