[INFO] fetching crate grafgrep 0.1.1...
[INFO] testing grafgrep-0.1.1 against 1.75.0 for beta-1.76-1
[INFO] extracting crate grafgrep 0.1.1 into /workspace/builds/worker-2-tc1/source
[INFO] validating manifest of crates.io crate grafgrep 0.1.1 on toolchain 1.75.0
[INFO] running `Command { std: CARGO_HOME="/workspace/cargo-home" RUSTUP_HOME="/workspace/rustup-home" "/workspace/cargo-home/bin/cargo" "+1.75.0" "metadata" "--manifest-path" "Cargo.toml" "--no-deps", kill_on_drop: false }`
[INFO] started tweaking crates.io crate grafgrep 0.1.1
[INFO] finished tweaking crates.io crate grafgrep 0.1.1
[INFO] tweaked toml for crates.io crate grafgrep 0.1.1 written to /workspace/builds/worker-2-tc1/source/Cargo.toml
[INFO] crate crates.io crate grafgrep 0.1.1 already has a lockfile, it will not be regenerated
[INFO] running `Command { std: CARGO_HOME="/workspace/cargo-home" RUSTUP_HOME="/workspace/rustup-home" "/workspace/cargo-home/bin/cargo" "+1.75.0" "fetch" "--manifest-path" "Cargo.toml", kill_on_drop: false }`
[INFO] [stderr]     Blocking waiting for file lock on package cache
[INFO] running `Command { std: "docker" "create" "-v" "/var/lib/crater-agent-workspace/builds/worker-2-tc1/target:/opt/rustwide/target:rw,Z" "-v" "/var/lib/crater-agent-workspace/builds/worker-2-tc1/source:/opt/rustwide/workdir:ro,Z" "-v" "/var/lib/crater-agent-workspace/cargo-home:/opt/rustwide/cargo-home:ro,Z" "-v" "/var/lib/crater-agent-workspace/rustup-home:/opt/rustwide/rustup-home:ro,Z" "-e" "SOURCE_DIR=/opt/rustwide/workdir" "-e" "CARGO_TARGET_DIR=/opt/rustwide/target" "-e" "CARGO_HOME=/opt/rustwide/cargo-home" "-e" "RUSTUP_HOME=/opt/rustwide/rustup-home" "-w" "/opt/rustwide/workdir" "-m" "1610612736" "--user" "0:0" "--network" "none" "ghcr.io/rust-lang/crates-build-env/linux@sha256:2788e3201cd34a07e3172128adcd8b3090168a8e3bcc40d7c032b9dda1df7d1c" "/opt/rustwide/cargo-home/bin/cargo" "+1.75.0" "metadata" "--no-deps" "--format-version=1", kill_on_drop: false }`
[INFO] [stdout] 5b08a788d295b49bb46b764441eaaaf326223df5526acfa00627da187b5c10bb
[INFO] running `Command { std: "docker" "start" "-a" "5b08a788d295b49bb46b764441eaaaf326223df5526acfa00627da187b5c10bb", kill_on_drop: false }`
[INFO] running `Command { std: "docker" "inspect" "5b08a788d295b49bb46b764441eaaaf326223df5526acfa00627da187b5c10bb", kill_on_drop: false }`
[INFO] running `Command { std: "docker" "rm" "-f" "5b08a788d295b49bb46b764441eaaaf326223df5526acfa00627da187b5c10bb", kill_on_drop: false }`
[INFO] [stdout] 5b08a788d295b49bb46b764441eaaaf326223df5526acfa00627da187b5c10bb
[INFO] running `Command { std: "docker" "create" "-v" "/var/lib/crater-agent-workspace/builds/worker-2-tc1/target:/opt/rustwide/target:rw,Z" "-v" "/var/lib/crater-agent-workspace/builds/worker-2-tc1/source:/opt/rustwide/workdir:ro,Z" "-v" "/var/lib/crater-agent-workspace/cargo-home:/opt/rustwide/cargo-home:ro,Z" "-v" "/var/lib/crater-agent-workspace/rustup-home:/opt/rustwide/rustup-home:ro,Z" "-e" "SOURCE_DIR=/opt/rustwide/workdir" "-e" "CARGO_TARGET_DIR=/opt/rustwide/target" "-e" "CARGO_INCREMENTAL=0" "-e" "RUST_BACKTRACE=full" "-e" "RUSTFLAGS=--cap-lints=warn" "-e" "RUSTDOCFLAGS=--cap-lints=warn" "-e" "CARGO_HOME=/opt/rustwide/cargo-home" "-e" "RUSTUP_HOME=/opt/rustwide/rustup-home" "-w" "/opt/rustwide/workdir" "-m" "1610612736" "--user" "0:0" "--network" "none" "ghcr.io/rust-lang/crates-build-env/linux@sha256:2788e3201cd34a07e3172128adcd8b3090168a8e3bcc40d7c032b9dda1df7d1c" "/opt/rustwide/cargo-home/bin/cargo" "+1.75.0" "build" "--frozen" "--message-format=json", kill_on_drop: false }`
[INFO] [stdout] 82b12929395dda1af0314060c66669533594fd805d2dc6dd8ec07afda60471f2
[INFO] running `Command { std: "docker" "start" "-a" "82b12929395dda1af0314060c66669533594fd805d2dc6dd8ec07afda60471f2", kill_on_drop: false }`
[INFO] [stderr]    Compiling grafgrep v0.1.1 (/opt/rustwide/workdir)
[INFO] [stderr]     Finished dev [unoptimized + debuginfo] target(s) in 0.29s
[INFO] running `Command { std: "docker" "inspect" "82b12929395dda1af0314060c66669533594fd805d2dc6dd8ec07afda60471f2", kill_on_drop: false }`
[INFO] running `Command { std: "docker" "rm" "-f" "82b12929395dda1af0314060c66669533594fd805d2dc6dd8ec07afda60471f2", kill_on_drop: false }`
[INFO] [stdout] 82b12929395dda1af0314060c66669533594fd805d2dc6dd8ec07afda60471f2
[INFO] running `Command { std: "docker" "create" "-v" "/var/lib/crater-agent-workspace/builds/worker-2-tc1/target:/opt/rustwide/target:rw,Z" "-v" "/var/lib/crater-agent-workspace/builds/worker-2-tc1/source:/opt/rustwide/workdir:ro,Z" "-v" "/var/lib/crater-agent-workspace/cargo-home:/opt/rustwide/cargo-home:ro,Z" "-v" "/var/lib/crater-agent-workspace/rustup-home:/opt/rustwide/rustup-home:ro,Z" "-e" "SOURCE_DIR=/opt/rustwide/workdir" "-e" "CARGO_TARGET_DIR=/opt/rustwide/target" "-e" "CARGO_INCREMENTAL=0" "-e" "RUST_BACKTRACE=full" "-e" "RUSTFLAGS=--cap-lints=warn" "-e" "RUSTDOCFLAGS=--cap-lints=warn" "-e" "CARGO_HOME=/opt/rustwide/cargo-home" "-e" "RUSTUP_HOME=/opt/rustwide/rustup-home" "-w" "/opt/rustwide/workdir" "-m" "1610612736" "--user" "0:0" "--network" "none" "ghcr.io/rust-lang/crates-build-env/linux@sha256:2788e3201cd34a07e3172128adcd8b3090168a8e3bcc40d7c032b9dda1df7d1c" "/opt/rustwide/cargo-home/bin/cargo" "+1.75.0" "test" "--frozen" "--no-run" "--message-format=json", kill_on_drop: false }`
[INFO] [stdout] 98454ec9e102db72e73d89482bcb95fb7c3a807ce84b77ba34c7fd3e69acd8df
[INFO] running `Command { std: "docker" "start" "-a" "98454ec9e102db72e73d89482bcb95fb7c3a807ce84b77ba34c7fd3e69acd8df", kill_on_drop: false }`
[INFO] [stderr]    Compiling grafgrep v0.1.1 (/opt/rustwide/workdir)
[INFO] [stderr]     Finished test [unoptimized + debuginfo] target(s) in 0.51s
[INFO] running `Command { std: "docker" "inspect" "98454ec9e102db72e73d89482bcb95fb7c3a807ce84b77ba34c7fd3e69acd8df", kill_on_drop: false }`
[INFO] running `Command { std: "docker" "rm" "-f" "98454ec9e102db72e73d89482bcb95fb7c3a807ce84b77ba34c7fd3e69acd8df", kill_on_drop: false }`
[INFO] [stdout] 98454ec9e102db72e73d89482bcb95fb7c3a807ce84b77ba34c7fd3e69acd8df
[INFO] running `Command { std: "docker" "create" "-v" "/var/lib/crater-agent-workspace/builds/worker-2-tc1/target:/opt/rustwide/target:rw,Z" "-v" "/var/lib/crater-agent-workspace/builds/worker-2-tc1/source:/opt/rustwide/workdir:ro,Z" "-v" "/var/lib/crater-agent-workspace/cargo-home:/opt/rustwide/cargo-home:ro,Z" "-v" "/var/lib/crater-agent-workspace/rustup-home:/opt/rustwide/rustup-home:ro,Z" "-e" "SOURCE_DIR=/opt/rustwide/workdir" "-e" "CARGO_TARGET_DIR=/opt/rustwide/target" "-e" "CARGO_INCREMENTAL=0" "-e" "RUST_BACKTRACE=full" "-e" "RUSTFLAGS=--cap-lints=warn" "-e" "RUSTDOCFLAGS=--cap-lints=warn" "-e" "CARGO_HOME=/opt/rustwide/cargo-home" "-e" "RUSTUP_HOME=/opt/rustwide/rustup-home" "-w" "/opt/rustwide/workdir" "-m" "1610612736" "--user" "0:0" "--network" "none" "ghcr.io/rust-lang/crates-build-env/linux@sha256:2788e3201cd34a07e3172128adcd8b3090168a8e3bcc40d7c032b9dda1df7d1c" "/opt/rustwide/cargo-home/bin/cargo" "+1.75.0" "test" "--frozen", kill_on_drop: false }`
[INFO] [stdout] a56bef8a682416940eb9f7a193a205e6a5fb393eb6d6fa78c13f3164477b8e2f
[INFO] running `Command { std: "docker" "start" "-a" "a56bef8a682416940eb9f7a193a205e6a5fb393eb6d6fa78c13f3164477b8e2f", kill_on_drop: false }`
[INFO] [stderr]     Finished test [unoptimized + debuginfo] target(s) in 0.01s
[INFO] [stderr]      Running unittests src/lib.rs (/opt/rustwide/target/debug/deps/grafgrep-2a07ebd459a4b257)
[INFO] [stdout] 
[INFO] [stdout] running 2 tests
[INFO] [stdout] test tests::case_insesitive ... ok
[INFO] [stdout] test tests::case_sensitive ... ok
[INFO] [stdout] 
[INFO] [stdout] test result: ok. 2 passed; 0 failed; 0 ignored; 0 measured; 0 filtered out; finished in 0.01s
[INFO] [stdout] 
[INFO] [stderr]      Running unittests src/main.rs (/opt/rustwide/target/debug/deps/grafgrep-379759c699d61565)
[INFO] [stdout] 
[INFO] [stdout] running 0 tests
[INFO] [stdout] 
[INFO] [stdout] test result: ok. 0 passed; 0 failed; 0 ignored; 0 measured; 0 filtered out; finished in 0.00s
[INFO] [stdout] 
[INFO] [stderr]    Doc-tests grafgrep
[INFO] [stdout] 
[INFO] [stdout] running 1 test
[INFO] [stderr] error: doctest failed, to rerun pass `--doc`
[INFO] [stdout] test src/lib.rs - search (line 26) ... FAILED
[INFO] [stdout] 
[INFO] [stdout] failures:
[INFO] [stdout] 
[INFO] [stdout] ---- src/lib.rs - search (line 26) stdout ----
[INFO] [stdout] error[E0432]: unresolved import `minigrep`
[INFO] [stdout]  --> src/lib.rs:27:5
[INFO] [stdout]   |
[INFO] [stdout] 3 | use minigrep::search;
[INFO] [stdout]   |     ^^^^^^^^ use of undeclared crate or module `minigrep`
[INFO] [stdout] 
[INFO] [stdout] error: aborting due to previous error
[INFO] [stdout] 
[INFO] [stdout] For more information about this error, try `rustc --explain E0432`.
[INFO] [stdout] Couldn't compile the test.
[INFO] [stdout] 
[INFO] [stdout] failures:
[INFO] [stdout]     src/lib.rs - search (line 26)
[INFO] [stdout] 
[INFO] [stdout] test result: FAILED. 0 passed; 1 failed; 0 ignored; 0 measured; 0 filtered out; finished in 0.09s
[INFO] [stdout] 
[INFO] running `Command { std: "docker" "inspect" "a56bef8a682416940eb9f7a193a205e6a5fb393eb6d6fa78c13f3164477b8e2f", kill_on_drop: false }`
[INFO] running `Command { std: "docker" "rm" "-f" "a56bef8a682416940eb9f7a193a205e6a5fb393eb6d6fa78c13f3164477b8e2f", kill_on_drop: false }`
[INFO] [stdout] a56bef8a682416940eb9f7a193a205e6a5fb393eb6d6fa78c13f3164477b8e2f
