[INFO] fetching crate gptcommit 0.5.14...
[INFO] testing gptcommit-0.5.14 against 1.75.0 for beta-1.76-1
[INFO] extracting crate gptcommit 0.5.14 into /workspace/builds/worker-5-tc1/source
[INFO] validating manifest of crates.io crate gptcommit 0.5.14 on toolchain 1.75.0
[INFO] running `Command { std: CARGO_HOME="/workspace/cargo-home" RUSTUP_HOME="/workspace/rustup-home" "/workspace/cargo-home/bin/cargo" "+1.75.0" "metadata" "--manifest-path" "Cargo.toml" "--no-deps", kill_on_drop: false }`
[INFO] started tweaking crates.io crate gptcommit 0.5.14
[INFO] finished tweaking crates.io crate gptcommit 0.5.14
[INFO] tweaked toml for crates.io crate gptcommit 0.5.14 written to /workspace/builds/worker-5-tc1/source/Cargo.toml
[INFO] crate crates.io crate gptcommit 0.5.14 already has a lockfile, it will not be regenerated
[INFO] running `Command { std: CARGO_HOME="/workspace/cargo-home" RUSTUP_HOME="/workspace/rustup-home" "/workspace/cargo-home/bin/cargo" "+1.75.0" "fetch" "--manifest-path" "Cargo.toml", kill_on_drop: false }`
[INFO] [stderr]     Updating crates.io index
[INFO] [stderr]  Downloading crates ...
[INFO] [stderr]   Downloaded reqwest-eventsource v0.4.0
[INFO] [stderr]   Downloaded async-convert v1.0.0
[INFO] [stderr]   Downloaded async-openai v0.14.3
[INFO] [stderr]   Downloaded tracing v0.1.39
[INFO] [stderr]   Downloaded rustix v0.38.19
[INFO] [stderr]   Downloaded rustix v0.37.25
[INFO] [stderr]   Downloaded brotli-decompressor v2.5.0
[INFO] [stderr]   Downloaded async-compression v0.4.4
[INFO] [stderr]   Downloaded bstr v1.7.0
[INFO] [stderr]   Downloaded winnow v0.5.17
[INFO] [stderr]   Downloaded tiktoken-rs v0.5.5
[INFO] [stderr]   Downloaded eventsource-stream v0.2.3
[INFO] running `Command { std: "docker" "create" "-v" "/var/lib/crater-agent-workspace/builds/worker-5-tc1/target:/opt/rustwide/target:rw,Z" "-v" "/var/lib/crater-agent-workspace/builds/worker-5-tc1/source:/opt/rustwide/workdir:ro,Z" "-v" "/var/lib/crater-agent-workspace/cargo-home:/opt/rustwide/cargo-home:ro,Z" "-v" "/var/lib/crater-agent-workspace/rustup-home:/opt/rustwide/rustup-home:ro,Z" "-e" "SOURCE_DIR=/opt/rustwide/workdir" "-e" "CARGO_TARGET_DIR=/opt/rustwide/target" "-e" "CARGO_HOME=/opt/rustwide/cargo-home" "-e" "RUSTUP_HOME=/opt/rustwide/rustup-home" "-w" "/opt/rustwide/workdir" "-m" "1610612736" "--user" "0:0" "--network" "none" "ghcr.io/rust-lang/crates-build-env/linux@sha256:2788e3201cd34a07e3172128adcd8b3090168a8e3bcc40d7c032b9dda1df7d1c" "/opt/rustwide/cargo-home/bin/cargo" "+1.75.0" "metadata" "--no-deps" "--format-version=1", kill_on_drop: false }`
[INFO] [stdout] ccdb0fc2dc40b6b31bd4942c900654003d0da1ac7284fda1f08bdf85d22d1b54
[INFO] running `Command { std: "docker" "start" "-a" "ccdb0fc2dc40b6b31bd4942c900654003d0da1ac7284fda1f08bdf85d22d1b54", kill_on_drop: false }`
[INFO] running `Command { std: "docker" "inspect" "ccdb0fc2dc40b6b31bd4942c900654003d0da1ac7284fda1f08bdf85d22d1b54", kill_on_drop: false }`
[INFO] running `Command { std: "docker" "rm" "-f" "ccdb0fc2dc40b6b31bd4942c900654003d0da1ac7284fda1f08bdf85d22d1b54", kill_on_drop: false }`
[INFO] [stdout] ccdb0fc2dc40b6b31bd4942c900654003d0da1ac7284fda1f08bdf85d22d1b54
[INFO] running `Command { std: "docker" "create" "-v" "/var/lib/crater-agent-workspace/builds/worker-5-tc1/target:/opt/rustwide/target:rw,Z" "-v" "/var/lib/crater-agent-workspace/builds/worker-5-tc1/source:/opt/rustwide/workdir:ro,Z" "-v" "/var/lib/crater-agent-workspace/cargo-home:/opt/rustwide/cargo-home:ro,Z" "-v" "/var/lib/crater-agent-workspace/rustup-home:/opt/rustwide/rustup-home:ro,Z" "-e" "SOURCE_DIR=/opt/rustwide/workdir" "-e" "CARGO_TARGET_DIR=/opt/rustwide/target" "-e" "CARGO_INCREMENTAL=0" "-e" "RUST_BACKTRACE=full" "-e" "RUSTFLAGS=--cap-lints=warn" "-e" "RUSTDOCFLAGS=--cap-lints=warn" "-e" "CARGO_HOME=/opt/rustwide/cargo-home" "-e" "RUSTUP_HOME=/opt/rustwide/rustup-home" "-w" "/opt/rustwide/workdir" "-m" "1610612736" "--user" "0:0" "--network" "none" "ghcr.io/rust-lang/crates-build-env/linux@sha256:2788e3201cd34a07e3172128adcd8b3090168a8e3bcc40d7c032b9dda1df7d1c" "/opt/rustwide/cargo-home/bin/cargo" "+1.75.0" "build" "--frozen" "--message-format=json", kill_on_drop: false }`
[INFO] [stdout] 7cdc599174e5e3ba880a0c3325c3d5baf38120535a21b8b20e5e03c6af4b355b
[INFO] running `Command { std: "docker" "start" "-a" "7cdc599174e5e3ba880a0c3325c3d5baf38120535a21b8b20e5e03c6af4b355b", kill_on_drop: false }`
[INFO] [stderr]    Compiling libc v0.2.149
[INFO] [stderr]    Compiling once_cell v1.18.0
[INFO] [stderr]    Compiling futures-core v0.3.28
[INFO] [stderr]    Compiling lock_api v0.4.10
[INFO] [stderr]    Compiling parking_lot_core v0.9.8
[INFO] [stderr]    Compiling serde v1.0.189
[INFO] [stderr]    Compiling bytes v1.5.0
[INFO] [stderr]    Compiling syn v2.0.38
[INFO] [stderr]    Compiling smallvec v1.11.1
[INFO] [stderr]    Compiling itoa v1.0.9
[INFO] [stderr]    Compiling ahash v0.7.6
[INFO] [stderr]    Compiling thiserror v1.0.49
[INFO] [stderr]    Compiling futures-task v0.3.28
[INFO] [stderr]    Compiling futures-sink v0.3.28
[INFO] [stderr]    Compiling futures-channel v0.3.28
[INFO] [stderr]    Compiling log v0.4.20
[INFO] [stderr]    Compiling futures-util v0.3.28
[INFO] [stderr]    Compiling futures-io v0.3.28
[INFO] [stderr]    Compiling tracing-core v0.1.32
[INFO] [stderr]    Compiling indexmap v1.9.3
[INFO] [stderr]    Compiling unicase v2.7.0
[INFO] [stderr]    Compiling regex-syntax v0.8.2
[INFO] [stderr]    Compiling syn v1.0.109
[INFO] [stderr]    Compiling http v0.2.9
[INFO] [stderr]    Compiling cc v1.0.83
[INFO] [stderr]    Compiling getrandom v0.2.10
[INFO] [stderr]    Compiling mio v0.8.8
[INFO] [stderr]    Compiling parking_lot v0.12.1
[INFO] [stderr]    Compiling socket2 v0.5.4
[INFO] [stderr]    Compiling num_cpus v1.16.0
[INFO] [stderr]    Compiling signal-hook-registry v1.4.1
[INFO] [stderr]    Compiling ring v0.16.20
[INFO] [stderr]    Compiling regex-automata v0.4.3
[INFO] [stderr]    Compiling rustls v0.21.7
[INFO] [stderr]    Compiling hashbrown v0.12.3
[INFO] [stderr]    Compiling serde_json v1.0.107
[INFO] [stderr]    Compiling ryu v1.0.15
[INFO] [stderr]    Compiling httparse v1.8.0
[INFO] [stderr]    Compiling alloc-no-stdlib v2.0.4
[INFO] [stderr]    Compiling tinyvec_macros v0.1.1
[INFO] [stderr]    Compiling tinyvec v1.6.0
[INFO] [stderr]    Compiling alloc-stdlib v0.2.2
[INFO] [stderr]    Compiling ucd-trie v0.1.6
[INFO] [stderr]    Compiling try-lock v0.2.4
[INFO] [stderr]    Compiling want v0.3.1
[INFO] [stderr]    Compiling form_urlencoded v1.2.0
[INFO] [stderr]    Compiling darling_core v0.14.4
[INFO] [stderr]    Compiling miniz_oxide v0.7.1
[INFO] [stderr]    Compiling unicode-normalization v0.1.22
[INFO] [stderr]    Compiling mime_guess v2.0.4
[INFO] [stderr]    Compiling brotli-decompressor v2.5.0
[INFO] [stderr]    Compiling http-body v0.4.5
[INFO] [stderr]    Compiling socket2 v0.4.9
[INFO] [stderr]    Compiling either v1.9.0
[INFO] [stderr]    Compiling regex v1.10.2
[INFO] [stderr]    Compiling sct v0.7.0
[INFO] [stderr]    Compiling rustls-webpki v0.101.6
[INFO] [stderr]    Compiling async-trait v0.1.74
[INFO] [stderr]    Compiling httpdate v1.0.3
[INFO] [stderr]    Compiling serde_derive v1.0.189
[INFO] [stderr]    Compiling tokio-macros v2.1.0
[INFO] [stderr]    Compiling thiserror-impl v1.0.49
[INFO] [stderr]    Compiling futures-macro v0.3.28
[INFO] [stderr]    Compiling tracing-attributes v0.1.27
[INFO] [stderr]    Compiling darling_macro v0.14.4
[INFO] [stderr]    Compiling tokio v1.33.0
[INFO] [stderr]    Compiling unicode-bidi v0.3.13
[INFO] [stderr]    Compiling pest v2.7.4
[INFO] [stderr]    Compiling tracing v0.1.39
[INFO] [stderr]    Compiling rustix v0.38.19
[INFO] [stderr]    Compiling tower-service v0.3.2
[INFO] [stderr]    Compiling base64 v0.21.4
[INFO] [stderr]    Compiling rustls-pemfile v1.0.3
[INFO] [stderr]    Compiling idna v0.4.0
[INFO] [stderr]    Compiling darling v0.14.4
[INFO] [stderr]    Compiling brotli v3.4.0
[INFO] [stderr]    Compiling bstr v1.7.0
[INFO] [stderr]    Compiling pest_meta v2.7.4
[INFO] [stderr]    Compiling flate2 v1.0.28
[INFO] [stderr]    Compiling rand_core v0.6.4
[INFO] [stderr]    Compiling linux-raw-sys v0.4.10
[INFO] [stderr]    Compiling mime v0.3.17
[INFO] [stderr]    Compiling rustls-native-certs v0.6.3
[INFO] [stderr]    Compiling rand_chacha v0.3.1
[INFO] [stderr]    Compiling pest_generator v2.7.4
[INFO] [stderr]    Compiling tokio-util v0.7.9
[INFO] [stderr]    Compiling tokio-rustls v0.24.1
[INFO] [stderr]    Compiling tokio-socks v0.5.1
[INFO] [stderr]    Compiling url v2.4.1
[INFO] [stderr]    Compiling derive_builder_core v0.12.0
[INFO] [stderr]    Compiling h2 v0.3.21
[INFO] [stderr]    Compiling serde_urlencoded v0.7.1
[INFO] [stderr]    Compiling async-compression v0.4.4
[INFO] [stderr]    Compiling encoding_rs v0.8.33
[INFO] [stderr]    Compiling unic-common v0.9.0
[INFO] [stderr]    Compiling ipnet v2.8.0
[INFO] [stderr]    Compiling unic-char-range v0.9.0
[INFO] [stderr]    Compiling webpki-roots v0.25.2
[INFO] [stderr]    Compiling unic-char-property v0.9.0
[INFO] [stderr]    Compiling unic-ucd-version v0.9.0
[INFO] [stderr]    Compiling derive_builder_macro v0.12.0
[INFO] [stderr]    Compiling pest_derive v2.7.4
[INFO] [stderr]    Compiling rand v0.8.5
[INFO] [stderr]    Compiling futures-executor v0.3.28
[INFO] [stderr]    Compiling globset v0.4.13
[INFO] [stderr]    Compiling eventsource-stream v0.2.3
[INFO] [stderr]    Compiling thread_local v1.1.7
[INFO] [stderr]    Compiling instant v0.1.12
[INFO] [stderr]    Compiling time-core v0.1.2
[INFO] [stderr]    Compiling dlv-list v0.3.0
[INFO] [stderr]    Compiling powerfmt v0.2.0
[INFO] [stderr]    Compiling futures-timer v3.0.2
[INFO] [stderr]    Compiling hashbrown v0.14.1
[INFO] [stderr]    Compiling bit-vec v0.6.3
[INFO] [stderr]    Compiling equivalent v1.0.1
[INFO] [stderr]    Compiling anyhow v1.0.75
[INFO] [stderr]    Compiling bit-set v0.5.3
[INFO] [stderr]    Compiling hyper v0.14.27
[INFO] [stderr]    Compiling ordered-multimap v0.4.3
[INFO] [stderr]    Compiling indexmap v2.0.2
[INFO] [stderr]    Compiling deranged v0.3.9
[INFO] [stderr]    Compiling ignore v0.4.20
[INFO] [stderr]    Compiling time-macros v0.2.15
[INFO] [stderr]    Compiling backoff v0.4.0
[INFO] [stderr]    Compiling derive_builder v0.12.0
[INFO] [stderr]    Compiling futures v0.3.28
[INFO] [stderr]    Compiling unic-ucd-segment v0.9.0
[INFO] [stderr]    Compiling async-convert v1.0.0
[INFO] [stderr]    Compiling serde_spanned v0.6.3
[INFO] [stderr]    Compiling toml_datetime v0.6.3
[INFO] [stderr]    Compiling is-terminal v0.4.9
[INFO] [stderr]    Compiling tokio-stream v0.1.14
[INFO] [stderr]    Compiling clap_lex v0.5.1
[INFO] [stderr]    Compiling winnow v0.5.17
[INFO] [stderr]    Compiling linked-hash-map v0.5.6
[INFO] [stderr]    Compiling option-ext v0.2.0
[INFO] [stderr]    Compiling num_threads v0.1.6
[INFO] [stderr]    Compiling base64 v0.13.1
[INFO] [stderr]    Compiling yaml-rust v0.4.5
[INFO] [stderr]    Compiling dirs-sys v0.4.1
[INFO] [stderr]    Compiling ron v0.7.1
[INFO] [stderr]    Compiling clap_builder v4.4.6
[INFO] [stderr]    Compiling hyper-rustls v0.24.1
[INFO] [stderr]    Compiling reqwest v0.11.22
[INFO] [stderr]    Compiling time v0.3.30
[INFO] [stderr]    Compiling unic-segment v0.9.0
[INFO] [stderr]    Compiling colored v2.0.4
[INFO] [stderr]    Compiling toml_edit v0.20.2
[INFO] [stderr]    Compiling globwalk v0.8.1
[INFO] [stderr]    Compiling rust-ini v0.18.0
[INFO] [stderr]    Compiling fancy-regex v0.11.0
[INFO] [stderr]    Compiling clap_derive v4.4.2
[INFO] [stderr]    Compiling reqwest-eventsource v0.4.0
[INFO] [stderr]    Compiling json5 v0.4.1
[INFO] [stderr]    Compiling async-openai v0.14.3
[INFO] [stderr]    Compiling toml v0.5.11
[INFO] [stderr]    Compiling rustc-hash v1.1.0
[INFO] [stderr]    Compiling home v0.5.5
[INFO] [stderr]    Compiling pathdiff v0.2.1
[INFO] [stderr]    Compiling which v4.4.2
[INFO] [stderr]    Compiling config v0.13.3
[INFO] [stderr]    Compiling toml v0.8.2
[INFO] [stderr]    Compiling clap v4.4.6
[INFO] [stderr]    Compiling tiktoken-rs v0.5.5
[INFO] [stderr]    Compiling simple_logger v4.2.0
[INFO] [stderr]    Compiling strum_macros v0.25.3
[INFO] [stderr]    Compiling tera v1.19.1
[INFO] [stderr]    Compiling dirs v5.0.1
[INFO] [stderr]    Compiling strum v0.25.0
[INFO] [stderr]    Compiling gptcommit v0.5.14 (/opt/rustwide/workdir)
[INFO] [stderr]     Finished dev [unoptimized + debuginfo] target(s) in 1m 33s
[INFO] running `Command { std: "docker" "inspect" "7cdc599174e5e3ba880a0c3325c3d5baf38120535a21b8b20e5e03c6af4b355b", kill_on_drop: false }`
[INFO] running `Command { std: "docker" "rm" "-f" "7cdc599174e5e3ba880a0c3325c3d5baf38120535a21b8b20e5e03c6af4b355b", kill_on_drop: false }`
[INFO] [stdout] 7cdc599174e5e3ba880a0c3325c3d5baf38120535a21b8b20e5e03c6af4b355b
[INFO] running `Command { std: "docker" "create" "-v" "/var/lib/crater-agent-workspace/builds/worker-5-tc1/target:/opt/rustwide/target:rw,Z" "-v" "/var/lib/crater-agent-workspace/builds/worker-5-tc1/source:/opt/rustwide/workdir:ro,Z" "-v" "/var/lib/crater-agent-workspace/cargo-home:/opt/rustwide/cargo-home:ro,Z" "-v" "/var/lib/crater-agent-workspace/rustup-home:/opt/rustwide/rustup-home:ro,Z" "-e" "SOURCE_DIR=/opt/rustwide/workdir" "-e" "CARGO_TARGET_DIR=/opt/rustwide/target" "-e" "CARGO_INCREMENTAL=0" "-e" "RUST_BACKTRACE=full" "-e" "RUSTFLAGS=--cap-lints=warn" "-e" "RUSTDOCFLAGS=--cap-lints=warn" "-e" "CARGO_HOME=/opt/rustwide/cargo-home" "-e" "RUSTUP_HOME=/opt/rustwide/rustup-home" "-w" "/opt/rustwide/workdir" "-m" "1610612736" "--user" "0:0" "--network" "none" "ghcr.io/rust-lang/crates-build-env/linux@sha256:2788e3201cd34a07e3172128adcd8b3090168a8e3bcc40d7c032b9dda1df7d1c" "/opt/rustwide/cargo-home/bin/cargo" "+1.75.0" "test" "--frozen" "--no-run" "--message-format=json", kill_on_drop: false }`
[INFO] [stdout] 6aab1d4ee00fcaa183c1d3066c1b8b40932ac27e3d30537686f554f46fdc455b
[INFO] running `Command { std: "docker" "start" "-a" "6aab1d4ee00fcaa183c1d3066c1b8b40932ac27e3d30537686f554f46fdc455b", kill_on_drop: false }`
[INFO] [stderr]    Compiling value-bag v1.4.1
[INFO] [stderr]    Compiling futures-io v0.3.28
[INFO] [stderr]    Compiling parking v2.1.1
[INFO] [stderr]    Compiling rustix v0.37.25
[INFO] [stderr]    Compiling io-lifetimes v1.0.11
[INFO] [stderr]    Compiling async-task v4.4.1
[INFO] [stderr]    Compiling async-channel v1.9.0
[INFO] [stderr]    Compiling futures-util v0.3.28
[INFO] [stderr]    Compiling futures-lite v1.13.0
[INFO] [stderr]    Compiling piper v0.2.1
[INFO] [stderr]    Compiling log v0.4.20
[INFO] [stderr]    Compiling rustls v0.21.7
[INFO] [stderr]    Compiling polling v2.8.0
[INFO] [stderr]    Compiling globset v0.4.13
[INFO] [stderr]    Compiling kv-log-macro v1.0.7
[INFO] [stderr]    Compiling simple_logger v4.2.0
[INFO] [stderr]    Compiling blocking v1.4.1
[INFO] [stderr]    Compiling async-executor v1.5.4
[INFO] [stderr]    Compiling ignore v0.4.20
[INFO] [stderr]    Compiling globwalk v0.8.1
[INFO] [stderr]    Compiling tera v1.19.1
[INFO] [stderr]    Compiling async-io v1.13.0
[INFO] [stderr]    Compiling tokio-rustls v0.24.1
[INFO] [stderr]    Compiling async-global-executor v2.3.1
[INFO] [stderr]    Compiling h2 v0.3.21
[INFO] [stderr]    Compiling tokio-socks v0.5.1
[INFO] [stderr]    Compiling futures-executor v0.3.28
[INFO] [stderr]    Compiling futures v0.3.28
[INFO] [stderr]    Compiling async-std v1.12.0
[INFO] [stderr]    Compiling hyper v0.14.27
[INFO] [stderr]    Compiling hyper-rustls v0.24.1
[INFO] [stderr]    Compiling reqwest v0.11.22
[INFO] [stderr]    Compiling reqwest-eventsource v0.4.0
[INFO] [stderr]    Compiling async-openai v0.14.3
[INFO] [stderr]    Compiling tiktoken-rs v0.5.5
[INFO] [stderr]    Compiling gptcommit v0.5.14 (/opt/rustwide/workdir)
[INFO] [stderr]     Finished test [unoptimized + debuginfo] target(s) in 19.11s
[INFO] running `Command { std: "docker" "inspect" "6aab1d4ee00fcaa183c1d3066c1b8b40932ac27e3d30537686f554f46fdc455b", kill_on_drop: false }`
[INFO] running `Command { std: "docker" "rm" "-f" "6aab1d4ee00fcaa183c1d3066c1b8b40932ac27e3d30537686f554f46fdc455b", kill_on_drop: false }`
[INFO] [stdout] 6aab1d4ee00fcaa183c1d3066c1b8b40932ac27e3d30537686f554f46fdc455b
[INFO] running `Command { std: "docker" "create" "-v" "/var/lib/crater-agent-workspace/builds/worker-5-tc1/target:/opt/rustwide/target:rw,Z" "-v" "/var/lib/crater-agent-workspace/builds/worker-5-tc1/source:/opt/rustwide/workdir:ro,Z" "-v" "/var/lib/crater-agent-workspace/cargo-home:/opt/rustwide/cargo-home:ro,Z" "-v" "/var/lib/crater-agent-workspace/rustup-home:/opt/rustwide/rustup-home:ro,Z" "-e" "SOURCE_DIR=/opt/rustwide/workdir" "-e" "CARGO_TARGET_DIR=/opt/rustwide/target" "-e" "CARGO_INCREMENTAL=0" "-e" "RUST_BACKTRACE=full" "-e" "RUSTFLAGS=--cap-lints=warn" "-e" "RUSTDOCFLAGS=--cap-lints=warn" "-e" "CARGO_HOME=/opt/rustwide/cargo-home" "-e" "RUSTUP_HOME=/opt/rustwide/rustup-home" "-w" "/opt/rustwide/workdir" "-m" "1610612736" "--user" "0:0" "--network" "none" "ghcr.io/rust-lang/crates-build-env/linux@sha256:2788e3201cd34a07e3172128adcd8b3090168a8e3bcc40d7c032b9dda1df7d1c" "/opt/rustwide/cargo-home/bin/cargo" "+1.75.0" "test" "--frozen", kill_on_drop: false }`
[INFO] [stdout] b9d01b242d28d88fd9d43f116868562bd63cc644453d3bc9873a7623788755d5
[INFO] running `Command { std: "docker" "start" "-a" "b9d01b242d28d88fd9d43f116868562bd63cc644453d3bc9873a7623788755d5", kill_on_drop: false }`
[INFO] [stderr]     Finished test [unoptimized + debuginfo] target(s) in 0.13s
[INFO] [stderr]      Running unittests src/main.rs (/opt/rustwide/target/debug/deps/gptcommit-95e7ce9f8bc82ade)
[INFO] [stdout] 
[INFO] [stdout] running 8 tests
[INFO] [stdout] test util::tests::test_basic_split_prefix_inclusive ... ok
[INFO] [stdout] test util::tests::test_basic_split_prefix_inclusive_2 ... ok
[INFO] [stdout] test util::tests::test_split_prefix_inclusive ... ok
[INFO] [stdout] test util::tests::test_get_file_name_from_diff ... ok
[INFO] [stdout] test toml::tests::test_basic ... ok
[INFO] [stdout] test llms::tester_foobar::tests::test_basic ... ok
[INFO] [stdout] test toml::tests::test_default_config ... FAILED
[INFO] [stdout] test toml::tests::test_get_keys ... FAILED
[INFO] [stdout] 
[INFO] [stdout] failures:
[INFO] [stdout] 
[INFO] [stdout] ---- toml::tests::test_default_config stdout ----
[INFO] [stdout] thread 'toml::tests::test_default_config' panicked at src/toml.rs:103:9:
[INFO] [stdout] assertion `left == right` failed
[INFO] [stdout]   left: ["allow_amend", "file_ignore", "model_provider", "openai.api_base", "openai.model", "openai.proxy", "openai.retries", "output.conventional_commit", "output.conventional_commit_prefix_format", "output.lang", "output.show_per_file_summary", "prompt.commit_summary", "prompt.commit_title", "prompt.conventional_commit_prefix", "prompt.file_diff", "prompt.translation"]
[INFO] [stdout]  right: ["allow_amend", "file_ignore", "model_provider", "openai.api_base", "openai.api_key", "openai.model", "openai.proxy", "openai.retries", "output.conventional_commit", "output.conventional_commit_prefix_format", "output.lang", "output.show_per_file_summary", "prompt.commit_summary", "prompt.commit_title", "prompt.conventional_commit_prefix", "prompt.file_diff", "prompt.translation"]
[INFO] [stdout] stack backtrace:
[INFO] [stdout]    0:     0x5627c56d224c - std::backtrace_rs::backtrace::libunwind::trace::ha637c64ce894333a
[INFO] [stdout]                                at /rustc/82e1608dfa6e0b5569232559e3d385fea5a93112/library/std/src/../../backtrace/src/backtrace/libunwind.rs:104:5
[INFO] [stdout]    1:     0x5627c56d224c - std::backtrace_rs::backtrace::trace_unsynchronized::h47f62dea28e0c88d
[INFO] [stdout]                                at /rustc/82e1608dfa6e0b5569232559e3d385fea5a93112/library/std/src/../../backtrace/src/backtrace/mod.rs:66:5
[INFO] [stdout]    2:     0x5627c56d224c - std::sys_common::backtrace::_print_fmt::h9eef0abe20ede486
[INFO] [stdout]                                at /rustc/82e1608dfa6e0b5569232559e3d385fea5a93112/library/std/src/sys_common/backtrace.rs:67:5
[INFO] [stdout]    3:     0x5627c56d224c - <std::sys_common::backtrace::_print::DisplayBacktrace as core::fmt::Display>::fmt::hed7f999df88cc644
[INFO] [stdout]                                at /rustc/82e1608dfa6e0b5569232559e3d385fea5a93112/library/std/src/sys_common/backtrace.rs:44:22
[INFO] [stdout]    4:     0x5627c56fe340 - core::fmt::rt::Argument::fmt::h1539a9308b8d058d
[INFO] [stdout]                                at /rustc/82e1608dfa6e0b5569232559e3d385fea5a93112/library/core/src/fmt/rt.rs:142:9
[INFO] [stdout]    5:     0x5627c56fe340 - core::fmt::write::h3a39390d8560d9c9
[INFO] [stdout]                                at /rustc/82e1608dfa6e0b5569232559e3d385fea5a93112/library/core/src/fmt/mod.rs:1120:17
[INFO] [stdout]    6:     0x5627c56cf7df - std::io::Write::write_fmt::h040b369f3a0f9cbc
[INFO] [stdout]                                at /rustc/82e1608dfa6e0b5569232559e3d385fea5a93112/library/std/src/io/mod.rs:1762:15
[INFO] [stdout]    7:     0x5627c56d2034 - std::sys_common::backtrace::_print::h894006fb5c6f3d45
[INFO] [stdout]                                at /rustc/82e1608dfa6e0b5569232559e3d385fea5a93112/library/std/src/sys_common/backtrace.rs:47:5
[INFO] [stdout]    8:     0x5627c56d2034 - std::sys_common::backtrace::print::h23a2d212c6fff936
[INFO] [stdout]                                at /rustc/82e1608dfa6e0b5569232559e3d385fea5a93112/library/std/src/sys_common/backtrace.rs:34:9
[INFO] [stdout]    9:     0x5627c56d3cf7 - std::panicking::default_hook::{{closure}}::h8a1d2ee00185001a
[INFO] [stdout]   10:     0x5627c56d39e3 - std::panicking::default_hook::h6038f2eba384e475
[INFO] [stdout]                                at /rustc/82e1608dfa6e0b5569232559e3d385fea5a93112/library/std/src/panicking.rs:289:9
[INFO] [stdout]   11:     0x5627c536a7b7 - <alloc::boxed::Box<F,A> as core::ops::function::Fn<Args>>::call::h0ad024c9bdc6d768
[INFO] [stdout]                                at /rustc/82e1608dfa6e0b5569232559e3d385fea5a93112/library/alloc/src/boxed.rs:2021:9
[INFO] [stdout]   12:     0x5627c536a7b7 - test::test_main::{{closure}}::h7500b54257359db6
[INFO] [stdout]                                at /rustc/82e1608dfa6e0b5569232559e3d385fea5a93112/library/test/src/lib.rs:138:21
[INFO] [stdout]   13:     0x5627c56d4308 - <alloc::boxed::Box<F,A> as core::ops::function::Fn<Args>>::call::h1f8f335eaa9cfaee
[INFO] [stdout]                                at /rustc/82e1608dfa6e0b5569232559e3d385fea5a93112/library/alloc/src/boxed.rs:2021:9
[INFO] [stdout]   14:     0x5627c56d4308 - std::panicking::rust_panic_with_hook::h2b5517d590cab22e
[INFO] [stdout]                                at /rustc/82e1608dfa6e0b5569232559e3d385fea5a93112/library/std/src/panicking.rs:783:13
[INFO] [stdout]   15:     0x5627c56d405e - std::panicking::begin_panic_handler::{{closure}}::h233112c06e0ef43e
[INFO] [stdout]                                at /rustc/82e1608dfa6e0b5569232559e3d385fea5a93112/library/std/src/panicking.rs:657:13
[INFO] [stdout]   16:     0x5627c56d2716 - std::sys_common::backtrace::__rust_end_short_backtrace::h6e893f24d7ebbff8
[INFO] [stdout]                                at /rustc/82e1608dfa6e0b5569232559e3d385fea5a93112/library/std/src/sys_common/backtrace.rs:170:18
[INFO] [stdout]   17:     0x5627c56d3dc2 - rust_begin_unwind
[INFO] [stdout]                                at /rustc/82e1608dfa6e0b5569232559e3d385fea5a93112/library/std/src/panicking.rs:645:5
[INFO] [stdout]   18:     0x5627c52f0f25 - core::panicking::panic_fmt::hbf0e066aabfa482c
[INFO] [stdout]                                at /rustc/82e1608dfa6e0b5569232559e3d385fea5a93112/library/core/src/panicking.rs:72:14
[INFO] [stdout]   19:     0x5627c52f137b - core::panicking::assert_failed_inner::h0bba8b7c26ee4492
[INFO] [stdout]   20:     0x5627c5317ad2 - core::panicking::assert_failed::h905d82ee9fd413ec
[INFO] [stdout]                                at /rustc/82e1608dfa6e0b5569232559e3d385fea5a93112/library/core/src/panicking.rs:279:5
[INFO] [stdout]   21:     0x5627c532b0c8 - gptcommit::toml::tests::test_default_config::he70cac3505b56f46
[INFO] [stdout]                                at /opt/rustwide/workdir/src/toml.rs:103:9
[INFO] [stdout]   22:     0x5627c532ad17 - gptcommit::toml::tests::test_default_config::{{closure}}::he246dd96b76d32e3
[INFO] [stdout]                                at /opt/rustwide/workdir/src/toml.rs:93:29
[INFO] [stdout]   23:     0x5627c52f2356 - core::ops::function::FnOnce::call_once::h3d307ff5e338f1a9
[INFO] [stdout]                                at /rustc/82e1608dfa6e0b5569232559e3d385fea5a93112/library/core/src/ops/function.rs:250:5
[INFO] [stdout]   24:     0x5627c536fe0f - core::ops::function::FnOnce::call_once::h2b5d431d5046312d
[INFO] [stdout]                                at /rustc/82e1608dfa6e0b5569232559e3d385fea5a93112/library/core/src/ops/function.rs:250:5
[INFO] [stdout]   25:     0x5627c536fe0f - test::__rust_begin_short_backtrace::h7714669af176e207
[INFO] [stdout]                                at /rustc/82e1608dfa6e0b5569232559e3d385fea5a93112/library/test/src/lib.rs:628:18
[INFO] [stdout]   26:     0x5627c536ee25 - test::run_test_in_process::{{closure}}::h85218797dcbcec12
[INFO] [stdout]                                at /rustc/82e1608dfa6e0b5569232559e3d385fea5a93112/library/test/src/lib.rs:651:60
[INFO] [stdout]   27:     0x5627c536ee25 - <core::panic::unwind_safe::AssertUnwindSafe<F> as core::ops::function::FnOnce<()>>::call_once::h76c106ea31c14d7b
[INFO] [stdout]                                at /rustc/82e1608dfa6e0b5569232559e3d385fea5a93112/library/core/src/panic/unwind_safe.rs:272:9
[INFO] [stdout]   28:     0x5627c536ee25 - std::panicking::try::do_call::h3bd5d0f6620ee946
[INFO] [stdout]                                at /rustc/82e1608dfa6e0b5569232559e3d385fea5a93112/library/std/src/panicking.rs:552:40
[INFO] [stdout]   29:     0x5627c536ee25 - std::panicking::try::h232e535e4744fe31
[INFO] [stdout]                                at /rustc/82e1608dfa6e0b5569232559e3d385fea5a93112/library/std/src/panicking.rs:516:19
[INFO] [stdout]   30:     0x5627c536ee25 - std::panic::catch_unwind::h3ce3bd6ca8dbac68
[INFO] [stdout]                                at /rustc/82e1608dfa6e0b5569232559e3d385fea5a93112/library/std/src/panic.rs:142:14
[INFO] [stdout]   31:     0x5627c536ee25 - test::run_test_in_process::hc97b257c9621286a
[INFO] [stdout]                                at /rustc/82e1608dfa6e0b5569232559e3d385fea5a93112/library/test/src/lib.rs:651:27
[INFO] [stdout]   32:     0x5627c536ee25 - test::run_test::{{closure}}::h2aa798823a438d38
[INFO] [stdout]                                at /rustc/82e1608dfa6e0b5569232559e3d385fea5a93112/library/test/src/lib.rs:574:43
[INFO] [stdout]   33:     0x5627c53370e6 - test::run_test::{{closure}}::h87d231c78fb59832
[INFO] [stdout]                                at /rustc/82e1608dfa6e0b5569232559e3d385fea5a93112/library/test/src/lib.rs:602:41
[INFO] [stdout]   34:     0x5627c53370e6 - std::sys_common::backtrace::__rust_begin_short_backtrace::he6df152596625789
[INFO] [stdout]                                at /rustc/82e1608dfa6e0b5569232559e3d385fea5a93112/library/std/src/sys_common/backtrace.rs:154:18
[INFO] [stdout]   35:     0x5627c533c197 - std::thread::Builder::spawn_unchecked_::{{closure}}::{{closure}}::ha94be15d1e0acf36
[INFO] [stdout]                                at /rustc/82e1608dfa6e0b5569232559e3d385fea5a93112/library/std/src/thread/mod.rs:529:17
[INFO] [stdout]   36:     0x5627c533c197 - <core::panic::unwind_safe::AssertUnwindSafe<F> as core::ops::function::FnOnce<()>>::call_once::h9dc6bd6372f16606
[INFO] [stdout]                                at /rustc/82e1608dfa6e0b5569232559e3d385fea5a93112/library/core/src/panic/unwind_safe.rs:272:9
[INFO] [stdout]   37:     0x5627c533c197 - std::panicking::try::do_call::h9057517f80303cd4
[INFO] [stdout]                                at /rustc/82e1608dfa6e0b5569232559e3d385fea5a93112/library/std/src/panicking.rs:552:40
[INFO] [stdout]   38:     0x5627c533c197 - std::panicking::try::he3a30b11ee45340c
[INFO] [stdout]                                at /rustc/82e1608dfa6e0b5569232559e3d385fea5a93112/library/std/src/panicking.rs:516:19
[INFO] [stdout]   39:     0x5627c533c197 - std::panic::catch_unwind::h410458cfd3528b8b
[INFO] [stdout]                                at /rustc/82e1608dfa6e0b5569232559e3d385fea5a93112/library/std/src/panic.rs:142:14
[INFO] [stdout]   40:     0x5627c533c197 - std::thread::Builder::spawn_unchecked_::{{closure}}::h72ac3bdb567b737b
[INFO] [stdout]                                at /rustc/82e1608dfa6e0b5569232559e3d385fea5a93112/library/std/src/thread/mod.rs:528:30
[INFO] [stdout]   41:     0x5627c533c197 - core::ops::function::FnOnce::call_once{{vtable.shim}}::h38f34da3654a8344
[INFO] [stdout]                                at /rustc/82e1608dfa6e0b5569232559e3d385fea5a93112/library/core/src/ops/function.rs:250:5
[INFO] [stdout]   42:     0x5627c56d9035 - <alloc::boxed::Box<F,A> as core::ops::function::FnOnce<Args>>::call_once::hc7eafaff61e32df9
[INFO] [stdout]                                at /rustc/82e1608dfa6e0b5569232559e3d385fea5a93112/library/alloc/src/boxed.rs:2007:9
[INFO] [stdout]   43:     0x5627c56d9035 - <alloc::boxed::Box<F,A> as core::ops::function::FnOnce<Args>>::call_once::h6ba4a5de48dd2304
[INFO] [stdout]                                at /rustc/82e1608dfa6e0b5569232559e3d385fea5a93112/library/alloc/src/boxed.rs:2007:9
[INFO] [stdout]   44:     0x5627c56d9035 - std::sys::unix::thread::Thread::new::thread_start::he469335aef763e45
[INFO] [stdout]                                at /rustc/82e1608dfa6e0b5569232559e3d385fea5a93112/library/std/src/sys/unix/thread.rs:108:17
[INFO] [stdout]   45:     0x7f0ddca56ac3 - <unknown>
[INFO] [stdout]   46:     0x7f0ddcae7bf4 - __clone
[INFO] [stdout]   47:                0x0 - <unknown>
[INFO] [stdout] 
[INFO] [stdout] ---- toml::tests::test_get_keys stdout ----
[INFO] [stdout] thread 'toml::tests::test_get_keys' panicked at src/toml.rs:110:9:
[INFO] [stdout] assertion `left == right` failed
[INFO] [stdout]   left: ["allow_amend", "file_ignore", "model_provider", "openai.api_base", "openai.model", "openai.proxy", "openai.retries", "output.conventional_commit", "output.conventional_commit_prefix_format", "output.lang", "output.show_per_file_summary", "prompt.commit_summary", "prompt.commit_title", "prompt.conventional_commit_prefix", "prompt.file_diff", "prompt.translation"]
[INFO] [stdout]  right: ["allow_amend", "file_ignore", "model_provider", "openai.api_base", "openai.api_key", "openai.model", "openai.proxy", "openai.retries", "output.conventional_commit", "output.conventional_commit_prefix_format", "output.lang", "output.show_per_file_summary", "prompt.commit_summary", "prompt.commit_title", "prompt.conventional_commit_prefix", "prompt.file_diff", "prompt.translation"]
[INFO] [stdout] stack backtrace:
[INFO] [stdout]    0:     0x5627c56d224c - std::backtrace_rs::backtrace::libunwind::trace::ha637c64ce894333a
[INFO] [stdout]                                at /rustc/82e1608dfa6e0b5569232559e3d385fea5a93112/library/std/src/../../backtrace/src/backtrace/libunwind.rs:104:5
[INFO] [stdout]    1:     0x5627c56d224c - std::backtrace_rs::backtrace::trace_unsynchronized::h47f62dea28e0c88d
[INFO] [stdout]                                at /rustc/82e1608dfa6e0b5569232559e3d385fea5a93112/library/std/src/../../backtrace/src/backtrace/mod.rs:66:5
[INFO] [stdout]    2:     0x5627c56d224c - std::sys_common::backtrace::_print_fmt::h9eef0abe20ede486
[INFO] [stdout]                                at /rustc/82e1608dfa6e0b5569232559e3d385fea5a93112/library/std/src/sys_common/backtrace.rs:67:5
[INFO] [stdout]    3:     0x5627c56d224c - <std::sys_common::backtrace::_print::DisplayBacktrace as core::fmt::Display>::fmt::hed7f999df88cc644
[INFO] [stdout]                                at /rustc/82e1608dfa6e0b5569232559e3d385fea5a93112/library/std/src/sys_common/backtrace.rs:44:22
[INFO] [stdout]    4:     0x5627c56fe340 - core::fmt::rt::Argument::fmt::h1539a9308b8d058d
[INFO] [stdout]                                at /rustc/82e1608dfa6e0b5569232559e3d385fea5a93112/library/core/src/fmt/rt.rs:142:9
[INFO] [stdout]    5:     0x5627c56fe340 - core::fmt::write::h3a39390d8560d9c9
[INFO] [stdout]                                at /rustc/82e1608dfa6e0b5569232559e3d385fea5a93112/library/core/src/fmt/mod.rs:1120:17
[INFO] [stdout]    6:     0x5627c56cf7df - std::io::Write::write_fmt::h040b369f3a0f9cbc
[INFO] [stdout]                                at /rustc/82e1608dfa6e0b5569232559e3d385fea5a93112/library/std/src/io/mod.rs:1762:15
[INFO] [stdout]    7:     0x5627c56d2034 - std::sys_common::backtrace::_print::h894006fb5c6f3d45
[INFO] [stdout]                                at /rustc/82e1608dfa6e0b5569232559e3d385fea5a93112/library/std/src/sys_common/backtrace.rs:47:5
[INFO] [stdout]    8:     0x5627c56d2034 - std::sys_common::backtrace::print::h23a2d212c6fff936
[INFO] [stdout]                                at /rustc/82e1608dfa6e0b5569232559e3d385fea5a93112/library/std/src/sys_common/backtrace.rs:34:9
[INFO] [stdout]    9:     0x5627c56d3cf7 - std::panicking::default_hook::{{closure}}::h8a1d2ee00185001a
[INFO] [stdout]   10:     0x5627c56d39e3 - std::panicking::default_hook::h6038f2eba384e475
[INFO] [stdout]                                at /rustc/82e1608dfa6e0b5569232559e3d385fea5a93112/library/std/src/panicking.rs:289:9
[INFO] [stdout]   11:     0x5627c536a7b7 - <alloc::boxed::Box<F,A> as core::ops::function::Fn<Args>>::call::h0ad024c9bdc6d768
[INFO] [stdout]                                at /rustc/82e1608dfa6e0b5569232559e3d385fea5a93112/library/alloc/src/boxed.rs:2021:9
[INFO] [stdout]   12:     0x5627c536a7b7 - test::test_main::{{closure}}::h7500b54257359db6
[INFO] [stdout]                                at /rustc/82e1608dfa6e0b5569232559e3d385fea5a93112/library/test/src/lib.rs:138:21
[INFO] [stdout]   13:     0x5627c56d4308 - <alloc::boxed::Box<F,A> as core::ops::function::Fn<Args>>::call::h1f8f335eaa9cfaee
[INFO] [stdout]                                at /rustc/82e1608dfa6e0b5569232559e3d385fea5a93112/library/alloc/src/boxed.rs:2021:9
[INFO] [stdout]   14:     0x5627c56d4308 - std::panicking::rust_panic_with_hook::h2b5517d590cab22e
[INFO] [stdout]                                at /rustc/82e1608dfa6e0b5569232559e3d385fea5a93112/library/std/src/panicking.rs:783:13
[INFO] [stdout]   15:     0x5627c56d405e - std::panicking::begin_panic_handler::{{closure}}::h233112c06e0ef43e
[INFO] [stdout]                                at /rustc/82e1608dfa6e0b5569232559e3d385fea5a93112/library/std/src/panicking.rs:657:13
[INFO] [stdout]   16:     0x5627c56d2716 - std::sys_common::backtrace::__rust_end_short_backtrace::h6e893f24d7ebbff8
[INFO] [stdout]                                at /rustc/82e1608dfa6e0b5569232559e3d385fea5a93112/library/std/src/sys_common/backtrace.rs:170:18
[INFO] [stdout]   17:     0x5627c56d3dc2 - rust_begin_unwind
[INFO] [stdout]                                at /rustc/82e1608dfa6e0b5569232559e3d385fea5a93112/library/std/src/panicking.rs:645:5
[INFO] [stdout]   18:     0x5627c52f0f25 - core::panicking::panic_fmt::hbf0e066aabfa482c
[INFO] [stdout]                                at /rustc/82e1608dfa6e0b5569232559e3d385fea5a93112/library/core/src/panicking.rs:72:14
[INFO] [stdout]   19:     0x5627c52f137b - core::panicking::assert_failed_inner::h0bba8b7c26ee4492
[INFO] [stdout]   20:     0x5627c5317ad2 - core::panicking::assert_failed::h905d82ee9fd413ec
[INFO] [stdout]                                at /rustc/82e1608dfa6e0b5569232559e3d385fea5a93112/library/core/src/panicking.rs:279:5
[INFO] [stdout]   21:     0x5627c532b360 - gptcommit::toml::tests::test_get_keys::h6e33f1f4f94865e5
[INFO] [stdout]                                at /opt/rustwide/workdir/src/toml.rs:110:9
[INFO] [stdout]   22:     0x5627c532b147 - gptcommit::toml::tests::test_get_keys::{{closure}}::h3955c11171056d72
[INFO] [stdout]                                at /opt/rustwide/workdir/src/toml.rs:107:23
[INFO] [stdout]   23:     0x5627c52f2616 - core::ops::function::FnOnce::call_once::h8cbb3a81b5e1cbdd
[INFO] [stdout]                                at /rustc/82e1608dfa6e0b5569232559e3d385fea5a93112/library/core/src/ops/function.rs:250:5
[INFO] [stdout]   24:     0x5627c536fe0f - core::ops::function::FnOnce::call_once::h2b5d431d5046312d
[INFO] [stdout]                                at /rustc/82e1608dfa6e0b5569232559e3d385fea5a93112/library/core/src/ops/function.rs:250:5
[INFO] [stdout]   25:     0x5627c536fe0f - test::__rust_begin_short_backtrace::h7714669af176e207
[INFO] [stdout]                                at /rustc/82e1608dfa6e0b5569232559e3d385fea5a93112/library/test/src/lib.rs:628:18
[INFO] [stdout]   26:     0x5627c536ee25 - test::run_test_in_process::{{closure}}::h85218797dcbcec12
[INFO] [stdout]                                at /rustc/82e1608dfa6e0b5569232559e3d385fea5a93112/library/test/src/lib.rs:651:60
[INFO] [stdout]   27:     0x5627c536ee25 - <core::panic::unwind_safe::AssertUnwindSafe<F> as core::ops::function::FnOnce<()>>::call_once::h76c106ea31c14d7b
[INFO] [stdout]                                at /rustc/82e1608dfa6e0b5569232559e3d385fea5a93112/library/core/src/panic/unwind_safe.rs:272:9
[INFO] [stdout]   28:     0x5627c536ee25 - std::panicking::try::do_call::h3bd5d0f6620ee946
[INFO] [stdout]                                at /rustc/82e1608dfa6e0b5569232559e3d385fea5a93112/library/std/src/panicking.rs:552:40
[INFO] [stdout]   29:     0x5627c536ee25 - std::panicking::try::h232e535e4744fe31
[INFO] [stdout]                                at /rustc/82e1608dfa6e0b5569232559e3d385fea5a93112/library/std/src/panicking.rs:516:19
[INFO] [stdout]   30:     0x5627c536ee25 - std::panic::catch_unwind::h3ce3bd6ca8dbac68
[INFO] [stdout]                                at /rustc/82e1608dfa6e0b5569232559e3d385fea5a93112/library/std/src/panic.rs:142:14
[INFO] [stdout]   31:     0x5627c536ee25 - test::run_test_in_process::hc97b257c9621286a
[INFO] [stdout]                                at /rustc/82e1608dfa6e0b5569232559e3d385fea5a93112/library/test/src/lib.rs:651:27
[INFO] [stdout]   32:     0x5627c536ee25 - test::run_test::{{closure}}::h2aa798823a438d38
[INFO] [stdout]                                at /rustc/82e1608dfa6e0b5569232559e3d385fea5a93112/library/test/src/lib.rs:574:43
[INFO] [stdout]   33:     0x5627c53370e6 - test::run_test::{{closure}}::h87d231c78fb59832
[INFO] [stdout]                                at /rustc/82e1608dfa6e0b5569232559e3d385fea5a93112/library/test/src/lib.rs:602:41
[INFO] [stdout]   34:     0x5627c53370e6 - std::sys_common::backtrace::__rust_begin_short_backtrace::he6df152596625789
[INFO] [stdout]                                at /rustc/82e1608dfa6e0b5569232559e3d385fea5a93112/library/std/src/sys_common/backtrace.rs:154:18
[INFO] [stdout]   35:     0x5627c533c197 - std::thread::Builder::spawn_unchecked_::{{closure}}::{{closure}}::ha94be15d1e0acf36
[INFO] [stdout]                                at /rustc/82e1608dfa6e0b5569232559e3d385fea5a93112/library/std/src/thread/mod.rs:529:17
[INFO] [stdout]   36:     0x5627c533c197 - <core::panic::unwind_safe::AssertUnwindSafe<F> as core::ops::function::FnOnce<()>>::call_once::h9dc6bd6372f16606
[INFO] [stdout]                                at /rustc/82e1608dfa6e0b5569232559e3d385fea5a93112/library/core/src/panic/unwind_safe.rs:272:9
[INFO] [stdout]   37:     0x5627c533c197 - std::panicking::try::do_call::h9057517f80303cd4
[INFO] [stdout]                                at /rustc/82e1608dfa6e0b5569232559e3d385fea5a93112/library/std/src/panicking.rs:552:40
[INFO] [stdout]   38:     0x5627c533c197 - std::panicking::try::he3a30b11ee45340c
[INFO] [stdout]                                at /rustc/82e1608dfa6e0b5569232559e3d385fea5a93112/library/std/src/panicking.rs:516:19
[INFO] [stdout]   39:     0x5627c533c197 - std::panic::catch_unwind::h410458cfd3528b8b
[INFO] [stdout]                                at /rustc/82e1608dfa6e0b5569232559e3d385fea5a93112/library/std/src/panic.rs:142:14
[INFO] [stdout]   40:     0x5627c533c197 - std::thread::Builder::spawn_unchecked_::{{closure}}::h72ac3bdb567b737b
[INFO] [stdout]                                at /rustc/82e1608dfa6e0b5569232559e3d385fea5a93112/library/std/src/thread/mod.rs:528:30
[INFO] [stdout]   41:     0x5627c533c197 - core::ops::function::FnOnce::call_once{{vtable.shim}}::h38f34da3654a8344
[INFO] [stdout]                                at /rustc/82e1608dfa6e0b5569232559e3d385fea5a93112/library/core/src/ops/function.rs:250:5
[INFO] [stdout]   42:     0x5627c56d9035 - <alloc::boxed::Box<F,A> as core::ops::function::FnOnce<Args>>::call_once::hc7eafaff61e32df9
[INFO] [stdout]                                at /rustc/82e1608dfa6e0b5569232559e3d385fea5a93112/library/alloc/src/boxed.rs:2007:9
[INFO] [stdout]   43:     0x5627c56d9035 - <alloc::boxed::Box<F,A> as core::ops::function::FnOnce<Args>>::call_once::h6ba4a5de48dd2304
[INFO] [stdout]                                at /rustc/82e1608dfa6e0b5569232559e3d385fea5a93112/library/alloc/src/boxed.rs:2007:9
[INFO] [stdout]   44:     0x5627c56d9035 - std::sys::unix::thread::Thread::new::thread_start::he469335aef763e45
[INFO] [stdout]                                at /rustc/82e1608dfa6e0b5569232559e3d385fea5a93112/library/std/src/sys/unix/thread.rs:108:17
[INFO] [stdout]   45:     0x7f0ddca56ac3 - <unknown>
[INFO] [stdout]   46:     0x7f0ddcae7bf4 - __clone
[INFO] [stdout]   47:                0x0 - <unknown>
[INFO] [stdout] 
[INFO] [stdout] 
[INFO] [stdout] failures:
[INFO] [stdout]     toml::tests::test_default_config
[INFO] [stdout]     toml::tests::test_get_keys
[INFO] [stdout] 
[INFO] [stdout] test result: FAILED. 6 passed; 2 failed; 0 ignored; 0 measured; 0 filtered out; finished in 0.10s
[INFO] [stdout] 
[INFO] [stderr] error: test failed, to rerun pass `--bin gptcommit`
[INFO] running `Command { std: "docker" "inspect" "b9d01b242d28d88fd9d43f116868562bd63cc644453d3bc9873a7623788755d5", kill_on_drop: false }`
[INFO] running `Command { std: "docker" "rm" "-f" "b9d01b242d28d88fd9d43f116868562bd63cc644453d3bc9873a7623788755d5", kill_on_drop: false }`
[INFO] [stdout] b9d01b242d28d88fd9d43f116868562bd63cc644453d3bc9873a7623788755d5
