[INFO] fetching crate gostd 0.3.10...
[INFO] testing gostd-0.3.10 against 1.75.0 for beta-1.76-1
[INFO] extracting crate gostd 0.3.10 into /workspace/builds/worker-7-tc1/source
[INFO] validating manifest of crates.io crate gostd 0.3.10 on toolchain 1.75.0
[INFO] running `Command { std: CARGO_HOME="/workspace/cargo-home" RUSTUP_HOME="/workspace/rustup-home" "/workspace/cargo-home/bin/cargo" "+1.75.0" "metadata" "--manifest-path" "Cargo.toml" "--no-deps", kill_on_drop: false }`
[INFO] started tweaking crates.io crate gostd 0.3.10
[INFO] finished tweaking crates.io crate gostd 0.3.10
[INFO] tweaked toml for crates.io crate gostd 0.3.10 written to /workspace/builds/worker-7-tc1/source/Cargo.toml
[INFO] running `Command { std: CARGO_HOME="/workspace/cargo-home" RUSTUP_HOME="/workspace/rustup-home" "/workspace/cargo-home/bin/cargo" "+1.75.0" "generate-lockfile" "--manifest-path" "Cargo.toml", kill_on_drop: false }`
[INFO] [stderr]     Blocking waiting for file lock on package cache
[INFO] [stderr]     Updating crates.io index
[INFO] running `Command { std: CARGO_HOME="/workspace/cargo-home" RUSTUP_HOME="/workspace/rustup-home" "/workspace/cargo-home/bin/cargo" "+1.75.0" "fetch" "--manifest-path" "Cargo.toml", kill_on_drop: false }`
[INFO] [stderr]  Downloading crates ...
[INFO] [stderr]   Downloaded gostd_builtin v1.0.4
[INFO] [stderr]   Downloaded cvt v0.1.2
[INFO] [stderr]   Downloaded gostd_derive v0.0.3
[INFO] [stderr]   Downloaded gostd_time v1.0.6
[INFO] running `Command { std: "docker" "create" "-v" "/var/lib/crater-agent-workspace/builds/worker-7-tc1/target:/opt/rustwide/target:rw,Z" "-v" "/var/lib/crater-agent-workspace/builds/worker-7-tc1/source:/opt/rustwide/workdir:ro,Z" "-v" "/var/lib/crater-agent-workspace/cargo-home:/opt/rustwide/cargo-home:ro,Z" "-v" "/var/lib/crater-agent-workspace/rustup-home:/opt/rustwide/rustup-home:ro,Z" "-e" "SOURCE_DIR=/opt/rustwide/workdir" "-e" "CARGO_TARGET_DIR=/opt/rustwide/target" "-e" "CARGO_HOME=/opt/rustwide/cargo-home" "-e" "RUSTUP_HOME=/opt/rustwide/rustup-home" "-w" "/opt/rustwide/workdir" "-m" "1610612736" "--user" "0:0" "--network" "none" "ghcr.io/rust-lang/crates-build-env/linux@sha256:2788e3201cd34a07e3172128adcd8b3090168a8e3bcc40d7c032b9dda1df7d1c" "/opt/rustwide/cargo-home/bin/cargo" "+1.75.0" "metadata" "--no-deps" "--format-version=1", kill_on_drop: false }`
[INFO] [stdout] 5dadc91f27e185f08ca8a7c70213ba89e7c5431098a1ae59b453de747fc5d04b
[INFO] running `Command { std: "docker" "start" "-a" "5dadc91f27e185f08ca8a7c70213ba89e7c5431098a1ae59b453de747fc5d04b", kill_on_drop: false }`
[INFO] running `Command { std: "docker" "inspect" "5dadc91f27e185f08ca8a7c70213ba89e7c5431098a1ae59b453de747fc5d04b", kill_on_drop: false }`
[INFO] running `Command { std: "docker" "rm" "-f" "5dadc91f27e185f08ca8a7c70213ba89e7c5431098a1ae59b453de747fc5d04b", kill_on_drop: false }`
[INFO] [stdout] 5dadc91f27e185f08ca8a7c70213ba89e7c5431098a1ae59b453de747fc5d04b
[INFO] running `Command { std: "docker" "create" "-v" "/var/lib/crater-agent-workspace/builds/worker-7-tc1/target:/opt/rustwide/target:rw,Z" "-v" "/var/lib/crater-agent-workspace/builds/worker-7-tc1/source:/opt/rustwide/workdir:ro,Z" "-v" "/var/lib/crater-agent-workspace/cargo-home:/opt/rustwide/cargo-home:ro,Z" "-v" "/var/lib/crater-agent-workspace/rustup-home:/opt/rustwide/rustup-home:ro,Z" "-e" "SOURCE_DIR=/opt/rustwide/workdir" "-e" "CARGO_TARGET_DIR=/opt/rustwide/target" "-e" "CARGO_INCREMENTAL=0" "-e" "RUST_BACKTRACE=full" "-e" "RUSTFLAGS=--cap-lints=warn" "-e" "RUSTDOCFLAGS=--cap-lints=warn" "-e" "CARGO_HOME=/opt/rustwide/cargo-home" "-e" "RUSTUP_HOME=/opt/rustwide/rustup-home" "-w" "/opt/rustwide/workdir" "-m" "1610612736" "--user" "0:0" "--network" "none" "ghcr.io/rust-lang/crates-build-env/linux@sha256:2788e3201cd34a07e3172128adcd8b3090168a8e3bcc40d7c032b9dda1df7d1c" "/opt/rustwide/cargo-home/bin/cargo" "+1.75.0" "build" "--frozen" "--message-format=json", kill_on_drop: false }`
[INFO] [stdout] e6a4d0ca800eab8f45828c5974c12c5e4d3341cda6833e3d7faf81a1fddfb22f
[INFO] running `Command { std: "docker" "start" "-a" "e6a4d0ca800eab8f45828c5974c12c5e4d3341cda6833e3d7faf81a1fddfb22f", kill_on_drop: false }`
[INFO] [stderr]    Compiling ring v0.16.20
[INFO] [stderr]    Compiling syn v1.0.109
[INFO] [stderr]    Compiling ppv-lite86 v0.2.17
[INFO] [stderr]    Compiling rustls v0.20.9
[INFO] [stderr]    Compiling gostd_builtin v1.0.4
[INFO] [stderr]    Compiling getrandom v0.2.11
[INFO] [stderr]    Compiling cvt v0.1.2
[INFO] [stderr]    Compiling ring v0.17.7
[INFO] [stderr]    Compiling rand_core v0.6.4
[INFO] [stderr]    Compiling rand_chacha v0.3.1
[INFO] [stderr]    Compiling rand v0.8.5
[INFO] [stderr]    Compiling webpki v0.22.4
[INFO] [stderr]    Compiling sct v0.7.1
[INFO] [stderr]    Compiling webpki-roots v0.22.6
[INFO] [stderr]    Compiling gostd_derive v0.0.3
[INFO] [stderr]    Compiling gostd_time v1.0.6
[INFO] [stderr]    Compiling gostd v0.3.10 (/opt/rustwide/workdir)
[INFO] [stderr]     Finished dev [unoptimized + debuginfo] target(s) in 5.75s
[INFO] running `Command { std: "docker" "inspect" "e6a4d0ca800eab8f45828c5974c12c5e4d3341cda6833e3d7faf81a1fddfb22f", kill_on_drop: false }`
[INFO] running `Command { std: "docker" "rm" "-f" "e6a4d0ca800eab8f45828c5974c12c5e4d3341cda6833e3d7faf81a1fddfb22f", kill_on_drop: false }`
[INFO] [stdout] e6a4d0ca800eab8f45828c5974c12c5e4d3341cda6833e3d7faf81a1fddfb22f
[INFO] running `Command { std: "docker" "create" "-v" "/var/lib/crater-agent-workspace/builds/worker-7-tc1/target:/opt/rustwide/target:rw,Z" "-v" "/var/lib/crater-agent-workspace/builds/worker-7-tc1/source:/opt/rustwide/workdir:ro,Z" "-v" "/var/lib/crater-agent-workspace/cargo-home:/opt/rustwide/cargo-home:ro,Z" "-v" "/var/lib/crater-agent-workspace/rustup-home:/opt/rustwide/rustup-home:ro,Z" "-e" "SOURCE_DIR=/opt/rustwide/workdir" "-e" "CARGO_TARGET_DIR=/opt/rustwide/target" "-e" "CARGO_INCREMENTAL=0" "-e" "RUST_BACKTRACE=full" "-e" "RUSTFLAGS=--cap-lints=warn" "-e" "RUSTDOCFLAGS=--cap-lints=warn" "-e" "CARGO_HOME=/opt/rustwide/cargo-home" "-e" "RUSTUP_HOME=/opt/rustwide/rustup-home" "-w" "/opt/rustwide/workdir" "-m" "1610612736" "--user" "0:0" "--network" "none" "ghcr.io/rust-lang/crates-build-env/linux@sha256:2788e3201cd34a07e3172128adcd8b3090168a8e3bcc40d7c032b9dda1df7d1c" "/opt/rustwide/cargo-home/bin/cargo" "+1.75.0" "test" "--frozen" "--no-run" "--message-format=json", kill_on_drop: false }`
[INFO] [stdout] 020d8894b43b142bbb5caa9e2fa98795d3adcb712c77f7fc97053f843ceb4aa2
[INFO] running `Command { std: "docker" "start" "-a" "020d8894b43b142bbb5caa9e2fa98795d3adcb712c77f7fc97053f843ceb4aa2", kill_on_drop: false }`
[INFO] [stderr]    Compiling gostd v0.3.10 (/opt/rustwide/workdir)
[INFO] [stderr]     Finished test [unoptimized + debuginfo] target(s) in 1.99s
[INFO] running `Command { std: "docker" "inspect" "020d8894b43b142bbb5caa9e2fa98795d3adcb712c77f7fc97053f843ceb4aa2", kill_on_drop: false }`
[INFO] running `Command { std: "docker" "rm" "-f" "020d8894b43b142bbb5caa9e2fa98795d3adcb712c77f7fc97053f843ceb4aa2", kill_on_drop: false }`
[INFO] [stdout] 020d8894b43b142bbb5caa9e2fa98795d3adcb712c77f7fc97053f843ceb4aa2
[INFO] running `Command { std: "docker" "create" "-v" "/var/lib/crater-agent-workspace/builds/worker-7-tc1/target:/opt/rustwide/target:rw,Z" "-v" "/var/lib/crater-agent-workspace/builds/worker-7-tc1/source:/opt/rustwide/workdir:ro,Z" "-v" "/var/lib/crater-agent-workspace/cargo-home:/opt/rustwide/cargo-home:ro,Z" "-v" "/var/lib/crater-agent-workspace/rustup-home:/opt/rustwide/rustup-home:ro,Z" "-e" "SOURCE_DIR=/opt/rustwide/workdir" "-e" "CARGO_TARGET_DIR=/opt/rustwide/target" "-e" "CARGO_INCREMENTAL=0" "-e" "RUST_BACKTRACE=full" "-e" "RUSTFLAGS=--cap-lints=warn" "-e" "RUSTDOCFLAGS=--cap-lints=warn" "-e" "CARGO_HOME=/opt/rustwide/cargo-home" "-e" "RUSTUP_HOME=/opt/rustwide/rustup-home" "-w" "/opt/rustwide/workdir" "-m" "1610612736" "--user" "0:0" "--network" "none" "ghcr.io/rust-lang/crates-build-env/linux@sha256:2788e3201cd34a07e3172128adcd8b3090168a8e3bcc40d7c032b9dda1df7d1c" "/opt/rustwide/cargo-home/bin/cargo" "+1.75.0" "test" "--frozen", kill_on_drop: false }`
[INFO] [stdout] 04526bb83d8e3b5797d83c794b2575d6844d82c2053ca127c5f00789d4cef314
[INFO] running `Command { std: "docker" "start" "-a" "04526bb83d8e3b5797d83c794b2575d6844d82c2053ca127c5f00789d4cef314", kill_on_drop: false }`
[INFO] [stderr]     Finished test [unoptimized + debuginfo] target(s) in 0.06s
[INFO] [stderr]      Running unittests src/lib.rs (/opt/rustwide/target/debug/deps/gostd-8d76fcb423def08d)
[INFO] [stdout] 
[INFO] [stdout] running 5 tests
[INFO] [stdout] test net::url::tests::Test_ParseQuery ... ok
[INFO] [stdout] test net::url::tests::test_QueryUnescape ... ok
[INFO] [stdout] test net::url::tests::test_QueryEscape ... ok
[INFO] [stdout] test tests::it_works ... ok
[INFO] [stdout] test strings::tests::test_compare ... ok
[INFO] [stdout] 
[INFO] [stdout] test result: ok. 5 passed; 0 failed; 0 ignored; 0 measured; 0 filtered out; finished in 0.02s
[INFO] [stdout] 
[INFO] [stderr]    Doc-tests gostd
[INFO] [stdout] 
[INFO] [stdout] running 88 tests
[INFO] [stdout] test src/bytes/mod.rs - bytes::ContainsAny (line 77) ... ok
[INFO] [stdout] test src/bytes/mod.rs - bytes::HasSuffix (line 293) ... ok
[INFO] [stdout] test src/bytes/mod.rs - bytes::HasPrefix (line 272) ... ok
[INFO] [stdout] test src/bytes/mod.rs - bytes::Buffer (line 1249) ... ok
[INFO] [stdout] test src/bytes/mod.rs - bytes::IndexFunc (line 453) ... ok
[INFO] [stdout] test src/bytes/mod.rs - bytes::Fields (line 182) ... ok
[INFO] [stdout] test src/bytes/mod.rs - bytes::Index (line 346) ... ok
[INFO] [stdout] test src/bytes/mod.rs - bytes::Cut (line 315) ... ok
[INFO] [stdout] test src/bytes/mod.rs - bytes::Contains (line 54) ... ok
[INFO] [stdout] test src/bytes/mod.rs - bytes::Count (line 141) ... ok
[INFO] [stdout] test src/bytes/mod.rs - bytes::IndexAny (line 397) ... ok
[INFO] [stdout] test src/bytes/mod.rs - bytes::ContainsRune (line 104) ... ok
[INFO] [stdout] test src/bytes/mod.rs - bytes::IndexByte (line 426) ... ok
[INFO] [stdout] test src/bytes/mod.rs - bytes::LastIndexAny (line 597) ... ok
[INFO] [stdout] test src/bytes/mod.rs - bytes::Compare (line 29) ... ok
[INFO] [stdout] test src/bytes/mod.rs - bytes::IndexRune (line 488) ... ok
[INFO] [stdout] test src/bytes/mod.rs - bytes::Join (line 519) ... ok
[INFO] [stdout] test src/bytes/mod.rs - bytes::LastIndexByte (line 629) ... ok
[INFO] [stdout] test src/bytes/mod.rs - bytes::Map (line 684) ... ok
[INFO] [stdout] test src/bytes/mod.rs - bytes::FieldsFunc (line 207) ... ok
[INFO] [stdout] test src/bytes/mod.rs - bytes::LastIndex (line 543) ... ok
[INFO] [stdout] test src/bytes/mod.rs - bytes::Replace (line 752) ... ok
[INFO] [stdout] test src/bytes/mod.rs - bytes::Repeat (line 727) ... ok
[INFO] [stdout] test src/bytes/mod.rs - bytes::ReplaceAll (line 789) ... ok
[INFO] [stdout] test src/bytes/mod.rs - bytes::SplitAfterN (line 898) ... ok
[INFO] [stdout] test src/bytes/mod.rs - bytes::SplitAfter (line 864) ... ok
[INFO] [stdout] test src/bytes/mod.rs - bytes::TrimLeft (line 1054) ... ok
[INFO] [stdout] test src/bytes/mod.rs - bytes::ToLower (line 981) ... ok
[INFO] [stdout] test src/bytes/mod.rs - bytes::LastIndexFunc (line 655) ... ok
[INFO] [stdout] test src/bytes/mod.rs - bytes::ToUpper (line 999) ... ok
[INFO] [stdout] test src/bytes/mod.rs - bytes::TrimPrefix (line 1110) ... ok
[INFO] [stdout] test src/bytes/mod.rs - bytes::Replacer<'a>::new (line 1649) ... ok
[INFO] [stdout] test src/bytes/mod.rs - bytes::SplitN (line 940) ... ok
[INFO] [stdout] test src/bytes/mod.rs - bytes::Trim (line 1017) ... ok
[INFO] [stdout] test src/bytes/mod.rs - bytes::Split (line 812) ... ok
[INFO] [stdout] test src/bytes/mod.rs - bytes::TrimSuffix (line 1226) ... ok
[INFO] [stdout] test src/bytes/mod.rs - bytes::TrimRight (line 1131) ... ok
[INFO] [stdout] test src/bytes/mod.rs - bytes::TrimFunc (line 1036) ... ok
[INFO] [stdout] test src/bytes/mod.rs - bytes::TrimLeftFunc (line 1080) ... ok
[INFO] [stdout] test src/bytes/mod.rs - bytes::TrimSpace (line 1189) ... ok
[INFO] [stdout] test src/mime/multipart/mod.rs - mime::multipart::Writer<'a,W>::new (line 79) ... ok
[INFO] [stdout] test src/net/http/mod.rs - net::http::Get (line 223) ... FAILED
[INFO] [stdout] test src/mime/multipart/mod.rs - mime::multipart::Writer (line 29) ... ok
[INFO] [stdout] test src/strings/mod.rs - strings::ContainsAny (line 76) ... ok
[INFO] [stdout] test src/bytes/mod.rs - bytes::TrimRightFunc (line 1159) ... ok
[INFO] [stdout] test src/strings/mod.rs - strings::Contains (line 56) ... ok
[INFO] [stdout] test src/strings/mod.rs - strings::ContainsRune (line 103) ... ok
[INFO] [stdout] test src/strings/mod.rs - strings::Builder (line 1160) ... ok
[INFO] [stdout] test src/strings/mod.rs - strings::Compare (line 31) ... ok
[INFO] [stdout] test src/net/http/mod.rs - net::http::Post (line 253) ... FAILED
[INFO] [stdout] test src/strings/mod.rs - strings::Count (line 123) ... ok
[INFO] [stdout] test src/strings/mod.rs - strings::EqualFold (line 164) ... ok
[INFO] [stdout] test src/strings/mod.rs - strings::Cut (line 313) ... ok
[INFO] [stdout] test src/strings/mod.rs - strings::Index (line 343) ... ok
[INFO] [stdout] test src/strings/mod.rs - strings::FieldsFunc (line 205) ... ok
[INFO] [stdout] test src/strings/mod.rs - strings::Fields (line 184) ... ok
[INFO] [stdout] test src/strings/mod.rs - strings::IndexFunc (line 421) ... ok
[INFO] [stdout] test src/strings/mod.rs - strings::HasPrefix (line 270) ... ok
[INFO] [stdout] test src/strings/mod.rs - strings::HasSuffix (line 291) ... ok
[INFO] [stdout] test src/strings/mod.rs - strings::IndexRune (line 454) ... ok
[INFO] [stdout] test src/strings/mod.rs - strings::IndexByte (line 396) ... ok
[INFO] [stdout] test src/strings/mod.rs - strings::IndexAny (line 368) ... ok
[INFO] [stdout] test src/strings/mod.rs - strings::LastIndex (line 519) ... ok
[INFO] [stdout] test src/strings/mod.rs - strings::Repeat (line 667) ... ok
[INFO] [stdout] test src/strings/mod.rs - strings::LastIndexAny (line 545) ... ok
[INFO] [stdout] test src/strings/mod.rs - strings::Join (line 480) ... ok
[INFO] [stdout] test src/strings/mod.rs - strings::ReplaceAll (line 732) ... ok
[INFO] [stdout] test src/strings/mod.rs - strings::LastIndexFunc (line 597) ... ok
[INFO] [stdout] test src/strings/mod.rs - strings::Map (line 624) ... ok
[INFO] [stdout] test src/strings/mod.rs - strings::Replace (line 710) ... ok
[INFO] [stdout] test src/strings/mod.rs - strings::LastIndexByte (line 574) ... ok
[INFO] [stdout] test src/strings/mod.rs - strings::Replacer<'a>::new (line 1534) ... ok
[INFO] [stdout] test src/strings/mod.rs - strings::SplitAfter (line 782) ... ok
[INFO] [stdout] test src/strings/mod.rs - strings::Split (line 756) ... ok
[INFO] [stdout] test src/strings/mod.rs - strings::SplitAfterN (line 817) ... ok
[INFO] [stdout] test src/strings/mod.rs - strings::SplitN (line 887) ... ok
[INFO] [stdout] test src/strings/mod.rs - strings::ToLower (line 937) ... ok
[INFO] [stdout] test src/strings/mod.rs - strings::ToUpper (line 972) ... ok
[INFO] [stdout] test src/strings/mod.rs - strings::Trim (line 989) ... ok
[INFO] [stdout] test src/strings/mod.rs - strings::TrimRight (line 1084) ... ok
[INFO] [stdout] test src/strings/mod.rs - strings::TrimSuffix (line 1140) ... ok
[INFO] [stdout] test src/strings/mod.rs - strings::TrimFunc (line 1007) ... ok
[INFO] [stdout] test src/strings/mod.rs - strings::TrimRightFunc (line 1101) ... ok
[INFO] [stdout] test src/strings/mod.rs - strings::ToTitle (line 954) ... ok
[INFO] [stdout] test src/strings/mod.rs - strings::TrimLeftFunc (line 1044) ... ok
[INFO] [stdout] test src/strings/mod.rs - strings::TrimLeft (line 1027) ... ok
[INFO] [stdout] test src/strings/mod.rs - strings::TrimPrefix (line 1064) ... ok
[INFO] [stdout] test src/strings/mod.rs - strings::TrimSpace (line 1120) ... ok
[INFO] [stdout] 
[INFO] [stdout] failures:
[INFO] [stdout] 
[INFO] [stdout] ---- src/net/http/mod.rs - net::http::Get (line 223) stdout ----
[INFO] [stdout] Test executable failed (exit status: 1).
[INFO] [stdout] 
[INFO] [stdout] stderr:
[INFO] [stdout] Error: Custom { kind: Uncategorized, error: "failed to lookup address information: Temporary failure in name resolution" }
[INFO] [stdout] 
[INFO] [stdout] 
[INFO] [stdout] ---- src/net/http/mod.rs - net::http::Post (line 253) stdout ----
[INFO] [stdout] Test executable failed (exit status: 1).
[INFO] [stdout] 
[INFO] [stdout] stderr:
[INFO] [stdout] Error: Custom { kind: Uncategorized, error: "failed to lookup address information: Temporary failure in name resolution" }
[INFO] [stdout] 
[INFO] [stdout] 
[INFO] [stdout] 
[INFO] [stdout] failures:
[INFO] [stdout]     src/net/http/mod.rs - net::http::Get (line 223)
[INFO] [stdout]     src/net/http/mod.rs - net::http::Post (line 253)
[INFO] [stdout] 
[INFO] [stdout] test result: FAILED. 86 passed; 2 failed; 0 ignored; 0 measured; 0 filtered out; finished in 12.93s
[INFO] [stdout] 
[INFO] [stderr] error: doctest failed, to rerun pass `--doc`
[INFO] running `Command { std: "docker" "inspect" "04526bb83d8e3b5797d83c794b2575d6844d82c2053ca127c5f00789d4cef314", kill_on_drop: false }`
[INFO] running `Command { std: "docker" "rm" "-f" "04526bb83d8e3b5797d83c794b2575d6844d82c2053ca127c5f00789d4cef314", kill_on_drop: false }`
[INFO] [stdout] 04526bb83d8e3b5797d83c794b2575d6844d82c2053ca127c5f00789d4cef314
