[INFO] fetching crate goohttp 0.4.2...
[INFO] testing goohttp-0.4.2 against 1.75.0 for beta-1.76-1
[INFO] extracting crate goohttp 0.4.2 into /workspace/builds/worker-5-tc1/source
[INFO] validating manifest of crates.io crate goohttp 0.4.2 on toolchain 1.75.0
[INFO] running `Command { std: CARGO_HOME="/workspace/cargo-home" RUSTUP_HOME="/workspace/rustup-home" "/workspace/cargo-home/bin/cargo" "+1.75.0" "metadata" "--manifest-path" "Cargo.toml" "--no-deps", kill_on_drop: false }`
[INFO] started tweaking crates.io crate goohttp 0.4.2
[INFO] finished tweaking crates.io crate goohttp 0.4.2
[INFO] tweaked toml for crates.io crate goohttp 0.4.2 written to /workspace/builds/worker-5-tc1/source/Cargo.toml
[INFO] running `Command { std: CARGO_HOME="/workspace/cargo-home" RUSTUP_HOME="/workspace/rustup-home" "/workspace/cargo-home/bin/cargo" "+1.75.0" "generate-lockfile" "--manifest-path" "Cargo.toml", kill_on_drop: false }`
[INFO] [stderr]     Updating crates.io index
[INFO] running `Command { std: CARGO_HOME="/workspace/cargo-home" RUSTUP_HOME="/workspace/rustup-home" "/workspace/cargo-home/bin/cargo" "+1.75.0" "fetch" "--manifest-path" "Cargo.toml", kill_on_drop: false }`
[INFO] [stderr]     Blocking waiting for file lock on package cache
[INFO] [stderr]  Downloading crates ...
[INFO] [stderr]   Downloaded goolog v0.7.0
[INFO] running `Command { std: "docker" "create" "-v" "/var/lib/crater-agent-workspace/builds/worker-5-tc1/target:/opt/rustwide/target:rw,Z" "-v" "/var/lib/crater-agent-workspace/builds/worker-5-tc1/source:/opt/rustwide/workdir:ro,Z" "-v" "/var/lib/crater-agent-workspace/cargo-home:/opt/rustwide/cargo-home:ro,Z" "-v" "/var/lib/crater-agent-workspace/rustup-home:/opt/rustwide/rustup-home:ro,Z" "-e" "SOURCE_DIR=/opt/rustwide/workdir" "-e" "CARGO_TARGET_DIR=/opt/rustwide/target" "-e" "CARGO_HOME=/opt/rustwide/cargo-home" "-e" "RUSTUP_HOME=/opt/rustwide/rustup-home" "-w" "/opt/rustwide/workdir" "-m" "1610612736" "--user" "0:0" "--network" "none" "ghcr.io/rust-lang/crates-build-env/linux@sha256:2788e3201cd34a07e3172128adcd8b3090168a8e3bcc40d7c032b9dda1df7d1c" "/opt/rustwide/cargo-home/bin/cargo" "+1.75.0" "metadata" "--no-deps" "--format-version=1", kill_on_drop: false }`
[INFO] [stdout] af201bc61d0b88339b97f20280fe1f10cdf75381bf5337cd47dd48b9c236d428
[INFO] running `Command { std: "docker" "start" "-a" "af201bc61d0b88339b97f20280fe1f10cdf75381bf5337cd47dd48b9c236d428", kill_on_drop: false }`
[INFO] running `Command { std: "docker" "inspect" "af201bc61d0b88339b97f20280fe1f10cdf75381bf5337cd47dd48b9c236d428", kill_on_drop: false }`
[INFO] running `Command { std: "docker" "rm" "-f" "af201bc61d0b88339b97f20280fe1f10cdf75381bf5337cd47dd48b9c236d428", kill_on_drop: false }`
[INFO] [stdout] af201bc61d0b88339b97f20280fe1f10cdf75381bf5337cd47dd48b9c236d428
[INFO] running `Command { std: "docker" "create" "-v" "/var/lib/crater-agent-workspace/builds/worker-5-tc1/target:/opt/rustwide/target:rw,Z" "-v" "/var/lib/crater-agent-workspace/builds/worker-5-tc1/source:/opt/rustwide/workdir:ro,Z" "-v" "/var/lib/crater-agent-workspace/cargo-home:/opt/rustwide/cargo-home:ro,Z" "-v" "/var/lib/crater-agent-workspace/rustup-home:/opt/rustwide/rustup-home:ro,Z" "-e" "SOURCE_DIR=/opt/rustwide/workdir" "-e" "CARGO_TARGET_DIR=/opt/rustwide/target" "-e" "CARGO_INCREMENTAL=0" "-e" "RUST_BACKTRACE=full" "-e" "RUSTFLAGS=--cap-lints=warn" "-e" "RUSTDOCFLAGS=--cap-lints=warn" "-e" "CARGO_HOME=/opt/rustwide/cargo-home" "-e" "RUSTUP_HOME=/opt/rustwide/rustup-home" "-w" "/opt/rustwide/workdir" "-m" "1610612736" "--user" "0:0" "--network" "none" "ghcr.io/rust-lang/crates-build-env/linux@sha256:2788e3201cd34a07e3172128adcd8b3090168a8e3bcc40d7c032b9dda1df7d1c" "/opt/rustwide/cargo-home/bin/cargo" "+1.75.0" "build" "--frozen" "--message-format=json", kill_on_drop: false }`
[INFO] [stdout] eb36285ff35388b3db2017c75db366a1b27d9abed4bf56426f41451bc972405a
[INFO] running `Command { std: "docker" "start" "-a" "eb36285ff35388b3db2017c75db366a1b27d9abed4bf56426f41451bc972405a", kill_on_drop: false }`
[INFO] [stderr]    Compiling rustversion v1.0.14
[INFO] [stderr]    Compiling futures-task v0.3.30
[INFO] [stderr]    Compiling serde v1.0.194
[INFO] [stderr]    Compiling tower-layer v0.3.2
[INFO] [stderr]    Compiling futures-channel v0.3.30
[INFO] [stderr]    Compiling tokio v1.35.1
[INFO] [stderr]    Compiling bitflags v1.3.2
[INFO] [stderr]    Compiling matchit v0.7.3
[INFO] [stderr]    Compiling sync_wrapper v0.1.2
[INFO] [stderr]    Compiling syn v2.0.48
[INFO] [stderr]    Compiling futures-util v0.3.30
[INFO] [stderr]    Compiling axum-core v0.3.4
[INFO] [stderr]    Compiling axum v0.6.20
[INFO] [stderr]    Compiling hyper v0.14.28
[INFO] [stderr]    Compiling pin-project-internal v1.1.3
[INFO] [stderr]    Compiling async-trait v0.1.77
[INFO] [stderr]    Compiling pin-project v1.1.3
[INFO] [stderr]    Compiling tower v0.4.13
[INFO] [stderr]    Compiling goohttp v0.4.2 (/opt/rustwide/workdir)
[INFO] [stderr]     Finished dev [unoptimized + debuginfo] target(s) in 13.92s
[INFO] running `Command { std: "docker" "inspect" "eb36285ff35388b3db2017c75db366a1b27d9abed4bf56426f41451bc972405a", kill_on_drop: false }`
[INFO] running `Command { std: "docker" "rm" "-f" "eb36285ff35388b3db2017c75db366a1b27d9abed4bf56426f41451bc972405a", kill_on_drop: false }`
[INFO] [stdout] eb36285ff35388b3db2017c75db366a1b27d9abed4bf56426f41451bc972405a
[INFO] running `Command { std: "docker" "create" "-v" "/var/lib/crater-agent-workspace/builds/worker-5-tc1/target:/opt/rustwide/target:rw,Z" "-v" "/var/lib/crater-agent-workspace/builds/worker-5-tc1/source:/opt/rustwide/workdir:ro,Z" "-v" "/var/lib/crater-agent-workspace/cargo-home:/opt/rustwide/cargo-home:ro,Z" "-v" "/var/lib/crater-agent-workspace/rustup-home:/opt/rustwide/rustup-home:ro,Z" "-e" "SOURCE_DIR=/opt/rustwide/workdir" "-e" "CARGO_TARGET_DIR=/opt/rustwide/target" "-e" "CARGO_INCREMENTAL=0" "-e" "RUST_BACKTRACE=full" "-e" "RUSTFLAGS=--cap-lints=warn" "-e" "RUSTDOCFLAGS=--cap-lints=warn" "-e" "CARGO_HOME=/opt/rustwide/cargo-home" "-e" "RUSTUP_HOME=/opt/rustwide/rustup-home" "-w" "/opt/rustwide/workdir" "-m" "1610612736" "--user" "0:0" "--network" "none" "ghcr.io/rust-lang/crates-build-env/linux@sha256:2788e3201cd34a07e3172128adcd8b3090168a8e3bcc40d7c032b9dda1df7d1c" "/opt/rustwide/cargo-home/bin/cargo" "+1.75.0" "test" "--frozen" "--no-run" "--message-format=json", kill_on_drop: false }`
[INFO] [stdout] 7af5396ccd2c0aa9458e45d4163f320cefc25a998e31f4b4cc8963d82b729d57
[INFO] running `Command { std: "docker" "start" "-a" "7af5396ccd2c0aa9458e45d4163f320cefc25a998e31f4b4cc8963d82b729d57", kill_on_drop: false }`
[INFO] [stderr]    Compiling parking_lot_core v0.9.9
[INFO] [stderr]    Compiling scopeguard v1.2.0
[INFO] [stderr]    Compiling smallvec v1.11.2
[INFO] [stderr]    Compiling lock_api v0.4.11
[INFO] [stderr]    Compiling num_cpus v1.16.0
[INFO] [stderr]    Compiling signal-hook-registry v1.4.1
[INFO] [stderr]    Compiling tokio-macros v2.2.0
[INFO] [stderr]    Compiling parking_lot v0.12.1
[INFO] [stderr]    Compiling tokio v1.35.1
[INFO] [stderr]    Compiling hyper v0.14.28
[INFO] [stderr]    Compiling axum v0.6.20
[INFO] [stderr]    Compiling goohttp v0.4.2 (/opt/rustwide/workdir)
[INFO] [stderr]     Finished test [unoptimized + debuginfo] target(s) in 17.18s
[INFO] running `Command { std: "docker" "inspect" "7af5396ccd2c0aa9458e45d4163f320cefc25a998e31f4b4cc8963d82b729d57", kill_on_drop: false }`
[INFO] running `Command { std: "docker" "rm" "-f" "7af5396ccd2c0aa9458e45d4163f320cefc25a998e31f4b4cc8963d82b729d57", kill_on_drop: false }`
[INFO] [stdout] 7af5396ccd2c0aa9458e45d4163f320cefc25a998e31f4b4cc8963d82b729d57
[INFO] running `Command { std: "docker" "create" "-v" "/var/lib/crater-agent-workspace/builds/worker-5-tc1/target:/opt/rustwide/target:rw,Z" "-v" "/var/lib/crater-agent-workspace/builds/worker-5-tc1/source:/opt/rustwide/workdir:ro,Z" "-v" "/var/lib/crater-agent-workspace/cargo-home:/opt/rustwide/cargo-home:ro,Z" "-v" "/var/lib/crater-agent-workspace/rustup-home:/opt/rustwide/rustup-home:ro,Z" "-e" "SOURCE_DIR=/opt/rustwide/workdir" "-e" "CARGO_TARGET_DIR=/opt/rustwide/target" "-e" "CARGO_INCREMENTAL=0" "-e" "RUST_BACKTRACE=full" "-e" "RUSTFLAGS=--cap-lints=warn" "-e" "RUSTDOCFLAGS=--cap-lints=warn" "-e" "CARGO_HOME=/opt/rustwide/cargo-home" "-e" "RUSTUP_HOME=/opt/rustwide/rustup-home" "-w" "/opt/rustwide/workdir" "-m" "1610612736" "--user" "0:0" "--network" "none" "ghcr.io/rust-lang/crates-build-env/linux@sha256:2788e3201cd34a07e3172128adcd8b3090168a8e3bcc40d7c032b9dda1df7d1c" "/opt/rustwide/cargo-home/bin/cargo" "+1.75.0" "test" "--frozen", kill_on_drop: false }`
[INFO] [stdout] 257d7ce89e274e6d14761a100aa96e6ff0bfc7d8499ab0272be8c137eabc9d29
[INFO] running `Command { std: "docker" "start" "-a" "257d7ce89e274e6d14761a100aa96e6ff0bfc7d8499ab0272be8c137eabc9d29", kill_on_drop: false }`
[INFO] [stderr]     Finished test [unoptimized + debuginfo] target(s) in 0.21s
[INFO] [stderr]      Running unittests src/lib.rs (/opt/rustwide/target/debug/deps/goohttp-f1342e79a6bfcb8e)
[INFO] [stdout] 
[INFO] [stdout] running 0 tests
[INFO] [stdout] 
[INFO] [stdout] test result: ok. 0 passed; 0 failed; 0 ignored; 0 measured; 0 filtered out; finished in 0.00s
[INFO] [stdout] 
[INFO] [stderr]      Running tests/router_macro/main.rs (/opt/rustwide/target/debug/deps/router_macro-52928b87436cc93d)
[INFO] [stdout] 
[INFO] [stdout] running 1 test
[INFO] [stdout] test main ... ok
[INFO] [stdout] 
[INFO] [stdout] test result: ok. 1 passed; 0 failed; 0 ignored; 0 measured; 0 filtered out; finished in 0.01s
[INFO] [stdout] 
[INFO] [stderr]    Doc-tests goohttp
[INFO] [stdout] 
[INFO] [stdout] running 7 tests
[INFO] [stdout] test src/macros.rs - macros::router (line 78) ... FAILED
[INFO] [stdout] test src/macros.rs - macros::router (line 92) ... FAILED
[INFO] [stdout] test src/macros.rs - macros::router (line 134) ... FAILED
[INFO] [stdout] test src/macros.rs - macros::router (line 155) ... ok
[INFO] [stdout] test src/macros.rs - macros::router (line 111) ... ok
[INFO] [stdout] test src/macros.rs - macros::router (line 167) ... ok
[INFO] [stdout] test src/macros.rs - macros::router (line 121) ... ok
[INFO] [stdout] 
[INFO] [stdout] failures:
[INFO] [stdout] 
[INFO] [stdout] ---- src/macros.rs - macros::router (line 78) stdout ----
[INFO] [stdout] error[E0583]: file not found for module `frontend`
[INFO] [stdout]  --> src/macros.rs:81:1
[INFO] [stdout]   |
[INFO] [stdout] 4 | mod frontend;
[INFO] [stdout]   | ^^^^^^^^^^^^^
[INFO] [stdout]   |
[INFO] [stdout]   = help: to create the module `frontend`, create file "src/frontend.rs" or "src/frontend/mod.rs"
[INFO] [stdout]   = note: if there is a `mod frontend` elsewhere in the crate already, import it with `use crate::...` instead
[INFO] [stdout] 
[INFO] [stdout] error[E0432]: unresolved import `frontend::serve_frontend`
[INFO] [stdout]  --> src/macros.rs:79:5
[INFO] [stdout]   |
[INFO] [stdout] 2 | use frontend::serve_frontend;
[INFO] [stdout]   |     ^^^^^^^^^^^^^^^^^^^^^^^^ no `serve_frontend` in `frontend`
[INFO] [stdout] 
[INFO] [stdout] error: aborting due to 2 previous errors
[INFO] [stdout] 
[INFO] [stdout] Some errors have detailed explanations: E0432, E0583.
[INFO] [stdout] For more information about an error, try `rustc --explain E0432`.
[INFO] [stdout] Couldn't compile the test.
[INFO] [stdout] ---- src/macros.rs - macros::router (line 92) stdout ----
[INFO] [stdout] error: cannot declare a non-inline module inside a block unless it has a path attribute
[INFO] [stdout]   --> src/macros.rs:99:1
[INFO] [stdout]    |
[INFO] [stdout] 10 | / router! {
[INFO] [stdout] 11 | |     serve_frontend { // the name of this router
[INFO] [stdout] 12 | |         index, get;
[INFO] [stdout] 13 | |         remaining, get;
[INFO] [stdout] 14 | |         api
[INFO] [stdout] 15 | |     }
[INFO] [stdout] 16 | | }
[INFO] [stdout]    | |_^
[INFO] [stdout]    |
[INFO] [stdout]    = note: this error originates in the macro `router` (in Nightly builds, run with -Z macro-backtrace for more info)
[INFO] [stdout] 
[INFO] [stdout] error[E0425]: cannot find value `index` in module `index`
[INFO] [stdout]   --> src/macros.rs:101:9
[INFO] [stdout]    |
[INFO] [stdout] 12 |         index, get;
[INFO] [stdout]    |         ^^^^^ not found in `index`
[INFO] [stdout] 
[INFO] [stdout] error[E0425]: cannot find value `remaining` in module `remaining`
[INFO] [stdout]   --> src/macros.rs:102:9
[INFO] [stdout]    |
[INFO] [stdout] 13 |         remaining, get;
[INFO] [stdout]    |         ^^^^^^^^^ not found in `remaining`
[INFO] [stdout] 
[INFO] [stdout] error[E0425]: cannot find function `api` in module `api`
[INFO] [stdout]   --> src/macros.rs:103:9
[INFO] [stdout]    |
[INFO] [stdout] 14 |         api
[INFO] [stdout]    |         ^^^ not found in `api`
[INFO] [stdout] 
[INFO] [stdout] error: aborting due to 4 previous errors
[INFO] [stdout] 
[INFO] [stdout] For more information about this error, try `rustc --explain E0425`.
[INFO] [stdout] Couldn't compile the test.
[INFO] [stdout] ---- src/macros.rs - macros::router (line 134) stdout ----
[INFO] [stdout] error: cannot declare a non-inline module inside a block unless it has a path attribute
[INFO] [stdout]   --> src/macros.rs:142:1
[INFO] [stdout]    |
[INFO] [stdout] 11 | / router! {
[INFO] [stdout] 12 | |     api {
[INFO] [stdout] 13 | |         // This will, when combined with the root router, result in the route
[INFO] [stdout] 14 | |         // `/api/say_hello/{any argument here}`
[INFO] [stdout] ...  |
[INFO] [stdout] 19 | |     }
[INFO] [stdout] 20 | | }
[INFO] [stdout]    | |_^
[INFO] [stdout]    |
[INFO] [stdout]    = note: this error originates in the macro `router` (in Nightly builds, run with -Z macro-backtrace for more info)
[INFO] [stdout] 
[INFO] [stdout] error[E0425]: cannot find value `say_hello` in module `say_hello`
[INFO] [stdout]   --> src/macros.rs:146:9
[INFO] [stdout]    |
[INFO] [stdout] 15 |         say_hello, get, ":caller";
[INFO] [stdout]    |         ^^^^^^^^^ not found in `say_hello`
[INFO] [stdout] 
[INFO] [stdout] error[E0425]: cannot find value `say_hello_caller_sender` in module `say_hello_caller_sender`
[INFO] [stdout]   --> src/macros.rs:149:9
[INFO] [stdout]    |
[INFO] [stdout] 18 |         say_hello_caller_sender, get, ":caller", ":sender"
[INFO] [stdout]    |         ^^^^^^^^^^^^^^^^^^^^^^^ not found in `say_hello_caller_sender`
[INFO] [stdout] 
[INFO] [stdout] error: aborting due to 3 previous errors
[INFO] [stdout] 
[INFO] [stdout] For more information about this error, try `rustc --explain E0425`.
[INFO] [stdout] Couldn't compile the test.
[INFO] [stdout] 
[INFO] [stdout] failures:
[INFO] [stdout]     src/macros.rs - macros::router (line 134)
[INFO] [stdout]     src/macros.rs - macros::router (line 78)
[INFO] [stdout]     src/macros.rs - macros::router (line 92)
[INFO] [stdout] 
[INFO] [stdout] test result: FAILED. 4 passed; 3 failed; 0 ignored; 0 measured; 0 filtered out; finished in 0.55s
[INFO] [stdout] 
[INFO] [stderr] error: doctest failed, to rerun pass `--doc`
[INFO] running `Command { std: "docker" "inspect" "257d7ce89e274e6d14761a100aa96e6ff0bfc7d8499ab0272be8c137eabc9d29", kill_on_drop: false }`
[INFO] running `Command { std: "docker" "rm" "-f" "257d7ce89e274e6d14761a100aa96e6ff0bfc7d8499ab0272be8c137eabc9d29", kill_on_drop: false }`
[INFO] [stdout] 257d7ce89e274e6d14761a100aa96e6ff0bfc7d8499ab0272be8c137eabc9d29
