[INFO] fetching crate google-vmmigration1 5.0.3+20230119...
[INFO] testing google-vmmigration1-5.0.3+20230119 against 1.75.0 for beta-1.76-1
[INFO] extracting crate google-vmmigration1 5.0.3+20230119 into /workspace/builds/worker-3-tc1/source
[INFO] validating manifest of crates.io crate google-vmmigration1 5.0.3+20230119 on toolchain 1.75.0
[INFO] running `Command { std: CARGO_HOME="/workspace/cargo-home" RUSTUP_HOME="/workspace/rustup-home" "/workspace/cargo-home/bin/cargo" "+1.75.0" "metadata" "--manifest-path" "Cargo.toml" "--no-deps", kill_on_drop: false }`
[INFO] started tweaking crates.io crate google-vmmigration1 5.0.3+20230119
[INFO] finished tweaking crates.io crate google-vmmigration1 5.0.3+20230119
[INFO] tweaked toml for crates.io crate google-vmmigration1 5.0.3+20230119 written to /workspace/builds/worker-3-tc1/source/Cargo.toml
[INFO] running `Command { std: CARGO_HOME="/workspace/cargo-home" RUSTUP_HOME="/workspace/rustup-home" "/workspace/cargo-home/bin/cargo" "+1.75.0" "generate-lockfile" "--manifest-path" "Cargo.toml", kill_on_drop: false }`
[INFO] [stderr]     Updating crates.io index
[INFO] running `Command { std: CARGO_HOME="/workspace/cargo-home" RUSTUP_HOME="/workspace/rustup-home" "/workspace/cargo-home/bin/cargo" "+1.75.0" "fetch" "--manifest-path" "Cargo.toml", kill_on_drop: false }`
[INFO] running `Command { std: "docker" "create" "-v" "/var/lib/crater-agent-workspace/builds/worker-3-tc1/target:/opt/rustwide/target:rw,Z" "-v" "/var/lib/crater-agent-workspace/builds/worker-3-tc1/source:/opt/rustwide/workdir:ro,Z" "-v" "/var/lib/crater-agent-workspace/cargo-home:/opt/rustwide/cargo-home:ro,Z" "-v" "/var/lib/crater-agent-workspace/rustup-home:/opt/rustwide/rustup-home:ro,Z" "-e" "SOURCE_DIR=/opt/rustwide/workdir" "-e" "CARGO_TARGET_DIR=/opt/rustwide/target" "-e" "CARGO_HOME=/opt/rustwide/cargo-home" "-e" "RUSTUP_HOME=/opt/rustwide/rustup-home" "-w" "/opt/rustwide/workdir" "-m" "1610612736" "--user" "0:0" "--network" "none" "ghcr.io/rust-lang/crates-build-env/linux@sha256:2788e3201cd34a07e3172128adcd8b3090168a8e3bcc40d7c032b9dda1df7d1c" "/opt/rustwide/cargo-home/bin/cargo" "+1.75.0" "metadata" "--no-deps" "--format-version=1", kill_on_drop: false }`
[INFO] [stdout] fcbf4b7aa185cacb2a5dee342fc14d4795eee557c3a7fe0c25958ee58cac1df5
[INFO] running `Command { std: "docker" "start" "-a" "fcbf4b7aa185cacb2a5dee342fc14d4795eee557c3a7fe0c25958ee58cac1df5", kill_on_drop: false }`
[INFO] running `Command { std: "docker" "inspect" "fcbf4b7aa185cacb2a5dee342fc14d4795eee557c3a7fe0c25958ee58cac1df5", kill_on_drop: false }`
[INFO] running `Command { std: "docker" "rm" "-f" "fcbf4b7aa185cacb2a5dee342fc14d4795eee557c3a7fe0c25958ee58cac1df5", kill_on_drop: false }`
[INFO] [stdout] fcbf4b7aa185cacb2a5dee342fc14d4795eee557c3a7fe0c25958ee58cac1df5
[INFO] running `Command { std: "docker" "create" "-v" "/var/lib/crater-agent-workspace/builds/worker-3-tc1/target:/opt/rustwide/target:rw,Z" "-v" "/var/lib/crater-agent-workspace/builds/worker-3-tc1/source:/opt/rustwide/workdir:ro,Z" "-v" "/var/lib/crater-agent-workspace/cargo-home:/opt/rustwide/cargo-home:ro,Z" "-v" "/var/lib/crater-agent-workspace/rustup-home:/opt/rustwide/rustup-home:ro,Z" "-e" "SOURCE_DIR=/opt/rustwide/workdir" "-e" "CARGO_TARGET_DIR=/opt/rustwide/target" "-e" "CARGO_INCREMENTAL=0" "-e" "RUST_BACKTRACE=full" "-e" "RUSTFLAGS=--cap-lints=warn" "-e" "RUSTDOCFLAGS=--cap-lints=warn" "-e" "CARGO_HOME=/opt/rustwide/cargo-home" "-e" "RUSTUP_HOME=/opt/rustwide/rustup-home" "-w" "/opt/rustwide/workdir" "-m" "1610612736" "--user" "0:0" "--network" "none" "ghcr.io/rust-lang/crates-build-env/linux@sha256:2788e3201cd34a07e3172128adcd8b3090168a8e3bcc40d7c032b9dda1df7d1c" "/opt/rustwide/cargo-home/bin/cargo" "+1.75.0" "build" "--frozen" "--message-format=json", kill_on_drop: false }`
[INFO] [stdout] 9a78ce9925b355dd00dfd0bf15addfa5778e9bb3bacc3b3b436c84360a0bf1d8
[INFO] running `Command { std: "docker" "start" "-a" "9a78ce9925b355dd00dfd0bf15addfa5778e9bb3bacc3b3b436c84360a0bf1d8", kill_on_drop: false }`
[INFO] [stderr]    Compiling proc-macro2 v1.0.75
[INFO] [stderr]    Compiling unicode-ident v1.0.12
[INFO] [stderr]    Compiling libc v0.2.151
[INFO] [stderr]    Compiling autocfg v1.1.0
[INFO] [stderr]    Compiling pin-project-lite v0.2.13
[INFO] [stderr]    Compiling fnv v1.0.7
[INFO] [stderr]    Compiling cfg-if v1.0.0
[INFO] [stderr]    Compiling futures-core v0.3.30
[INFO] [stderr]    Compiling futures-sink v0.3.30
[INFO] [stderr]    Compiling untrusted v0.9.0
[INFO] [stderr]    Compiling spin v0.9.8
[INFO] [stderr]    Compiling bytes v1.5.0
[INFO] [stderr]    Compiling serde v1.0.194
[INFO] [stderr]    Compiling futures-channel v0.3.30
[INFO] [stderr]    Compiling tinyvec_macros v0.1.1
[INFO] [stderr]    Compiling futures-task v0.3.30
[INFO] [stderr]    Compiling memchr v2.7.1
[INFO] [stderr]    Compiling pin-utils v0.1.0
[INFO] [stderr]    Compiling itoa v1.0.10
[INFO] [stderr]    Compiling once_cell v1.19.0
[INFO] [stderr]    Compiling slab v0.4.9
[INFO] [stderr]    Compiling futures-io v0.3.30
[INFO] [stderr]    Compiling tinyvec v1.6.0
[INFO] [stderr]    Compiling tracing-core v0.1.32
[INFO] [stderr]    Compiling http v0.2.11
[INFO] [stderr]    Compiling equivalent v1.0.1
[INFO] [stderr]    Compiling httparse v1.8.0
[INFO] [stderr]    Compiling rustls v0.21.10
[INFO] [stderr]    Compiling quote v1.0.35
[INFO] [stderr]    Compiling tracing v0.1.40
[INFO] [stderr]    Compiling syn v2.0.48
[INFO] [stderr]    Compiling unicode-bidi v0.3.14
[INFO] [stderr]    Compiling strsim v0.10.0
[INFO] [stderr]    Compiling log v0.4.20
[INFO] [stderr]    Compiling cc v1.0.83
[INFO] [stderr]    Compiling getrandom v0.2.11
[INFO] [stderr]    Compiling mio v0.8.10
[INFO] [stderr]    Compiling socket2 v0.5.5
[INFO] [stderr]    Compiling unicode-normalization v0.1.22
[INFO] [stderr]    Compiling hashbrown v0.14.3
[INFO] [stderr]    Compiling ident_case v1.0.1
[INFO] [stderr]    Compiling base64 v0.21.5
[INFO] [stderr]    Compiling try-lock v0.2.5
[INFO] [stderr]    Compiling http-body v0.4.6
[INFO] [stderr]    Compiling want v0.3.1
[INFO] [stderr]    Compiling num-traits v0.2.17
[INFO] [stderr]    Compiling either v1.9.0
[INFO] [stderr]    Compiling serde_json v1.0.111
[INFO] [stderr]    Compiling async-trait v0.1.77
[INFO] [stderr]    Compiling indexmap v2.1.0
[INFO] [stderr]    Compiling rustls-pemfile v1.0.4
[INFO] [stderr]    Compiling tower-service v0.3.2
[INFO] [stderr]    Compiling percent-encoding v2.3.1
[INFO] [stderr]    Compiling openssl-probe v0.1.5
[INFO] [stderr]    Compiling ring v0.17.7
[INFO] [stderr]    Compiling anyhow v1.0.79
[INFO] [stderr]    Compiling httpdate v1.0.3
[INFO] [stderr]    Compiling rustls v0.22.1
[INFO] [stderr]    Compiling powerfmt v0.2.0
[INFO] [stderr]    Compiling rustls-pki-types v1.1.0
[INFO] [stderr]    Compiling form_urlencoded v1.2.1
[INFO] [stderr]    Compiling rustls-native-certs v0.6.3
[INFO] [stderr]    Compiling idna v0.5.0
[INFO] [stderr]    Compiling subtle v2.5.0
[INFO] [stderr]    Compiling time-core v0.1.2
[INFO] [stderr]    Compiling matches v0.1.10
[INFO] [stderr]    Compiling num_threads v0.1.6
[INFO] [stderr]    Compiling ryu v1.0.16
[INFO] [stderr]    Compiling zeroize v1.7.0
[INFO] [stderr]    Compiling idna v0.1.5
[INFO] [stderr]    Compiling itertools v0.12.0
[INFO] [stderr]    Compiling percent-encoding v1.0.1
[INFO] [stderr]    Compiling seahash v4.1.0
[INFO] [stderr]    Compiling url v2.5.0
[INFO] [stderr]    Compiling iana-time-zone v0.1.59
[INFO] [stderr]    Compiling url v1.7.2
[INFO] [stderr]    Compiling itertools v0.10.5
[INFO] [stderr]    Compiling mime v0.3.17
[INFO] [stderr]    Compiling base64 v0.13.1
[INFO] [stderr]    Compiling darling_core v0.20.3
[INFO] [stderr]    Compiling tokio-macros v2.2.0
[INFO] [stderr]    Compiling futures-macro v0.3.30
[INFO] [stderr]    Compiling serde_derive v1.0.194
[INFO] [stderr]    Compiling darling_macro v0.20.3
[INFO] [stderr]    Compiling tokio v1.35.1
[INFO] [stderr]    Compiling futures-util v0.3.30
[INFO] [stderr]    Compiling sct v0.7.1
[INFO] [stderr]    Compiling rustls-webpki v0.101.7
[INFO] [stderr]    Compiling rustls-webpki v0.102.1
[INFO] [stderr]    Compiling darling v0.20.3
[INFO] [stderr]    Compiling serde_with_macros v2.3.3
[INFO] [stderr]    Compiling tokio-util v0.7.10
[INFO] [stderr]    Compiling tokio-rustls v0.24.1
[INFO] [stderr]    Compiling h2 v0.3.22
[INFO] [stderr]    Compiling futures-executor v0.3.30
[INFO] [stderr]    Compiling futures v0.3.30
[INFO] [stderr]    Compiling deranged v0.3.11
[INFO] [stderr]    Compiling serde_with v2.3.3
[INFO] [stderr]    Compiling chrono v0.4.31
[INFO] [stderr]    Compiling hyper v0.14.28
[INFO] [stderr]    Compiling time v0.3.31
[INFO] [stderr]    Compiling hyper-rustls v0.24.2
[INFO] [stderr]    Compiling yup-oauth2 v8.3.2
[INFO] [stderr]    Compiling google-apis-common v6.0.0
[INFO] [stderr]    Compiling google-vmmigration1 v5.0.3+20230119 (/opt/rustwide/workdir)
[INFO] [stderr]     Finished dev [unoptimized + debuginfo] target(s) in 1m 16s
[INFO] running `Command { std: "docker" "inspect" "9a78ce9925b355dd00dfd0bf15addfa5778e9bb3bacc3b3b436c84360a0bf1d8", kill_on_drop: false }`
[INFO] running `Command { std: "docker" "rm" "-f" "9a78ce9925b355dd00dfd0bf15addfa5778e9bb3bacc3b3b436c84360a0bf1d8", kill_on_drop: false }`
[INFO] [stdout] 9a78ce9925b355dd00dfd0bf15addfa5778e9bb3bacc3b3b436c84360a0bf1d8
[INFO] running `Command { std: "docker" "create" "-v" "/var/lib/crater-agent-workspace/builds/worker-3-tc1/target:/opt/rustwide/target:rw,Z" "-v" "/var/lib/crater-agent-workspace/builds/worker-3-tc1/source:/opt/rustwide/workdir:ro,Z" "-v" "/var/lib/crater-agent-workspace/cargo-home:/opt/rustwide/cargo-home:ro,Z" "-v" "/var/lib/crater-agent-workspace/rustup-home:/opt/rustwide/rustup-home:ro,Z" "-e" "SOURCE_DIR=/opt/rustwide/workdir" "-e" "CARGO_TARGET_DIR=/opt/rustwide/target" "-e" "CARGO_INCREMENTAL=0" "-e" "RUST_BACKTRACE=full" "-e" "RUSTFLAGS=--cap-lints=warn" "-e" "RUSTDOCFLAGS=--cap-lints=warn" "-e" "CARGO_HOME=/opt/rustwide/cargo-home" "-e" "RUSTUP_HOME=/opt/rustwide/rustup-home" "-w" "/opt/rustwide/workdir" "-m" "1610612736" "--user" "0:0" "--network" "none" "ghcr.io/rust-lang/crates-build-env/linux@sha256:2788e3201cd34a07e3172128adcd8b3090168a8e3bcc40d7c032b9dda1df7d1c" "/opt/rustwide/cargo-home/bin/cargo" "+1.75.0" "test" "--frozen" "--no-run" "--message-format=json", kill_on_drop: false }`
[INFO] [stdout] fc27f6d686eb84cbfc28e2380c94e101c27d495296d5b2a2cb3af0ecf6870001
[INFO] running `Command { std: "docker" "start" "-a" "fc27f6d686eb84cbfc28e2380c94e101c27d495296d5b2a2cb3af0ecf6870001", kill_on_drop: false }`
[INFO] [stderr]    Compiling google-vmmigration1 v5.0.3+20230119 (/opt/rustwide/workdir)
[INFO] [stderr]     Finished test [unoptimized + debuginfo] target(s) in 4.23s
[INFO] running `Command { std: "docker" "inspect" "fc27f6d686eb84cbfc28e2380c94e101c27d495296d5b2a2cb3af0ecf6870001", kill_on_drop: false }`
[INFO] running `Command { std: "docker" "rm" "-f" "fc27f6d686eb84cbfc28e2380c94e101c27d495296d5b2a2cb3af0ecf6870001", kill_on_drop: false }`
[INFO] [stdout] fc27f6d686eb84cbfc28e2380c94e101c27d495296d5b2a2cb3af0ecf6870001
[INFO] running `Command { std: "docker" "create" "-v" "/var/lib/crater-agent-workspace/builds/worker-3-tc1/target:/opt/rustwide/target:rw,Z" "-v" "/var/lib/crater-agent-workspace/builds/worker-3-tc1/source:/opt/rustwide/workdir:ro,Z" "-v" "/var/lib/crater-agent-workspace/cargo-home:/opt/rustwide/cargo-home:ro,Z" "-v" "/var/lib/crater-agent-workspace/rustup-home:/opt/rustwide/rustup-home:ro,Z" "-e" "SOURCE_DIR=/opt/rustwide/workdir" "-e" "CARGO_TARGET_DIR=/opt/rustwide/target" "-e" "CARGO_INCREMENTAL=0" "-e" "RUST_BACKTRACE=full" "-e" "RUSTFLAGS=--cap-lints=warn" "-e" "RUSTDOCFLAGS=--cap-lints=warn" "-e" "CARGO_HOME=/opt/rustwide/cargo-home" "-e" "RUSTUP_HOME=/opt/rustwide/rustup-home" "-w" "/opt/rustwide/workdir" "-m" "1610612736" "--user" "0:0" "--network" "none" "ghcr.io/rust-lang/crates-build-env/linux@sha256:2788e3201cd34a07e3172128adcd8b3090168a8e3bcc40d7c032b9dda1df7d1c" "/opt/rustwide/cargo-home/bin/cargo" "+1.75.0" "test" "--frozen", kill_on_drop: false }`
[INFO] [stdout] 57090ae2fca9e411736fbc838d3db3baf1a6dee56f6f9f2e71177653949edb2a
[INFO] running `Command { std: "docker" "start" "-a" "57090ae2fca9e411736fbc838d3db3baf1a6dee56f6f9f2e71177653949edb2a", kill_on_drop: false }`
[INFO] [stderr]     Finished test [unoptimized + debuginfo] target(s) in 0.11s
[INFO] [stderr]      Running unittests src/lib.rs (/opt/rustwide/target/debug/deps/google_vmmigration1-c518b2c02aac0948)
[INFO] [stdout] 
[INFO] [stdout] running 0 tests
[INFO] [stdout] 
[INFO] [stdout] test result: ok. 0 passed; 0 failed; 0 ignored; 0 measured; 0 filtered out; finished in 0.00s
[INFO] [stdout] 
[INFO] [stderr]    Doc-tests google-vmmigration1
[INFO] [stdout] 
[INFO] [stdout] running 56 tests
[INFO] [stdout] test src/api.rs - api::ProjectLocationGroupRemoveGroupMigrationCall (line 5041) - compile ... ok
[INFO] [stdout] test src/api.rs - api::ProjectLocationGetCall (line 17931) - compile ... ok
[INFO] [stdout] test src/api.rs - api::ProjectLocationGroupAddGroupMigrationCall (line 3271) - compile ... ok
[INFO] [stdout] test src/api.rs - api::ProjectLocationGroupCreateCall (line 3563) - compile ... ok
[INFO] [stdout] test src/api.rs - api::ProjectLocationGroupGetCall (line 4153) - compile ... ok
[INFO] [stdout] test src/api.rs - api::ProjectLocationGroupDeleteCall (line 3879) - compile ... ok
[INFO] [stdout] test src/api.rs - api::ProjectLocationListCall (line 18193) - compile ... ok
[INFO] [stdout] test src/api.rs - api::ProjectLocationGroupListCall (line 4415) - compile ... ok
[INFO] [stdout] test src/api.rs - api::ProjectLocationOperationDeleteCall (line 5625) - compile ... ok
[INFO] [stdout] test src/api.rs - api::ProjectLocationGroupPatchCall (line 4725) - compile ... FAILED
[INFO] [stdout] test src/api.rs - api::ProjectLocationOperationCancelCall (line 5333) - compile ... ok
[INFO] [stdout] test src/api.rs - api::ProjectLocationOperationGetCall (line 5887) - compile ... ok
[INFO] [stdout] test src/api.rs - api::ProjectLocationOperationListCall (line 6149) - compile ... ok
[INFO] [stdout] test src/api.rs - api::ProjectLocationSourceDatacenterConnectorCreateCall (line 6447) - compile ... ok
[INFO] [stdout] test src/api.rs - api::ProjectLocationSourceDatacenterConnectorUpgradeApplianceCall (line 7609) - compile ... ok
[INFO] [stdout] test src/api.rs - api::ProjectLocationSourceDatacenterConnectorDeleteCall (line 6763) - compile ... ok
[INFO] [stdout] test src/api.rs - api::ProjectLocationSourceCreateCall (line 14677) - compile ... ok
[INFO] [stdout] test src/api.rs - api::ProjectLocationSourceDatacenterConnectorListCall (line 7299) - compile ... ok
[INFO] [stdout] test src/api.rs - api::ProjectLocationSourceDatacenterConnectorGetCall (line 7037) - compile ... ok
[INFO] [stdout] test src/api.rs - api::ProjectLocationSourceGetCall (line 15565) - compile ... ok
[INFO] [stdout] test src/api.rs - api::ProjectLocationSourceMigratingVmCloneJobCancelCall (line 7901) - compile ... ok
[INFO] [stdout] test src/api.rs - api::ProjectLocationSourceDeleteCall (line 14993) - compile ... ok
[INFO] [stdout] test src/api.rs - api::ProjectLocationSourceListCall (line 15827) - compile ... ok
[INFO] [stdout] test src/api.rs - api::ProjectLocationSourceMigratingVmCloneJobCreateCall (line 8193) - compile ... ok
[INFO] [stdout] test src/api.rs - api::ProjectLocationSourceFetchInventoryCall (line 15267) - compile ... ok
[INFO] [stdout] test src/api.rs - api::ProjectLocationSourceMigratingVmCloneJobGetCall (line 8509) - compile ... ok
[INFO] [stdout] test src/api.rs - api::ProjectLocationSourceMigratingVmCutoverJobCancelCall (line 9081) - compile ... ok
[INFO] [stdout] test src/api.rs - api::ProjectLocationSourceMigratingVmCreateCall (line 10833) - compile ... ok
[INFO] [stdout] test src/api.rs - api::ProjectLocationSourceMigratingVmCutoverJobGetCall (line 9689) - compile ... ok
[INFO] [stdout] test src/api.rs - api::ProjectLocationSourceMigratingVmCloneJobListCall (line 8771) - compile ... ok
[INFO] [stdout] test src/api.rs - api::ProjectLocationSourceMigratingVmCutoverJobListCall (line 9951) - compile ... ok
[INFO] [stdout] test src/api.rs - api::ProjectLocationSourceMigratingVmCutoverJobCreateCall (line 9373) - compile ... ok
[INFO] [stdout] test src/api.rs - api::ProjectLocationSourceMigratingVmDeleteCall (line 11149) - compile ... ok
[INFO] [stdout] test src/api.rs - api::ProjectLocationSourceMigratingVmFinalizeMigrationCall (line 11411) - compile ... ok
[INFO] [stdout] test src/api.rs - api::ProjectLocationSourceMigratingVmGetCall (line 11703) - compile ... ok
[INFO] [stdout] test src/api.rs - api::ProjectLocationSourceMigratingVmReplicationCycleListCall (line 10523) - compile ... ok
[INFO] [stdout] test src/api.rs - api::ProjectLocationSourceMigratingVmListCall (line 11977) - compile ... ok
[INFO] [stdout] test src/api.rs - api::ProjectLocationSourceMigratingVmResumeMigrationCall (line 12907) - compile ... ok
[INFO] [stdout] test src/api.rs - api::ProjectLocationSourceMigratingVmPatchCall (line 12299) - compile ... FAILED
[INFO] [stdout] test src/api.rs - api::ProjectLocationSourceMigratingVmPauseMigrationCall (line 12615) - compile ... ok
[INFO] [stdout] test src/api.rs - api::ProjectLocationSourceMigratingVmReplicationCycleGetCall (line 10261) - compile ... ok
[INFO] [stdout] test src/api.rs - api::ProjectLocationSourceUtilizationReportListCall (line 14355) - compile ... ok
[INFO] [stdout] test src/api.rs - api::ProjectLocationTargetProjectDeleteCall (line 16769) - compile ... ok
[INFO] [stdout] test src/api.rs - api::ProjectLocationSourceMigratingVmStartMigrationCall (line 13199) - compile ... ok
[INFO] [stdout] test src/api.rs - api::ProjectLocationSourceUtilizationReportCreateCall (line 13491) - compile ... ok
[INFO] [stdout] test src/api.rs - api::ProjectLocationSourceUtilizationReportGetCall (line 14081) - compile ... ok
[INFO] [stdout] test src/api.rs - api::ProjectLocationSourceUtilizationReportDeleteCall (line 13807) - compile ... ok
[INFO] [stdout] test src/api.rs - api::ProjectLocationSourcePatchCall (line 16137) - compile ... FAILED
[INFO] [stdout] test src/lib.rs - (line 49) ... ignored
[INFO] [stdout] test src/api.rs - api::ProjectLocationTargetProjectCreateCall (line 16453) - compile ... ok
[INFO] [stdout] test src/api.rs - api::ProjectLocationTargetProjectGetCall (line 17043) - compile ... ok
[INFO] [stdout] test src/api.rs - api::ProjectLocationTargetProjectListCall (line 17305) - compile ... ok
[INFO] [stdout] test src/api.rs - api::ProjectLocationTargetProjectPatchCall (line 17615) - compile ... FAILED
[INFO] [stdout] test src/api.rs - api::ProjectMethods (line 2216) - compile ... ok
[INFO] [stdout] test src/api.rs - api::VMMigrationService (line 58) - compile ... ok
[INFO] [stdout] test src/lib.rs - (line 100) - compile ... ok
[INFO] [stdout] 
[INFO] [stdout] failures:
[INFO] [stdout] 
[INFO] [stdout] ---- src/api.rs - api::ProjectLocationGroupPatchCall (line 4725) stdout ----
[INFO] [stdout] error[E0308]: mismatched types
[INFO] [stdout]     --> src/api.rs:4749:27
[INFO] [stdout]      |
[INFO] [stdout] 25   |              .update_mask(&Default::default())
[INFO] [stdout]      |               ----------- ^^^^^^^^^^^^^^^^^^^ expected `FieldMask`, found `&_`
[INFO] [stdout]      |               |
[INFO] [stdout]      |               arguments to this method are incorrect
[INFO] [stdout]      |
[INFO] [stdout]      = note: expected struct `FieldMask`
[INFO] [stdout]              found reference `&_`
[INFO] [stdout] note: method defined here
[INFO] [stdout]     --> /opt/rustwide/workdir/src/api.rs:4945:12
[INFO] [stdout]      |
[INFO] [stdout] 4945 |     pub fn update_mask(mut self, new_value: client::FieldMask) -> ProjectLocationGroupPatchCall<'a, S> {
[INFO] [stdout]      |            ^^^^^^^^^^^
[INFO] [stdout] help: consider removing the borrow
[INFO] [stdout]      |
[INFO] [stdout] 25   -              .update_mask(&Default::default())
[INFO] [stdout] 25   +              .update_mask(Default::default())
[INFO] [stdout]      |
[INFO] [stdout] 
[INFO] [stdout] error: aborting due to previous error
[INFO] [stdout] 
[INFO] [stdout] For more information about this error, try `rustc --explain E0308`.
[INFO] [stdout] Couldn't compile the test.
[INFO] [stdout] ---- src/api.rs - api::ProjectLocationSourceMigratingVmPatchCall (line 12299) stdout ----
[INFO] [stdout] error[E0308]: mismatched types
[INFO] [stdout]      --> src/api.rs:12323:27
[INFO] [stdout]       |
[INFO] [stdout] 25    |              .update_mask(&Default::default())
[INFO] [stdout]       |               ----------- ^^^^^^^^^^^^^^^^^^^ expected `FieldMask`, found `&_`
[INFO] [stdout]       |               |
[INFO] [stdout]       |               arguments to this method are incorrect
[INFO] [stdout]       |
[INFO] [stdout]       = note: expected struct `FieldMask`
[INFO] [stdout]               found reference `&_`
[INFO] [stdout] note: method defined here
[INFO] [stdout]      --> /opt/rustwide/workdir/src/api.rs:12519:12
[INFO] [stdout]       |
[INFO] [stdout] 12519 |     pub fn update_mask(mut self, new_value: client::FieldMask) -> ProjectLocationSourceMigratingVmPatchCall<'a, S> {
[INFO] [stdout]       |            ^^^^^^^^^^^
[INFO] [stdout] help: consider removing the borrow
[INFO] [stdout]       |
[INFO] [stdout] 25    -              .update_mask(&Default::default())
[INFO] [stdout] 25    +              .update_mask(Default::default())
[INFO] [stdout]       |
[INFO] [stdout] 
[INFO] [stdout] error: aborting due to previous error
[INFO] [stdout] 
[INFO] [stdout] For more information about this error, try `rustc --explain E0308`.
[INFO] [stdout] Couldn't compile the test.
[INFO] [stdout] ---- src/api.rs - api::ProjectLocationSourcePatchCall (line 16137) stdout ----
[INFO] [stdout] error[E0308]: mismatched types
[INFO] [stdout]      --> src/api.rs:16161:27
[INFO] [stdout]       |
[INFO] [stdout] 25    |              .update_mask(&Default::default())
[INFO] [stdout]       |               ----------- ^^^^^^^^^^^^^^^^^^^ expected `FieldMask`, found `&_`
[INFO] [stdout]       |               |
[INFO] [stdout]       |               arguments to this method are incorrect
[INFO] [stdout]       |
[INFO] [stdout]       = note: expected struct `FieldMask`
[INFO] [stdout]               found reference `&_`
[INFO] [stdout] note: method defined here
[INFO] [stdout]      --> /opt/rustwide/workdir/src/api.rs:16357:12
[INFO] [stdout]       |
[INFO] [stdout] 16357 |     pub fn update_mask(mut self, new_value: client::FieldMask) -> ProjectLocationSourcePatchCall<'a, S> {
[INFO] [stdout]       |            ^^^^^^^^^^^
[INFO] [stdout] help: consider removing the borrow
[INFO] [stdout]       |
[INFO] [stdout] 25    -              .update_mask(&Default::default())
[INFO] [stdout] 25    +              .update_mask(Default::default())
[INFO] [stdout]       |
[INFO] [stdout] 
[INFO] [stdout] error: aborting due to previous error
[INFO] [stdout] 
[INFO] [stdout] For more information about this error, try `rustc --explain E0308`.
[INFO] [stdout] Couldn't compile the test.
[INFO] [stdout] ---- src/api.rs - api::ProjectLocationTargetProjectPatchCall (line 17615) stdout ----
[INFO] [stdout] error[E0308]: mismatched types
[INFO] [stdout]      --> src/api.rs:17639:27
[INFO] [stdout]       |
[INFO] [stdout] 25    |              .update_mask(&Default::default())
[INFO] [stdout]       |               ----------- ^^^^^^^^^^^^^^^^^^^ expected `FieldMask`, found `&_`
[INFO] [stdout]       |               |
[INFO] [stdout]       |               arguments to this method are incorrect
[INFO] [stdout]       |
[INFO] [stdout]       = note: expected struct `FieldMask`
[INFO] [stdout]               found reference `&_`
[INFO] [stdout] note: method defined here
[INFO] [stdout]      --> /opt/rustwide/workdir/src/api.rs:17835:12
[INFO] [stdout]       |
[INFO] [stdout] 17835 |     pub fn update_mask(mut self, new_value: client::FieldMask) -> ProjectLocationTargetProjectPatchCall<'a, S> {
[INFO] [stdout]       |            ^^^^^^^^^^^
[INFO] [stdout] help: consider removing the borrow
[INFO] [stdout]       |
[INFO] [stdout] 25    -              .update_mask(&Default::default())
[INFO] [stdout] 25    +              .update_mask(Default::default())
[INFO] [stdout]       |
[INFO] [stdout] 
[INFO] [stdout] error: aborting due to previous error
[INFO] [stdout] 
[INFO] [stdout] For more information about this error, try `rustc --explain E0308`.
[INFO] [stdout] Couldn't compile the test.
[INFO] [stdout] 
[INFO] [stdout] failures:
[INFO] [stdout]     src/api.rs - api::ProjectLocationGroupPatchCall (line 4725)
[INFO] [stdout]     src/api.rs - api::ProjectLocationSourceMigratingVmPatchCall (line 12299)
[INFO] [stdout]     src/api.rs - api::ProjectLocationSourcePatchCall (line 16137)
[INFO] [stdout]     src/api.rs - api::ProjectLocationTargetProjectPatchCall (line 17615)
[INFO] [stdout] 
[INFO] [stdout] test result: FAILED. 51 passed; 4 failed; 1 ignored; 0 measured; 0 filtered out; finished in 2.76s
[INFO] [stdout] 
[INFO] [stderr] error: doctest failed, to rerun pass `--doc`
[INFO] running `Command { std: "docker" "inspect" "57090ae2fca9e411736fbc838d3db3baf1a6dee56f6f9f2e71177653949edb2a", kill_on_drop: false }`
[INFO] running `Command { std: "docker" "rm" "-f" "57090ae2fca9e411736fbc838d3db3baf1a6dee56f6f9f2e71177653949edb2a", kill_on_drop: false }`
[INFO] [stdout] 57090ae2fca9e411736fbc838d3db3baf1a6dee56f6f9f2e71177653949edb2a
[INFO] testing google-vmmigration1-5.0.3+20230119 against beta-2023-12-22 for beta-1.76-1
[INFO] extracting crate google-vmmigration1 5.0.3+20230119 into /workspace/builds/worker-3-tc2/source
[INFO] validating manifest of crates.io crate google-vmmigration1 5.0.3+20230119 on toolchain beta-2023-12-22
[INFO] running `Command { std: CARGO_HOME="/workspace/cargo-home" RUSTUP_HOME="/workspace/rustup-home" "/workspace/cargo-home/bin/cargo" "+beta-2023-12-22" "metadata" "--manifest-path" "Cargo.toml" "--no-deps", kill_on_drop: false }`
[INFO] started tweaking crates.io crate google-vmmigration1 5.0.3+20230119
[INFO] finished tweaking crates.io crate google-vmmigration1 5.0.3+20230119
[INFO] tweaked toml for crates.io crate google-vmmigration1 5.0.3+20230119 written to /workspace/builds/worker-3-tc2/source/Cargo.toml
[INFO] running `Command { std: CARGO_HOME="/workspace/cargo-home" RUSTUP_HOME="/workspace/rustup-home" "/workspace/cargo-home/bin/cargo" "+beta-2023-12-22" "generate-lockfile" "--manifest-path" "Cargo.toml", kill_on_drop: false }`
[INFO] [stderr]     Updating crates.io index
[INFO] running `Command { std: CARGO_HOME="/workspace/cargo-home" RUSTUP_HOME="/workspace/rustup-home" "/workspace/cargo-home/bin/cargo" "+beta-2023-12-22" "fetch" "--manifest-path" "Cargo.toml", kill_on_drop: false }`
[INFO] running `Command { std: "docker" "create" "-v" "/var/lib/crater-agent-workspace/builds/worker-3-tc2/target:/opt/rustwide/target:rw,Z" "-v" "/var/lib/crater-agent-workspace/builds/worker-3-tc2/source:/opt/rustwide/workdir:ro,Z" "-v" "/var/lib/crater-agent-workspace/cargo-home:/opt/rustwide/cargo-home:ro,Z" "-v" "/var/lib/crater-agent-workspace/rustup-home:/opt/rustwide/rustup-home:ro,Z" "-e" "SOURCE_DIR=/opt/rustwide/workdir" "-e" "CARGO_TARGET_DIR=/opt/rustwide/target" "-e" "CARGO_HOME=/opt/rustwide/cargo-home" "-e" "RUSTUP_HOME=/opt/rustwide/rustup-home" "-w" "/opt/rustwide/workdir" "-m" "1610612736" "--user" "0:0" "--network" "none" "ghcr.io/rust-lang/crates-build-env/linux@sha256:2788e3201cd34a07e3172128adcd8b3090168a8e3bcc40d7c032b9dda1df7d1c" "/opt/rustwide/cargo-home/bin/cargo" "+beta-2023-12-22" "metadata" "--no-deps" "--format-version=1", kill_on_drop: false }`
[INFO] [stdout] 2b47074fe28443dae19c48e4ab08b228179b9faa454ac5e50f187c5be03b03ce
[INFO] running `Command { std: "docker" "start" "-a" "2b47074fe28443dae19c48e4ab08b228179b9faa454ac5e50f187c5be03b03ce", kill_on_drop: false }`
[INFO] running `Command { std: "docker" "inspect" "2b47074fe28443dae19c48e4ab08b228179b9faa454ac5e50f187c5be03b03ce", kill_on_drop: false }`
[INFO] running `Command { std: "docker" "rm" "-f" "2b47074fe28443dae19c48e4ab08b228179b9faa454ac5e50f187c5be03b03ce", kill_on_drop: false }`
[INFO] [stdout] 2b47074fe28443dae19c48e4ab08b228179b9faa454ac5e50f187c5be03b03ce
[INFO] running `Command { std: "docker" "create" "-v" "/var/lib/crater-agent-workspace/builds/worker-3-tc2/target:/opt/rustwide/target:rw,Z" "-v" "/var/lib/crater-agent-workspace/builds/worker-3-tc2/source:/opt/rustwide/workdir:ro,Z" "-v" "/var/lib/crater-agent-workspace/cargo-home:/opt/rustwide/cargo-home:ro,Z" "-v" "/var/lib/crater-agent-workspace/rustup-home:/opt/rustwide/rustup-home:ro,Z" "-e" "SOURCE_DIR=/opt/rustwide/workdir" "-e" "CARGO_TARGET_DIR=/opt/rustwide/target" "-e" "CARGO_INCREMENTAL=0" "-e" "RUST_BACKTRACE=full" "-e" "RUSTFLAGS=--cap-lints=warn" "-e" "RUSTDOCFLAGS=--cap-lints=warn" "-e" "CARGO_HOME=/opt/rustwide/cargo-home" "-e" "RUSTUP_HOME=/opt/rustwide/rustup-home" "-w" "/opt/rustwide/workdir" "-m" "1610612736" "--user" "0:0" "--network" "none" "ghcr.io/rust-lang/crates-build-env/linux@sha256:2788e3201cd34a07e3172128adcd8b3090168a8e3bcc40d7c032b9dda1df7d1c" "/opt/rustwide/cargo-home/bin/cargo" "+beta-2023-12-22" "build" "--frozen" "--message-format=json", kill_on_drop: false }`
[INFO] [stdout] 75b052b6ea932a3a5fe728542e4ab85ae8c0e88b540fa5ff55c67c9d2c25e552
[INFO] running `Command { std: "docker" "start" "-a" "75b052b6ea932a3a5fe728542e4ab85ae8c0e88b540fa5ff55c67c9d2c25e552", kill_on_drop: false }`
[INFO] [stderr]    Compiling proc-macro2 v1.0.75
[INFO] [stderr]    Compiling unicode-ident v1.0.12
[INFO] [stderr]    Compiling libc v0.2.151
[INFO] [stderr]    Compiling autocfg v1.1.0
[INFO] [stderr]    Compiling pin-project-lite v0.2.13
[INFO] [stderr]    Compiling fnv v1.0.7
[INFO] [stderr]    Compiling cfg-if v1.0.0
[INFO] [stderr]    Compiling untrusted v0.9.0
[INFO] [stderr]    Compiling futures-core v0.3.30
[INFO] [stderr]    Compiling futures-sink v0.3.30
[INFO] [stderr]    Compiling bytes v1.5.0
[INFO] [stderr]    Compiling spin v0.9.8
[INFO] [stderr]    Compiling serde v1.0.194
[INFO] [stderr]    Compiling pin-utils v0.1.0
[INFO] [stderr]    Compiling futures-channel v0.3.30
[INFO] [stderr]    Compiling memchr v2.7.1
[INFO] [stderr]    Compiling tinyvec_macros v0.1.1
[INFO] [stderr]    Compiling itoa v1.0.10
[INFO] [stderr]    Compiling futures-task v0.3.30
[INFO] [stderr]    Compiling slab v0.4.9
[INFO] [stderr]    Compiling once_cell v1.19.0
[INFO] [stderr]    Compiling futures-io v0.3.30
[INFO] [stderr]    Compiling tracing-core v0.1.32
[INFO] [stderr]    Compiling tinyvec v1.6.0
[INFO] [stderr]    Compiling http v0.2.11
[INFO] [stderr]    Compiling quote v1.0.35
[INFO] [stderr]    Compiling equivalent v1.0.1
[INFO] [stderr]    Compiling cc v1.0.83
[INFO] [stderr]    Compiling syn v2.0.48
[INFO] [stderr]    Compiling getrandom v0.2.11
[INFO] [stderr]    Compiling mio v0.8.10
[INFO] [stderr]    Compiling socket2 v0.5.5
[INFO] [stderr]    Compiling tracing v0.1.40
[INFO] [stderr]    Compiling unicode-normalization v0.1.22
[INFO] [stderr]    Compiling hashbrown v0.14.3
[INFO] [stderr]    Compiling log v0.4.20
[INFO] [stderr]    Compiling ident_case v1.0.1
[INFO] [stderr]    Compiling strsim v0.10.0
[INFO] [stderr]    Compiling httparse v1.8.0
[INFO] [stderr]    Compiling rustls v0.21.10
[INFO] [stderr]    Compiling unicode-bidi v0.3.14
[INFO] [stderr]    Compiling base64 v0.21.5
[INFO] [stderr]    Compiling try-lock v0.2.5
[INFO] [stderr]    Compiling want v0.3.1
[INFO] [stderr]    Compiling http-body v0.4.6
[INFO] [stderr]    Compiling ring v0.17.7
[INFO] [stderr]    Compiling indexmap v2.1.0
[INFO] [stderr]    Compiling num-traits v0.2.17
[INFO] [stderr]    Compiling openssl-probe v0.1.5
[INFO] [stderr]    Compiling rustls-pemfile v1.0.4
[INFO] [stderr]    Compiling anyhow v1.0.79
[INFO] [stderr]    Compiling rustls-pki-types v1.1.0
[INFO] [stderr]    Compiling percent-encoding v2.3.1
[INFO] [stderr]    Compiling serde_json v1.0.111
[INFO] [stderr]    Compiling rustls v0.22.1
[INFO] [stderr]    Compiling httpdate v1.0.3
[INFO] [stderr]    Compiling async-trait v0.1.77
[INFO] [stderr]    Compiling tower-service v0.3.2
[INFO] [stderr]    Compiling either v1.9.0
[INFO] [stderr]    Compiling powerfmt v0.2.0
[INFO] [stderr]    Compiling form_urlencoded v1.2.1
[INFO] [stderr]    Compiling rustls-native-certs v0.6.3
[INFO] [stderr]    Compiling idna v0.5.0
[INFO] [stderr]    Compiling subtle v2.5.0
[INFO] [stderr]    Compiling matches v0.1.10
[INFO] [stderr]    Compiling ryu v1.0.16
[INFO] [stderr]    Compiling time-core v0.1.2
[INFO] [stderr]    Compiling num_threads v0.1.6
[INFO] [stderr]    Compiling zeroize v1.7.0
[INFO] [stderr]    Compiling idna v0.1.5
[INFO] [stderr]    Compiling itertools v0.12.0
[INFO] [stderr]    Compiling percent-encoding v1.0.1
[INFO] [stderr]    Compiling seahash v4.1.0
[INFO] [stderr]    Compiling url v2.5.0
[INFO] [stderr]    Compiling iana-time-zone v0.1.59
[INFO] [stderr]    Compiling url v1.7.2
[INFO] [stderr]    Compiling itertools v0.10.5
[INFO] [stderr]    Compiling base64 v0.13.1
[INFO] [stderr]    Compiling mime v0.3.17
[INFO] [stderr]    Compiling darling_core v0.20.3
[INFO] [stderr]    Compiling tokio-macros v2.2.0
[INFO] [stderr]    Compiling serde_derive v1.0.194
[INFO] [stderr]    Compiling futures-macro v0.3.30
[INFO] [stderr]    Compiling rustls-webpki v0.101.7
[INFO] [stderr]    Compiling sct v0.7.1
[INFO] [stderr]    Compiling rustls-webpki v0.102.1
[INFO] [stderr]    Compiling tokio v1.35.1
[INFO] [stderr]    Compiling futures-util v0.3.30
[INFO] [stderr]    Compiling darling_macro v0.20.3
[INFO] [stderr]    Compiling darling v0.20.3
[INFO] [stderr]    Compiling serde_with_macros v2.3.3
[INFO] [stderr]    Compiling futures-executor v0.3.30
[INFO] [stderr]    Compiling futures v0.3.30
[INFO] [stderr]    Compiling tokio-util v0.7.10
[INFO] [stderr]    Compiling tokio-rustls v0.24.1
[INFO] [stderr]    Compiling h2 v0.3.22
[INFO] [stderr]    Compiling deranged v0.3.11
[INFO] [stderr]    Compiling chrono v0.4.31
[INFO] [stderr]    Compiling serde_with v2.3.3
[INFO] [stderr]    Compiling time v0.3.31
[INFO] [stderr]    Compiling hyper v0.14.28
[INFO] [stderr]    Compiling hyper-rustls v0.24.2
[INFO] [stderr]    Compiling yup-oauth2 v8.3.2
[INFO] [stderr]    Compiling google-apis-common v6.0.0
[INFO] [stderr]    Compiling google-vmmigration1 v5.0.3+20230119 (/opt/rustwide/workdir)
[INFO] [stderr]     Finished dev [unoptimized + debuginfo] target(s) in 1m 05s
[INFO] running `Command { std: "docker" "inspect" "75b052b6ea932a3a5fe728542e4ab85ae8c0e88b540fa5ff55c67c9d2c25e552", kill_on_drop: false }`
[INFO] running `Command { std: "docker" "rm" "-f" "75b052b6ea932a3a5fe728542e4ab85ae8c0e88b540fa5ff55c67c9d2c25e552", kill_on_drop: false }`
[INFO] [stdout] 75b052b6ea932a3a5fe728542e4ab85ae8c0e88b540fa5ff55c67c9d2c25e552
[INFO] running `Command { std: "docker" "create" "-v" "/var/lib/crater-agent-workspace/builds/worker-3-tc2/target:/opt/rustwide/target:rw,Z" "-v" "/var/lib/crater-agent-workspace/builds/worker-3-tc2/source:/opt/rustwide/workdir:ro,Z" "-v" "/var/lib/crater-agent-workspace/cargo-home:/opt/rustwide/cargo-home:ro,Z" "-v" "/var/lib/crater-agent-workspace/rustup-home:/opt/rustwide/rustup-home:ro,Z" "-e" "SOURCE_DIR=/opt/rustwide/workdir" "-e" "CARGO_TARGET_DIR=/opt/rustwide/target" "-e" "CARGO_INCREMENTAL=0" "-e" "RUST_BACKTRACE=full" "-e" "RUSTFLAGS=--cap-lints=warn" "-e" "RUSTDOCFLAGS=--cap-lints=warn" "-e" "CARGO_HOME=/opt/rustwide/cargo-home" "-e" "RUSTUP_HOME=/opt/rustwide/rustup-home" "-w" "/opt/rustwide/workdir" "-m" "1610612736" "--user" "0:0" "--network" "none" "ghcr.io/rust-lang/crates-build-env/linux@sha256:2788e3201cd34a07e3172128adcd8b3090168a8e3bcc40d7c032b9dda1df7d1c" "/opt/rustwide/cargo-home/bin/cargo" "+beta-2023-12-22" "test" "--frozen" "--no-run" "--message-format=json", kill_on_drop: false }`
[INFO] [stdout] 10f9fb4f7dcf79519d3c5a0e56197b97a62092947ac1397d58b4f7c5dfb7326f
[INFO] running `Command { std: "docker" "start" "-a" "10f9fb4f7dcf79519d3c5a0e56197b97a62092947ac1397d58b4f7c5dfb7326f", kill_on_drop: false }`
[INFO] [stderr]    Compiling google-vmmigration1 v5.0.3+20230119 (/opt/rustwide/workdir)
[INFO] [stderr]     Finished test [unoptimized + debuginfo] target(s) in 3.25s
[INFO] running `Command { std: "docker" "inspect" "10f9fb4f7dcf79519d3c5a0e56197b97a62092947ac1397d58b4f7c5dfb7326f", kill_on_drop: false }`
[INFO] running `Command { std: "docker" "rm" "-f" "10f9fb4f7dcf79519d3c5a0e56197b97a62092947ac1397d58b4f7c5dfb7326f", kill_on_drop: false }`
[INFO] [stdout] 10f9fb4f7dcf79519d3c5a0e56197b97a62092947ac1397d58b4f7c5dfb7326f
[INFO] running `Command { std: "docker" "create" "-v" "/var/lib/crater-agent-workspace/builds/worker-3-tc2/target:/opt/rustwide/target:rw,Z" "-v" "/var/lib/crater-agent-workspace/builds/worker-3-tc2/source:/opt/rustwide/workdir:ro,Z" "-v" "/var/lib/crater-agent-workspace/cargo-home:/opt/rustwide/cargo-home:ro,Z" "-v" "/var/lib/crater-agent-workspace/rustup-home:/opt/rustwide/rustup-home:ro,Z" "-e" "SOURCE_DIR=/opt/rustwide/workdir" "-e" "CARGO_TARGET_DIR=/opt/rustwide/target" "-e" "CARGO_INCREMENTAL=0" "-e" "RUST_BACKTRACE=full" "-e" "RUSTFLAGS=--cap-lints=warn" "-e" "RUSTDOCFLAGS=--cap-lints=warn" "-e" "CARGO_HOME=/opt/rustwide/cargo-home" "-e" "RUSTUP_HOME=/opt/rustwide/rustup-home" "-w" "/opt/rustwide/workdir" "-m" "1610612736" "--user" "0:0" "--network" "none" "ghcr.io/rust-lang/crates-build-env/linux@sha256:2788e3201cd34a07e3172128adcd8b3090168a8e3bcc40d7c032b9dda1df7d1c" "/opt/rustwide/cargo-home/bin/cargo" "+beta-2023-12-22" "test" "--frozen", kill_on_drop: false }`
[INFO] [stdout] 7420164f10d2d8893bbbc3c35e6b629f92f4303b9292ab2332f0dcc5f275376e
[INFO] running `Command { std: "docker" "start" "-a" "7420164f10d2d8893bbbc3c35e6b629f92f4303b9292ab2332f0dcc5f275376e", kill_on_drop: false }`
[INFO] [stderr]     Finished test [unoptimized + debuginfo] target(s) in 0.11s
[INFO] [stderr]      Running unittests src/lib.rs (/opt/rustwide/target/debug/deps/google_vmmigration1-16249f9cb8a3b51a)
[INFO] [stdout] 
[INFO] [stdout] running 0 tests
[INFO] [stdout] 
[INFO] [stdout] test result: ok. 0 passed; 0 failed; 0 ignored; 0 measured; 0 filtered out; finished in 0.00s
[INFO] [stdout] 
[INFO] [stderr]    Doc-tests google-vmmigration1
[INFO] [stdout] 
[INFO] [stdout] running 56 tests
[INFO] [stdout] test src/api.rs - api::ProjectLocationGroupListCall (line 4415) - compile ... ok
[INFO] [stdout] test src/api.rs - api::ProjectLocationGroupCreateCall (line 3563) - compile ... ok
[INFO] [stdout] test src/api.rs - api::ProjectLocationGroupAddGroupMigrationCall (line 3271) - compile ... ok
[INFO] [stdout] test src/api.rs - api::ProjectLocationGetCall (line 17931) - compile ... ok
[INFO] [stdout] test src/api.rs - api::ProjectLocationGroupPatchCall (line 4725) - compile ... FAILED
[INFO] [stdout] test src/api.rs - api::ProjectLocationGroupGetCall (line 4153) - compile ... ok
[INFO] [stdout] test src/api.rs - api::ProjectLocationGroupDeleteCall (line 3879) - compile ... ok
[INFO] [stdout] test src/api.rs - api::ProjectLocationGroupRemoveGroupMigrationCall (line 5041) - compile ... ok
[INFO] [stdout] test src/api.rs - api::ProjectLocationOperationCancelCall (line 5333) - compile ... ok
[INFO] [stdout] test src/api.rs - api::ProjectLocationOperationDeleteCall (line 5625) - compile ... ok
[INFO] [stdout] test src/api.rs - api::ProjectLocationListCall (line 18193) - compile ... ok
[INFO] [stdout] test src/api.rs - api::ProjectLocationSourceDatacenterConnectorDeleteCall (line 6763) - compile ... ok
[INFO] [stdout] test src/api.rs - api::ProjectLocationSourceCreateCall (line 14677) - compile ... ok
[INFO] [stdout] test src/api.rs - api::ProjectLocationOperationListCall (line 6149) - compile ... ok
[INFO] [stdout] test src/api.rs - api::ProjectLocationOperationGetCall (line 5887) - compile ... ok
[INFO] [stdout] test src/api.rs - api::ProjectLocationSourceDatacenterConnectorCreateCall (line 6447) - compile ... ok
[INFO] [stdout] test src/api.rs - api::ProjectLocationSourceDatacenterConnectorGetCall (line 7037) - compile ... ok
[INFO] [stdout] test src/api.rs - api::ProjectLocationSourceDatacenterConnectorUpgradeApplianceCall (line 7609) - compile ... ok
[INFO] [stdout] test src/api.rs - api::ProjectLocationSourceDeleteCall (line 14993) - compile ... ok
[INFO] [stdout] test src/api.rs - api::ProjectLocationSourceFetchInventoryCall (line 15267) - compile ... ok
[INFO] [stdout] test src/api.rs - api::ProjectLocationSourceDatacenterConnectorListCall (line 7299) - compile ... ok
[INFO] [stdout] test src/api.rs - api::ProjectLocationSourceGetCall (line 15565) - compile ... ok
[INFO] [stdout] test src/api.rs - api::ProjectLocationSourceListCall (line 15827) - compile ... ok
[INFO] [stdout] test src/api.rs - api::ProjectLocationSourceMigratingVmCloneJobCancelCall (line 7901) - compile ... ok
[INFO] [stdout] test src/api.rs - api::ProjectLocationSourceMigratingVmCutoverJobCancelCall (line 9081) - compile ... ok
[INFO] [stdout] test src/api.rs - api::ProjectLocationSourceMigratingVmCloneJobListCall (line 8771) - compile ... ok
[INFO] [stdout] test src/api.rs - api::ProjectLocationSourceMigratingVmCloneJobCreateCall (line 8193) - compile ... ok
[INFO] [stdout] test src/api.rs - api::ProjectLocationSourceMigratingVmCutoverJobCreateCall (line 9373) - compile ... ok
[INFO] [stdout] test src/api.rs - api::ProjectLocationSourceMigratingVmCloneJobGetCall (line 8509) - compile ... ok
[INFO] [stdout] test src/api.rs - api::ProjectLocationSourceMigratingVmCreateCall (line 10833) - compile ... ok
[INFO] [stdout] test src/api.rs - api::ProjectLocationSourceMigratingVmCutoverJobGetCall (line 9689) - compile ... ok
[INFO] [stdout] test src/api.rs - api::ProjectLocationSourceMigratingVmCutoverJobListCall (line 9951) - compile ... ok
[INFO] [stdout] test src/api.rs - api::ProjectLocationSourceMigratingVmDeleteCall (line 11149) - compile ... ok
[INFO] [stdout] test src/api.rs - api::ProjectLocationSourceMigratingVmGetCall (line 11703) - compile ... ok
[INFO] [stdout] test src/api.rs - api::ProjectLocationSourceMigratingVmFinalizeMigrationCall (line 11411) - compile ... ok
[INFO] [stdout] test src/api.rs - api::ProjectLocationSourceMigratingVmReplicationCycleListCall (line 10523) - compile ... ok
[INFO] [stdout] test src/api.rs - api::ProjectLocationSourceMigratingVmPatchCall (line 12299) - compile ... FAILED
[INFO] [stdout] test src/api.rs - api::ProjectLocationSourceMigratingVmPauseMigrationCall (line 12615) - compile ... ok
[INFO] [stdout] test src/api.rs - api::ProjectLocationSourceMigratingVmResumeMigrationCall (line 12907) - compile ... ok
[INFO] [stdout] test src/api.rs - api::ProjectLocationSourceMigratingVmListCall (line 11977) - compile ... ok
[INFO] [stdout] test src/api.rs - api::ProjectLocationSourceMigratingVmReplicationCycleGetCall (line 10261) - compile ... ok
[INFO] [stdout] test src/api.rs - api::ProjectLocationSourceUtilizationReportListCall (line 14355) - compile ... ok
[INFO] [stdout] test src/api.rs - api::ProjectLocationSourceUtilizationReportDeleteCall (line 13807) - compile ... ok
[INFO] [stdout] test src/api.rs - api::ProjectLocationSourceUtilizationReportCreateCall (line 13491) - compile ... ok
[INFO] [stdout] test src/api.rs - api::ProjectLocationSourcePatchCall (line 16137) - compile ... FAILED
[INFO] [stdout] test src/api.rs - api::ProjectLocationSourceUtilizationReportGetCall (line 14081) - compile ... ok
[INFO] [stdout] test src/api.rs - api::ProjectLocationTargetProjectDeleteCall (line 16769) - compile ... ok
[INFO] [stdout] test src/api.rs - api::ProjectLocationSourceMigratingVmStartMigrationCall (line 13199) - compile ... ok
[INFO] [stdout] test src/lib.rs - (line 49) ... ignored
[INFO] [stdout] test src/api.rs - api::ProjectLocationTargetProjectGetCall (line 17043) - compile ... ok
[INFO] [stdout] test src/api.rs - api::ProjectLocationTargetProjectCreateCall (line 16453) - compile ... ok
[INFO] [stdout] test src/api.rs - api::ProjectMethods (line 2216) - compile ... ok
[INFO] [stdout] test src/api.rs - api::ProjectLocationTargetProjectListCall (line 17305) - compile ... ok
[INFO] [stdout] test src/api.rs - api::ProjectLocationTargetProjectPatchCall (line 17615) - compile ... FAILED
[INFO] [stdout] test src/lib.rs - (line 100) - compile ... ok
[INFO] [stdout] test src/api.rs - api::VMMigrationService (line 58) - compile ... ok
[INFO] [stdout] 
[INFO] [stdout] failures:
[INFO] [stdout] 
[INFO] [stdout] ---- src/api.rs - api::ProjectLocationGroupPatchCall (line 4725) stdout ----
[INFO] [stdout] error[E0308]: mismatched types
[INFO] [stdout]     --> src/api.rs:4749:27
[INFO] [stdout]      |
[INFO] [stdout] 25   |              .update_mask(&Default::default())
[INFO] [stdout]      |               ----------- ^^^^^^^^^^^^^^^^^^^ expected `FieldMask`, found `&_`
[INFO] [stdout]      |               |
[INFO] [stdout]      |               arguments to this method are incorrect
[INFO] [stdout]      |
[INFO] [stdout]      = note: expected struct `FieldMask`
[INFO] [stdout]              found reference `&_`
[INFO] [stdout] note: method defined here
[INFO] [stdout]     --> /opt/rustwide/workdir/src/api.rs:4945:12
[INFO] [stdout]      |
[INFO] [stdout] 4945 |     pub fn update_mask(mut self, new_value: client::FieldMask) -> ProjectLocationGroupPatchCall<'a, S> {
[INFO] [stdout]      |            ^^^^^^^^^^^
[INFO] [stdout] help: consider removing the borrow
[INFO] [stdout]      |
[INFO] [stdout] 25   -              .update_mask(&Default::default())
[INFO] [stdout] 25   +              .update_mask(Default::default())
[INFO] [stdout]      |
[INFO] [stdout] 
[INFO] [stdout] error: aborting due to 1 previous error
[INFO] [stdout] 
[INFO] [stdout] For more information about this error, try `rustc --explain E0308`.
[INFO] [stdout] Couldn't compile the test.
[INFO] [stdout] ---- src/api.rs - api::ProjectLocationSourceMigratingVmPatchCall (line 12299) stdout ----
[INFO] [stdout] error[E0308]: mismatched types
[INFO] [stdout]      --> src/api.rs:12323:27
[INFO] [stdout]       |
[INFO] [stdout] 25    |              .update_mask(&Default::default())
[INFO] [stdout]       |               ----------- ^^^^^^^^^^^^^^^^^^^ expected `FieldMask`, found `&_`
[INFO] [stdout]       |               |
[INFO] [stdout]       |               arguments to this method are incorrect
[INFO] [stdout]       |
[INFO] [stdout]       = note: expected struct `FieldMask`
[INFO] [stdout]               found reference `&_`
[INFO] [stdout] note: method defined here
[INFO] [stdout]      --> /opt/rustwide/workdir/src/api.rs:12519:12
[INFO] [stdout]       |
[INFO] [stdout] 12519 |     pub fn update_mask(mut self, new_value: client::FieldMask) -> ProjectLocationSourceMigratingVmPatchCall<'a, S> {
[INFO] [stdout]       |            ^^^^^^^^^^^
[INFO] [stdout] help: consider removing the borrow
[INFO] [stdout]       |
[INFO] [stdout] 25    -              .update_mask(&Default::default())
[INFO] [stdout] 25    +              .update_mask(Default::default())
[INFO] [stdout]       |
[INFO] [stdout] 
[INFO] [stdout] error: aborting due to 1 previous error
[INFO] [stdout] 
[INFO] [stdout] For more information about this error, try `rustc --explain E0308`.
[INFO] [stdout] Couldn't compile the test.
[INFO] [stdout] ---- src/api.rs - api::ProjectLocationSourcePatchCall (line 16137) stdout ----
[INFO] [stdout] error[E0308]: mismatched types
[INFO] [stdout]      --> src/api.rs:16161:27
[INFO] [stdout]       |
[INFO] [stdout] 25    |              .update_mask(&Default::default())
[INFO] [stdout]       |               ----------- ^^^^^^^^^^^^^^^^^^^ expected `FieldMask`, found `&_`
[INFO] [stdout]       |               |
[INFO] [stdout]       |               arguments to this method are incorrect
[INFO] [stdout]       |
[INFO] [stdout]       = note: expected struct `FieldMask`
[INFO] [stdout]               found reference `&_`
[INFO] [stdout] note: method defined here
[INFO] [stdout]      --> /opt/rustwide/workdir/src/api.rs:16357:12
[INFO] [stdout]       |
[INFO] [stdout] 16357 |     pub fn update_mask(mut self, new_value: client::FieldMask) -> ProjectLocationSourcePatchCall<'a, S> {
[INFO] [stdout]       |            ^^^^^^^^^^^
[INFO] [stdout] help: consider removing the borrow
[INFO] [stdout]       |
[INFO] [stdout] 25    -              .update_mask(&Default::default())
[INFO] [stdout] 25    +              .update_mask(Default::default())
[INFO] [stdout]       |
[INFO] [stdout] 
[INFO] [stdout] error: aborting due to 1 previous error
[INFO] [stdout] 
[INFO] [stdout] For more information about this error, try `rustc --explain E0308`.
[INFO] [stdout] Couldn't compile the test.
[INFO] [stdout] ---- src/api.rs - api::ProjectLocationTargetProjectPatchCall (line 17615) stdout ----
[INFO] [stdout] error[E0308]: mismatched types
[INFO] [stdout]      --> src/api.rs:17639:27
[INFO] [stdout]       |
[INFO] [stdout] 25    |              .update_mask(&Default::default())
[INFO] [stdout]       |               ----------- ^^^^^^^^^^^^^^^^^^^ expected `FieldMask`, found `&_`
[INFO] [stdout]       |               |
[INFO] [stdout]       |               arguments to this method are incorrect
[INFO] [stdout]       |
[INFO] [stdout]       = note: expected struct `FieldMask`
[INFO] [stdout]               found reference `&_`
[INFO] [stdout] note: method defined here
[INFO] [stdout]      --> /opt/rustwide/workdir/src/api.rs:17835:12
[INFO] [stdout]       |
[INFO] [stdout] 17835 |     pub fn update_mask(mut self, new_value: client::FieldMask) -> ProjectLocationTargetProjectPatchCall<'a, S> {
[INFO] [stdout]       |            ^^^^^^^^^^^
[INFO] [stdout] help: consider removing the borrow
[INFO] [stdout]       |
[INFO] [stdout] 25    -              .update_mask(&Default::default())
[INFO] [stdout] 25    +              .update_mask(Default::default())
[INFO] [stdout]       |
[INFO] [stdout] 
[INFO] [stdout] error: aborting due to 1 previous error
[INFO] [stdout] 
[INFO] [stdout] For more information about this error, try `rustc --explain E0308`.
[INFO] [stdout] Couldn't compile the test.
[INFO] [stdout] 
[INFO] [stdout] failures:
[INFO] [stdout]     src/api.rs - api::ProjectLocationGroupPatchCall (line 4725)
[INFO] [stdout]     src/api.rs - api::ProjectLocationSourceMigratingVmPatchCall (line 12299)
[INFO] [stdout]     src/api.rs - api::ProjectLocationSourcePatchCall (line 16137)
[INFO] [stdout]     src/api.rs - api::ProjectLocationTargetProjectPatchCall (line 17615)
[INFO] [stdout] 
[INFO] [stdout] test result: FAILED. 51 passed; 4 failed; 1 ignored; 0 measured; 0 filtered out; finished in 0.94s
[INFO] [stdout] 
[INFO] [stderr] error: doctest failed, to rerun pass `--doc`
[INFO] running `Command { std: "docker" "inspect" "7420164f10d2d8893bbbc3c35e6b629f92f4303b9292ab2332f0dcc5f275376e", kill_on_drop: false }`
[INFO] running `Command { std: "docker" "rm" "-f" "7420164f10d2d8893bbbc3c35e6b629f92f4303b9292ab2332f0dcc5f275376e", kill_on_drop: false }`
[INFO] [stdout] 7420164f10d2d8893bbbc3c35e6b629f92f4303b9292ab2332f0dcc5f275376e
