[INFO] fetching crate google-vision1 5.0.3+20230113...
[INFO] testing google-vision1-5.0.3+20230113 against 1.75.0 for beta-1.76-1
[INFO] extracting crate google-vision1 5.0.3+20230113 into /workspace/builds/worker-7-tc1/source
[INFO] validating manifest of crates.io crate google-vision1 5.0.3+20230113 on toolchain 1.75.0
[INFO] running `Command { std: CARGO_HOME="/workspace/cargo-home" RUSTUP_HOME="/workspace/rustup-home" "/workspace/cargo-home/bin/cargo" "+1.75.0" "metadata" "--manifest-path" "Cargo.toml" "--no-deps", kill_on_drop: false }`
[INFO] started tweaking crates.io crate google-vision1 5.0.3+20230113
[INFO] finished tweaking crates.io crate google-vision1 5.0.3+20230113
[INFO] tweaked toml for crates.io crate google-vision1 5.0.3+20230113 written to /workspace/builds/worker-7-tc1/source/Cargo.toml
[INFO] running `Command { std: CARGO_HOME="/workspace/cargo-home" RUSTUP_HOME="/workspace/rustup-home" "/workspace/cargo-home/bin/cargo" "+1.75.0" "generate-lockfile" "--manifest-path" "Cargo.toml", kill_on_drop: false }`
[INFO] [stderr]     Updating crates.io index
[INFO] running `Command { std: CARGO_HOME="/workspace/cargo-home" RUSTUP_HOME="/workspace/rustup-home" "/workspace/cargo-home/bin/cargo" "+1.75.0" "fetch" "--manifest-path" "Cargo.toml", kill_on_drop: false }`
[INFO] running `Command { std: "docker" "create" "-v" "/var/lib/crater-agent-workspace/builds/worker-7-tc1/target:/opt/rustwide/target:rw,Z" "-v" "/var/lib/crater-agent-workspace/builds/worker-7-tc1/source:/opt/rustwide/workdir:ro,Z" "-v" "/var/lib/crater-agent-workspace/cargo-home:/opt/rustwide/cargo-home:ro,Z" "-v" "/var/lib/crater-agent-workspace/rustup-home:/opt/rustwide/rustup-home:ro,Z" "-e" "SOURCE_DIR=/opt/rustwide/workdir" "-e" "CARGO_TARGET_DIR=/opt/rustwide/target" "-e" "CARGO_HOME=/opt/rustwide/cargo-home" "-e" "RUSTUP_HOME=/opt/rustwide/rustup-home" "-w" "/opt/rustwide/workdir" "-m" "1610612736" "--user" "0:0" "--network" "none" "ghcr.io/rust-lang/crates-build-env/linux@sha256:2788e3201cd34a07e3172128adcd8b3090168a8e3bcc40d7c032b9dda1df7d1c" "/opt/rustwide/cargo-home/bin/cargo" "+1.75.0" "metadata" "--no-deps" "--format-version=1", kill_on_drop: false }`
[INFO] [stdout] 8758762b7a6be915e9b4e1d86a006f0a9f52d9fce3b2ff1ed94cfe5b66709f29
[INFO] running `Command { std: "docker" "start" "-a" "8758762b7a6be915e9b4e1d86a006f0a9f52d9fce3b2ff1ed94cfe5b66709f29", kill_on_drop: false }`
[INFO] running `Command { std: "docker" "inspect" "8758762b7a6be915e9b4e1d86a006f0a9f52d9fce3b2ff1ed94cfe5b66709f29", kill_on_drop: false }`
[INFO] running `Command { std: "docker" "rm" "-f" "8758762b7a6be915e9b4e1d86a006f0a9f52d9fce3b2ff1ed94cfe5b66709f29", kill_on_drop: false }`
[INFO] [stdout] 8758762b7a6be915e9b4e1d86a006f0a9f52d9fce3b2ff1ed94cfe5b66709f29
[INFO] running `Command { std: "docker" "create" "-v" "/var/lib/crater-agent-workspace/builds/worker-7-tc1/target:/opt/rustwide/target:rw,Z" "-v" "/var/lib/crater-agent-workspace/builds/worker-7-tc1/source:/opt/rustwide/workdir:ro,Z" "-v" "/var/lib/crater-agent-workspace/cargo-home:/opt/rustwide/cargo-home:ro,Z" "-v" "/var/lib/crater-agent-workspace/rustup-home:/opt/rustwide/rustup-home:ro,Z" "-e" "SOURCE_DIR=/opt/rustwide/workdir" "-e" "CARGO_TARGET_DIR=/opt/rustwide/target" "-e" "CARGO_INCREMENTAL=0" "-e" "RUST_BACKTRACE=full" "-e" "RUSTFLAGS=--cap-lints=warn" "-e" "RUSTDOCFLAGS=--cap-lints=warn" "-e" "CARGO_HOME=/opt/rustwide/cargo-home" "-e" "RUSTUP_HOME=/opt/rustwide/rustup-home" "-w" "/opt/rustwide/workdir" "-m" "1610612736" "--user" "0:0" "--network" "none" "ghcr.io/rust-lang/crates-build-env/linux@sha256:2788e3201cd34a07e3172128adcd8b3090168a8e3bcc40d7c032b9dda1df7d1c" "/opt/rustwide/cargo-home/bin/cargo" "+1.75.0" "build" "--frozen" "--message-format=json", kill_on_drop: false }`
[INFO] [stdout] 235a889a916060d8419131176b665970b84d1864779e3b959fb7a6f29fc87d13
[INFO] running `Command { std: "docker" "start" "-a" "235a889a916060d8419131176b665970b84d1864779e3b959fb7a6f29fc87d13", kill_on_drop: false }`
[INFO] [stderr]    Compiling spin v0.9.8
[INFO] [stderr]    Compiling untrusted v0.9.0
[INFO] [stderr]    Compiling bytes v1.5.0
[INFO] [stderr]    Compiling futures-core v0.3.30
[INFO] [stderr]    Compiling futures-sink v0.3.30
[INFO] [stderr]    Compiling serde v1.0.194
[INFO] [stderr]    Compiling tinyvec_macros v0.1.1
[INFO] [stderr]    Compiling once_cell v1.19.0
[INFO] [stderr]    Compiling itoa v1.0.10
[INFO] [stderr]    Compiling strsim v0.10.0
[INFO] [stderr]    Compiling unicode-bidi v0.3.14
[INFO] [stderr]    Compiling ident_case v1.0.1
[INFO] [stderr]    Compiling syn v2.0.48
[INFO] [stderr]    Compiling socket2 v0.5.5
[INFO] [stderr]    Compiling ring v0.17.7
[INFO] [stderr]    Compiling mio v0.8.10
[INFO] [stderr]    Compiling tinyvec v1.6.0
[INFO] [stderr]    Compiling futures-channel v0.3.30
[INFO] [stderr]    Compiling httparse v1.8.0
[INFO] [stderr]    Compiling rustls v0.21.10
[INFO] [stderr]    Compiling try-lock v0.2.5
[INFO] [stderr]    Compiling base64 v0.21.5
[INFO] [stderr]    Compiling want v0.3.1
[INFO] [stderr]    Compiling tracing-core v0.1.32
[INFO] [stderr]    Compiling powerfmt v0.2.0
[INFO] [stderr]    Compiling anyhow v1.0.79
[INFO] [stderr]    Compiling either v1.9.0
[INFO] [stderr]    Compiling http v0.2.11
[INFO] [stderr]    Compiling rustls-pemfile v1.0.4
[INFO] [stderr]    Compiling serde_json v1.0.111
[INFO] [stderr]    Compiling rustls-pki-types v1.1.0
[INFO] [stderr]    Compiling tower-service v0.3.2
[INFO] [stderr]    Compiling tracing v0.1.40
[INFO] [stderr]    Compiling httpdate v1.0.3
[INFO] [stderr]    Compiling async-trait v0.1.77
[INFO] [stderr]    Compiling rustls v0.22.1
[INFO] [stderr]    Compiling percent-encoding v2.3.1
[INFO] [stderr]    Compiling rustls-native-certs v0.6.3
[INFO] [stderr]    Compiling subtle v2.5.0
[INFO] [stderr]    Compiling form_urlencoded v1.2.1
[INFO] [stderr]    Compiling ryu v1.0.16
[INFO] [stderr]    Compiling num_threads v0.1.6
[INFO] [stderr]    Compiling matches v0.1.10
[INFO] [stderr]    Compiling time-core v0.1.2
[INFO] [stderr]    Compiling zeroize v1.7.0
[INFO] [stderr]    Compiling itertools v0.12.0
[INFO] [stderr]    Compiling itertools v0.10.5
[INFO] [stderr]    Compiling base64 v0.13.1
[INFO] [stderr]    Compiling mime v0.3.17
[INFO] [stderr]    Compiling unicode-normalization v0.1.22
[INFO] [stderr]    Compiling http-body v0.4.6
[INFO] [stderr]    Compiling idna v0.5.0
[INFO] [stderr]    Compiling idna v0.1.5
[INFO] [stderr]    Compiling url v2.5.0
[INFO] [stderr]    Compiling url v1.7.2
[INFO] [stderr]    Compiling darling_core v0.20.3
[INFO] [stderr]    Compiling futures-macro v0.3.30
[INFO] [stderr]    Compiling tokio-macros v2.2.0
[INFO] [stderr]    Compiling serde_derive v1.0.194
[INFO] [stderr]    Compiling rustls-webpki v0.101.7
[INFO] [stderr]    Compiling sct v0.7.1
[INFO] [stderr]    Compiling rustls-webpki v0.102.1
[INFO] [stderr]    Compiling darling_macro v0.20.3
[INFO] [stderr]    Compiling futures-util v0.3.30
[INFO] [stderr]    Compiling tokio v1.35.1
[INFO] [stderr]    Compiling darling v0.20.3
[INFO] [stderr]    Compiling serde_with_macros v2.3.3
[INFO] [stderr]    Compiling futures-executor v0.3.30
[INFO] [stderr]    Compiling futures v0.3.30
[INFO] [stderr]    Compiling tokio-util v0.7.10
[INFO] [stderr]    Compiling tokio-rustls v0.24.1
[INFO] [stderr]    Compiling h2 v0.3.22
[INFO] [stderr]    Compiling deranged v0.3.11
[INFO] [stderr]    Compiling serde_with v2.3.3
[INFO] [stderr]    Compiling chrono v0.4.31
[INFO] [stderr]    Compiling time v0.3.31
[INFO] [stderr]    Compiling hyper v0.14.28
[INFO] [stderr]    Compiling hyper-rustls v0.24.2
[INFO] [stderr]    Compiling yup-oauth2 v8.3.2
[INFO] [stderr]    Compiling google-apis-common v6.0.0
[INFO] [stderr]    Compiling google-vision1 v5.0.3+20230113 (/opt/rustwide/workdir)
[INFO] [stderr]     Finished dev [unoptimized + debuginfo] target(s) in 16.73s
[INFO] running `Command { std: "docker" "inspect" "235a889a916060d8419131176b665970b84d1864779e3b959fb7a6f29fc87d13", kill_on_drop: false }`
[INFO] running `Command { std: "docker" "rm" "-f" "235a889a916060d8419131176b665970b84d1864779e3b959fb7a6f29fc87d13", kill_on_drop: false }`
[INFO] [stdout] 235a889a916060d8419131176b665970b84d1864779e3b959fb7a6f29fc87d13
[INFO] running `Command { std: "docker" "create" "-v" "/var/lib/crater-agent-workspace/builds/worker-7-tc1/target:/opt/rustwide/target:rw,Z" "-v" "/var/lib/crater-agent-workspace/builds/worker-7-tc1/source:/opt/rustwide/workdir:ro,Z" "-v" "/var/lib/crater-agent-workspace/cargo-home:/opt/rustwide/cargo-home:ro,Z" "-v" "/var/lib/crater-agent-workspace/rustup-home:/opt/rustwide/rustup-home:ro,Z" "-e" "SOURCE_DIR=/opt/rustwide/workdir" "-e" "CARGO_TARGET_DIR=/opt/rustwide/target" "-e" "CARGO_INCREMENTAL=0" "-e" "RUST_BACKTRACE=full" "-e" "RUSTFLAGS=--cap-lints=warn" "-e" "RUSTDOCFLAGS=--cap-lints=warn" "-e" "CARGO_HOME=/opt/rustwide/cargo-home" "-e" "RUSTUP_HOME=/opt/rustwide/rustup-home" "-w" "/opt/rustwide/workdir" "-m" "1610612736" "--user" "0:0" "--network" "none" "ghcr.io/rust-lang/crates-build-env/linux@sha256:2788e3201cd34a07e3172128adcd8b3090168a8e3bcc40d7c032b9dda1df7d1c" "/opt/rustwide/cargo-home/bin/cargo" "+1.75.0" "test" "--frozen" "--no-run" "--message-format=json", kill_on_drop: false }`
[INFO] [stdout] 0b8dc0c6c3e05a6a68dcf56da6cacd9901b7bbc75ad2bbd0d95654a740c7a9b4
[INFO] running `Command { std: "docker" "start" "-a" "0b8dc0c6c3e05a6a68dcf56da6cacd9901b7bbc75ad2bbd0d95654a740c7a9b4", kill_on_drop: false }`
[INFO] [stderr]    Compiling google-vision1 v5.0.3+20230113 (/opt/rustwide/workdir)
[INFO] [stderr]     Finished test [unoptimized + debuginfo] target(s) in 3.00s
[INFO] running `Command { std: "docker" "inspect" "0b8dc0c6c3e05a6a68dcf56da6cacd9901b7bbc75ad2bbd0d95654a740c7a9b4", kill_on_drop: false }`
[INFO] running `Command { std: "docker" "rm" "-f" "0b8dc0c6c3e05a6a68dcf56da6cacd9901b7bbc75ad2bbd0d95654a740c7a9b4", kill_on_drop: false }`
[INFO] [stdout] 0b8dc0c6c3e05a6a68dcf56da6cacd9901b7bbc75ad2bbd0d95654a740c7a9b4
[INFO] running `Command { std: "docker" "create" "-v" "/var/lib/crater-agent-workspace/builds/worker-7-tc1/target:/opt/rustwide/target:rw,Z" "-v" "/var/lib/crater-agent-workspace/builds/worker-7-tc1/source:/opt/rustwide/workdir:ro,Z" "-v" "/var/lib/crater-agent-workspace/cargo-home:/opt/rustwide/cargo-home:ro,Z" "-v" "/var/lib/crater-agent-workspace/rustup-home:/opt/rustwide/rustup-home:ro,Z" "-e" "SOURCE_DIR=/opt/rustwide/workdir" "-e" "CARGO_TARGET_DIR=/opt/rustwide/target" "-e" "CARGO_INCREMENTAL=0" "-e" "RUST_BACKTRACE=full" "-e" "RUSTFLAGS=--cap-lints=warn" "-e" "RUSTDOCFLAGS=--cap-lints=warn" "-e" "CARGO_HOME=/opt/rustwide/cargo-home" "-e" "RUSTUP_HOME=/opt/rustwide/rustup-home" "-w" "/opt/rustwide/workdir" "-m" "1610612736" "--user" "0:0" "--network" "none" "ghcr.io/rust-lang/crates-build-env/linux@sha256:2788e3201cd34a07e3172128adcd8b3090168a8e3bcc40d7c032b9dda1df7d1c" "/opt/rustwide/cargo-home/bin/cargo" "+1.75.0" "test" "--frozen", kill_on_drop: false }`
[INFO] [stdout] 0bcdc6dc4637686820f956d9ebf33e49bbd8c4bf49758d0af7c7fcd1fdc47f1b
[INFO] running `Command { std: "docker" "start" "-a" "0bcdc6dc4637686820f956d9ebf33e49bbd8c4bf49758d0af7c7fcd1fdc47f1b", kill_on_drop: false }`
[INFO] [stderr]     Finished test [unoptimized + debuginfo] target(s) in 0.07s
[INFO] [stderr]      Running unittests src/lib.rs (/opt/rustwide/target/debug/deps/google_vision1-273f89efaad670ea)
[INFO] [stdout] 
[INFO] [stdout] running 0 tests
[INFO] [stdout] 
[INFO] [stdout] test result: ok. 0 passed; 0 failed; 0 ignored; 0 measured; 0 filtered out; finished in 0.00s
[INFO] [stdout] 
[INFO] [stderr]    Doc-tests google-vision1
[INFO] [stdout] 
[INFO] [stdout] running 46 tests
[INFO] [stdout] test src/api.rs - api::LocationMethods (line 2280) - compile ... ok
[INFO] [stdout] test src/api.rs - api::ImageMethods (line 2205) - compile ... ok
[INFO] [stdout] test src/api.rs - api::OperationListCall (line 5211) - compile ... ok
[INFO] [stdout] test src/api.rs - api::OperationGetCall (line 4949) - compile ... ok
[INFO] [stdout] test src/api.rs - api::OperationMethods (line 2338) - compile ... ok
[INFO] [stdout] test src/api.rs - api::ProjectFileAnnotateCall (line 5509) - compile ... ok
[INFO] [stdout] test src/api.rs - api::OperationCancelCall (line 4395) - compile ... ok
[INFO] [stdout] test src/api.rs - api::FileMethods (line 2130) - compile ... ok
[INFO] [stdout] test src/api.rs - api::FileAsyncBatchAnnotateCall (line 3314) - compile ... ok
[INFO] [stdout] test src/api.rs - api::LocationOperationGetCall (line 4133) - compile ... ok
[INFO] [stdout] test src/api.rs - api::OperationDeleteCall (line 4687) - compile ... ok
[INFO] [stdout] test src/api.rs - api::FileAnnotateCall (line 3041) - compile ... ok
[INFO] [stdout] test src/api.rs - api::ProjectImageAnnotateCall (line 6093) - compile ... ok
[INFO] [stdout] test src/api.rs - api::ImageAnnotateCall (line 3587) - compile ... ok
[INFO] [stdout] test src/api.rs - api::ImageAsyncBatchAnnotateCall (line 3860) - compile ... ok
[INFO] [stdout] test src/api.rs - api::ProjectFileAsyncBatchAnnotateCall (line 5801) - compile ... ok
[INFO] [stdout] test src/api.rs - api::ProjectLocationOperationGetCall (line 7845) - compile ... ok
[INFO] [stdout] test src/api.rs - api::ProjectLocationFileAnnotateCall (line 6677) - compile ... ok
[INFO] [stdout] test src/api.rs - api::ProjectImageAsyncBatchAnnotateCall (line 6385) - compile ... ok
[INFO] [stdout] test src/api.rs - api::ProjectLocationImageAsyncBatchAnnotateCall (line 7553) - compile ... ok
[INFO] [stdout] test src/api.rs - api::ProjectLocationProductListCall (line 12629) - compile ... ok
[INFO] [stdout] test src/api.rs - api::ProjectLocationProductCreateCall (line 11801) - compile ... ok
[INFO] [stdout] test src/api.rs - api::ProjectLocationProductGetCall (line 12367) - compile ... ok
[INFO] [stdout] test src/api.rs - api::ProjectLocationImageAnnotateCall (line 7261) - compile ... ok
[INFO] [stdout] test src/api.rs - api::ProjectLocationProductReferenceImageGetCall (line 11253) - compile ... ok
[INFO] [stdout] test src/api.rs - api::ProjectLocationProductDeleteCall (line 12105) - compile ... ok
[INFO] [stdout] test src/api.rs - api::ProjectLocationProductPurgeCall (line 13219) - compile ... ok
[INFO] [stdout] test src/api.rs - api::ProjectLocationProductReferenceImageCreateCall (line 10687) - compile ... ok
[INFO] [stdout] test src/api.rs - api::ProjectLocationFileAsyncBatchAnnotateCall (line 6969) - compile ... ok
[INFO] [stdout] test src/lib.rs - (line 57) ... ignored
[INFO] [stdout] test src/api.rs - api::ProjectLocationProductReferenceImageDeleteCall (line 10991) - compile ... ok
[INFO] [stdout] test src/api.rs - api::ProjectLocationProductReferenceImageListCall (line 11515) - compile ... ok
[INFO] [stdout] test src/api.rs - api::ProjectLocationProductSetImportCall (line 9513) - compile ... ok
[INFO] [stdout] test src/api.rs - api::ProjectLocationProductSetCreateCall (line 8685) - compile ... ok
[INFO] [stdout] test src/api.rs - api::ProjectLocationProductSetAddProductCall (line 8393) - compile ... ok
[INFO] [stdout] test src/api.rs - api::ProjectLocationProductSetListCall (line 9805) - compile ... ok
[INFO] [stdout] test src/api.rs - api::ProjectLocationProductSetDeleteCall (line 8989) - compile ... ok
[INFO] [stdout] test src/api.rs - api::ProjectLocationProductSetProductListCall (line 8107) - compile ... ok
[INFO] [stdout] test src/api.rs - api::ProjectOperationGetCall (line 13511) - compile ... ok
[INFO] [stdout] test src/api.rs - api::ProjectLocationProductSetGetCall (line 9251) - compile ... ok
[INFO] [stdout] test src/api.rs - api::Vision (line 62) - compile ... ok
[INFO] [stdout] test src/lib.rs - (line 95) - compile ... ok
[INFO] [stdout] test src/api.rs - api::ProjectMethods (line 2452) - compile ... ok
[INFO] [stdout] test src/api.rs - api::ProjectLocationProductSetRemoveProductCall (line 10395) - compile ... ok
[INFO] [stdout] test src/api.rs - api::ProjectLocationProductPatchCall (line 12915) - compile ... FAILED
[INFO] [stdout] test src/api.rs - api::ProjectLocationProductSetPatchCall (line 10091) - compile ... FAILED
[INFO] [stdout] 
[INFO] [stdout] failures:
[INFO] [stdout] 
[INFO] [stdout] ---- src/api.rs - api::ProjectLocationProductPatchCall (line 12915) stdout ----
[INFO] [stdout] error[E0308]: mismatched types
[INFO] [stdout]      --> src/api.rs:12939:27
[INFO] [stdout]       |
[INFO] [stdout] 25    |              .update_mask(&Default::default())
[INFO] [stdout]       |               ----------- ^^^^^^^^^^^^^^^^^^^ expected `FieldMask`, found `&_`
[INFO] [stdout]       |               |
[INFO] [stdout]       |               arguments to this method are incorrect
[INFO] [stdout]       |
[INFO] [stdout]       = note: expected struct `FieldMask`
[INFO] [stdout]               found reference `&_`
[INFO] [stdout] note: method defined here
[INFO] [stdout]      --> /opt/rustwide/workdir/src/api.rs:13130:12
[INFO] [stdout]       |
[INFO] [stdout] 13130 |     pub fn update_mask(mut self, new_value: client::FieldMask) -> ProjectLocationProductPatchCall<'a, S> {
[INFO] [stdout]       |            ^^^^^^^^^^^
[INFO] [stdout] help: consider removing the borrow
[INFO] [stdout]       |
[INFO] [stdout] 25    -              .update_mask(&Default::default())
[INFO] [stdout] 25    +              .update_mask(Default::default())
[INFO] [stdout]       |
[INFO] [stdout] 
[INFO] [stdout] error: aborting due to previous error
[INFO] [stdout] 
[INFO] [stdout] For more information about this error, try `rustc --explain E0308`.
[INFO] [stdout] Couldn't compile the test.
[INFO] [stdout] ---- src/api.rs - api::ProjectLocationProductSetPatchCall (line 10091) stdout ----
[INFO] [stdout] error[E0308]: mismatched types
[INFO] [stdout]      --> src/api.rs:10115:27
[INFO] [stdout]       |
[INFO] [stdout] 25    |              .update_mask(&Default::default())
[INFO] [stdout]       |               ----------- ^^^^^^^^^^^^^^^^^^^ expected `FieldMask`, found `&_`
[INFO] [stdout]       |               |
[INFO] [stdout]       |               arguments to this method are incorrect
[INFO] [stdout]       |
[INFO] [stdout]       = note: expected struct `FieldMask`
[INFO] [stdout]               found reference `&_`
[INFO] [stdout] note: method defined here
[INFO] [stdout]      --> /opt/rustwide/workdir/src/api.rs:10306:12
[INFO] [stdout]       |
[INFO] [stdout] 10306 |     pub fn update_mask(mut self, new_value: client::FieldMask) -> ProjectLocationProductSetPatchCall<'a, S> {
[INFO] [stdout]       |            ^^^^^^^^^^^
[INFO] [stdout] help: consider removing the borrow
[INFO] [stdout]       |
[INFO] [stdout] 25    -              .update_mask(&Default::default())
[INFO] [stdout] 25    +              .update_mask(Default::default())
[INFO] [stdout]       |
[INFO] [stdout] 
[INFO] [stdout] error: aborting due to previous error
[INFO] [stdout] 
[INFO] [stdout] For more information about this error, try `rustc --explain E0308`.
[INFO] [stdout] Couldn't compile the test.
[INFO] [stdout] 
[INFO] [stdout] failures:
[INFO] [stdout]     src/api.rs - api::ProjectLocationProductPatchCall (line 12915)
[INFO] [stdout]     src/api.rs - api::ProjectLocationProductSetPatchCall (line 10091)
[INFO] [stdout] 
[INFO] [stdout] test result: FAILED. 43 passed; 2 failed; 1 ignored; 0 measured; 0 filtered out; finished in 0.36s
[INFO] [stdout] 
[INFO] [stderr] error: doctest failed, to rerun pass `--doc`
[INFO] running `Command { std: "docker" "inspect" "0bcdc6dc4637686820f956d9ebf33e49bbd8c4bf49758d0af7c7fcd1fdc47f1b", kill_on_drop: false }`
[INFO] running `Command { std: "docker" "rm" "-f" "0bcdc6dc4637686820f956d9ebf33e49bbd8c4bf49758d0af7c7fcd1fdc47f1b", kill_on_drop: false }`
[INFO] [stdout] 0bcdc6dc4637686820f956d9ebf33e49bbd8c4bf49758d0af7c7fcd1fdc47f1b
