[INFO] fetching crate google-translate3 5.0.3+20230106...
[INFO] testing google-translate3-5.0.3+20230106 against 1.75.0 for beta-1.76-1
[INFO] extracting crate google-translate3 5.0.3+20230106 into /workspace/builds/worker-2-tc1/source
[INFO] validating manifest of crates.io crate google-translate3 5.0.3+20230106 on toolchain 1.75.0
[INFO] running `Command { std: CARGO_HOME="/workspace/cargo-home" RUSTUP_HOME="/workspace/rustup-home" "/workspace/cargo-home/bin/cargo" "+1.75.0" "metadata" "--manifest-path" "Cargo.toml" "--no-deps", kill_on_drop: false }`
[INFO] started tweaking crates.io crate google-translate3 5.0.3+20230106
[INFO] finished tweaking crates.io crate google-translate3 5.0.3+20230106
[INFO] tweaked toml for crates.io crate google-translate3 5.0.3+20230106 written to /workspace/builds/worker-2-tc1/source/Cargo.toml
[INFO] running `Command { std: CARGO_HOME="/workspace/cargo-home" RUSTUP_HOME="/workspace/rustup-home" "/workspace/cargo-home/bin/cargo" "+1.75.0" "generate-lockfile" "--manifest-path" "Cargo.toml", kill_on_drop: false }`
[INFO] [stderr]     Updating crates.io index
[INFO] running `Command { std: CARGO_HOME="/workspace/cargo-home" RUSTUP_HOME="/workspace/rustup-home" "/workspace/cargo-home/bin/cargo" "+1.75.0" "fetch" "--manifest-path" "Cargo.toml", kill_on_drop: false }`
[INFO] running `Command { std: "docker" "create" "-v" "/var/lib/crater-agent-workspace/builds/worker-2-tc1/target:/opt/rustwide/target:rw,Z" "-v" "/var/lib/crater-agent-workspace/builds/worker-2-tc1/source:/opt/rustwide/workdir:ro,Z" "-v" "/var/lib/crater-agent-workspace/cargo-home:/opt/rustwide/cargo-home:ro,Z" "-v" "/var/lib/crater-agent-workspace/rustup-home:/opt/rustwide/rustup-home:ro,Z" "-e" "SOURCE_DIR=/opt/rustwide/workdir" "-e" "CARGO_TARGET_DIR=/opt/rustwide/target" "-e" "CARGO_HOME=/opt/rustwide/cargo-home" "-e" "RUSTUP_HOME=/opt/rustwide/rustup-home" "-w" "/opt/rustwide/workdir" "-m" "1610612736" "--user" "0:0" "--network" "none" "ghcr.io/rust-lang/crates-build-env/linux@sha256:2788e3201cd34a07e3172128adcd8b3090168a8e3bcc40d7c032b9dda1df7d1c" "/opt/rustwide/cargo-home/bin/cargo" "+1.75.0" "metadata" "--no-deps" "--format-version=1", kill_on_drop: false }`
[INFO] [stdout] 38f8d3b650928009526161de54337ae92a7e4b1294d1ccf328241f4d2e8643ab
[INFO] running `Command { std: "docker" "start" "-a" "38f8d3b650928009526161de54337ae92a7e4b1294d1ccf328241f4d2e8643ab", kill_on_drop: false }`
[INFO] running `Command { std: "docker" "inspect" "38f8d3b650928009526161de54337ae92a7e4b1294d1ccf328241f4d2e8643ab", kill_on_drop: false }`
[INFO] running `Command { std: "docker" "rm" "-f" "38f8d3b650928009526161de54337ae92a7e4b1294d1ccf328241f4d2e8643ab", kill_on_drop: false }`
[INFO] [stdout] 38f8d3b650928009526161de54337ae92a7e4b1294d1ccf328241f4d2e8643ab
[INFO] running `Command { std: "docker" "create" "-v" "/var/lib/crater-agent-workspace/builds/worker-2-tc1/target:/opt/rustwide/target:rw,Z" "-v" "/var/lib/crater-agent-workspace/builds/worker-2-tc1/source:/opt/rustwide/workdir:ro,Z" "-v" "/var/lib/crater-agent-workspace/cargo-home:/opt/rustwide/cargo-home:ro,Z" "-v" "/var/lib/crater-agent-workspace/rustup-home:/opt/rustwide/rustup-home:ro,Z" "-e" "SOURCE_DIR=/opt/rustwide/workdir" "-e" "CARGO_TARGET_DIR=/opt/rustwide/target" "-e" "CARGO_INCREMENTAL=0" "-e" "RUST_BACKTRACE=full" "-e" "RUSTFLAGS=--cap-lints=warn" "-e" "RUSTDOCFLAGS=--cap-lints=warn" "-e" "CARGO_HOME=/opt/rustwide/cargo-home" "-e" "RUSTUP_HOME=/opt/rustwide/rustup-home" "-w" "/opt/rustwide/workdir" "-m" "1610612736" "--user" "0:0" "--network" "none" "ghcr.io/rust-lang/crates-build-env/linux@sha256:2788e3201cd34a07e3172128adcd8b3090168a8e3bcc40d7c032b9dda1df7d1c" "/opt/rustwide/cargo-home/bin/cargo" "+1.75.0" "build" "--frozen" "--message-format=json", kill_on_drop: false }`
[INFO] [stdout] 30596804f8f57d0dc7b5738a650621267c17179b4f78522e6b10589468f9527e
[INFO] running `Command { std: "docker" "start" "-a" "30596804f8f57d0dc7b5738a650621267c17179b4f78522e6b10589468f9527e", kill_on_drop: false }`
[INFO] [stderr]    Compiling spin v0.9.8
[INFO] [stderr]    Compiling untrusted v0.9.0
[INFO] [stderr]    Compiling serde v1.0.194
[INFO] [stderr]    Compiling getrandom v0.2.11
[INFO] [stderr]    Compiling socket2 v0.5.5
[INFO] [stderr]    Compiling ring v0.17.7
[INFO] [stderr]    Compiling tokio-macros v2.2.0
[INFO] [stderr]    Compiling mio v0.8.10
[INFO] [stderr]    Compiling futures-util v0.3.30
[INFO] [stderr]    Compiling tracing v0.1.40
[INFO] [stderr]    Compiling hashbrown v0.14.3
[INFO] [stderr]    Compiling strsim v0.10.0
[INFO] [stderr]    Compiling rustls v0.21.10
[INFO] [stderr]    Compiling equivalent v1.0.1
[INFO] [stderr]    Compiling darling_core v0.20.3
[INFO] [stderr]    Compiling try-lock v0.2.5
[INFO] [stderr]    Compiling base64 v0.21.5
[INFO] [stderr]    Compiling want v0.3.1
[INFO] [stderr]    Compiling indexmap v2.1.0
[INFO] [stderr]    Compiling http-body v0.4.6
[INFO] [stderr]    Compiling tokio v1.35.1
[INFO] [stderr]    Compiling rustls-pemfile v1.0.4
[INFO] [stderr]    Compiling num-traits v0.2.17
[INFO] [stderr]    Compiling httpdate v1.0.3
[INFO] [stderr]    Compiling powerfmt v0.2.0
[INFO] [stderr]    Compiling rustls v0.22.1
[INFO] [stderr]    Compiling rustls-pki-types v1.1.0
[INFO] [stderr]    Compiling rustls-native-certs v0.6.3
[INFO] [stderr]    Compiling num_threads v0.1.6
[INFO] [stderr]    Compiling time-core v0.1.2
[INFO] [stderr]    Compiling subtle v2.5.0
[INFO] [stderr]    Compiling zeroize v1.7.0
[INFO] [stderr]    Compiling url v2.5.0
[INFO] [stderr]    Compiling itertools v0.10.5
[INFO] [stderr]    Compiling futures-executor v0.3.30
[INFO] [stderr]    Compiling darling_macro v0.20.3
[INFO] [stderr]    Compiling deranged v0.3.11
[INFO] [stderr]    Compiling serde_json v1.0.111
[INFO] [stderr]    Compiling futures v0.3.30
[INFO] [stderr]    Compiling chrono v0.4.31
[INFO] [stderr]    Compiling darling v0.20.3
[INFO] [stderr]    Compiling serde_with_macros v2.3.3
[INFO] [stderr]    Compiling sct v0.7.1
[INFO] [stderr]    Compiling rustls-webpki v0.101.7
[INFO] [stderr]    Compiling rustls-webpki v0.102.1
[INFO] [stderr]    Compiling time v0.3.31
[INFO] [stderr]    Compiling tokio-util v0.7.10
[INFO] [stderr]    Compiling serde_with v2.3.3
[INFO] [stderr]    Compiling h2 v0.3.22
[INFO] [stderr]    Compiling tokio-rustls v0.24.1
[INFO] [stderr]    Compiling hyper v0.14.28
[INFO] [stderr]    Compiling hyper-rustls v0.24.2
[INFO] [stderr]    Compiling yup-oauth2 v8.3.2
[INFO] [stderr]    Compiling google-apis-common v6.0.0
[INFO] [stderr]    Compiling google-translate3 v5.0.3+20230106 (/opt/rustwide/workdir)
[INFO] [stderr]     Finished dev [unoptimized + debuginfo] target(s) in 48.72s
[INFO] running `Command { std: "docker" "inspect" "30596804f8f57d0dc7b5738a650621267c17179b4f78522e6b10589468f9527e", kill_on_drop: false }`
[INFO] running `Command { std: "docker" "rm" "-f" "30596804f8f57d0dc7b5738a650621267c17179b4f78522e6b10589468f9527e", kill_on_drop: false }`
[INFO] [stdout] 30596804f8f57d0dc7b5738a650621267c17179b4f78522e6b10589468f9527e
[INFO] running `Command { std: "docker" "create" "-v" "/var/lib/crater-agent-workspace/builds/worker-2-tc1/target:/opt/rustwide/target:rw,Z" "-v" "/var/lib/crater-agent-workspace/builds/worker-2-tc1/source:/opt/rustwide/workdir:ro,Z" "-v" "/var/lib/crater-agent-workspace/cargo-home:/opt/rustwide/cargo-home:ro,Z" "-v" "/var/lib/crater-agent-workspace/rustup-home:/opt/rustwide/rustup-home:ro,Z" "-e" "SOURCE_DIR=/opt/rustwide/workdir" "-e" "CARGO_TARGET_DIR=/opt/rustwide/target" "-e" "CARGO_INCREMENTAL=0" "-e" "RUST_BACKTRACE=full" "-e" "RUSTFLAGS=--cap-lints=warn" "-e" "RUSTDOCFLAGS=--cap-lints=warn" "-e" "CARGO_HOME=/opt/rustwide/cargo-home" "-e" "RUSTUP_HOME=/opt/rustwide/rustup-home" "-w" "/opt/rustwide/workdir" "-m" "1610612736" "--user" "0:0" "--network" "none" "ghcr.io/rust-lang/crates-build-env/linux@sha256:2788e3201cd34a07e3172128adcd8b3090168a8e3bcc40d7c032b9dda1df7d1c" "/opt/rustwide/cargo-home/bin/cargo" "+1.75.0" "test" "--frozen" "--no-run" "--message-format=json", kill_on_drop: false }`
[INFO] [stdout] 7f46e5c6d2f47580247e394b662879baf7d4162c7cf398666b473c9448e80cfb
[INFO] running `Command { std: "docker" "start" "-a" "7f46e5c6d2f47580247e394b662879baf7d4162c7cf398666b473c9448e80cfb", kill_on_drop: false }`
[INFO] [stderr]    Compiling google-translate3 v5.0.3+20230106 (/opt/rustwide/workdir)
[INFO] [stderr]     Finished test [unoptimized + debuginfo] target(s) in 3.32s
[INFO] running `Command { std: "docker" "inspect" "7f46e5c6d2f47580247e394b662879baf7d4162c7cf398666b473c9448e80cfb", kill_on_drop: false }`
[INFO] running `Command { std: "docker" "rm" "-f" "7f46e5c6d2f47580247e394b662879baf7d4162c7cf398666b473c9448e80cfb", kill_on_drop: false }`
[INFO] [stdout] 7f46e5c6d2f47580247e394b662879baf7d4162c7cf398666b473c9448e80cfb
[INFO] running `Command { std: "docker" "create" "-v" "/var/lib/crater-agent-workspace/builds/worker-2-tc1/target:/opt/rustwide/target:rw,Z" "-v" "/var/lib/crater-agent-workspace/builds/worker-2-tc1/source:/opt/rustwide/workdir:ro,Z" "-v" "/var/lib/crater-agent-workspace/cargo-home:/opt/rustwide/cargo-home:ro,Z" "-v" "/var/lib/crater-agent-workspace/rustup-home:/opt/rustwide/rustup-home:ro,Z" "-e" "SOURCE_DIR=/opt/rustwide/workdir" "-e" "CARGO_TARGET_DIR=/opt/rustwide/target" "-e" "CARGO_INCREMENTAL=0" "-e" "RUST_BACKTRACE=full" "-e" "RUSTFLAGS=--cap-lints=warn" "-e" "RUSTDOCFLAGS=--cap-lints=warn" "-e" "CARGO_HOME=/opt/rustwide/cargo-home" "-e" "RUSTUP_HOME=/opt/rustwide/rustup-home" "-w" "/opt/rustwide/workdir" "-m" "1610612736" "--user" "0:0" "--network" "none" "ghcr.io/rust-lang/crates-build-env/linux@sha256:2788e3201cd34a07e3172128adcd8b3090168a8e3bcc40d7c032b9dda1df7d1c" "/opt/rustwide/cargo-home/bin/cargo" "+1.75.0" "test" "--frozen", kill_on_drop: false }`
[INFO] [stdout] b8ef081386414186e3983116d98181994f7e4e1829217352602de79297f68200
[INFO] running `Command { std: "docker" "start" "-a" "b8ef081386414186e3983116d98181994f7e4e1829217352602de79297f68200", kill_on_drop: false }`
[INFO] [stderr]     Finished test [unoptimized + debuginfo] target(s) in 0.12s
[INFO] [stderr]      Running unittests src/lib.rs (/opt/rustwide/target/debug/deps/google_translate3-b9b2bb0dd5d11597)
[INFO] [stdout] 
[INFO] [stdout] running 0 tests
[INFO] [stdout] 
[INFO] [stdout] test result: ok. 0 passed; 0 failed; 0 ignored; 0 measured; 0 filtered out; finished in 0.00s
[INFO] [stdout] 
[INFO] [stderr]    Doc-tests google-translate3
[INFO] [stdout] 
[INFO] [stdout] running 41 tests
[INFO] [stdout] test src/api.rs - api::ProjectLocationBatchTranslateTextCall (line 9864) - compile ... ok
[INFO] [stdout] test src/api.rs - api::ProjectLocationDatasetExportDataCall (line 3108) - compile ... ok
[INFO] [stdout] test src/api.rs - api::ProjectDetectLanguageCall (line 11878) - compile ... ok
[INFO] [stdout] test src/api.rs - api::ProjectLocationDatasetExampleListCall (line 2256) - compile ... ok
[INFO] [stdout] test src/api.rs - api::ProjectLocationDatasetDeleteCall (line 2846) - compile ... ok
[INFO] [stdout] test src/api.rs - api::ProjectGetSupportedLanguageCall (line 12170) - compile ... ok
[INFO] [stdout] test src/api.rs - api::ProjectLocationBatchTranslateDocumentCall (line 9572) - compile ... ok
[INFO] [stdout] test src/api.rs - api::ProjectLocationDatasetListCall (line 3954) - compile ... ok
[INFO] [stdout] test src/api.rs - api::ProjectLocationDatasetCreateCall (line 2554) - compile ... ok
[INFO] [stdout] test src/api.rs - api::ProjectLocationDatasetImportDataCall (line 3662) - compile ... ok
[INFO] [stdout] test src/api.rs - api::ProjectLocationDetectLanguageCall (line 10156) - compile ... ok
[INFO] [stdout] test src/api.rs - api::ProjectLocationGetCall (line 10448) - compile ... ok
[INFO] [stdout] test src/api.rs - api::ProjectLocationDatasetGetCall (line 3400) - compile ... ok
[INFO] [stdout] test src/api.rs - api::ProjectLocationGlossaryGlossaryEntryGetCall (line 4794) - compile ... ok
[INFO] [stdout] test src/api.rs - api::ProjectLocationGlossaryGetCall (line 6188) - compile ... ok
[INFO] [stdout] test src/api.rs - api::ProjectLocationGlossaryDeleteCall (line 5926) - compile ... ok
[INFO] [stdout] test src/api.rs - api::ProjectLocationGlossaryGlossaryEntryCreateCall (line 4240) - compile ... ok
[INFO] [stdout] test src/api.rs - api::ProjectLocationGlossaryCreateCall (line 5634) - compile ... ok
[INFO] [stdout] test src/api.rs - api::ProjectLocationGlossaryGlossaryEntryListCall (line 5056) - compile ... ok
[INFO] [stdout] test src/api.rs - api::ProjectLocationGetSupportedLanguageCall (line 10710) - compile ... ok
[INFO] [stdout] test src/api.rs - api::ProjectLocationGlossaryGlossaryEntryDeleteCall (line 4532) - compile ... ok
[INFO] [stdout] test src/api.rs - api::ProjectLocationModelGetCall (line 7606) - compile ... ok
[INFO] [stdout] test src/api.rs - api::ProjectLocationGlossaryListCall (line 6450) - compile ... ok
[INFO] [stdout] test src/api.rs - api::ProjectLocationGlossaryGlossaryEntryPatchCall (line 5342) - compile ... ok
[INFO] [stdout] test src/api.rs - api::ProjectLocationModelDeleteCall (line 7344) - compile ... ok
[INFO] [stdout] test src/api.rs - api::ProjectLocationModelCreateCall (line 7052) - compile ... ok
[INFO] [stdout] test src/api.rs - api::ProjectLocationModelListCall (line 7868) - compile ... ok
[INFO] [stdout] test src/api.rs - api::ProjectLocationListCall (line 10996) - compile ... ok
[INFO] [stdout] test src/api.rs - api::ProjectLocationGlossaryPatchCall (line 6748) - compile ... FAILED
[INFO] [stdout] test src/api.rs - api::ProjectLocationOperationGetCall (line 8720) - compile ... ok
[INFO] [stdout] test src/api.rs - api::ProjectLocationOperationDeleteCall (line 8458) - compile ... ok
[INFO] [stdout] test src/api.rs - api::ProjectLocationOperationWaitCall (line 9280) - compile ... ok
[INFO] [stdout] test src/lib.rs - (line 49) ... ignored
[INFO] [stdout] test src/api.rs - api::ProjectLocationOperationListCall (line 8982) - compile ... ok
[INFO] [stdout] test src/api.rs - api::ProjectLocationOperationCancelCall (line 8166) - compile ... ok
[INFO] [stdout] test src/api.rs - api::ProjectLocationTranslateDocumentCall (line 11294) - compile ... ok
[INFO] [stdout] test src/api.rs - api::ProjectLocationTranslateTextCall (line 11586) - compile ... ok
[INFO] [stdout] test src/api.rs - api::ProjectMethods (line 1520) - compile ... ok
[INFO] [stdout] test src/api.rs - api::ProjectTranslateTextCall (line 12456) - compile ... ok
[INFO] [stdout] test src/lib.rs - (line 85) - compile ... FAILED
[INFO] [stdout] test src/api.rs - api::Translate (line 62) - compile ... FAILED
[INFO] [stdout] 
[INFO] [stdout] failures:
[INFO] [stdout] 
[INFO] [stdout] ---- src/api.rs - api::ProjectLocationGlossaryPatchCall (line 6748) stdout ----
[INFO] [stdout] error[E0308]: mismatched types
[INFO] [stdout]     --> src/api.rs:6772:27
[INFO] [stdout]      |
[INFO] [stdout] 25   |              .update_mask(&Default::default())
[INFO] [stdout]      |               ----------- ^^^^^^^^^^^^^^^^^^^ expected `FieldMask`, found `&_`
[INFO] [stdout]      |               |
[INFO] [stdout]      |               arguments to this method are incorrect
[INFO] [stdout]      |
[INFO] [stdout]      = note: expected struct `FieldMask`
[INFO] [stdout]              found reference `&_`
[INFO] [stdout] note: method defined here
[INFO] [stdout]     --> /opt/rustwide/workdir/src/api.rs:6963:12
[INFO] [stdout]      |
[INFO] [stdout] 6963 |     pub fn update_mask(mut self, new_value: client::FieldMask) -> ProjectLocationGlossaryPatchCall<'a, S> {
[INFO] [stdout]      |            ^^^^^^^^^^^
[INFO] [stdout] help: consider removing the borrow
[INFO] [stdout]      |
[INFO] [stdout] 25   -              .update_mask(&Default::default())
[INFO] [stdout] 25   +              .update_mask(Default::default())
[INFO] [stdout]      |
[INFO] [stdout] 
[INFO] [stdout] error: aborting due to previous error
[INFO] [stdout] 
[INFO] [stdout] For more information about this error, try `rustc --explain E0308`.
[INFO] [stdout] Couldn't compile the test.
[INFO] [stdout] ---- src/lib.rs - (line 85) stdout ----
[INFO] [stdout] error[E0308]: mismatched types
[INFO] [stdout]     --> src/lib.rs:117:27
[INFO] [stdout]      |
[INFO] [stdout] 33   |              .update_mask(&Default::default())
[INFO] [stdout]      |               ----------- ^^^^^^^^^^^^^^^^^^^ expected `FieldMask`, found `&_`
[INFO] [stdout]      |               |
[INFO] [stdout]      |               arguments to this method are incorrect
[INFO] [stdout]      |
[INFO] [stdout]      = note: expected struct `FieldMask`
[INFO] [stdout]              found reference `&_`
[INFO] [stdout] note: method defined here
[INFO] [stdout]     --> /opt/rustwide/workdir/src/api.rs:6963:12
[INFO] [stdout]      |
[INFO] [stdout] 6963 |     pub fn update_mask(mut self, new_value: client::FieldMask) -> ProjectLocationGlossaryPatchCall<'a, S> {
[INFO] [stdout]      |            ^^^^^^^^^^^
[INFO] [stdout] help: consider removing the borrow
[INFO] [stdout]      |
[INFO] [stdout] 33   -              .update_mask(&Default::default())
[INFO] [stdout] 33   +              .update_mask(Default::default())
[INFO] [stdout]      |
[INFO] [stdout] 
[INFO] [stdout] error: aborting due to previous error
[INFO] [stdout] 
[INFO] [stdout] For more information about this error, try `rustc --explain E0308`.
[INFO] [stdout] Couldn't compile the test.
[INFO] [stdout] ---- src/api.rs - api::Translate (line 62) stdout ----
[INFO] [stdout] error[E0308]: mismatched types
[INFO] [stdout]     --> src/api.rs:94:27
[INFO] [stdout]      |
[INFO] [stdout] 33   |              .update_mask(&Default::default())
[INFO] [stdout]      |               ----------- ^^^^^^^^^^^^^^^^^^^ expected `FieldMask`, found `&_`
[INFO] [stdout]      |               |
[INFO] [stdout]      |               arguments to this method are incorrect
[INFO] [stdout]      |
[INFO] [stdout]      = note: expected struct `FieldMask`
[INFO] [stdout]              found reference `&_`
[INFO] [stdout] note: method defined here
[INFO] [stdout]     --> /opt/rustwide/workdir/src/api.rs:6963:12
[INFO] [stdout]      |
[INFO] [stdout] 6963 |     pub fn update_mask(mut self, new_value: client::FieldMask) -> ProjectLocationGlossaryPatchCall<'a, S> {
[INFO] [stdout]      |            ^^^^^^^^^^^
[INFO] [stdout] help: consider removing the borrow
[INFO] [stdout]      |
[INFO] [stdout] 33   -              .update_mask(&Default::default())
[INFO] [stdout] 33   +              .update_mask(Default::default())
[INFO] [stdout]      |
[INFO] [stdout] 
[INFO] [stdout] error: aborting due to previous error
[INFO] [stdout] 
[INFO] [stdout] For more information about this error, try `rustc --explain E0308`.
[INFO] [stdout] Couldn't compile the test.
[INFO] [stdout] 
[INFO] [stdout] failures:
[INFO] [stdout]     src/api.rs - api::ProjectLocationGlossaryPatchCall (line 6748)
[INFO] [stdout]     src/api.rs - api::Translate (line 62)
[INFO] [stdout]     src/lib.rs - (line 85)
[INFO] [stdout] 
[INFO] [stdout] test result: FAILED. 37 passed; 3 failed; 1 ignored; 0 measured; 0 filtered out; finished in 2.38s
[INFO] [stdout] 
[INFO] [stderr] error: doctest failed, to rerun pass `--doc`
[INFO] running `Command { std: "docker" "inspect" "b8ef081386414186e3983116d98181994f7e4e1829217352602de79297f68200", kill_on_drop: false }`
[INFO] running `Command { std: "docker" "rm" "-f" "b8ef081386414186e3983116d98181994f7e4e1829217352602de79297f68200", kill_on_drop: false }`
[INFO] [stdout] b8ef081386414186e3983116d98181994f7e4e1829217352602de79297f68200
