[INFO] fetching crate google-securitycenter1 5.0.3+20230123...
[INFO] testing google-securitycenter1-5.0.3+20230123 against 1.75.0 for beta-1.76-1
[INFO] extracting crate google-securitycenter1 5.0.3+20230123 into /workspace/builds/worker-7-tc1/source
[INFO] validating manifest of crates.io crate google-securitycenter1 5.0.3+20230123 on toolchain 1.75.0
[INFO] running `Command { std: CARGO_HOME="/workspace/cargo-home" RUSTUP_HOME="/workspace/rustup-home" "/workspace/cargo-home/bin/cargo" "+1.75.0" "metadata" "--manifest-path" "Cargo.toml" "--no-deps", kill_on_drop: false }`
[INFO] started tweaking crates.io crate google-securitycenter1 5.0.3+20230123
[INFO] finished tweaking crates.io crate google-securitycenter1 5.0.3+20230123
[INFO] tweaked toml for crates.io crate google-securitycenter1 5.0.3+20230123 written to /workspace/builds/worker-7-tc1/source/Cargo.toml
[INFO] running `Command { std: CARGO_HOME="/workspace/cargo-home" RUSTUP_HOME="/workspace/rustup-home" "/workspace/cargo-home/bin/cargo" "+1.75.0" "generate-lockfile" "--manifest-path" "Cargo.toml", kill_on_drop: false }`
[INFO] [stderr]     Updating crates.io index
[INFO] running `Command { std: CARGO_HOME="/workspace/cargo-home" RUSTUP_HOME="/workspace/rustup-home" "/workspace/cargo-home/bin/cargo" "+1.75.0" "fetch" "--manifest-path" "Cargo.toml", kill_on_drop: false }`
[INFO] running `Command { std: "docker" "create" "-v" "/var/lib/crater-agent-workspace/builds/worker-7-tc1/target:/opt/rustwide/target:rw,Z" "-v" "/var/lib/crater-agent-workspace/builds/worker-7-tc1/source:/opt/rustwide/workdir:ro,Z" "-v" "/var/lib/crater-agent-workspace/cargo-home:/opt/rustwide/cargo-home:ro,Z" "-v" "/var/lib/crater-agent-workspace/rustup-home:/opt/rustwide/rustup-home:ro,Z" "-e" "SOURCE_DIR=/opt/rustwide/workdir" "-e" "CARGO_TARGET_DIR=/opt/rustwide/target" "-e" "CARGO_HOME=/opt/rustwide/cargo-home" "-e" "RUSTUP_HOME=/opt/rustwide/rustup-home" "-w" "/opt/rustwide/workdir" "-m" "1610612736" "--user" "0:0" "--network" "none" "ghcr.io/rust-lang/crates-build-env/linux@sha256:2788e3201cd34a07e3172128adcd8b3090168a8e3bcc40d7c032b9dda1df7d1c" "/opt/rustwide/cargo-home/bin/cargo" "+1.75.0" "metadata" "--no-deps" "--format-version=1", kill_on_drop: false }`
[INFO] [stdout] 59cebc24ff55e8c693c31b212903b4a21081d1fe997a4d76f1b57a7232f02cbf
[INFO] running `Command { std: "docker" "start" "-a" "59cebc24ff55e8c693c31b212903b4a21081d1fe997a4d76f1b57a7232f02cbf", kill_on_drop: false }`
[INFO] running `Command { std: "docker" "inspect" "59cebc24ff55e8c693c31b212903b4a21081d1fe997a4d76f1b57a7232f02cbf", kill_on_drop: false }`
[INFO] running `Command { std: "docker" "rm" "-f" "59cebc24ff55e8c693c31b212903b4a21081d1fe997a4d76f1b57a7232f02cbf", kill_on_drop: false }`
[INFO] [stdout] 59cebc24ff55e8c693c31b212903b4a21081d1fe997a4d76f1b57a7232f02cbf
[INFO] running `Command { std: "docker" "create" "-v" "/var/lib/crater-agent-workspace/builds/worker-7-tc1/target:/opt/rustwide/target:rw,Z" "-v" "/var/lib/crater-agent-workspace/builds/worker-7-tc1/source:/opt/rustwide/workdir:ro,Z" "-v" "/var/lib/crater-agent-workspace/cargo-home:/opt/rustwide/cargo-home:ro,Z" "-v" "/var/lib/crater-agent-workspace/rustup-home:/opt/rustwide/rustup-home:ro,Z" "-e" "SOURCE_DIR=/opt/rustwide/workdir" "-e" "CARGO_TARGET_DIR=/opt/rustwide/target" "-e" "CARGO_INCREMENTAL=0" "-e" "RUST_BACKTRACE=full" "-e" "RUSTFLAGS=--cap-lints=warn" "-e" "RUSTDOCFLAGS=--cap-lints=warn" "-e" "CARGO_HOME=/opt/rustwide/cargo-home" "-e" "RUSTUP_HOME=/opt/rustwide/rustup-home" "-w" "/opt/rustwide/workdir" "-m" "1610612736" "--user" "0:0" "--network" "none" "ghcr.io/rust-lang/crates-build-env/linux@sha256:2788e3201cd34a07e3172128adcd8b3090168a8e3bcc40d7c032b9dda1df7d1c" "/opt/rustwide/cargo-home/bin/cargo" "+1.75.0" "build" "--frozen" "--message-format=json", kill_on_drop: false }`
[INFO] [stdout] f52ffe9b0388902b3d3b080544fa83b615ff291e2d51723ff36f77c0c4f4c22a
[INFO] running `Command { std: "docker" "start" "-a" "f52ffe9b0388902b3d3b080544fa83b615ff291e2d51723ff36f77c0c4f4c22a", kill_on_drop: false }`
[INFO] [stderr]    Compiling spin v0.9.8
[INFO] [stderr]    Compiling serde v1.0.194
[INFO] [stderr]    Compiling futures-channel v0.3.30
[INFO] [stderr]    Compiling syn v2.0.48
[INFO] [stderr]    Compiling getrandom v0.2.11
[INFO] [stderr]    Compiling socket2 v0.5.5
[INFO] [stderr]    Compiling ring v0.17.7
[INFO] [stderr]    Compiling mio v0.8.10
[INFO] [stderr]    Compiling futures-io v0.3.30
[INFO] [stderr]    Compiling unicode-normalization v0.1.22
[INFO] [stderr]    Compiling tracing v0.1.40
[INFO] [stderr]    Compiling http v0.2.11
[INFO] [stderr]    Compiling strsim v0.10.0
[INFO] [stderr]    Compiling rustls v0.21.10
[INFO] [stderr]    Compiling unicode-bidi v0.3.14
[INFO] [stderr]    Compiling try-lock v0.2.5
[INFO] [stderr]    Compiling want v0.3.1
[INFO] [stderr]    Compiling num-traits v0.2.17
[INFO] [stderr]    Compiling rustls v0.22.1
[INFO] [stderr]    Compiling rustls-pki-types v1.1.0
[INFO] [stderr]    Compiling powerfmt v0.2.0
[INFO] [stderr]    Compiling anyhow v1.0.79
[INFO] [stderr]    Compiling rustls-native-certs v0.6.3
[INFO] [stderr]    Compiling http-body v0.4.6
[INFO] [stderr]    Compiling idna v0.5.0
[INFO] [stderr]    Compiling form_urlencoded v1.2.1
[INFO] [stderr]    Compiling serde_json v1.0.111
[INFO] [stderr]    Compiling time-core v0.1.2
[INFO] [stderr]    Compiling subtle v2.5.0
[INFO] [stderr]    Compiling zeroize v1.7.0
[INFO] [stderr]    Compiling matches v0.1.10
[INFO] [stderr]    Compiling num_threads v0.1.6
[INFO] [stderr]    Compiling idna v0.1.5
[INFO] [stderr]    Compiling itertools v0.12.0
[INFO] [stderr]    Compiling url v2.5.0
[INFO] [stderr]    Compiling iana-time-zone v0.1.59
[INFO] [stderr]    Compiling url v1.7.2
[INFO] [stderr]    Compiling itertools v0.10.5
[INFO] [stderr]    Compiling base64 v0.13.1
[INFO] [stderr]    Compiling darling_core v0.20.3
[INFO] [stderr]    Compiling tokio-macros v2.2.0
[INFO] [stderr]    Compiling serde_derive v1.0.194
[INFO] [stderr]    Compiling futures-macro v0.3.30
[INFO] [stderr]    Compiling async-trait v0.1.77
[INFO] [stderr]    Compiling sct v0.7.1
[INFO] [stderr]    Compiling tokio v1.35.1
[INFO] [stderr]    Compiling rustls-webpki v0.101.7
[INFO] [stderr]    Compiling rustls-webpki v0.102.1
[INFO] [stderr]    Compiling darling_macro v0.20.3
[INFO] [stderr]    Compiling futures-util v0.3.30
[INFO] [stderr]    Compiling darling v0.20.3
[INFO] [stderr]    Compiling serde_with_macros v2.3.3
[INFO] [stderr]    Compiling tokio-util v0.7.10
[INFO] [stderr]    Compiling futures-executor v0.3.30
[INFO] [stderr]    Compiling tokio-rustls v0.24.1
[INFO] [stderr]    Compiling h2 v0.3.22
[INFO] [stderr]    Compiling futures v0.3.30
[INFO] [stderr]    Compiling deranged v0.3.11
[INFO] [stderr]    Compiling chrono v0.4.31
[INFO] [stderr]    Compiling serde_with v2.3.3
[INFO] [stderr]    Compiling hyper v0.14.28
[INFO] [stderr]    Compiling time v0.3.31
[INFO] [stderr]    Compiling hyper-rustls v0.24.2
[INFO] [stderr]    Compiling yup-oauth2 v8.3.2
[INFO] [stderr]    Compiling google-apis-common v6.0.0
[INFO] [stderr]    Compiling google-securitycenter1 v5.0.3+20230123 (/opt/rustwide/workdir)
[INFO] [stderr]     Finished dev [unoptimized + debuginfo] target(s) in 1m 06s
[INFO] running `Command { std: "docker" "inspect" "f52ffe9b0388902b3d3b080544fa83b615ff291e2d51723ff36f77c0c4f4c22a", kill_on_drop: false }`
[INFO] running `Command { std: "docker" "rm" "-f" "f52ffe9b0388902b3d3b080544fa83b615ff291e2d51723ff36f77c0c4f4c22a", kill_on_drop: false }`
[INFO] [stdout] f52ffe9b0388902b3d3b080544fa83b615ff291e2d51723ff36f77c0c4f4c22a
[INFO] running `Command { std: "docker" "create" "-v" "/var/lib/crater-agent-workspace/builds/worker-7-tc1/target:/opt/rustwide/target:rw,Z" "-v" "/var/lib/crater-agent-workspace/builds/worker-7-tc1/source:/opt/rustwide/workdir:ro,Z" "-v" "/var/lib/crater-agent-workspace/cargo-home:/opt/rustwide/cargo-home:ro,Z" "-v" "/var/lib/crater-agent-workspace/rustup-home:/opt/rustwide/rustup-home:ro,Z" "-e" "SOURCE_DIR=/opt/rustwide/workdir" "-e" "CARGO_TARGET_DIR=/opt/rustwide/target" "-e" "CARGO_INCREMENTAL=0" "-e" "RUST_BACKTRACE=full" "-e" "RUSTFLAGS=--cap-lints=warn" "-e" "RUSTDOCFLAGS=--cap-lints=warn" "-e" "CARGO_HOME=/opt/rustwide/cargo-home" "-e" "RUSTUP_HOME=/opt/rustwide/rustup-home" "-w" "/opt/rustwide/workdir" "-m" "1610612736" "--user" "0:0" "--network" "none" "ghcr.io/rust-lang/crates-build-env/linux@sha256:2788e3201cd34a07e3172128adcd8b3090168a8e3bcc40d7c032b9dda1df7d1c" "/opt/rustwide/cargo-home/bin/cargo" "+1.75.0" "test" "--frozen" "--no-run" "--message-format=json", kill_on_drop: false }`
[INFO] [stdout] 84e7e0575f4b66b31f01a42607e99c5ced3e4ae004b8af5c28f5ccdb0a7de000
[INFO] running `Command { std: "docker" "start" "-a" "84e7e0575f4b66b31f01a42607e99c5ced3e4ae004b8af5c28f5ccdb0a7de000", kill_on_drop: false }`
[INFO] [stderr]    Compiling google-securitycenter1 v5.0.3+20230123 (/opt/rustwide/workdir)
[INFO] [stderr]     Finished test [unoptimized + debuginfo] target(s) in 6.28s
[INFO] running `Command { std: "docker" "inspect" "84e7e0575f4b66b31f01a42607e99c5ced3e4ae004b8af5c28f5ccdb0a7de000", kill_on_drop: false }`
[INFO] running `Command { std: "docker" "rm" "-f" "84e7e0575f4b66b31f01a42607e99c5ced3e4ae004b8af5c28f5ccdb0a7de000", kill_on_drop: false }`
[INFO] [stdout] 84e7e0575f4b66b31f01a42607e99c5ced3e4ae004b8af5c28f5ccdb0a7de000
[INFO] running `Command { std: "docker" "create" "-v" "/var/lib/crater-agent-workspace/builds/worker-7-tc1/target:/opt/rustwide/target:rw,Z" "-v" "/var/lib/crater-agent-workspace/builds/worker-7-tc1/source:/opt/rustwide/workdir:ro,Z" "-v" "/var/lib/crater-agent-workspace/cargo-home:/opt/rustwide/cargo-home:ro,Z" "-v" "/var/lib/crater-agent-workspace/rustup-home:/opt/rustwide/rustup-home:ro,Z" "-e" "SOURCE_DIR=/opt/rustwide/workdir" "-e" "CARGO_TARGET_DIR=/opt/rustwide/target" "-e" "CARGO_INCREMENTAL=0" "-e" "RUST_BACKTRACE=full" "-e" "RUSTFLAGS=--cap-lints=warn" "-e" "RUSTDOCFLAGS=--cap-lints=warn" "-e" "CARGO_HOME=/opt/rustwide/cargo-home" "-e" "RUSTUP_HOME=/opt/rustwide/rustup-home" "-w" "/opt/rustwide/workdir" "-m" "1610612736" "--user" "0:0" "--network" "none" "ghcr.io/rust-lang/crates-build-env/linux@sha256:2788e3201cd34a07e3172128adcd8b3090168a8e3bcc40d7c032b9dda1df7d1c" "/opt/rustwide/cargo-home/bin/cargo" "+1.75.0" "test" "--frozen", kill_on_drop: false }`
[INFO] [stdout] d6037be493609ec067b6986a30784a4775b81597d40fc4bf2eb6495d0157dbc0
[INFO] running `Command { std: "docker" "start" "-a" "d6037be493609ec067b6986a30784a4775b81597d40fc4bf2eb6495d0157dbc0", kill_on_drop: false }`
[INFO] [stderr]     Finished test [unoptimized + debuginfo] target(s) in 0.11s
[INFO] [stderr]      Running unittests src/lib.rs (/opt/rustwide/target/debug/deps/google_securitycenter1-e607e1f08f4706ad)
[INFO] [stdout] 
[INFO] [stdout] running 0 tests
[INFO] [stdout] 
[INFO] [stdout] test result: ok. 0 passed; 0 failed; 0 ignored; 0 measured; 0 filtered out; finished in 0.00s
[INFO] [stdout] 
[INFO] [stderr]    Doc-tests google-securitycenter1
[INFO] [stdout] 
[INFO] [stdout] running 101 tests
[INFO] [stdout] test src/api.rs - api::FolderAssetGroupCall (line 4458) - compile ... ok
[INFO] [stdout] test src/api.rs - api::FolderBigQueryExportDeleteCall (line 5716) - compile ... ok
[INFO] [stdout] test src/api.rs - api::FolderBigQueryExportGetCall (line 5978) - compile ... ok
[INFO] [stdout] test src/api.rs - api::FolderBigQueryExportListCall (line 6240) - compile ... ok
[INFO] [stdout] test src/api.rs - api::FolderBigQueryExportCreateCall (line 5412) - compile ... ok
[INFO] [stdout] test src/api.rs - api::FolderAssetUpdateSecurityMarkCall (line 5096) - compile ... FAILED
[INFO] [stdout] test src/api.rs - api::FolderBigQueryExportPatchCall (line 6526) - compile ... FAILED
[INFO] [stdout] test src/api.rs - api::FolderAssetListCall (line 4750) - compile ... FAILED
[INFO] [stdout] test src/api.rs - api::FolderMuteConfigCreateCall (line 7122) - compile ... ok
[INFO] [stdout] test src/api.rs - api::FolderMethods (line 2498) - compile ... ok
[INFO] [stdout] test src/api.rs - api::FolderMuteConfigDeleteCall (line 7426) - compile ... ok
[INFO] [stdout] test src/api.rs - api::FolderFindingBulkMuteCall (line 6830) - compile ... ok
[INFO] [stdout] test src/api.rs - api::FolderMuteConfigGetCall (line 7688) - compile ... ok
[INFO] [stdout] test src/api.rs - api::FolderMuteConfigListCall (line 7950) - compile ... ok
[INFO] [stdout] test src/api.rs - api::FolderNotificationConfigCreateCall (line 8540) - compile ... ok
[INFO] [stdout] test src/api.rs - api::FolderMuteConfigPatchCall (line 8236) - compile ... FAILED
[INFO] [stdout] test src/api.rs - api::FolderNotificationConfigDeleteCall (line 8844) - compile ... ok
[INFO] [stdout] test src/api.rs - api::FolderNotificationConfigGetCall (line 9106) - compile ... ok
[INFO] [stdout] test src/api.rs - api::FolderNotificationConfigListCall (line 9368) - compile ... ok
[INFO] [stdout] test src/api.rs - api::FolderSourceFindingGroupCall (line 10262) - compile ... ok
[INFO] [stdout] test src/api.rs - api::FolderSourceFindingSetMuteCall (line 11204) - compile ... ok
[INFO] [stdout] test src/api.rs - api::FolderNotificationConfigPatchCall (line 9654) - compile ... FAILED
[INFO] [stdout] test src/api.rs - api::FolderSourceFindingExternalSystemPatchCall (line 9958) - compile ... FAILED
[INFO] [stdout] test src/api.rs - api::FolderSourceFindingSetStateCall (line 11496) - compile ... ok
[INFO] [stdout] test src/api.rs - api::FolderSourceListCall (line 12104) - compile ... ok
[INFO] [stdout] test src/api.rs - api::FolderSourceFindingListCall (line 10554) - compile ... FAILED
[INFO] [stdout] test src/api.rs - api::OrganizationAssetGroupCall (line 12390) - compile ... ok
[INFO] [stdout] test src/api.rs - api::FolderSourceFindingUpdateSecurityMarkCall (line 11788) - compile ... FAILED
[INFO] [stdout] test src/api.rs - api::FolderSourceFindingPatchCall (line 10900) - compile ... FAILED
[INFO] [stdout] test src/api.rs - api::OrganizationAssetListCall (line 12682) - compile ... FAILED
[INFO] [stdout] test src/api.rs - api::OrganizationAssetRunDiscoveryCall (line 13028) - compile ... ok
[INFO] [stdout] test src/api.rs - api::OrganizationBigQueryExportCreateCall (line 13636) - compile ... ok
[INFO] [stdout] test src/api.rs - api::OrganizationBigQueryExportDeleteCall (line 13940) - compile ... ok
[INFO] [stdout] test src/api.rs - api::OrganizationAssetUpdateSecurityMarkCall (line 13320) - compile ... FAILED
[INFO] [stdout] test src/api.rs - api::OrganizationMethods (line 3062) - compile ... ok
[INFO] [stdout] test src/api.rs - api::OrganizationBigQueryExportGetCall (line 14202) - compile ... ok
[INFO] [stdout] test src/api.rs - api::OrganizationBigQueryExportListCall (line 14464) - compile ... ok
[INFO] [stdout] test src/api.rs - api::OrganizationBigQueryExportPatchCall (line 14750) - compile ... FAILED
[INFO] [stdout] test src/api.rs - api::OrganizationFindingBulkMuteCall (line 15054) - compile ... ok
[INFO] [stdout] test src/api.rs - api::OrganizationGetOrganizationSettingCall (line 23736) - compile ... ok
[INFO] [stdout] test src/api.rs - api::OrganizationMuteConfigGetCall (line 15912) - compile ... ok
[INFO] [stdout] test src/api.rs - api::OrganizationMuteConfigListCall (line 16174) - compile ... ok
[INFO] [stdout] test src/api.rs - api::OrganizationNotificationConfigDeleteCall (line 17068) - compile ... ok
[INFO] [stdout] test src/api.rs - api::OrganizationMuteConfigDeleteCall (line 15650) - compile ... ok
[INFO] [stdout] test src/api.rs - api::OrganizationMuteConfigCreateCall (line 15346) - compile ... ok
[INFO] [stdout] test src/api.rs - api::OrganizationNotificationConfigPatchCall (line 17878) - compile ... FAILED
[INFO] [stdout] test src/api.rs - api::OrganizationNotificationConfigCreateCall (line 16764) - compile ... ok
[INFO] [stdout] test src/api.rs - api::OrganizationMuteConfigPatchCall (line 16460) - compile ... FAILED
[INFO] [stdout] test src/api.rs - api::OrganizationNotificationConfigGetCall (line 17330) - compile ... ok
[INFO] [stdout] test src/api.rs - api::OrganizationNotificationConfigListCall (line 17592) - compile ... ok
[INFO] [stdout] test src/api.rs - api::OrganizationOperationCancelCall (line 18182) - compile ... ok
[INFO] [stdout] test src/api.rs - api::OrganizationOperationListCall (line 18968) - compile ... ok
[INFO] [stdout] test src/api.rs - api::OrganizationSourceFindingCreateCall (line 19570) - compile ... ok
[INFO] [stdout] test src/api.rs - api::OrganizationSourceFindingGroupCall (line 19874) - compile ... ok
[INFO] [stdout] test src/api.rs - api::OrganizationOperationGetCall (line 18706) - compile ... ok
[INFO] [stdout] test src/api.rs - api::OrganizationOperationDeleteCall (line 18444) - compile ... ok
[INFO] [stdout] test src/api.rs - api::OrganizationSourceCreateCall (line 21716) - compile ... ok
[INFO] [stdout] test src/api.rs - api::OrganizationSourceFindingExternalSystemPatchCall (line 19266) - compile ... FAILED
[INFO] [stdout] test src/api.rs - api::OrganizationSourceFindingListCall (line 20166) - compile ... FAILED
[INFO] [stdout] test src/api.rs - api::OrganizationSourceGetIamPolicyCall (line 22270) - compile ... ok
[INFO] [stdout] test src/api.rs - api::OrganizationSourceFindingSetMuteCall (line 20816) - compile ... ok
[INFO] [stdout] test src/api.rs - api::OrganizationSourceFindingSetStateCall (line 21108) - compile ... ok
[INFO] [stdout] test src/api.rs - api::OrganizationSourceGetCall (line 22008) - compile ... ok
[INFO] [stdout] test src/api.rs - api::OrganizationSourceListCall (line 22562) - compile ... ok
[INFO] [stdout] test src/api.rs - api::OrganizationSourceFindingUpdateSecurityMarkCall (line 21400) - compile ... FAILED
[INFO] [stdout] test src/api.rs - api::OrganizationSourceSetIamPolicyCall (line 23152) - compile ... ok
[INFO] [stdout] test src/api.rs - api::OrganizationSourceFindingPatchCall (line 20512) - compile ... FAILED
[INFO] [stdout] test src/api.rs - api::OrganizationSourceTestIamPermissionCall (line 23444) - compile ... ok
[INFO] [stdout] test src/api.rs - api::OrganizationSourcePatchCall (line 22848) - compile ... FAILED
[INFO] [stdout] test src/api.rs - api::ProjectAssetGroupCall (line 24302) - compile ... ok
[INFO] [stdout] test src/api.rs - api::ProjectBigQueryExportCreateCall (line 25256) - compile ... ok
[INFO] [stdout] test src/api.rs - api::OrganizationUpdateOrganizationSettingCall (line 23998) - compile ... FAILED
[INFO] [stdout] test src/api.rs - api::ProjectBigQueryExportDeleteCall (line 25560) - compile ... ok
[INFO] [stdout] test src/api.rs - api::ProjectAssetListCall (line 24594) - compile ... FAILED
[INFO] [stdout] test src/api.rs - api::ProjectAssetUpdateSecurityMarkCall (line 24940) - compile ... FAILED
[INFO] [stdout] test src/api.rs - api::ProjectBigQueryExportListCall (line 26084) - compile ... ok
[INFO] [stdout] test src/api.rs - api::ProjectBigQueryExportGetCall (line 25822) - compile ... ok
[INFO] [stdout] test src/api.rs - api::ProjectMuteConfigCreateCall (line 26966) - compile ... ok
[INFO] [stdout] test src/api.rs - api::ProjectMethods (line 3886) - compile ... ok
[INFO] [stdout] test src/api.rs - api::ProjectFindingBulkMuteCall (line 26674) - compile ... ok
[INFO] [stdout] test src/api.rs - api::ProjectBigQueryExportPatchCall (line 26370) - compile ... FAILED
[INFO] [stdout] test src/api.rs - api::ProjectMuteConfigGetCall (line 27532) - compile ... ok
[INFO] [stdout] test src/api.rs - api::ProjectMuteConfigDeleteCall (line 27270) - compile ... ok
[INFO] [stdout] test src/api.rs - api::ProjectNotificationConfigCreateCall (line 28384) - compile ... ok
[INFO] [stdout] test src/api.rs - api::ProjectMuteConfigListCall (line 27794) - compile ... ok
[INFO] [stdout] test src/api.rs - api::ProjectMuteConfigPatchCall (line 28080) - compile ... FAILED
[INFO] [stdout] test src/api.rs - api::ProjectNotificationConfigDeleteCall (line 28688) - compile ... ok
[INFO] [stdout] test src/api.rs - api::ProjectNotificationConfigGetCall (line 28950) - compile ... ok
[INFO] [stdout] test src/api.rs - api::ProjectNotificationConfigListCall (line 29212) - compile ... ok
[INFO] [stdout] test src/api.rs - api::ProjectSourceFindingGroupCall (line 30106) - compile ... ok
[INFO] [stdout] test src/api.rs - api::ProjectNotificationConfigPatchCall (line 29498) - compile ... FAILED
[INFO] [stdout] test src/api.rs - api::ProjectSourceFindingSetMuteCall (line 31048) - compile ... ok
[INFO] [stdout] test src/api.rs - api::ProjectSourceListCall (line 31948) - compile ... ok
[INFO] [stdout] test src/lib.rs - (line 53) ... ignored
[INFO] [stdout] test src/api.rs - api::ProjectSourceFindingExternalSystemPatchCall (line 29802) - compile ... FAILED
[INFO] [stdout] test src/api.rs - api::ProjectSourceFindingPatchCall (line 30744) - compile ... FAILED
[INFO] [stdout] test src/api.rs - api::ProjectSourceFindingUpdateSecurityMarkCall (line 31632) - compile ... FAILED
[INFO] [stdout] test src/api.rs - api::ProjectSourceFindingListCall (line 30398) - compile ... FAILED
[INFO] [stdout] test src/api.rs - api::ProjectSourceFindingSetStateCall (line 31340) - compile ... ok
[INFO] [stdout] test src/api.rs - api::SecurityCommandCenter (line 58) - compile ... FAILED
[INFO] [stdout] test src/lib.rs - (line 103) - compile ... FAILED
[INFO] [stdout] 
[INFO] [stdout] failures:
[INFO] [stderr] error: doctest failed, to rerun pass `--doc`
[INFO] [stdout] 
[INFO] [stdout] ---- src/api.rs - api::FolderAssetUpdateSecurityMarkCall (line 5096) stdout ----
[INFO] [stdout] error[E0308]: mismatched types
[INFO] [stdout]     --> src/api.rs:5120:27
[INFO] [stdout]      |
[INFO] [stdout] 25   |              .update_mask(&Default::default())
[INFO] [stdout]      |               ----------- ^^^^^^^^^^^^^^^^^^^ expected `FieldMask`, found `&_`
[INFO] [stdout]      |               |
[INFO] [stdout]      |               arguments to this method are incorrect
[INFO] [stdout]      |
[INFO] [stdout]      = note: expected struct `FieldMask`
[INFO] [stdout]              found reference `&_`
[INFO] [stdout] note: method defined here
[INFO] [stdout]     --> /opt/rustwide/workdir/src/api.rs:5316:12
[INFO] [stdout]      |
[INFO] [stdout] 5316 |     pub fn update_mask(mut self, new_value: client::FieldMask) -> FolderAssetUpdateSecurityMarkCall<'a, S> {
[INFO] [stdout]      |            ^^^^^^^^^^^
[INFO] [stdout] help: consider removing the borrow
[INFO] [stdout]      |
[INFO] [stdout] 25   -              .update_mask(&Default::default())
[INFO] [stdout] 25   +              .update_mask(Default::default())
[INFO] [stdout]      |
[INFO] [stdout] 
[INFO] [stdout] error: aborting due to previous error
[INFO] [stdout] 
[INFO] [stdout] For more information about this error, try `rustc --explain E0308`.
[INFO] [stdout] Couldn't compile the test.
[INFO] [stdout] ---- src/api.rs - api::FolderBigQueryExportPatchCall (line 6526) stdout ----
[INFO] [stdout] error[E0308]: mismatched types
[INFO] [stdout]     --> src/api.rs:6550:27
[INFO] [stdout]      |
[INFO] [stdout] 25   |              .update_mask(&Default::default())
[INFO] [stdout]      |               ----------- ^^^^^^^^^^^^^^^^^^^ expected `FieldMask`, found `&_`
[INFO] [stdout]      |               |
[INFO] [stdout]      |               arguments to this method are incorrect
[INFO] [stdout]      |
[INFO] [stdout]      = note: expected struct `FieldMask`
[INFO] [stdout]              found reference `&_`
[INFO] [stdout] note: method defined here
[INFO] [stdout]     --> /opt/rustwide/workdir/src/api.rs:6741:12
[INFO] [stdout]      |
[INFO] [stdout] 6741 |     pub fn update_mask(mut self, new_value: client::FieldMask) -> FolderBigQueryExportPatchCall<'a, S> {
[INFO] [stdout]      |            ^^^^^^^^^^^
[INFO] [stdout] help: consider removing the borrow
[INFO] [stdout]      |
[INFO] [stdout] 25   -              .update_mask(&Default::default())
[INFO] [stdout] 25   +              .update_mask(Default::default())
[INFO] [stdout]      |
[INFO] [stdout] 
[INFO] [stdout] error: aborting due to previous error
[INFO] [stdout] 
[INFO] [stdout] For more information about this error, try `rustc --explain E0308`.
[INFO] [stdout] Couldn't compile the test.
[INFO] [stdout] ---- src/api.rs - api::FolderAssetListCall (line 4750) stdout ----
[INFO] [stdout] error[E0308]: mismatched types
[INFO] [stdout]     --> src/api.rs:4773:26
[INFO] [stdout]      |
[INFO] [stdout] 24   |              .field_mask(&Default::default())
[INFO] [stdout]      |               ---------- ^^^^^^^^^^^^^^^^^^^ expected `FieldMask`, found `&_`
[INFO] [stdout]      |               |
[INFO] [stdout]      |               arguments to this method are incorrect
[INFO] [stdout]      |
[INFO] [stdout]      = note: expected struct `FieldMask`
[INFO] [stdout]              found reference `&_`
[INFO] [stdout] note: method defined here
[INFO] [stdout]     --> /opt/rustwide/workdir/src/api.rs:5000:12
[INFO] [stdout]      |
[INFO] [stdout] 5000 |     pub fn field_mask(mut self, new_value: client::FieldMask) -> FolderAssetListCall<'a, S> {
[INFO] [stdout]      |            ^^^^^^^^^^
[INFO] [stdout] help: consider removing the borrow
[INFO] [stdout]      |
[INFO] [stdout] 24   -              .field_mask(&Default::default())
[INFO] [stdout] 24   +              .field_mask(Default::default())
[INFO] [stdout]      |
[INFO] [stdout] 
[INFO] [stdout] error: aborting due to previous error
[INFO] [stdout] 
[INFO] [stdout] For more information about this error, try `rustc --explain E0308`.
[INFO] [stdout] Couldn't compile the test.
[INFO] [stdout] ---- src/api.rs - api::FolderMuteConfigPatchCall (line 8236) stdout ----
[INFO] [stdout] error[E0308]: mismatched types
[INFO] [stdout]     --> src/api.rs:8260:27
[INFO] [stdout]      |
[INFO] [stdout] 25   |              .update_mask(&Default::default())
[INFO] [stdout]      |               ----------- ^^^^^^^^^^^^^^^^^^^ expected `FieldMask`, found `&_`
[INFO] [stdout]      |               |
[INFO] [stdout]      |               arguments to this method are incorrect
[INFO] [stdout]      |
[INFO] [stdout]      = note: expected struct `FieldMask`
[INFO] [stdout]              found reference `&_`
[INFO] [stdout] note: method defined here
[INFO] [stdout]     --> /opt/rustwide/workdir/src/api.rs:8451:12
[INFO] [stdout]      |
[INFO] [stdout] 8451 |     pub fn update_mask(mut self, new_value: client::FieldMask) -> FolderMuteConfigPatchCall<'a, S> {
[INFO] [stdout]      |            ^^^^^^^^^^^
[INFO] [stdout] help: consider removing the borrow
[INFO] [stdout]      |
[INFO] [stdout] 25   -              .update_mask(&Default::default())
[INFO] [stdout] 25   +              .update_mask(Default::default())
[INFO] [stdout]      |
[INFO] [stdout] 
[INFO] [stdout] error: aborting due to previous error
[INFO] [stdout] 
[INFO] [stdout] For more information about this error, try `rustc --explain E0308`.
[INFO] [stdout] Couldn't compile the test.
[INFO] [stdout] ---- src/api.rs - api::FolderNotificationConfigPatchCall (line 9654) stdout ----
[INFO] [stdout] error[E0308]: mismatched types
[INFO] [stdout]     --> src/api.rs:9678:27
[INFO] [stdout]      |
[INFO] [stdout] 25   |              .update_mask(&Default::default())
[INFO] [stdout]      |               ----------- ^^^^^^^^^^^^^^^^^^^ expected `FieldMask`, found `&_`
[INFO] [stdout]      |               |
[INFO] [stdout]      |               arguments to this method are incorrect
[INFO] [stdout]      |
[INFO] [stdout]      = note: expected struct `FieldMask`
[INFO] [stdout]              found reference `&_`
[INFO] [stdout] note: method defined here
[INFO] [stdout]     --> /opt/rustwide/workdir/src/api.rs:9869:12
[INFO] [stdout]      |
[INFO] [stdout] 9869 |     pub fn update_mask(mut self, new_value: client::FieldMask) -> FolderNotificationConfigPatchCall<'a, S> {
[INFO] [stdout]      |            ^^^^^^^^^^^
[INFO] [stdout] help: consider removing the borrow
[INFO] [stdout]      |
[INFO] [stdout] 25   -              .update_mask(&Default::default())
[INFO] [stdout] 25   +              .update_mask(Default::default())
[INFO] [stdout]      |
[INFO] [stdout] 
[INFO] [stdout] error: aborting due to previous error
[INFO] [stdout] 
[INFO] [stdout] For more information about this error, try `rustc --explain E0308`.
[INFO] [stdout] Couldn't compile the test.
[INFO] [stdout] ---- src/api.rs - api::FolderSourceFindingExternalSystemPatchCall (line 9958) stdout ----
[INFO] [stdout] error[E0308]: mismatched types
[INFO] [stdout]      --> src/api.rs:9982:27
[INFO] [stdout]       |
[INFO] [stdout] 25    |              .update_mask(&Default::default())
[INFO] [stdout]       |               ----------- ^^^^^^^^^^^^^^^^^^^ expected `FieldMask`, found `&_`
[INFO] [stdout]       |               |
[INFO] [stdout]       |               arguments to this method are incorrect
[INFO] [stdout]       |
[INFO] [stdout]       = note: expected struct `FieldMask`
[INFO] [stdout]               found reference `&_`
[INFO] [stdout] note: method defined here
[INFO] [stdout]      --> /opt/rustwide/workdir/src/api.rs:10173:12
[INFO] [stdout]       |
[INFO] [stdout] 10173 |     pub fn update_mask(mut self, new_value: client::FieldMask) -> FolderSourceFindingExternalSystemPatchCall<'a, S> {
[INFO] [stdout]       |            ^^^^^^^^^^^
[INFO] [stdout] help: consider removing the borrow
[INFO] [stdout]       |
[INFO] [stdout] 25    -              .update_mask(&Default::default())
[INFO] [stdout] 25    +              .update_mask(Default::default())
[INFO] [stdout]       |
[INFO] [stdout] 
[INFO] [stdout] error: aborting due to previous error
[INFO] [stdout] 
[INFO] [stdout] For more information about this error, try `rustc --explain E0308`.
[INFO] [stdout] Couldn't compile the test.
[INFO] [stdout] ---- src/api.rs - api::FolderSourceFindingListCall (line 10554) stdout ----
[INFO] [stdout] error[E0308]: mismatched types
[INFO] [stdout]      --> src/api.rs:10577:26
[INFO] [stdout]       |
[INFO] [stdout] 24    |              .field_mask(&Default::default())
[INFO] [stdout]       |               ---------- ^^^^^^^^^^^^^^^^^^^ expected `FieldMask`, found `&_`
[INFO] [stdout]       |               |
[INFO] [stdout]       |               arguments to this method are incorrect
[INFO] [stdout]       |
[INFO] [stdout]       = note: expected struct `FieldMask`
[INFO] [stdout]               found reference `&_`
[INFO] [stdout] note: method defined here
[INFO] [stdout]      --> /opt/rustwide/workdir/src/api.rs:10804:12
[INFO] [stdout]       |
[INFO] [stdout] 10804 |     pub fn field_mask(mut self, new_value: client::FieldMask) -> FolderSourceFindingListCall<'a, S> {
[INFO] [stdout]       |            ^^^^^^^^^^
[INFO] [stdout] help: consider removing the borrow
[INFO] [stdout]       |
[INFO] [stdout] 24    -              .field_mask(&Default::default())
[INFO] [stdout] 24    +              .field_mask(Default::default())
[INFO] [stdout]       |
[INFO] [stdout] 
[INFO] [stdout] error: aborting due to previous error
[INFO] [stdout] 
[INFO] [stdout] For more information about this error, try `rustc --explain E0308`.
[INFO] [stdout] Couldn't compile the test.
[INFO] [stdout] ---- src/api.rs - api::FolderSourceFindingUpdateSecurityMarkCall (line 11788) stdout ----
[INFO] [stdout] error[E0308]: mismatched types
[INFO] [stdout]      --> src/api.rs:11812:27
[INFO] [stdout]       |
[INFO] [stdout] 25    |              .update_mask(&Default::default())
[INFO] [stdout]       |               ----------- ^^^^^^^^^^^^^^^^^^^ expected `FieldMask`, found `&_`
[INFO] [stdout]       |               |
[INFO] [stdout]       |               arguments to this method are incorrect
[INFO] [stdout]       |
[INFO] [stdout]       = note: expected struct `FieldMask`
[INFO] [stdout]               found reference `&_`
[INFO] [stdout] note: method defined here
[INFO] [stdout]      --> /opt/rustwide/workdir/src/api.rs:12008:12
[INFO] [stdout]       |
[INFO] [stdout] 12008 |     pub fn update_mask(mut self, new_value: client::FieldMask) -> FolderSourceFindingUpdateSecurityMarkCall<'a, S> {
[INFO] [stdout]       |            ^^^^^^^^^^^
[INFO] [stdout] help: consider removing the borrow
[INFO] [stdout]       |
[INFO] [stdout] 25    -              .update_mask(&Default::default())
[INFO] [stdout] 25    +              .update_mask(Default::default())
[INFO] [stdout]       |
[INFO] [stdout] 
[INFO] [stdout] error: aborting due to previous error
[INFO] [stdout] 
[INFO] [stdout] For more information about this error, try `rustc --explain E0308`.
[INFO] [stdout] Couldn't compile the test.
[INFO] [stdout] ---- src/api.rs - api::FolderSourceFindingPatchCall (line 10900) stdout ----
[INFO] [stdout] error[E0308]: mismatched types
[INFO] [stdout]      --> src/api.rs:10924:27
[INFO] [stdout]       |
[INFO] [stdout] 25    |              .update_mask(&Default::default())
[INFO] [stdout]       |               ----------- ^^^^^^^^^^^^^^^^^^^ expected `FieldMask`, found `&_`
[INFO] [stdout]       |               |
[INFO] [stdout]       |               arguments to this method are incorrect
[INFO] [stdout]       |
[INFO] [stdout]       = note: expected struct `FieldMask`
[INFO] [stdout]               found reference `&_`
[INFO] [stdout] note: method defined here
[INFO] [stdout]      --> /opt/rustwide/workdir/src/api.rs:11115:12
[INFO] [stdout]       |
[INFO] [stdout] 11115 |     pub fn update_mask(mut self, new_value: client::FieldMask) -> FolderSourceFindingPatchCall<'a, S> {
[INFO] [stdout]       |            ^^^^^^^^^^^
[INFO] [stdout] help: consider removing the borrow
[INFO] [stdout]       |
[INFO] [stdout] 25    -              .update_mask(&Default::default())
[INFO] [stdout] 25    +              .update_mask(Default::default())
[INFO] [stdout]       |
[INFO] [stdout] 
[INFO] [stdout] error: aborting due to previous error
[INFO] [stdout] 
[INFO] [stdout] For more information about this error, try `rustc --explain E0308`.
[INFO] [stdout] Couldn't compile the test.
[INFO] [stdout] ---- src/api.rs - api::OrganizationAssetListCall (line 12682) stdout ----
[INFO] [stdout] error[E0308]: mismatched types
[INFO] [stdout]      --> src/api.rs:12705:26
[INFO] [stdout]       |
[INFO] [stdout] 24    |              .field_mask(&Default::default())
[INFO] [stdout]       |               ---------- ^^^^^^^^^^^^^^^^^^^ expected `FieldMask`, found `&_`
[INFO] [stdout]       |               |
[INFO] [stdout]       |               arguments to this method are incorrect
[INFO] [stdout]       |
[INFO] [stdout]       = note: expected struct `FieldMask`
[INFO] [stdout]               found reference `&_`
[INFO] [stdout] note: method defined here
[INFO] [stdout]      --> /opt/rustwide/workdir/src/api.rs:12932:12
[INFO] [stdout]       |
[INFO] [stdout] 12932 |     pub fn field_mask(mut self, new_value: client::FieldMask) -> OrganizationAssetListCall<'a, S> {
[INFO] [stdout]       |            ^^^^^^^^^^
[INFO] [stdout] help: consider removing the borrow
[INFO] [stdout]       |
[INFO] [stdout] 24    -              .field_mask(&Default::default())
[INFO] [stdout] 24    +              .field_mask(Default::default())
[INFO] [stdout]       |
[INFO] [stdout] 
[INFO] [stdout] error: aborting due to previous error
[INFO] [stdout] 
[INFO] [stdout] For more information about this error, try `rustc --explain E0308`.
[INFO] [stdout] Couldn't compile the test.
[INFO] [stdout] ---- src/api.rs - api::OrganizationAssetUpdateSecurityMarkCall (line 13320) stdout ----
[INFO] [stdout] error[E0308]: mismatched types
[INFO] [stdout]      --> src/api.rs:13344:27
[INFO] [stdout]       |
[INFO] [stdout] 25    |              .update_mask(&Default::default())
[INFO] [stdout]       |               ----------- ^^^^^^^^^^^^^^^^^^^ expected `FieldMask`, found `&_`
[INFO] [stdout]       |               |
[INFO] [stdout]       |               arguments to this method are incorrect
[INFO] [stdout]       |
[INFO] [stdout]       = note: expected struct `FieldMask`
[INFO] [stdout]               found reference `&_`
[INFO] [stdout] note: method defined here
[INFO] [stdout]      --> /opt/rustwide/workdir/src/api.rs:13540:12
[INFO] [stdout]       |
[INFO] [stdout] 13540 |     pub fn update_mask(mut self, new_value: client::FieldMask) -> OrganizationAssetUpdateSecurityMarkCall<'a, S> {
[INFO] [stdout]       |            ^^^^^^^^^^^
[INFO] [stdout] help: consider removing the borrow
[INFO] [stdout]       |
[INFO] [stdout] 25    -              .update_mask(&Default::default())
[INFO] [stdout] 25    +              .update_mask(Default::default())
[INFO] [stdout]       |
[INFO] [stdout] 
[INFO] [stdout] error: aborting due to previous error
[INFO] [stdout] 
[INFO] [stdout] For more information about this error, try `rustc --explain E0308`.
[INFO] [stdout] Couldn't compile the test.
[INFO] [stdout] ---- src/api.rs - api::OrganizationBigQueryExportPatchCall (line 14750) stdout ----
[INFO] [stdout] error[E0308]: mismatched types
[INFO] [stdout]      --> src/api.rs:14774:27
[INFO] [stdout]       |
[INFO] [stdout] 25    |              .update_mask(&Default::default())
[INFO] [stdout]       |               ----------- ^^^^^^^^^^^^^^^^^^^ expected `FieldMask`, found `&_`
[INFO] [stdout]       |               |
[INFO] [stdout]       |               arguments to this method are incorrect
[INFO] [stdout]       |
[INFO] [stdout]       = note: expected struct `FieldMask`
[INFO] [stdout]               found reference `&_`
[INFO] [stdout] note: method defined here
[INFO] [stdout]      --> /opt/rustwide/workdir/src/api.rs:14965:12
[INFO] [stdout]       |
[INFO] [stdout] 14965 |     pub fn update_mask(mut self, new_value: client::FieldMask) -> OrganizationBigQueryExportPatchCall<'a, S> {
[INFO] [stdout]       |            ^^^^^^^^^^^
[INFO] [stdout] help: consider removing the borrow
[INFO] [stdout]       |
[INFO] [stdout] 25    -              .update_mask(&Default::default())
[INFO] [stdout] 25    +              .update_mask(Default::default())
[INFO] [stdout]       |
[INFO] [stdout] 
[INFO] [stdout] error: aborting due to previous error
[INFO] [stdout] 
[INFO] [stdout] For more information about this error, try `rustc --explain E0308`.
[INFO] [stdout] Couldn't compile the test.
[INFO] [stdout] ---- src/api.rs - api::OrganizationNotificationConfigPatchCall (line 17878) stdout ----
[INFO] [stdout] error[E0308]: mismatched types
[INFO] [stdout]      --> src/api.rs:17902:27
[INFO] [stdout]       |
[INFO] [stdout] 25    |              .update_mask(&Default::default())
[INFO] [stdout]       |               ----------- ^^^^^^^^^^^^^^^^^^^ expected `FieldMask`, found `&_`
[INFO] [stdout]       |               |
[INFO] [stdout]       |               arguments to this method are incorrect
[INFO] [stdout]       |
[INFO] [stdout]       = note: expected struct `FieldMask`
[INFO] [stdout]               found reference `&_`
[INFO] [stdout] note: method defined here
[INFO] [stdout]      --> /opt/rustwide/workdir/src/api.rs:18093:12
[INFO] [stdout]       |
[INFO] [stdout] 18093 |     pub fn update_mask(mut self, new_value: client::FieldMask) -> OrganizationNotificationConfigPatchCall<'a, S> {
[INFO] [stdout]       |            ^^^^^^^^^^^
[INFO] [stdout] help: consider removing the borrow
[INFO] [stdout]       |
[INFO] [stdout] 25    -              .update_mask(&Default::default())
[INFO] [stdout] 25    +              .update_mask(Default::default())
[INFO] [stdout]       |
[INFO] [stdout] 
[INFO] [stdout] error: aborting due to previous error
[INFO] [stdout] 
[INFO] [stdout] For more information about this error, try `rustc --explain E0308`.
[INFO] [stdout] Couldn't compile the test.
[INFO] [stdout] ---- src/api.rs - api::OrganizationMuteConfigPatchCall (line 16460) stdout ----
[INFO] [stdout] error[E0308]: mismatched types
[INFO] [stdout]      --> src/api.rs:16484:27
[INFO] [stdout]       |
[INFO] [stdout] 25    |              .update_mask(&Default::default())
[INFO] [stdout]       |               ----------- ^^^^^^^^^^^^^^^^^^^ expected `FieldMask`, found `&_`
[INFO] [stdout]       |               |
[INFO] [stdout]       |               arguments to this method are incorrect
[INFO] [stdout]       |
[INFO] [stdout]       = note: expected struct `FieldMask`
[INFO] [stdout]               found reference `&_`
[INFO] [stdout] note: method defined here
[INFO] [stdout]      --> /opt/rustwide/workdir/src/api.rs:16675:12
[INFO] [stdout]       |
[INFO] [stdout] 16675 |     pub fn update_mask(mut self, new_value: client::FieldMask) -> OrganizationMuteConfigPatchCall<'a, S> {
[INFO] [stdout]       |            ^^^^^^^^^^^
[INFO] [stdout] help: consider removing the borrow
[INFO] [stdout]       |
[INFO] [stdout] 25    -              .update_mask(&Default::default())
[INFO] [stdout] 25    +              .update_mask(Default::default())
[INFO] [stdout]       |
[INFO] [stdout] 
[INFO] [stdout] error: aborting due to previous error
[INFO] [stdout] 
[INFO] [stdout] For more information about this error, try `rustc --explain E0308`.
[INFO] [stdout] Couldn't compile the test.
[INFO] [stdout] ---- src/api.rs - api::OrganizationSourceFindingExternalSystemPatchCall (line 19266) stdout ----
[INFO] [stdout] error[E0308]: mismatched types
[INFO] [stdout]      --> src/api.rs:19290:27
[INFO] [stdout]       |
[INFO] [stdout] 25    |              .update_mask(&Default::default())
[INFO] [stdout]       |               ----------- ^^^^^^^^^^^^^^^^^^^ expected `FieldMask`, found `&_`
[INFO] [stdout]       |               |
[INFO] [stdout]       |               arguments to this method are incorrect
[INFO] [stdout]       |
[INFO] [stdout]       = note: expected struct `FieldMask`
[INFO] [stdout]               found reference `&_`
[INFO] [stdout] note: method defined here
[INFO] [stdout]      --> /opt/rustwide/workdir/src/api.rs:19481:12
[INFO] [stdout]       |
[INFO] [stdout] 19481 |     pub fn update_mask(mut self, new_value: client::FieldMask) -> OrganizationSourceFindingExternalSystemPatchCall<'a, S> {
[INFO] [stdout]       |            ^^^^^^^^^^^
[INFO] [stdout] help: consider removing the borrow
[INFO] [stdout]       |
[INFO] [stdout] 25    -              .update_mask(&Default::default())
[INFO] [stdout] 25    +              .update_mask(Default::default())
[INFO] [stdout]       |
[INFO] [stdout] 
[INFO] [stdout] error: aborting due to previous error
[INFO] [stdout] 
[INFO] [stdout] For more information about this error, try `rustc --explain E0308`.
[INFO] [stdout] Couldn't compile the test.
[INFO] [stdout] ---- src/api.rs - api::OrganizationSourceFindingListCall (line 20166) stdout ----
[INFO] [stdout] error[E0308]: mismatched types
[INFO] [stdout]      --> src/api.rs:20189:26
[INFO] [stdout]       |
[INFO] [stdout] 24    |              .field_mask(&Default::default())
[INFO] [stdout]       |               ---------- ^^^^^^^^^^^^^^^^^^^ expected `FieldMask`, found `&_`
[INFO] [stdout]       |               |
[INFO] [stdout]       |               arguments to this method are incorrect
[INFO] [stdout]       |
[INFO] [stdout]       = note: expected struct `FieldMask`
[INFO] [stdout]               found reference `&_`
[INFO] [stdout] note: method defined here
[INFO] [stdout]      --> /opt/rustwide/workdir/src/api.rs:20416:12
[INFO] [stdout]       |
[INFO] [stdout] 20416 |     pub fn field_mask(mut self, new_value: client::FieldMask) -> OrganizationSourceFindingListCall<'a, S> {
[INFO] [stdout]       |            ^^^^^^^^^^
[INFO] [stdout] help: consider removing the borrow
[INFO] [stdout]       |
[INFO] [stdout] 24    -              .field_mask(&Default::default())
[INFO] [stdout] 24    +              .field_mask(Default::default())
[INFO] [stdout]       |
[INFO] [stdout] 
[INFO] [stdout] error: aborting due to previous error
[INFO] [stdout] 
[INFO] [stdout] For more information about this error, try `rustc --explain E0308`.
[INFO] [stdout] Couldn't compile the test.
[INFO] [stdout] ---- src/api.rs - api::OrganizationSourceFindingUpdateSecurityMarkCall (line 21400) stdout ----
[INFO] [stdout] error[E0308]: mismatched types
[INFO] [stdout]      --> src/api.rs:21424:27
[INFO] [stdout]       |
[INFO] [stdout] 25    |              .update_mask(&Default::default())
[INFO] [stdout]       |               ----------- ^^^^^^^^^^^^^^^^^^^ expected `FieldMask`, found `&_`
[INFO] [stdout]       |               |
[INFO] [stdout]       |               arguments to this method are incorrect
[INFO] [stdout]       |
[INFO] [stdout]       = note: expected struct `FieldMask`
[INFO] [stdout]               found reference `&_`
[INFO] [stdout] note: method defined here
[INFO] [stdout]      --> /opt/rustwide/workdir/src/api.rs:21620:12
[INFO] [stdout]       |
[INFO] [stdout] 21620 |     pub fn update_mask(mut self, new_value: client::FieldMask) -> OrganizationSourceFindingUpdateSecurityMarkCall<'a, S> {
[INFO] [stdout]       |            ^^^^^^^^^^^
[INFO] [stdout] help: consider removing the borrow
[INFO] [stdout]       |
[INFO] [stdout] 25    -              .update_mask(&Default::default())
[INFO] [stdout] 25    +              .update_mask(Default::default())
[INFO] [stdout]       |
[INFO] [stdout] 
[INFO] [stdout] error: aborting due to previous error
[INFO] [stdout] 
[INFO] [stdout] For more information about this error, try `rustc --explain E0308`.
[INFO] [stdout] Couldn't compile the test.
[INFO] [stdout] ---- src/api.rs - api::OrganizationSourceFindingPatchCall (line 20512) stdout ----
[INFO] [stdout] error[E0308]: mismatched types
[INFO] [stdout]      --> src/api.rs:20536:27
[INFO] [stdout]       |
[INFO] [stdout] 25    |              .update_mask(&Default::default())
[INFO] [stdout]       |               ----------- ^^^^^^^^^^^^^^^^^^^ expected `FieldMask`, found `&_`
[INFO] [stdout]       |               |
[INFO] [stdout]       |               arguments to this method are incorrect
[INFO] [stdout]       |
[INFO] [stdout]       = note: expected struct `FieldMask`
[INFO] [stdout]               found reference `&_`
[INFO] [stdout] note: method defined here
[INFO] [stdout]      --> /opt/rustwide/workdir/src/api.rs:20727:12
[INFO] [stdout]       |
[INFO] [stdout] 20727 |     pub fn update_mask(mut self, new_value: client::FieldMask) -> OrganizationSourceFindingPatchCall<'a, S> {
[INFO] [stdout]       |            ^^^^^^^^^^^
[INFO] [stdout] help: consider removing the borrow
[INFO] [stdout]       |
[INFO] [stdout] 25    -              .update_mask(&Default::default())
[INFO] [stdout] 25    +              .update_mask(Default::default())
[INFO] [stdout]       |
[INFO] [stdout] 
[INFO] [stdout] error: aborting due to previous error
[INFO] [stdout] 
[INFO] [stdout] For more information about this error, try `rustc --explain E0308`.
[INFO] [stdout] Couldn't compile the test.
[INFO] [stdout] ---- src/api.rs - api::OrganizationSourcePatchCall (line 22848) stdout ----
[INFO] [stdout] error[E0308]: mismatched types
[INFO] [stdout]      --> src/api.rs:22872:27
[INFO] [stdout]       |
[INFO] [stdout] 25    |              .update_mask(&Default::default())
[INFO] [stdout]       |               ----------- ^^^^^^^^^^^^^^^^^^^ expected `FieldMask`, found `&_`
[INFO] [stdout]       |               |
[INFO] [stdout]       |               arguments to this method are incorrect
[INFO] [stdout]       |
[INFO] [stdout]       = note: expected struct `FieldMask`
[INFO] [stdout]               found reference `&_`
[INFO] [stdout] note: method defined here
[INFO] [stdout]      --> /opt/rustwide/workdir/src/api.rs:23063:12
[INFO] [stdout]       |
[INFO] [stdout] 23063 |     pub fn update_mask(mut self, new_value: client::FieldMask) -> OrganizationSourcePatchCall<'a, S> {
[INFO] [stdout]       |            ^^^^^^^^^^^
[INFO] [stdout] help: consider removing the borrow
[INFO] [stdout]       |
[INFO] [stdout] 25    -              .update_mask(&Default::default())
[INFO] [stdout] 25    +              .update_mask(Default::default())
[INFO] [stdout]       |
[INFO] [stdout] 
[INFO] [stdout] error: aborting due to previous error
[INFO] [stdout] 
[INFO] [stdout] For more information about this error, try `rustc --explain E0308`.
[INFO] [stdout] Couldn't compile the test.
[INFO] [stdout] ---- src/api.rs - api::OrganizationUpdateOrganizationSettingCall (line 23998) stdout ----
[INFO] [stdout] error[E0308]: mismatched types
[INFO] [stdout]      --> src/api.rs:24022:27
[INFO] [stdout]       |
[INFO] [stdout] 25    |              .update_mask(&Default::default())
[INFO] [stdout]       |               ----------- ^^^^^^^^^^^^^^^^^^^ expected `FieldMask`, found `&_`
[INFO] [stdout]       |               |
[INFO] [stdout]       |               arguments to this method are incorrect
[INFO] [stdout]       |
[INFO] [stdout]       = note: expected struct `FieldMask`
[INFO] [stdout]               found reference `&_`
[INFO] [stdout] note: method defined here
[INFO] [stdout]      --> /opt/rustwide/workdir/src/api.rs:24213:12
[INFO] [stdout]       |
[INFO] [stdout] 24213 |     pub fn update_mask(mut self, new_value: client::FieldMask) -> OrganizationUpdateOrganizationSettingCall<'a, S> {
[INFO] [stdout]       |            ^^^^^^^^^^^
[INFO] [stdout] help: consider removing the borrow
[INFO] [stdout]       |
[INFO] [stdout] 25    -              .update_mask(&Default::default())
[INFO] [stdout] 25    +              .update_mask(Default::default())
[INFO] [stdout]       |
[INFO] [stdout] 
[INFO] [stdout] error: aborting due to previous error
[INFO] [stdout] 
[INFO] [stdout] For more information about this error, try `rustc --explain E0308`.
[INFO] [stdout] Couldn't compile the test.
[INFO] [stdout] ---- src/api.rs - api::ProjectAssetListCall (line 24594) stdout ----
[INFO] [stdout] error[E0308]: mismatched types
[INFO] [stdout]      --> src/api.rs:24617:26
[INFO] [stdout]       |
[INFO] [stdout] 24    |              .field_mask(&Default::default())
[INFO] [stdout]       |               ---------- ^^^^^^^^^^^^^^^^^^^ expected `FieldMask`, found `&_`
[INFO] [stdout]       |               |
[INFO] [stdout]       |               arguments to this method are incorrect
[INFO] [stdout]       |
[INFO] [stdout]       = note: expected struct `FieldMask`
[INFO] [stdout]               found reference `&_`
[INFO] [stdout] note: method defined here
[INFO] [stdout]      --> /opt/rustwide/workdir/src/api.rs:24844:12
[INFO] [stdout]       |
[INFO] [stdout] 24844 |     pub fn field_mask(mut self, new_value: client::FieldMask) -> ProjectAssetListCall<'a, S> {
[INFO] [stdout]       |            ^^^^^^^^^^
[INFO] [stdout] help: consider removing the borrow
[INFO] [stdout]       |
[INFO] [stdout] 24    -              .field_mask(&Default::default())
[INFO] [stdout] 24    +              .field_mask(Default::default())
[INFO] [stdout]       |
[INFO] [stdout] 
[INFO] [stdout] error: aborting due to previous error
[INFO] [stdout] 
[INFO] [stdout] For more information about this error, try `rustc --explain E0308`.
[INFO] [stdout] Couldn't compile the test.
[INFO] [stdout] ---- src/api.rs - api::ProjectAssetUpdateSecurityMarkCall (line 24940) stdout ----
[INFO] [stdout] error[E0308]: mismatched types
[INFO] [stdout]      --> src/api.rs:24964:27
[INFO] [stdout]       |
[INFO] [stdout] 25    |              .update_mask(&Default::default())
[INFO] [stdout]       |               ----------- ^^^^^^^^^^^^^^^^^^^ expected `FieldMask`, found `&_`
[INFO] [stdout]       |               |
[INFO] [stdout]       |               arguments to this method are incorrect
[INFO] [stdout]       |
[INFO] [stdout]       = note: expected struct `FieldMask`
[INFO] [stdout]               found reference `&_`
[INFO] [stdout] note: method defined here
[INFO] [stdout]      --> /opt/rustwide/workdir/src/api.rs:25160:12
[INFO] [stdout]       |
[INFO] [stdout] 25160 |     pub fn update_mask(mut self, new_value: client::FieldMask) -> ProjectAssetUpdateSecurityMarkCall<'a, S> {
[INFO] [stdout]       |            ^^^^^^^^^^^
[INFO] [stdout] help: consider removing the borrow
[INFO] [stdout]       |
[INFO] [stdout] 25    -              .update_mask(&Default::default())
[INFO] [stdout] 25    +              .update_mask(Default::default())
[INFO] [stdout]       |
[INFO] [stdout] 
[INFO] [stdout] error: aborting due to previous error
[INFO] [stdout] 
[INFO] [stdout] For more information about this error, try `rustc --explain E0308`.
[INFO] [stdout] Couldn't compile the test.
[INFO] [stdout] ---- src/api.rs - api::ProjectBigQueryExportPatchCall (line 26370) stdout ----
[INFO] [stdout] error[E0308]: mismatched types
[INFO] [stdout]      --> src/api.rs:26394:27
[INFO] [stdout]       |
[INFO] [stdout] 25    |              .update_mask(&Default::default())
[INFO] [stdout]       |               ----------- ^^^^^^^^^^^^^^^^^^^ expected `FieldMask`, found `&_`
[INFO] [stdout]       |               |
[INFO] [stdout]       |               arguments to this method are incorrect
[INFO] [stdout]       |
[INFO] [stdout]       = note: expected struct `FieldMask`
[INFO] [stdout]               found reference `&_`
[INFO] [stdout] note: method defined here
[INFO] [stdout]      --> /opt/rustwide/workdir/src/api.rs:26585:12
[INFO] [stdout]       |
[INFO] [stdout] 26585 |     pub fn update_mask(mut self, new_value: client::FieldMask) -> ProjectBigQueryExportPatchCall<'a, S> {
[INFO] [stdout]       |            ^^^^^^^^^^^
[INFO] [stdout] help: consider removing the borrow
[INFO] [stdout]       |
[INFO] [stdout] 25    -              .update_mask(&Default::default())
[INFO] [stdout] 25    +              .update_mask(Default::default())
[INFO] [stdout]       |
[INFO] [stdout] 
[INFO] [stdout] error: aborting due to previous error
[INFO] [stdout] 
[INFO] [stdout] For more information about this error, try `rustc --explain E0308`.
[INFO] [stdout] Couldn't compile the test.
[INFO] [stdout] ---- src/api.rs - api::ProjectMuteConfigPatchCall (line 28080) stdout ----
[INFO] [stdout] error[E0308]: mismatched types
[INFO] [stdout]      --> src/api.rs:28104:27
[INFO] [stdout]       |
[INFO] [stdout] 25    |              .update_mask(&Default::default())
[INFO] [stdout]       |               ----------- ^^^^^^^^^^^^^^^^^^^ expected `FieldMask`, found `&_`
[INFO] [stdout]       |               |
[INFO] [stdout]       |               arguments to this method are incorrect
[INFO] [stdout]       |
[INFO] [stdout]       = note: expected struct `FieldMask`
[INFO] [stdout]               found reference `&_`
[INFO] [stdout] note: method defined here
[INFO] [stdout]      --> /opt/rustwide/workdir/src/api.rs:28295:12
[INFO] [stdout]       |
[INFO] [stdout] 28295 |     pub fn update_mask(mut self, new_value: client::FieldMask) -> ProjectMuteConfigPatchCall<'a, S> {
[INFO] [stdout]       |            ^^^^^^^^^^^
[INFO] [stdout] help: consider removing the borrow
[INFO] [stdout]       |
[INFO] [stdout] 25    -              .update_mask(&Default::default())
[INFO] [stdout] 25    +              .update_mask(Default::default())
[INFO] [stdout]       |
[INFO] [stdout] 
[INFO] [stdout] error: aborting due to previous error
[INFO] [stdout] 
[INFO] [stdout] For more information about this error, try `rustc --explain E0308`.
[INFO] [stdout] Couldn't compile the test.
[INFO] [stdout] ---- src/api.rs - api::ProjectNotificationConfigPatchCall (line 29498) stdout ----
[INFO] [stdout] error[E0308]: mismatched types
[INFO] [stdout]      --> src/api.rs:29522:27
[INFO] [stdout]       |
[INFO] [stdout] 25    |              .update_mask(&Default::default())
[INFO] [stdout]       |               ----------- ^^^^^^^^^^^^^^^^^^^ expected `FieldMask`, found `&_`
[INFO] [stdout]       |               |
[INFO] [stdout]       |               arguments to this method are incorrect
[INFO] [stdout]       |
[INFO] [stdout]       = note: expected struct `FieldMask`
[INFO] [stdout]               found reference `&_`
[INFO] [stdout] note: method defined here
[INFO] [stdout]      --> /opt/rustwide/workdir/src/api.rs:29713:12
[INFO] [stdout]       |
[INFO] [stdout] 29713 |     pub fn update_mask(mut self, new_value: client::FieldMask) -> ProjectNotificationConfigPatchCall<'a, S> {
[INFO] [stdout]       |            ^^^^^^^^^^^
[INFO] [stdout] help: consider removing the borrow
[INFO] [stdout]       |
[INFO] [stdout] 25    -              .update_mask(&Default::default())
[INFO] [stdout] 25    +              .update_mask(Default::default())
[INFO] [stdout]       |
[INFO] [stdout] 
[INFO] [stdout] error: aborting due to previous error
[INFO] [stdout] 
[INFO] [stdout] For more information about this error, try `rustc --explain E0308`.
[INFO] [stdout] Couldn't compile the test.
[INFO] [stdout] ---- src/api.rs - api::ProjectSourceFindingExternalSystemPatchCall (line 29802) stdout ----
[INFO] [stdout] error[E0308]: mismatched types
[INFO] [stdout]      --> src/api.rs:29826:27
[INFO] [stdout]       |
[INFO] [stdout] 25    |              .update_mask(&Default::default())
[INFO] [stdout]       |               ----------- ^^^^^^^^^^^^^^^^^^^ expected `FieldMask`, found `&_`
[INFO] [stdout]       |               |
[INFO] [stdout]       |               arguments to this method are incorrect
[INFO] [stdout]       |
[INFO] [stdout]       = note: expected struct `FieldMask`
[INFO] [stdout]               found reference `&_`
[INFO] [stdout] note: method defined here
[INFO] [stdout]      --> /opt/rustwide/workdir/src/api.rs:30017:12
[INFO] [stdout]       |
[INFO] [stdout] 30017 |     pub fn update_mask(mut self, new_value: client::FieldMask) -> ProjectSourceFindingExternalSystemPatchCall<'a, S> {
[INFO] [stdout]       |            ^^^^^^^^^^^
[INFO] [stdout] help: consider removing the borrow
[INFO] [stdout]       |
[INFO] [stdout] 25    -              .update_mask(&Default::default())
[INFO] [stdout] 25    +              .update_mask(Default::default())
[INFO] [stdout]       |
[INFO] [stdout] 
[INFO] [stdout] error: aborting due to previous error
[INFO] [stdout] 
[INFO] [stdout] For more information about this error, try `rustc --explain E0308`.
[INFO] [stdout] Couldn't compile the test.
[INFO] [stdout] ---- src/api.rs - api::ProjectSourceFindingPatchCall (line 30744) stdout ----
[INFO] [stdout] error[E0308]: mismatched types
[INFO] [stdout]      --> src/api.rs:30768:27
[INFO] [stdout]       |
[INFO] [stdout] 25    |              .update_mask(&Default::default())
[INFO] [stdout]       |               ----------- ^^^^^^^^^^^^^^^^^^^ expected `FieldMask`, found `&_`
[INFO] [stdout]       |               |
[INFO] [stdout]       |               arguments to this method are incorrect
[INFO] [stdout]       |
[INFO] [stdout]       = note: expected struct `FieldMask`
[INFO] [stdout]               found reference `&_`
[INFO] [stdout] note: method defined here
[INFO] [stdout]      --> /opt/rustwide/workdir/src/api.rs:30959:12
[INFO] [stdout]       |
[INFO] [stdout] 30959 |     pub fn update_mask(mut self, new_value: client::FieldMask) -> ProjectSourceFindingPatchCall<'a, S> {
[INFO] [stdout]       |            ^^^^^^^^^^^
[INFO] [stdout] help: consider removing the borrow
[INFO] [stdout]       |
[INFO] [stdout] 25    -              .update_mask(&Default::default())
[INFO] [stdout] 25    +              .update_mask(Default::default())
[INFO] [stdout]       |
[INFO] [stdout] 
[INFO] [stdout] error: aborting due to previous error
[INFO] [stdout] 
[INFO] [stdout] For more information about this error, try `rustc --explain E0308`.
[INFO] [stdout] Couldn't compile the test.
[INFO] [stdout] ---- src/api.rs - api::ProjectSourceFindingUpdateSecurityMarkCall (line 31632) stdout ----
[INFO] [stdout] error[E0308]: mismatched types
[INFO] [stdout]      --> src/api.rs:31656:27
[INFO] [stdout]       |
[INFO] [stdout] 25    |              .update_mask(&Default::default())
[INFO] [stdout]       |               ----------- ^^^^^^^^^^^^^^^^^^^ expected `FieldMask`, found `&_`
[INFO] [stdout]       |               |
[INFO] [stdout]       |               arguments to this method are incorrect
[INFO] [stdout]       |
[INFO] [stdout]       = note: expected struct `FieldMask`
[INFO] [stdout]               found reference `&_`
[INFO] [stdout] note: method defined here
[INFO] [stdout]      --> /opt/rustwide/workdir/src/api.rs:31852:12
[INFO] [stdout]       |
[INFO] [stdout] 31852 |     pub fn update_mask(mut self, new_value: client::FieldMask) -> ProjectSourceFindingUpdateSecurityMarkCall<'a, S> {
[INFO] [stdout]       |            ^^^^^^^^^^^
[INFO] [stdout] help: consider removing the borrow
[INFO] [stdout]       |
[INFO] [stdout] 25    -              .update_mask(&Default::default())
[INFO] [stdout] 25    +              .update_mask(Default::default())
[INFO] [stdout]       |
[INFO] [stdout] 
[INFO] [stdout] error: aborting due to previous error
[INFO] [stdout] 
[INFO] [stdout] For more information about this error, try `rustc --explain E0308`.
[INFO] [stdout] Couldn't compile the test.
[INFO] [stdout] ---- src/api.rs - api::ProjectSourceFindingListCall (line 30398) stdout ----
[INFO] [stdout] error[E0308]: mismatched types
[INFO] [stdout]      --> src/api.rs:30421:26
[INFO] [stdout]       |
[INFO] [stdout] 24    |              .field_mask(&Default::default())
[INFO] [stdout]       |               ---------- ^^^^^^^^^^^^^^^^^^^ expected `FieldMask`, found `&_`
[INFO] [stdout]       |               |
[INFO] [stdout]       |               arguments to this method are incorrect
[INFO] [stdout]       |
[INFO] [stdout]       = note: expected struct `FieldMask`
[INFO] [stdout]               found reference `&_`
[INFO] [stdout] note: method defined here
[INFO] [stdout]      --> /opt/rustwide/workdir/src/api.rs:30648:12
[INFO] [stdout]       |
[INFO] [stdout] 30648 |     pub fn field_mask(mut self, new_value: client::FieldMask) -> ProjectSourceFindingListCall<'a, S> {
[INFO] [stdout]       |            ^^^^^^^^^^
[INFO] [stdout] help: consider removing the borrow
[INFO] [stdout]       |
[INFO] [stdout] 24    -              .field_mask(&Default::default())
[INFO] [stdout] 24    +              .field_mask(Default::default())
[INFO] [stdout]       |
[INFO] [stdout] 
[INFO] [stdout] error: aborting due to previous error
[INFO] [stdout] 
[INFO] [stdout] For more information about this error, try `rustc --explain E0308`.
[INFO] [stdout] Couldn't compile the test.
[INFO] [stdout] ---- src/api.rs - api::SecurityCommandCenter (line 58) stdout ----
[INFO] [stdout] error[E0308]: mismatched types
[INFO] [stdout]     --> src/api.rs:89:26
[INFO] [stdout]      |
[INFO] [stdout] 32   |              .field_mask(&Default::default())
[INFO] [stdout]      |               ---------- ^^^^^^^^^^^^^^^^^^^ expected `FieldMask`, found `&_`
[INFO] [stdout]      |               |
[INFO] [stdout]      |               arguments to this method are incorrect
[INFO] [stdout]      |
[INFO] [stdout]      = note: expected struct `FieldMask`
[INFO] [stdout]              found reference `&_`
[INFO] [stdout] note: method defined here
[INFO] [stdout]     --> /opt/rustwide/workdir/src/api.rs:5000:12
[INFO] [stdout]      |
[INFO] [stdout] 5000 |     pub fn field_mask(mut self, new_value: client::FieldMask) -> FolderAssetListCall<'a, S> {
[INFO] [stdout]      |            ^^^^^^^^^^
[INFO] [stdout] help: consider removing the borrow
[INFO] [stdout]      |
[INFO] [stdout] 32   -              .field_mask(&Default::default())
[INFO] [stdout] 32   +              .field_mask(Default::default())
[INFO] [stdout]      |
[INFO] [stdout] 
[INFO] [stdout] error: aborting due to previous error
[INFO] [stdout] 
[INFO] [stdout] For more information about this error, try `rustc --explain E0308`.
[INFO] [stdout] Couldn't compile the test.
[INFO] [stdout] ---- src/lib.rs - (line 103) stdout ----
[INFO] [stdout] error[E0308]: mismatched types
[INFO] [stdout]     --> src/lib.rs:134:26
[INFO] [stdout]      |
[INFO] [stdout] 32   |              .field_mask(&Default::default())
[INFO] [stdout]      |               ---------- ^^^^^^^^^^^^^^^^^^^ expected `FieldMask`, found `&_`
[INFO] [stdout]      |               |
[INFO] [stdout]      |               arguments to this method are incorrect
[INFO] [stdout]      |
[INFO] [stdout]      = note: expected struct `FieldMask`
[INFO] [stdout]              found reference `&_`
[INFO] [stdout] note: method defined here
[INFO] [stdout]     --> /opt/rustwide/workdir/src/api.rs:5000:12
[INFO] [stdout]      |
[INFO] [stdout] 5000 |     pub fn field_mask(mut self, new_value: client::FieldMask) -> FolderAssetListCall<'a, S> {
[INFO] [stdout]      |            ^^^^^^^^^^
[INFO] [stdout] help: consider removing the borrow
[INFO] [stdout]      |
[INFO] [stdout] 32   -              .field_mask(&Default::default())
[INFO] [stdout] 32   +              .field_mask(Default::default())
[INFO] [stdout]      |
[INFO] [stdout] 
[INFO] [stdout] error: aborting due to previous error
[INFO] [stdout] 
[INFO] [stdout] For more information about this error, try `rustc --explain E0308`.
[INFO] [stdout] Couldn't compile the test.
[INFO] [stdout] 
[INFO] [stdout] failures:
[INFO] [stdout]     src/api.rs - api::FolderAssetListCall (line 4750)
[INFO] [stdout]     src/api.rs - api::FolderAssetUpdateSecurityMarkCall (line 5096)
[INFO] [stdout]     src/api.rs - api::FolderBigQueryExportPatchCall (line 6526)
[INFO] [stdout]     src/api.rs - api::FolderMuteConfigPatchCall (line 8236)
[INFO] [stdout]     src/api.rs - api::FolderNotificationConfigPatchCall (line 9654)
[INFO] [stdout]     src/api.rs - api::FolderSourceFindingExternalSystemPatchCall (line 9958)
[INFO] [stdout]     src/api.rs - api::FolderSourceFindingListCall (line 10554)
[INFO] [stdout]     src/api.rs - api::FolderSourceFindingPatchCall (line 10900)
[INFO] [stdout]     src/api.rs - api::FolderSourceFindingUpdateSecurityMarkCall (line 11788)
[INFO] [stdout]     src/api.rs - api::OrganizationAssetListCall (line 12682)
[INFO] [stdout]     src/api.rs - api::OrganizationAssetUpdateSecurityMarkCall (line 13320)
[INFO] [stdout]     src/api.rs - api::OrganizationBigQueryExportPatchCall (line 14750)
[INFO] [stdout]     src/api.rs - api::OrganizationMuteConfigPatchCall (line 16460)
[INFO] [stdout]     src/api.rs - api::OrganizationNotificationConfigPatchCall (line 17878)
[INFO] [stdout]     src/api.rs - api::OrganizationSourceFindingExternalSystemPatchCall (line 19266)
[INFO] [stdout]     src/api.rs - api::OrganizationSourceFindingListCall (line 20166)
[INFO] [stdout]     src/api.rs - api::OrganizationSourceFindingPatchCall (line 20512)
[INFO] [stdout]     src/api.rs - api::OrganizationSourceFindingUpdateSecurityMarkCall (line 21400)
[INFO] [stdout]     src/api.rs - api::OrganizationSourcePatchCall (line 22848)
[INFO] [stdout]     src/api.rs - api::OrganizationUpdateOrganizationSettingCall (line 23998)
[INFO] [stdout]     src/api.rs - api::ProjectAssetListCall (line 24594)
[INFO] [stdout]     src/api.rs - api::ProjectAssetUpdateSecurityMarkCall (line 24940)
[INFO] [stdout]     src/api.rs - api::ProjectBigQueryExportPatchCall (line 26370)
[INFO] [stdout]     src/api.rs - api::ProjectMuteConfigPatchCall (line 28080)
[INFO] [stdout]     src/api.rs - api::ProjectNotificationConfigPatchCall (line 29498)
[INFO] [stdout]     src/api.rs - api::ProjectSourceFindingExternalSystemPatchCall (line 29802)
[INFO] [stdout]     src/api.rs - api::ProjectSourceFindingListCall (line 30398)
[INFO] [stdout]     src/api.rs - api::ProjectSourceFindingPatchCall (line 30744)
[INFO] [stdout]     src/api.rs - api::ProjectSourceFindingUpdateSecurityMarkCall (line 31632)
[INFO] [stdout]     src/api.rs - api::SecurityCommandCenter (line 58)
[INFO] [stdout]     src/lib.rs - (line 103)
[INFO] [stdout] 
[INFO] [stdout] test result: FAILED. 69 passed; 31 failed; 1 ignored; 0 measured; 0 filtered out; finished in 7.69s
[INFO] [stdout] 
[INFO] running `Command { std: "docker" "inspect" "d6037be493609ec067b6986a30784a4775b81597d40fc4bf2eb6495d0157dbc0", kill_on_drop: false }`
[INFO] running `Command { std: "docker" "rm" "-f" "d6037be493609ec067b6986a30784a4775b81597d40fc4bf2eb6495d0157dbc0", kill_on_drop: false }`
[INFO] [stdout] d6037be493609ec067b6986a30784a4775b81597d40fc4bf2eb6495d0157dbc0
[INFO] testing google-securitycenter1-5.0.3+20230123 against beta-2023-12-22 for beta-1.76-1
[INFO] extracting crate google-securitycenter1 5.0.3+20230123 into /workspace/builds/worker-7-tc2/source
[INFO] validating manifest of crates.io crate google-securitycenter1 5.0.3+20230123 on toolchain beta-2023-12-22
[INFO] running `Command { std: CARGO_HOME="/workspace/cargo-home" RUSTUP_HOME="/workspace/rustup-home" "/workspace/cargo-home/bin/cargo" "+beta-2023-12-22" "metadata" "--manifest-path" "Cargo.toml" "--no-deps", kill_on_drop: false }`
[INFO] started tweaking crates.io crate google-securitycenter1 5.0.3+20230123
[INFO] finished tweaking crates.io crate google-securitycenter1 5.0.3+20230123
[INFO] tweaked toml for crates.io crate google-securitycenter1 5.0.3+20230123 written to /workspace/builds/worker-7-tc2/source/Cargo.toml
[INFO] running `Command { std: CARGO_HOME="/workspace/cargo-home" RUSTUP_HOME="/workspace/rustup-home" "/workspace/cargo-home/bin/cargo" "+beta-2023-12-22" "generate-lockfile" "--manifest-path" "Cargo.toml", kill_on_drop: false }`
[INFO] [stderr]     Updating crates.io index
[INFO] running `Command { std: CARGO_HOME="/workspace/cargo-home" RUSTUP_HOME="/workspace/rustup-home" "/workspace/cargo-home/bin/cargo" "+beta-2023-12-22" "fetch" "--manifest-path" "Cargo.toml", kill_on_drop: false }`
[INFO] running `Command { std: "docker" "create" "-v" "/var/lib/crater-agent-workspace/builds/worker-7-tc2/target:/opt/rustwide/target:rw,Z" "-v" "/var/lib/crater-agent-workspace/builds/worker-7-tc2/source:/opt/rustwide/workdir:ro,Z" "-v" "/var/lib/crater-agent-workspace/cargo-home:/opt/rustwide/cargo-home:ro,Z" "-v" "/var/lib/crater-agent-workspace/rustup-home:/opt/rustwide/rustup-home:ro,Z" "-e" "SOURCE_DIR=/opt/rustwide/workdir" "-e" "CARGO_TARGET_DIR=/opt/rustwide/target" "-e" "CARGO_HOME=/opt/rustwide/cargo-home" "-e" "RUSTUP_HOME=/opt/rustwide/rustup-home" "-w" "/opt/rustwide/workdir" "-m" "1610612736" "--user" "0:0" "--network" "none" "ghcr.io/rust-lang/crates-build-env/linux@sha256:2788e3201cd34a07e3172128adcd8b3090168a8e3bcc40d7c032b9dda1df7d1c" "/opt/rustwide/cargo-home/bin/cargo" "+beta-2023-12-22" "metadata" "--no-deps" "--format-version=1", kill_on_drop: false }`
[INFO] [stdout] 4f7ed63f216e9f7f193512fe1ac148a395cd7933165f1584670ae5e445dde674
[INFO] running `Command { std: "docker" "start" "-a" "4f7ed63f216e9f7f193512fe1ac148a395cd7933165f1584670ae5e445dde674", kill_on_drop: false }`
[INFO] running `Command { std: "docker" "inspect" "4f7ed63f216e9f7f193512fe1ac148a395cd7933165f1584670ae5e445dde674", kill_on_drop: false }`
[INFO] running `Command { std: "docker" "rm" "-f" "4f7ed63f216e9f7f193512fe1ac148a395cd7933165f1584670ae5e445dde674", kill_on_drop: false }`
[INFO] [stdout] 4f7ed63f216e9f7f193512fe1ac148a395cd7933165f1584670ae5e445dde674
[INFO] running `Command { std: "docker" "create" "-v" "/var/lib/crater-agent-workspace/builds/worker-7-tc2/target:/opt/rustwide/target:rw,Z" "-v" "/var/lib/crater-agent-workspace/builds/worker-7-tc2/source:/opt/rustwide/workdir:ro,Z" "-v" "/var/lib/crater-agent-workspace/cargo-home:/opt/rustwide/cargo-home:ro,Z" "-v" "/var/lib/crater-agent-workspace/rustup-home:/opt/rustwide/rustup-home:ro,Z" "-e" "SOURCE_DIR=/opt/rustwide/workdir" "-e" "CARGO_TARGET_DIR=/opt/rustwide/target" "-e" "CARGO_INCREMENTAL=0" "-e" "RUST_BACKTRACE=full" "-e" "RUSTFLAGS=--cap-lints=warn" "-e" "RUSTDOCFLAGS=--cap-lints=warn" "-e" "CARGO_HOME=/opt/rustwide/cargo-home" "-e" "RUSTUP_HOME=/opt/rustwide/rustup-home" "-w" "/opt/rustwide/workdir" "-m" "1610612736" "--user" "0:0" "--network" "none" "ghcr.io/rust-lang/crates-build-env/linux@sha256:2788e3201cd34a07e3172128adcd8b3090168a8e3bcc40d7c032b9dda1df7d1c" "/opt/rustwide/cargo-home/bin/cargo" "+beta-2023-12-22" "build" "--frozen" "--message-format=json", kill_on_drop: false }`
[INFO] [stdout] 5a43f15a5909a12d51b36e77ce14a019d3d06b9e80460cb84b45f10641ff5c0f
[INFO] running `Command { std: "docker" "start" "-a" "5a43f15a5909a12d51b36e77ce14a019d3d06b9e80460cb84b45f10641ff5c0f", kill_on_drop: false }`
[INFO] [stderr]    Compiling spin v0.9.8
[INFO] [stderr]    Compiling serde v1.0.194
[INFO] [stderr]    Compiling futures-channel v0.3.30
[INFO] [stderr]    Compiling futures-io v0.3.30
[INFO] [stderr]    Compiling syn v2.0.48
[INFO] [stderr]    Compiling getrandom v0.2.11
[INFO] [stderr]    Compiling ring v0.17.7
[INFO] [stderr]    Compiling socket2 v0.5.5
[INFO] [stderr]    Compiling mio v0.8.10
[INFO] [stderr]    Compiling unicode-normalization v0.1.22
[INFO] [stderr]    Compiling tracing v0.1.40
[INFO] [stderr]    Compiling http v0.2.11
[INFO] [stderr]    Compiling unicode-bidi v0.3.14
[INFO] [stderr]    Compiling strsim v0.10.0
[INFO] [stderr]    Compiling rustls v0.21.10
[INFO] [stderr]    Compiling try-lock v0.2.5
[INFO] [stderr]    Compiling num-traits v0.2.17
[INFO] [stderr]    Compiling want v0.3.1
[INFO] [stderr]    Compiling rustls-pki-types v1.1.0
[INFO] [stderr]    Compiling rustls v0.22.1
[INFO] [stderr]    Compiling powerfmt v0.2.0
[INFO] [stderr]    Compiling anyhow v1.0.79
[INFO] [stderr]    Compiling form_urlencoded v1.2.1
[INFO] [stderr]    Compiling http-body v0.4.6
[INFO] [stderr]    Compiling rustls-native-certs v0.6.3
[INFO] [stderr]    Compiling serde_json v1.0.111
[INFO] [stderr]    Compiling idna v0.5.0
[INFO] [stderr]    Compiling num_threads v0.1.6
[INFO] [stderr]    Compiling zeroize v1.7.0
[INFO] [stderr]    Compiling matches v0.1.10
[INFO] [stderr]    Compiling time-core v0.1.2
[INFO] [stderr]    Compiling subtle v2.5.0
[INFO] [stderr]    Compiling idna v0.1.5
[INFO] [stderr]    Compiling itertools v0.12.0
[INFO] [stderr]    Compiling iana-time-zone v0.1.59
[INFO] [stderr]    Compiling url v2.5.0
[INFO] [stderr]    Compiling url v1.7.2
[INFO] [stderr]    Compiling itertools v0.10.5
[INFO] [stderr]    Compiling base64 v0.13.1
[INFO] [stderr]    Compiling darling_core v0.20.3
[INFO] [stderr]    Compiling sct v0.7.1
[INFO] [stderr]    Compiling rustls-webpki v0.101.7
[INFO] [stderr]    Compiling rustls-webpki v0.102.1
[INFO] [stderr]    Compiling serde_derive v1.0.194
[INFO] [stderr]    Compiling tokio-macros v2.2.0
[INFO] [stderr]    Compiling futures-macro v0.3.30
[INFO] [stderr]    Compiling async-trait v0.1.77
[INFO] [stderr]    Compiling tokio v1.35.1
[INFO] [stderr]    Compiling futures-util v0.3.30
[INFO] [stderr]    Compiling darling_macro v0.20.3
[INFO] [stderr]    Compiling darling v0.20.3
[INFO] [stderr]    Compiling serde_with_macros v2.3.3
[INFO] [stderr]    Compiling futures-executor v0.3.30
[INFO] [stderr]    Compiling futures v0.3.30
[INFO] [stderr]    Compiling tokio-util v0.7.10
[INFO] [stderr]    Compiling tokio-rustls v0.24.1
[INFO] [stderr]    Compiling h2 v0.3.22
[INFO] [stderr]    Compiling deranged v0.3.11
[INFO] [stderr]    Compiling serde_with v2.3.3
[INFO] [stderr]    Compiling chrono v0.4.31
[INFO] [stderr]    Compiling time v0.3.31
[INFO] [stderr]    Compiling hyper v0.14.28
[INFO] [stderr]    Compiling hyper-rustls v0.24.2
[INFO] [stderr]    Compiling yup-oauth2 v8.3.2
[INFO] [stderr]    Compiling google-apis-common v6.0.0
[INFO] [stderr]    Compiling google-securitycenter1 v5.0.3+20230123 (/opt/rustwide/workdir)
[INFO] [stderr]     Finished dev [unoptimized + debuginfo] target(s) in 1m 01s
[INFO] running `Command { std: "docker" "inspect" "5a43f15a5909a12d51b36e77ce14a019d3d06b9e80460cb84b45f10641ff5c0f", kill_on_drop: false }`
[INFO] running `Command { std: "docker" "rm" "-f" "5a43f15a5909a12d51b36e77ce14a019d3d06b9e80460cb84b45f10641ff5c0f", kill_on_drop: false }`
[INFO] [stdout] 5a43f15a5909a12d51b36e77ce14a019d3d06b9e80460cb84b45f10641ff5c0f
[INFO] running `Command { std: "docker" "create" "-v" "/var/lib/crater-agent-workspace/builds/worker-7-tc2/target:/opt/rustwide/target:rw,Z" "-v" "/var/lib/crater-agent-workspace/builds/worker-7-tc2/source:/opt/rustwide/workdir:ro,Z" "-v" "/var/lib/crater-agent-workspace/cargo-home:/opt/rustwide/cargo-home:ro,Z" "-v" "/var/lib/crater-agent-workspace/rustup-home:/opt/rustwide/rustup-home:ro,Z" "-e" "SOURCE_DIR=/opt/rustwide/workdir" "-e" "CARGO_TARGET_DIR=/opt/rustwide/target" "-e" "CARGO_INCREMENTAL=0" "-e" "RUST_BACKTRACE=full" "-e" "RUSTFLAGS=--cap-lints=warn" "-e" "RUSTDOCFLAGS=--cap-lints=warn" "-e" "CARGO_HOME=/opt/rustwide/cargo-home" "-e" "RUSTUP_HOME=/opt/rustwide/rustup-home" "-w" "/opt/rustwide/workdir" "-m" "1610612736" "--user" "0:0" "--network" "none" "ghcr.io/rust-lang/crates-build-env/linux@sha256:2788e3201cd34a07e3172128adcd8b3090168a8e3bcc40d7c032b9dda1df7d1c" "/opt/rustwide/cargo-home/bin/cargo" "+beta-2023-12-22" "test" "--frozen" "--no-run" "--message-format=json", kill_on_drop: false }`
[INFO] [stdout] a4bd5eaa1e7efdeef286f63819f00f26ad8ae7cc2a7cadac6c259bc96e4e28b5
[INFO] running `Command { std: "docker" "start" "-a" "a4bd5eaa1e7efdeef286f63819f00f26ad8ae7cc2a7cadac6c259bc96e4e28b5", kill_on_drop: false }`
[INFO] [stderr]    Compiling google-securitycenter1 v5.0.3+20230123 (/opt/rustwide/workdir)
[INFO] [stderr]     Finished test [unoptimized + debuginfo] target(s) in 6.06s
[INFO] running `Command { std: "docker" "inspect" "a4bd5eaa1e7efdeef286f63819f00f26ad8ae7cc2a7cadac6c259bc96e4e28b5", kill_on_drop: false }`
[INFO] running `Command { std: "docker" "rm" "-f" "a4bd5eaa1e7efdeef286f63819f00f26ad8ae7cc2a7cadac6c259bc96e4e28b5", kill_on_drop: false }`
[INFO] [stdout] a4bd5eaa1e7efdeef286f63819f00f26ad8ae7cc2a7cadac6c259bc96e4e28b5
[INFO] running `Command { std: "docker" "create" "-v" "/var/lib/crater-agent-workspace/builds/worker-7-tc2/target:/opt/rustwide/target:rw,Z" "-v" "/var/lib/crater-agent-workspace/builds/worker-7-tc2/source:/opt/rustwide/workdir:ro,Z" "-v" "/var/lib/crater-agent-workspace/cargo-home:/opt/rustwide/cargo-home:ro,Z" "-v" "/var/lib/crater-agent-workspace/rustup-home:/opt/rustwide/rustup-home:ro,Z" "-e" "SOURCE_DIR=/opt/rustwide/workdir" "-e" "CARGO_TARGET_DIR=/opt/rustwide/target" "-e" "CARGO_INCREMENTAL=0" "-e" "RUST_BACKTRACE=full" "-e" "RUSTFLAGS=--cap-lints=warn" "-e" "RUSTDOCFLAGS=--cap-lints=warn" "-e" "CARGO_HOME=/opt/rustwide/cargo-home" "-e" "RUSTUP_HOME=/opt/rustwide/rustup-home" "-w" "/opt/rustwide/workdir" "-m" "1610612736" "--user" "0:0" "--network" "none" "ghcr.io/rust-lang/crates-build-env/linux@sha256:2788e3201cd34a07e3172128adcd8b3090168a8e3bcc40d7c032b9dda1df7d1c" "/opt/rustwide/cargo-home/bin/cargo" "+beta-2023-12-22" "test" "--frozen", kill_on_drop: false }`
[INFO] [stdout] ee72dd7e64b824a59fbfe94fc3eafbcecf54d9a2f463ff706972a207544c75ca
[INFO] running `Command { std: "docker" "start" "-a" "ee72dd7e64b824a59fbfe94fc3eafbcecf54d9a2f463ff706972a207544c75ca", kill_on_drop: false }`
[INFO] [stderr]     Finished test [unoptimized + debuginfo] target(s) in 0.13s
[INFO] [stderr]      Running unittests src/lib.rs (/opt/rustwide/target/debug/deps/google_securitycenter1-b5b79c2e09f940f6)
[INFO] [stdout] 
[INFO] [stdout] running 0 tests
[INFO] [stdout] 
[INFO] [stdout] test result: ok. 0 passed; 0 failed; 0 ignored; 0 measured; 0 filtered out; finished in 0.00s
[INFO] [stdout] 
[INFO] [stderr]    Doc-tests google-securitycenter1
[INFO] [stdout] 
[INFO] [stdout] running 101 tests
[INFO] [stdout] test src/api.rs - api::FolderBigQueryExportCreateCall (line 5412) - compile ... ok
[INFO] [stdout] test src/api.rs - api::FolderAssetListCall (line 4750) - compile ... FAILED
[INFO] [stdout] test src/api.rs - api::FolderBigQueryExportListCall (line 6240) - compile ... ok
[INFO] [stdout] test src/api.rs - api::FolderBigQueryExportDeleteCall (line 5716) - compile ... ok
[INFO] [stdout] test src/api.rs - api::FolderAssetGroupCall (line 4458) - compile ... ok
[INFO] [stdout] test src/api.rs - api::FolderBigQueryExportGetCall (line 5978) - compile ... ok
[INFO] [stdout] test src/api.rs - api::FolderBigQueryExportPatchCall (line 6526) - compile ... FAILED
[INFO] [stdout] test src/api.rs - api::FolderAssetUpdateSecurityMarkCall (line 5096) - compile ... FAILED
[INFO] [stdout] test src/api.rs - api::FolderFindingBulkMuteCall (line 6830) - compile ... ok
[INFO] [stdout] test src/api.rs - api::FolderMethods (line 2498) - compile ... ok
[INFO] [stdout] test src/api.rs - api::FolderMuteConfigCreateCall (line 7122) - compile ... ok
[INFO] [stdout] test src/api.rs - api::FolderMuteConfigDeleteCall (line 7426) - compile ... ok
[INFO] [stdout] test src/api.rs - api::FolderMuteConfigGetCall (line 7688) - compile ... ok
[INFO] [stdout] test src/api.rs - api::FolderMuteConfigListCall (line 7950) - compile ... ok
[INFO] [stdout] test src/api.rs - api::FolderNotificationConfigCreateCall (line 8540) - compile ... ok
[INFO] [stdout] test src/api.rs - api::FolderMuteConfigPatchCall (line 8236) - compile ... FAILED
[INFO] [stdout] test src/api.rs - api::FolderNotificationConfigListCall (line 9368) - compile ... ok
[INFO] [stdout] test src/api.rs - api::FolderNotificationConfigGetCall (line 9106) - compile ... ok
[INFO] [stdout] test src/api.rs - api::FolderSourceFindingGroupCall (line 10262) - compile ... ok
[INFO] [stdout] test src/api.rs - api::FolderNotificationConfigDeleteCall (line 8844) - compile ... ok
[INFO] [stdout] test src/api.rs - api::FolderSourceFindingListCall (line 10554) - compile ... FAILED
[INFO] [stdout] test src/api.rs - api::FolderSourceFindingPatchCall (line 10900) - compile ... FAILED
[INFO] [stdout] test src/api.rs - api::FolderNotificationConfigPatchCall (line 9654) - compile ... FAILED
[INFO] [stdout] test src/api.rs - api::FolderSourceFindingSetStateCall (line 11496) - compile ... ok
[INFO] [stdout] test src/api.rs - api::FolderSourceFindingSetMuteCall (line 11204) - compile ... ok
[INFO] [stdout] test src/api.rs - api::FolderSourceFindingExternalSystemPatchCall (line 9958) - compile ... FAILED
[INFO] [stdout] test src/api.rs - api::FolderSourceFindingUpdateSecurityMarkCall (line 11788) - compile ... FAILED
[INFO] [stdout] test src/api.rs - api::FolderSourceListCall (line 12104) - compile ... ok
[INFO] [stdout] test src/api.rs - api::OrganizationBigQueryExportCreateCall (line 13636) - compile ... ok
[INFO] [stdout] test src/api.rs - api::OrganizationAssetRunDiscoveryCall (line 13028) - compile ... ok
[INFO] [stdout] test src/api.rs - api::OrganizationBigQueryExportDeleteCall (line 13940) - compile ... ok
[INFO] [stdout] test src/api.rs - api::OrganizationAssetGroupCall (line 12390) - compile ... ok
[INFO] [stdout] test src/api.rs - api::OrganizationBigQueryExportGetCall (line 14202) - compile ... ok
[INFO] [stdout] test src/api.rs - api::OrganizationBigQueryExportListCall (line 14464) - compile ... ok
[INFO] [stdout] test src/api.rs - api::OrganizationAssetUpdateSecurityMarkCall (line 13320) - compile ... FAILED
[INFO] [stdout] test src/api.rs - api::OrganizationFindingBulkMuteCall (line 15054) - compile ... ok
[INFO] [stdout] test src/api.rs - api::OrganizationAssetListCall (line 12682) - compile ... FAILED
[INFO] [stdout] test src/api.rs - api::OrganizationMuteConfigCreateCall (line 15346) - compile ... ok
[INFO] [stdout] test src/api.rs - api::OrganizationGetOrganizationSettingCall (line 23736) - compile ... ok
[INFO] [stdout] test src/api.rs - api::OrganizationMethods (line 3062) - compile ... ok
[INFO] [stdout] test src/api.rs - api::OrganizationMuteConfigDeleteCall (line 15650) - compile ... ok
[INFO] [stdout] test src/api.rs - api::OrganizationMuteConfigGetCall (line 15912) - compile ... ok
[INFO] [stdout] test src/api.rs - api::OrganizationNotificationConfigCreateCall (line 16764) - compile ... ok
[INFO] [stdout] test src/api.rs - api::OrganizationBigQueryExportPatchCall (line 14750) - compile ... FAILED
[INFO] [stdout] test src/api.rs - api::OrganizationMuteConfigListCall (line 16174) - compile ... ok
[INFO] [stdout] test src/api.rs - api::OrganizationNotificationConfigListCall (line 17592) - compile ... ok
[INFO] [stdout] test src/api.rs - api::OrganizationMuteConfigPatchCall (line 16460) - compile ... FAILED
[INFO] [stdout] test src/api.rs - api::OrganizationNotificationConfigDeleteCall (line 17068) - compile ... ok
[INFO] [stdout] test src/api.rs - api::OrganizationNotificationConfigGetCall (line 17330) - compile ... ok
[INFO] [stdout] test src/api.rs - api::OrganizationNotificationConfigPatchCall (line 17878) - compile ... FAILED
[INFO] [stdout] test src/api.rs - api::OrganizationOperationCancelCall (line 18182) - compile ... ok
[INFO] [stdout] test src/api.rs - api::OrganizationOperationDeleteCall (line 18444) - compile ... ok
[INFO] [stdout] test src/api.rs - api::OrganizationOperationGetCall (line 18706) - compile ... ok
[INFO] [stdout] test src/api.rs - api::OrganizationSourceFindingGroupCall (line 19874) - compile ... ok
[INFO] [stdout] test src/api.rs - api::OrganizationSourceCreateCall (line 21716) - compile ... ok
[INFO] [stdout] test src/api.rs - api::OrganizationSourceFindingCreateCall (line 19570) - compile ... ok
[INFO] [stdout] test src/api.rs - api::OrganizationSourceFindingSetMuteCall (line 20816) - compile ... ok
[INFO] [stdout] test src/api.rs - api::OrganizationSourceFindingExternalSystemPatchCall (line 19266) - compile ... FAILED
[INFO] [stdout] test src/api.rs - api::OrganizationOperationListCall (line 18968) - compile ... ok
[INFO] [stdout] test src/api.rs - api::OrganizationSourceFindingListCall (line 20166) - compile ... FAILED
[INFO] [stdout] test src/api.rs - api::OrganizationSourceFindingPatchCall (line 20512) - compile ... FAILED
[INFO] [stdout] test src/api.rs - api::OrganizationSourceListCall (line 22562) - compile ... ok
[INFO] [stdout] test src/api.rs - api::OrganizationSourceFindingUpdateSecurityMarkCall (line 21400) - compile ... FAILED
[INFO] [stdout] test src/api.rs - api::OrganizationSourceFindingSetStateCall (line 21108) - compile ... ok
[INFO] [stdout] test src/api.rs - api::OrganizationSourceGetCall (line 22008) - compile ... ok
[INFO] [stdout] test src/api.rs - api::OrganizationSourceSetIamPolicyCall (line 23152) - compile ... ok
[INFO] [stdout] test src/api.rs - api::OrganizationSourceGetIamPolicyCall (line 22270) - compile ... ok
[INFO] [stdout] test src/api.rs - api::OrganizationSourcePatchCall (line 22848) - compile ... FAILED
[INFO] [stdout] test src/api.rs - api::OrganizationSourceTestIamPermissionCall (line 23444) - compile ... ok
[INFO] [stdout] test src/api.rs - api::ProjectAssetListCall (line 24594) - compile ... FAILED
[INFO] [stdout] test src/api.rs - api::ProjectBigQueryExportDeleteCall (line 25560) - compile ... ok
[INFO] [stdout] test src/api.rs - api::ProjectAssetUpdateSecurityMarkCall (line 24940) - compile ... FAILED
[INFO] [stdout] test src/api.rs - api::ProjectAssetGroupCall (line 24302) - compile ... ok
[INFO] [stdout] test src/api.rs - api::ProjectBigQueryExportCreateCall (line 25256) - compile ... ok
[INFO] [stdout] test src/api.rs - api::OrganizationUpdateOrganizationSettingCall (line 23998) - compile ... FAILED
[INFO] [stdout] test src/api.rs - api::ProjectBigQueryExportListCall (line 26084) - compile ... ok
[INFO] [stdout] test src/api.rs - api::ProjectBigQueryExportGetCall (line 25822) - compile ... ok
[INFO] [stdout] test src/api.rs - api::ProjectBigQueryExportPatchCall (line 26370) - compile ... FAILED
[INFO] [stdout] test src/api.rs - api::ProjectMethods (line 3886) - compile ... ok
[INFO] [stdout] test src/api.rs - api::ProjectFindingBulkMuteCall (line 26674) - compile ... ok
[INFO] [stdout] test src/api.rs - api::ProjectMuteConfigDeleteCall (line 27270) - compile ... ok
[INFO] [stdout] test src/api.rs - api::ProjectMuteConfigPatchCall (line 28080) - compile ... FAILED
[INFO] [stdout] test src/api.rs - api::ProjectNotificationConfigCreateCall (line 28384) - compile ... ok
[INFO] [stdout] test src/api.rs - api::ProjectMuteConfigCreateCall (line 26966) - compile ... ok
[INFO] [stdout] test src/api.rs - api::ProjectMuteConfigGetCall (line 27532) - compile ... ok
[INFO] [stdout] test src/api.rs - api::ProjectMuteConfigListCall (line 27794) - compile ... ok
[INFO] [stdout] test src/api.rs - api::ProjectNotificationConfigGetCall (line 28950) - compile ... ok
[INFO] [stdout] test src/api.rs - api::ProjectNotificationConfigListCall (line 29212) - compile ... ok
[INFO] [stdout] test src/api.rs - api::ProjectSourceFindingGroupCall (line 30106) - compile ... ok
[INFO] [stdout] test src/api.rs - api::ProjectNotificationConfigPatchCall (line 29498) - compile ... FAILED
[INFO] [stdout] test src/api.rs - api::ProjectNotificationConfigDeleteCall (line 28688) - compile ... ok
[INFO] [stdout] test src/api.rs - api::ProjectSourceFindingExternalSystemPatchCall (line 29802) - compile ... FAILED
[INFO] [stdout] test src/api.rs - api::ProjectSourceFindingSetMuteCall (line 31048) - compile ... ok
[INFO] [stdout] test src/lib.rs - (line 53) ... ignored
[INFO] [stdout] test src/api.rs - api::ProjectSourceFindingPatchCall (line 30744) - compile ... FAILED
[INFO] [stdout] test src/api.rs - api::ProjectSourceListCall (line 31948) - compile ... ok
[INFO] [stdout] test src/api.rs - api::ProjectSourceFindingSetStateCall (line 31340) - compile ... ok
[INFO] [stdout] test src/api.rs - api::ProjectSourceFindingListCall (line 30398) - compile ... FAILED
[INFO] [stdout] test src/api.rs - api::SecurityCommandCenter (line 58) - compile ... FAILED
[INFO] [stdout] test src/api.rs - api::ProjectSourceFindingUpdateSecurityMarkCall (line 31632) - compile ... FAILED
[INFO] [stdout] test src/lib.rs - (line 103) - compile ... FAILED
[INFO] [stdout] 
[INFO] [stdout] failures:
[INFO] [stdout] 
[INFO] [stdout] ---- src/api.rs - api::FolderAssetListCall (line 4750) stdout ----
[INFO] [stdout] error[E0308]: mismatched types
[INFO] [stdout]     --> src/api.rs:4773:26
[INFO] [stdout]      |
[INFO] [stdout] 24   |              .field_mask(&Default::default())
[INFO] [stdout]      |               ---------- ^^^^^^^^^^^^^^^^^^^ expected `FieldMask`, found `&_`
[INFO] [stdout]      |               |
[INFO] [stdout]      |               arguments to this method are incorrect
[INFO] [stdout]      |
[INFO] [stdout]      = note: expected struct `FieldMask`
[INFO] [stdout]              found reference `&_`
[INFO] [stdout] note: method defined here
[INFO] [stdout]     --> /opt/rustwide/workdir/src/api.rs:5000:12
[INFO] [stdout]      |
[INFO] [stdout] 5000 |     pub fn field_mask(mut self, new_value: client::FieldMask) -> FolderAssetListCall<'a, S> {
[INFO] [stdout]      |            ^^^^^^^^^^
[INFO] [stdout] help: consider removing the borrow
[INFO] [stdout]      |
[INFO] [stdout] 24   -              .field_mask(&Default::default())
[INFO] [stdout] 24   +              .field_mask(Default::default())
[INFO] [stdout]      |
[INFO] [stdout] 
[INFO] [stdout] error: aborting due to 1 previous error
[INFO] [stdout] 
[INFO] [stdout] For more information about this error, try `rustc --explain E0308`.
[INFO] [stdout] Couldn't compile the test.
[INFO] [stdout] ---- src/api.rs - api::FolderBigQueryExportPatchCall (line 6526) stdout ----
[INFO] [stdout] error[E0308]: mismatched types
[INFO] [stdout]     --> src/api.rs:6550:27
[INFO] [stdout]      |
[INFO] [stdout] 25   |              .update_mask(&Default::default())
[INFO] [stdout]      |               ----------- ^^^^^^^^^^^^^^^^^^^ expected `FieldMask`, found `&_`
[INFO] [stdout]      |               |
[INFO] [stdout]      |               arguments to this method are incorrect
[INFO] [stdout]      |
[INFO] [stdout]      = note: expected struct `FieldMask`
[INFO] [stdout]              found reference `&_`
[INFO] [stdout] note: method defined here
[INFO] [stdout]     --> /opt/rustwide/workdir/src/api.rs:6741:12
[INFO] [stdout]      |
[INFO] [stdout] 6741 |     pub fn update_mask(mut self, new_value: client::FieldMask) -> FolderBigQueryExportPatchCall<'a, S> {
[INFO] [stdout]      |            ^^^^^^^^^^^
[INFO] [stdout] help: consider removing the borrow
[INFO] [stdout]      |
[INFO] [stdout] 25   -              .update_mask(&Default::default())
[INFO] [stdout] 25   +              .update_mask(Default::default())
[INFO] [stdout]      |
[INFO] [stdout] 
[INFO] [stdout] error: aborting due to 1 previous error
[INFO] [stdout] 
[INFO] [stdout] For more information about this error, try `rustc --explain E0308`.
[INFO] [stdout] Couldn't compile the test.
[INFO] [stdout] ---- src/api.rs - api::FolderAssetUpdateSecurityMarkCall (line 5096) stdout ----
[INFO] [stdout] error[E0308]: mismatched types
[INFO] [stdout]     --> src/api.rs:5120:27
[INFO] [stdout]      |
[INFO] [stdout] 25   |              .update_mask(&Default::default())
[INFO] [stdout]      |               ----------- ^^^^^^^^^^^^^^^^^^^ expected `FieldMask`, found `&_`
[INFO] [stdout]      |               |
[INFO] [stdout]      |               arguments to this method are incorrect
[INFO] [stdout]      |
[INFO] [stdout]      = note: expected struct `FieldMask`
[INFO] [stdout]              found reference `&_`
[INFO] [stdout] note: method defined here
[INFO] [stdout]     --> /opt/rustwide/workdir/src/api.rs:5316:12
[INFO] [stdout]      |
[INFO] [stdout] 5316 |     pub fn update_mask(mut self, new_value: client::FieldMask) -> FolderAssetUpdateSecurityMarkCall<'a, S> {
[INFO] [stdout]      |            ^^^^^^^^^^^
[INFO] [stdout] help: consider removing the borrow
[INFO] [stdout]      |
[INFO] [stdout] 25   -              .update_mask(&Default::default())
[INFO] [stdout] 25   +              .update_mask(Default::default())
[INFO] [stdout]      |
[INFO] [stdout] 
[INFO] [stdout] error: aborting due to 1 previous error
[INFO] [stdout] 
[INFO] [stdout] For more information about this error, try `rustc --explain E0308`.
[INFO] [stdout] Couldn't compile the test.
[INFO] [stdout] ---- src/api.rs - api::FolderMuteConfigPatchCall (line 8236) stdout ----
[INFO] [stdout] error[E0308]: mismatched types
[INFO] [stdout]     --> src/api.rs:8260:27
[INFO] [stdout]      |
[INFO] [stdout] 25   |              .update_mask(&Default::default())
[INFO] [stdout]      |               ----------- ^^^^^^^^^^^^^^^^^^^ expected `FieldMask`, found `&_`
[INFO] [stdout]      |               |
[INFO] [stdout]      |               arguments to this method are incorrect
[INFO] [stdout]      |
[INFO] [stdout]      = note: expected struct `FieldMask`
[INFO] [stdout]              found reference `&_`
[INFO] [stdout] note: method defined here
[INFO] [stdout]     --> /opt/rustwide/workdir/src/api.rs:8451:12
[INFO] [stdout]      |
[INFO] [stdout] 8451 |     pub fn update_mask(mut self, new_value: client::FieldMask) -> FolderMuteConfigPatchCall<'a, S> {
[INFO] [stdout]      |            ^^^^^^^^^^^
[INFO] [stdout] help: consider removing the borrow
[INFO] [stdout]      |
[INFO] [stdout] 25   -              .update_mask(&Default::default())
[INFO] [stdout] 25   +              .update_mask(Default::default())
[INFO] [stdout]      |
[INFO] [stdout] 
[INFO] [stdout] error: aborting due to 1 previous error
[INFO] [stdout] 
[INFO] [stdout] For more information about this error, try `rustc --explain E0308`.
[INFO] [stdout] Couldn't compile the test.
[INFO] [stdout] ---- src/api.rs - api::FolderSourceFindingListCall (line 10554) stdout ----
[INFO] [stdout] error[E0308]: mismatched types
[INFO] [stdout]      --> src/api.rs:10577:26
[INFO] [stdout]       |
[INFO] [stdout] 24    |              .field_mask(&Default::default())
[INFO] [stdout]       |               ---------- ^^^^^^^^^^^^^^^^^^^ expected `FieldMask`, found `&_`
[INFO] [stdout]       |               |
[INFO] [stdout]       |               arguments to this method are incorrect
[INFO] [stdout]       |
[INFO] [stdout]       = note: expected struct `FieldMask`
[INFO] [stdout]               found reference `&_`
[INFO] [stdout] note: method defined here
[INFO] [stdout]      --> /opt/rustwide/workdir/src/api.rs:10804:12
[INFO] [stdout]       |
[INFO] [stdout] 10804 |     pub fn field_mask(mut self, new_value: client::FieldMask) -> FolderSourceFindingListCall<'a, S> {
[INFO] [stdout]       |            ^^^^^^^^^^
[INFO] [stdout] help: consider removing the borrow
[INFO] [stdout]       |
[INFO] [stdout] 24    -              .field_mask(&Default::default())
[INFO] [stdout] 24    +              .field_mask(Default::default())
[INFO] [stdout]       |
[INFO] [stdout] 
[INFO] [stdout] error: aborting due to 1 previous error
[INFO] [stdout] 
[INFO] [stdout] For more information about this error, try `rustc --explain E0308`.
[INFO] [stdout] Couldn't compile the test.
[INFO] [stdout] ---- src/api.rs - api::FolderSourceFindingPatchCall (line 10900) stdout ----
[INFO] [stdout] error[E0308]: mismatched types
[INFO] [stdout]      --> src/api.rs:10924:27
[INFO] [stdout]       |
[INFO] [stdout] 25    |              .update_mask(&Default::default())
[INFO] [stdout]       |               ----------- ^^^^^^^^^^^^^^^^^^^ expected `FieldMask`, found `&_`
[INFO] [stdout]       |               |
[INFO] [stdout]       |               arguments to this method are incorrect
[INFO] [stdout]       |
[INFO] [stdout]       = note: expected struct `FieldMask`
[INFO] [stdout]               found reference `&_`
[INFO] [stdout] note: method defined here
[INFO] [stdout]      --> /opt/rustwide/workdir/src/api.rs:11115:12
[INFO] [stdout]       |
[INFO] [stdout] 11115 |     pub fn update_mask(mut self, new_value: client::FieldMask) -> FolderSourceFindingPatchCall<'a, S> {
[INFO] [stdout]       |            ^^^^^^^^^^^
[INFO] [stdout] help: consider removing the borrow
[INFO] [stdout]       |
[INFO] [stdout] 25    -              .update_mask(&Default::default())
[INFO] [stdout] 25    +              .update_mask(Default::default())
[INFO] [stdout]       |
[INFO] [stdout] 
[INFO] [stdout] error: aborting due to 1 previous error
[INFO] [stdout] 
[INFO] [stdout] For more information about this error, try `rustc --explain E0308`.
[INFO] [stdout] Couldn't compile the test.
[INFO] [stdout] ---- src/api.rs - api::FolderNotificationConfigPatchCall (line 9654) stdout ----
[INFO] [stdout] error[E0308]: mismatched types
[INFO] [stdout]     --> src/api.rs:9678:27
[INFO] [stdout]      |
[INFO] [stdout] 25   |              .update_mask(&Default::default())
[INFO] [stdout]      |               ----------- ^^^^^^^^^^^^^^^^^^^ expected `FieldMask`, found `&_`
[INFO] [stdout]      |               |
[INFO] [stdout]      |               arguments to this method are incorrect
[INFO] [stdout]      |
[INFO] [stdout]      = note: expected struct `FieldMask`
[INFO] [stdout]              found reference `&_`
[INFO] [stdout] note: method defined here
[INFO] [stdout]     --> /opt/rustwide/workdir/src/api.rs:9869:12
[INFO] [stdout]      |
[INFO] [stdout] 9869 |     pub fn update_mask(mut self, new_value: client::FieldMask) -> FolderNotificationConfigPatchCall<'a, S> {
[INFO] [stdout]      |            ^^^^^^^^^^^
[INFO] [stdout] help: consider removing the borrow
[INFO] [stdout]      |
[INFO] [stdout] 25   -              .update_mask(&Default::default())
[INFO] [stdout] 25   +              .update_mask(Default::default())
[INFO] [stdout]      |
[INFO] [stdout] 
[INFO] [stdout] error: aborting due to 1 previous error
[INFO] [stdout] 
[INFO] [stdout] For more information about this error, try `rustc --explain E0308`.
[INFO] [stdout] Couldn't compile the test.
[INFO] [stdout] ---- src/api.rs - api::FolderSourceFindingExternalSystemPatchCall (line 9958) stdout ----
[INFO] [stdout] error[E0308]: mismatched types
[INFO] [stdout]      --> src/api.rs:9982:27
[INFO] [stdout]       |
[INFO] [stdout] 25    |              .update_mask(&Default::default())
[INFO] [stdout]       |               ----------- ^^^^^^^^^^^^^^^^^^^ expected `FieldMask`, found `&_`
[INFO] [stdout]       |               |
[INFO] [stdout]       |               arguments to this method are incorrect
[INFO] [stdout]       |
[INFO] [stdout]       = note: expected struct `FieldMask`
[INFO] [stdout]               found reference `&_`
[INFO] [stdout] note: method defined here
[INFO] [stdout]      --> /opt/rustwide/workdir/src/api.rs:10173:12
[INFO] [stdout]       |
[INFO] [stdout] 10173 |     pub fn update_mask(mut self, new_value: client::FieldMask) -> FolderSourceFindingExternalSystemPatchCall<'a, S> {
[INFO] [stdout]       |            ^^^^^^^^^^^
[INFO] [stdout] help: consider removing the borrow
[INFO] [stdout]       |
[INFO] [stdout] 25    -              .update_mask(&Default::default())
[INFO] [stdout] 25    +              .update_mask(Default::default())
[INFO] [stdout]       |
[INFO] [stdout] 
[INFO] [stdout] error: aborting due to 1 previous error
[INFO] [stdout] 
[INFO] [stdout] For more information about this error, try `rustc --explain E0308`.
[INFO] [stdout] Couldn't compile the test.
[INFO] [stdout] ---- src/api.rs - api::FolderSourceFindingUpdateSecurityMarkCall (line 11788) stdout ----
[INFO] [stdout] error[E0308]: mismatched types
[INFO] [stdout]      --> src/api.rs:11812:27
[INFO] [stdout]       |
[INFO] [stdout] 25    |              .update_mask(&Default::default())
[INFO] [stdout]       |               ----------- ^^^^^^^^^^^^^^^^^^^ expected `FieldMask`, found `&_`
[INFO] [stdout]       |               |
[INFO] [stdout]       |               arguments to this method are incorrect
[INFO] [stdout]       |
[INFO] [stdout]       = note: expected struct `FieldMask`
[INFO] [stdout]               found reference `&_`
[INFO] [stdout] note: method defined here
[INFO] [stdout]      --> /opt/rustwide/workdir/src/api.rs:12008:12
[INFO] [stdout]       |
[INFO] [stdout] 12008 |     pub fn update_mask(mut self, new_value: client::FieldMask) -> FolderSourceFindingUpdateSecurityMarkCall<'a, S> {
[INFO] [stdout]       |            ^^^^^^^^^^^
[INFO] [stdout] help: consider removing the borrow
[INFO] [stdout]       |
[INFO] [stdout] 25    -              .update_mask(&Default::default())
[INFO] [stdout] 25    +              .update_mask(Default::default())
[INFO] [stdout]       |
[INFO] [stdout] 
[INFO] [stdout] error: aborting due to 1 previous error
[INFO] [stdout] 
[INFO] [stdout] For more information about this error, try `rustc --explain E0308`.
[INFO] [stdout] Couldn't compile the test.
[INFO] [stdout] ---- src/api.rs - api::OrganizationAssetUpdateSecurityMarkCall (line 13320) stdout ----
[INFO] [stdout] error[E0308]: mismatched types
[INFO] [stdout]      --> src/api.rs:13344:27
[INFO] [stdout]       |
[INFO] [stdout] 25    |              .update_mask(&Default::default())
[INFO] [stdout]       |               ----------- ^^^^^^^^^^^^^^^^^^^ expected `FieldMask`, found `&_`
[INFO] [stdout]       |               |
[INFO] [stdout]       |               arguments to this method are incorrect
[INFO] [stdout]       |
[INFO] [stdout]       = note: expected struct `FieldMask`
[INFO] [stdout]               found reference `&_`
[INFO] [stdout] note: method defined here
[INFO] [stdout]      --> /opt/rustwide/workdir/src/api.rs:13540:12
[INFO] [stdout]       |
[INFO] [stdout] 13540 |     pub fn update_mask(mut self, new_value: client::FieldMask) -> OrganizationAssetUpdateSecurityMarkCall<'a, S> {
[INFO] [stdout]       |            ^^^^^^^^^^^
[INFO] [stdout] help: consider removing the borrow
[INFO] [stdout]       |
[INFO] [stdout] 25    -              .update_mask(&Default::default())
[INFO] [stdout] 25    +              .update_mask(Default::default())
[INFO] [stdout]       |
[INFO] [stdout] 
[INFO] [stdout] error: aborting due to 1 previous error
[INFO] [stdout] 
[INFO] [stdout] For more information about this error, try `rustc --explain E0308`.
[INFO] [stdout] Couldn't compile the test.
[INFO] [stdout] ---- src/api.rs - api::OrganizationAssetListCall (line 12682) stdout ----
[INFO] [stdout] error[E0308]: mismatched types
[INFO] [stdout]      --> src/api.rs:12705:26
[INFO] [stdout]       |
[INFO] [stdout] 24    |              .field_mask(&Default::default())
[INFO] [stdout]       |               ---------- ^^^^^^^^^^^^^^^^^^^ expected `FieldMask`, found `&_`
[INFO] [stdout]       |               |
[INFO] [stdout]       |               arguments to this method are incorrect
[INFO] [stdout]       |
[INFO] [stdout]       = note: expected struct `FieldMask`
[INFO] [stdout]               found reference `&_`
[INFO] [stdout] note: method defined here
[INFO] [stdout]      --> /opt/rustwide/workdir/src/api.rs:12932:12
[INFO] [stdout]       |
[INFO] [stdout] 12932 |     pub fn field_mask(mut self, new_value: client::FieldMask) -> OrganizationAssetListCall<'a, S> {
[INFO] [stdout]       |            ^^^^^^^^^^
[INFO] [stdout] help: consider removing the borrow
[INFO] [stdout]       |
[INFO] [stdout] 24    -              .field_mask(&Default::default())
[INFO] [stdout] 24    +              .field_mask(Default::default())
[INFO] [stdout]       |
[INFO] [stdout] 
[INFO] [stdout] error: aborting due to 1 previous error
[INFO] [stdout] 
[INFO] [stdout] For more information about this error, try `rustc --explain E0308`.
[INFO] [stdout] Couldn't compile the test.
[INFO] [stdout] ---- src/api.rs - api::OrganizationBigQueryExportPatchCall (line 14750) stdout ----
[INFO] [stdout] error[E0308]: mismatched types
[INFO] [stdout]      --> src/api.rs:14774:27
[INFO] [stdout]       |
[INFO] [stdout] 25    |              .update_mask(&Default::default())
[INFO] [stdout]       |               ----------- ^^^^^^^^^^^^^^^^^^^ expected `FieldMask`, found `&_`
[INFO] [stdout]       |               |
[INFO] [stdout]       |               arguments to this method are incorrect
[INFO] [stdout]       |
[INFO] [stdout]       = note: expected struct `FieldMask`
[INFO] [stdout]               found reference `&_`
[INFO] [stdout] note: method defined here
[INFO] [stdout]      --> /opt/rustwide/workdir/src/api.rs:14965:12
[INFO] [stdout]       |
[INFO] [stdout] 14965 |     pub fn update_mask(mut self, new_value: client::FieldMask) -> OrganizationBigQueryExportPatchCall<'a, S> {
[INFO] [stdout]       |            ^^^^^^^^^^^
[INFO] [stdout] help: consider removing the borrow
[INFO] [stdout]       |
[INFO] [stdout] 25    -              .update_mask(&Default::default())
[INFO] [stdout] 25    +              .update_mask(Default::default())
[INFO] [stdout]       |
[INFO] [stdout] 
[INFO] [stdout] error: aborting due to 1 previous error
[INFO] [stdout] 
[INFO] [stdout] For more information about this error, try `rustc --explain E0308`.
[INFO] [stdout] Couldn't compile the test.
[INFO] [stdout] ---- src/api.rs - api::OrganizationMuteConfigPatchCall (line 16460) stdout ----
[INFO] [stdout] error[E0308]: mismatched types
[INFO] [stdout]      --> src/api.rs:16484:27
[INFO] [stdout]       |
[INFO] [stdout] 25    |              .update_mask(&Default::default())
[INFO] [stdout]       |               ----------- ^^^^^^^^^^^^^^^^^^^ expected `FieldMask`, found `&_`
[INFO] [stdout]       |               |
[INFO] [stdout]       |               arguments to this method are incorrect
[INFO] [stdout]       |
[INFO] [stdout]       = note: expected struct `FieldMask`
[INFO] [stdout]               found reference `&_`
[INFO] [stdout] note: method defined here
[INFO] [stdout]      --> /opt/rustwide/workdir/src/api.rs:16675:12
[INFO] [stdout]       |
[INFO] [stdout] 16675 |     pub fn update_mask(mut self, new_value: client::FieldMask) -> OrganizationMuteConfigPatchCall<'a, S> {
[INFO] [stdout]       |            ^^^^^^^^^^^
[INFO] [stdout] help: consider removing the borrow
[INFO] [stdout]       |
[INFO] [stdout] 25    -              .update_mask(&Default::default())
[INFO] [stdout] 25    +              .update_mask(Default::default())
[INFO] [stdout]       |
[INFO] [stdout] 
[INFO] [stdout] error: aborting due to 1 previous error
[INFO] [stdout] 
[INFO] [stdout] For more information about this error, try `rustc --explain E0308`.
[INFO] [stdout] Couldn't compile the test.
[INFO] [stdout] ---- src/api.rs - api::OrganizationNotificationConfigPatchCall (line 17878) stdout ----
[INFO] [stdout] error[E0308]: mismatched types
[INFO] [stdout]      --> src/api.rs:17902:27
[INFO] [stdout]       |
[INFO] [stdout] 25    |              .update_mask(&Default::default())
[INFO] [stdout]       |               ----------- ^^^^^^^^^^^^^^^^^^^ expected `FieldMask`, found `&_`
[INFO] [stdout]       |               |
[INFO] [stdout]       |               arguments to this method are incorrect
[INFO] [stdout]       |
[INFO] [stdout]       = note: expected struct `FieldMask`
[INFO] [stdout]               found reference `&_`
[INFO] [stdout] note: method defined here
[INFO] [stdout]      --> /opt/rustwide/workdir/src/api.rs:18093:12
[INFO] [stdout]       |
[INFO] [stdout] 18093 |     pub fn update_mask(mut self, new_value: client::FieldMask) -> OrganizationNotificationConfigPatchCall<'a, S> {
[INFO] [stdout]       |            ^^^^^^^^^^^
[INFO] [stdout] help: consider removing the borrow
[INFO] [stdout]       |
[INFO] [stdout] 25    -              .update_mask(&Default::default())
[INFO] [stdout] 25    +              .update_mask(Default::default())
[INFO] [stdout]       |
[INFO] [stdout] 
[INFO] [stdout] error: aborting due to 1 previous error
[INFO] [stdout] 
[INFO] [stdout] For more information about this error, try `rustc --explain E0308`.
[INFO] [stdout] Couldn't compile the test.
[INFO] [stdout] ---- src/api.rs - api::OrganizationSourceFindingExternalSystemPatchCall (line 19266) stdout ----
[INFO] [stdout] error[E0308]: mismatched types
[INFO] [stdout]      --> src/api.rs:19290:27
[INFO] [stdout]       |
[INFO] [stdout] 25    |              .update_mask(&Default::default())
[INFO] [stdout]       |               ----------- ^^^^^^^^^^^^^^^^^^^ expected `FieldMask`, found `&_`
[INFO] [stdout]       |               |
[INFO] [stdout]       |               arguments to this method are incorrect
[INFO] [stdout]       |
[INFO] [stdout]       = note: expected struct `FieldMask`
[INFO] [stdout]               found reference `&_`
[INFO] [stdout] note: method defined here
[INFO] [stdout]      --> /opt/rustwide/workdir/src/api.rs:19481:12
[INFO] [stdout]       |
[INFO] [stdout] 19481 |     pub fn update_mask(mut self, new_value: client::FieldMask) -> OrganizationSourceFindingExternalSystemPatchCall<'a, S> {
[INFO] [stdout]       |            ^^^^^^^^^^^
[INFO] [stdout] help: consider removing the borrow
[INFO] [stdout]       |
[INFO] [stdout] 25    -              .update_mask(&Default::default())
[INFO] [stdout] 25    +              .update_mask(Default::default())
[INFO] [stdout]       |
[INFO] [stdout] 
[INFO] [stdout] error: aborting due to 1 previous error
[INFO] [stdout] 
[INFO] [stdout] For more information about this error, try `rustc --explain E0308`.
[INFO] [stdout] Couldn't compile the test.
[INFO] [stdout] ---- src/api.rs - api::OrganizationSourceFindingListCall (line 20166) stdout ----
[INFO] [stdout] error[E0308]: mismatched types
[INFO] [stdout]      --> src/api.rs:20189:26
[INFO] [stdout]       |
[INFO] [stdout] 24    |              .field_mask(&Default::default())
[INFO] [stdout]       |               ---------- ^^^^^^^^^^^^^^^^^^^ expected `FieldMask`, found `&_`
[INFO] [stdout]       |               |
[INFO] [stdout]       |               arguments to this method are incorrect
[INFO] [stdout]       |
[INFO] [stdout]       = note: expected struct `FieldMask`
[INFO] [stdout]               found reference `&_`
[INFO] [stdout] note: method defined here
[INFO] [stdout]      --> /opt/rustwide/workdir/src/api.rs:20416:12
[INFO] [stdout]       |
[INFO] [stdout] 20416 |     pub fn field_mask(mut self, new_value: client::FieldMask) -> OrganizationSourceFindingListCall<'a, S> {
[INFO] [stdout]       |            ^^^^^^^^^^
[INFO] [stdout] help: consider removing the borrow
[INFO] [stdout]       |
[INFO] [stdout] 24    -              .field_mask(&Default::default())
[INFO] [stdout] 24    +              .field_mask(Default::default())
[INFO] [stdout]       |
[INFO] [stdout] 
[INFO] [stdout] error: aborting due to 1 previous error
[INFO] [stdout] 
[INFO] [stdout] For more information about this error, try `rustc --explain E0308`.
[INFO] [stdout] Couldn't compile the test.
[INFO] [stdout] ---- src/api.rs - api::OrganizationSourceFindingPatchCall (line 20512) stdout ----
[INFO] [stdout] error[E0308]: mismatched types
[INFO] [stdout]      --> src/api.rs:20536:27
[INFO] [stdout]       |
[INFO] [stdout] 25    |              .update_mask(&Default::default())
[INFO] [stdout]       |               ----------- ^^^^^^^^^^^^^^^^^^^ expected `FieldMask`, found `&_`
[INFO] [stdout]       |               |
[INFO] [stdout]       |               arguments to this method are incorrect
[INFO] [stdout]       |
[INFO] [stdout]       = note: expected struct `FieldMask`
[INFO] [stdout]               found reference `&_`
[INFO] [stdout] note: method defined here
[INFO] [stdout]      --> /opt/rustwide/workdir/src/api.rs:20727:12
[INFO] [stdout]       |
[INFO] [stdout] 20727 |     pub fn update_mask(mut self, new_value: client::FieldMask) -> OrganizationSourceFindingPatchCall<'a, S> {
[INFO] [stdout]       |            ^^^^^^^^^^^
[INFO] [stdout] help: consider removing the borrow
[INFO] [stdout]       |
[INFO] [stdout] 25    -              .update_mask(&Default::default())
[INFO] [stdout] 25    +              .update_mask(Default::default())
[INFO] [stdout]       |
[INFO] [stdout] 
[INFO] [stdout] error: aborting due to 1 previous error
[INFO] [stdout] 
[INFO] [stdout] For more information about this error, try `rustc --explain E0308`.
[INFO] [stdout] Couldn't compile the test.
[INFO] [stdout] ---- src/api.rs - api::OrganizationSourceFindingUpdateSecurityMarkCall (line 21400) stdout ----
[INFO] [stdout] error[E0308]: mismatched types
[INFO] [stdout]      --> src/api.rs:21424:27
[INFO] [stdout]       |
[INFO] [stdout] 25    |              .update_mask(&Default::default())
[INFO] [stdout]       |               ----------- ^^^^^^^^^^^^^^^^^^^ expected `FieldMask`, found `&_`
[INFO] [stdout]       |               |
[INFO] [stdout]       |               arguments to this method are incorrect
[INFO] [stdout]       |
[INFO] [stdout]       = note: expected struct `FieldMask`
[INFO] [stdout]               found reference `&_`
[INFO] [stdout] note: method defined here
[INFO] [stdout]      --> /opt/rustwide/workdir/src/api.rs:21620:12
[INFO] [stdout]       |
[INFO] [stdout] 21620 |     pub fn update_mask(mut self, new_value: client::FieldMask) -> OrganizationSourceFindingUpdateSecurityMarkCall<'a, S> {
[INFO] [stdout]       |            ^^^^^^^^^^^
[INFO] [stdout] help: consider removing the borrow
[INFO] [stdout]       |
[INFO] [stdout] 25    -              .update_mask(&Default::default())
[INFO] [stdout] 25    +              .update_mask(Default::default())
[INFO] [stdout]       |
[INFO] [stdout] 
[INFO] [stdout] error: aborting due to 1 previous error
[INFO] [stdout] 
[INFO] [stdout] For more information about this error, try `rustc --explain E0308`.
[INFO] [stdout] Couldn't compile the test.
[INFO] [stdout] ---- src/api.rs - api::OrganizationSourcePatchCall (line 22848) stdout ----
[INFO] [stdout] error[E0308]: mismatched types
[INFO] [stdout]      --> src/api.rs:22872:27
[INFO] [stdout]       |
[INFO] [stdout] 25    |              .update_mask(&Default::default())
[INFO] [stdout]       |               ----------- ^^^^^^^^^^^^^^^^^^^ expected `FieldMask`, found `&_`
[INFO] [stdout]       |               |
[INFO] [stdout]       |               arguments to this method are incorrect
[INFO] [stdout]       |
[INFO] [stdout]       = note: expected struct `FieldMask`
[INFO] [stdout]               found reference `&_`
[INFO] [stdout] note: method defined here
[INFO] [stdout]      --> /opt/rustwide/workdir/src/api.rs:23063:12
[INFO] [stdout]       |
[INFO] [stdout] 23063 |     pub fn update_mask(mut self, new_value: client::FieldMask) -> OrganizationSourcePatchCall<'a, S> {
[INFO] [stdout]       |            ^^^^^^^^^^^
[INFO] [stdout] help: consider removing the borrow
[INFO] [stdout]       |
[INFO] [stdout] 25    -              .update_mask(&Default::default())
[INFO] [stdout] 25    +              .update_mask(Default::default())
[INFO] [stdout]       |
[INFO] [stdout] 
[INFO] [stdout] error: aborting due to 1 previous error
[INFO] [stdout] 
[INFO] [stdout] For more information about this error, try `rustc --explain E0308`.
[INFO] [stdout] Couldn't compile the test.
[INFO] [stdout] ---- src/api.rs - api::ProjectAssetListCall (line 24594) stdout ----
[INFO] [stdout] error[E0308]: mismatched types
[INFO] [stdout]      --> src/api.rs:24617:26
[INFO] [stdout]       |
[INFO] [stdout] 24    |              .field_mask(&Default::default())
[INFO] [stdout]       |               ---------- ^^^^^^^^^^^^^^^^^^^ expected `FieldMask`, found `&_`
[INFO] [stdout]       |               |
[INFO] [stdout]       |               arguments to this method are incorrect
[INFO] [stdout]       |
[INFO] [stdout]       = note: expected struct `FieldMask`
[INFO] [stdout]               found reference `&_`
[INFO] [stdout] note: method defined here
[INFO] [stdout]      --> /opt/rustwide/workdir/src/api.rs:24844:12
[INFO] [stdout]       |
[INFO] [stdout] 24844 |     pub fn field_mask(mut self, new_value: client::FieldMask) -> ProjectAssetListCall<'a, S> {
[INFO] [stdout]       |            ^^^^^^^^^^
[INFO] [stdout] help: consider removing the borrow
[INFO] [stdout]       |
[INFO] [stdout] 24    -              .field_mask(&Default::default())
[INFO] [stdout] 24    +              .field_mask(Default::default())
[INFO] [stdout]       |
[INFO] [stdout] 
[INFO] [stdout] error: aborting due to 1 previous error
[INFO] [stdout] 
[INFO] [stdout] For more information about this error, try `rustc --explain E0308`.
[INFO] [stdout] Couldn't compile the test.
[INFO] [stdout] ---- src/api.rs - api::ProjectAssetUpdateSecurityMarkCall (line 24940) stdout ----
[INFO] [stdout] error[E0308]: mismatched types
[INFO] [stdout]      --> src/api.rs:24964:27
[INFO] [stdout]       |
[INFO] [stdout] 25    |              .update_mask(&Default::default())
[INFO] [stdout]       |               ----------- ^^^^^^^^^^^^^^^^^^^ expected `FieldMask`, found `&_`
[INFO] [stdout]       |               |
[INFO] [stdout]       |               arguments to this method are incorrect
[INFO] [stdout]       |
[INFO] [stdout]       = note: expected struct `FieldMask`
[INFO] [stdout]               found reference `&_`
[INFO] [stdout] note: method defined here
[INFO] [stdout]      --> /opt/rustwide/workdir/src/api.rs:25160:12
[INFO] [stdout]       |
[INFO] [stdout] 25160 |     pub fn update_mask(mut self, new_value: client::FieldMask) -> ProjectAssetUpdateSecurityMarkCall<'a, S> {
[INFO] [stdout]       |            ^^^^^^^^^^^
[INFO] [stdout] help: consider removing the borrow
[INFO] [stdout]       |
[INFO] [stdout] 25    -              .update_mask(&Default::default())
[INFO] [stdout] 25    +              .update_mask(Default::default())
[INFO] [stdout]       |
[INFO] [stdout] 
[INFO] [stdout] error: aborting due to 1 previous error
[INFO] [stdout] 
[INFO] [stdout] For more information about this error, try `rustc --explain E0308`.
[INFO] [stdout] Couldn't compile the test.
[INFO] [stdout] ---- src/api.rs - api::OrganizationUpdateOrganizationSettingCall (line 23998) stdout ----
[INFO] [stdout] error[E0308]: mismatched types
[INFO] [stdout]      --> src/api.rs:24022:27
[INFO] [stdout]       |
[INFO] [stdout] 25    |              .update_mask(&Default::default())
[INFO] [stdout]       |               ----------- ^^^^^^^^^^^^^^^^^^^ expected `FieldMask`, found `&_`
[INFO] [stdout]       |               |
[INFO] [stdout]       |               arguments to this method are incorrect
[INFO] [stdout]       |
[INFO] [stdout]       = note: expected struct `FieldMask`
[INFO] [stdout]               found reference `&_`
[INFO] [stdout] note: method defined here
[INFO] [stdout]      --> /opt/rustwide/workdir/src/api.rs:24213:12
[INFO] [stdout]       |
[INFO] [stdout] 24213 |     pub fn update_mask(mut self, new_value: client::FieldMask) -> OrganizationUpdateOrganizationSettingCall<'a, S> {
[INFO] [stdout]       |            ^^^^^^^^^^^
[INFO] [stdout] help: consider removing the borrow
[INFO] [stdout]       |
[INFO] [stdout] 25    -              .update_mask(&Default::default())
[INFO] [stdout] 25    +              .update_mask(Default::default())
[INFO] [stdout]       |
[INFO] [stdout] 
[INFO] [stdout] error: aborting due to 1 previous error
[INFO] [stdout] 
[INFO] [stdout] For more information about this error, try `rustc --explain E0308`.
[INFO] [stdout] Couldn't compile the test.
[INFO] [stdout] ---- src/api.rs - api::ProjectBigQueryExportPatchCall (line 26370) stdout ----
[INFO] [stdout] error[E0308]: mismatched types
[INFO] [stdout]      --> src/api.rs:26394:27
[INFO] [stdout]       |
[INFO] [stdout] 25    |              .update_mask(&Default::default())
[INFO] [stdout]       |               ----------- ^^^^^^^^^^^^^^^^^^^ expected `FieldMask`, found `&_`
[INFO] [stdout]       |               |
[INFO] [stdout]       |               arguments to this method are incorrect
[INFO] [stdout]       |
[INFO] [stdout]       = note: expected struct `FieldMask`
[INFO] [stdout]               found reference `&_`
[INFO] [stdout] note: method defined here
[INFO] [stdout]      --> /opt/rustwide/workdir/src/api.rs:26585:12
[INFO] [stdout]       |
[INFO] [stdout] 26585 |     pub fn update_mask(mut self, new_value: client::FieldMask) -> ProjectBigQueryExportPatchCall<'a, S> {
[INFO] [stdout]       |            ^^^^^^^^^^^
[INFO] [stdout] help: consider removing the borrow
[INFO] [stdout]       |
[INFO] [stdout] 25    -              .update_mask(&Default::default())
[INFO] [stdout] 25    +              .update_mask(Default::default())
[INFO] [stdout]       |
[INFO] [stdout] 
[INFO] [stdout] error: aborting due to 1 previous error
[INFO] [stdout] 
[INFO] [stdout] For more information about this error, try `rustc --explain E0308`.
[INFO] [stdout] Couldn't compile the test.
[INFO] [stdout] ---- src/api.rs - api::ProjectMuteConfigPatchCall (line 28080) stdout ----
[INFO] [stdout] error[E0308]: mismatched types
[INFO] [stdout]      --> src/api.rs:28104:27
[INFO] [stdout]       |
[INFO] [stdout] 25    |              .update_mask(&Default::default())
[INFO] [stdout]       |               ----------- ^^^^^^^^^^^^^^^^^^^ expected `FieldMask`, found `&_`
[INFO] [stdout]       |               |
[INFO] [stdout]       |               arguments to this method are incorrect
[INFO] [stdout]       |
[INFO] [stdout]       = note: expected struct `FieldMask`
[INFO] [stdout]               found reference `&_`
[INFO] [stdout] note: method defined here
[INFO] [stdout]      --> /opt/rustwide/workdir/src/api.rs:28295:12
[INFO] [stdout]       |
[INFO] [stdout] 28295 |     pub fn update_mask(mut self, new_value: client::FieldMask) -> ProjectMuteConfigPatchCall<'a, S> {
[INFO] [stdout]       |            ^^^^^^^^^^^
[INFO] [stdout] help: consider removing the borrow
[INFO] [stdout]       |
[INFO] [stdout] 25    -              .update_mask(&Default::default())
[INFO] [stdout] 25    +              .update_mask(Default::default())
[INFO] [stdout]       |
[INFO] [stdout] 
[INFO] [stdout] error: aborting due to 1 previous error
[INFO] [stdout] 
[INFO] [stdout] For more information about this error, try `rustc --explain E0308`.
[INFO] [stdout] Couldn't compile the test.
[INFO] [stdout] ---- src/api.rs - api::ProjectNotificationConfigPatchCall (line 29498) stdout ----
[INFO] [stdout] error[E0308]: mismatched types
[INFO] [stdout]      --> src/api.rs:29522:27
[INFO] [stdout]       |
[INFO] [stdout] 25    |              .update_mask(&Default::default())
[INFO] [stdout]       |               ----------- ^^^^^^^^^^^^^^^^^^^ expected `FieldMask`, found `&_`
[INFO] [stdout]       |               |
[INFO] [stdout]       |               arguments to this method are incorrect
[INFO] [stdout]       |
[INFO] [stdout]       = note: expected struct `FieldMask`
[INFO] [stdout]               found reference `&_`
[INFO] [stdout] note: method defined here
[INFO] [stdout]      --> /opt/rustwide/workdir/src/api.rs:29713:12
[INFO] [stdout]       |
[INFO] [stdout] 29713 |     pub fn update_mask(mut self, new_value: client::FieldMask) -> ProjectNotificationConfigPatchCall<'a, S> {
[INFO] [stdout]       |            ^^^^^^^^^^^
[INFO] [stdout] help: consider removing the borrow
[INFO] [stdout]       |
[INFO] [stdout] 25    -              .update_mask(&Default::default())
[INFO] [stdout] 25    +              .update_mask(Default::default())
[INFO] [stdout]       |
[INFO] [stdout] 
[INFO] [stdout] error: aborting due to 1 previous error
[INFO] [stdout] 
[INFO] [stdout] For more information about this error, try `rustc --explain E0308`.
[INFO] [stdout] Couldn't compile the test.
[INFO] [stdout] ---- src/api.rs - api::ProjectSourceFindingExternalSystemPatchCall (line 29802) stdout ----
[INFO] [stdout] error[E0308]: mismatched types
[INFO] [stdout]      --> src/api.rs:29826:27
[INFO] [stdout]       |
[INFO] [stdout] 25    |              .update_mask(&Default::default())
[INFO] [stdout]       |               ----------- ^^^^^^^^^^^^^^^^^^^ expected `FieldMask`, found `&_`
[INFO] [stdout]       |               |
[INFO] [stdout]       |               arguments to this method are incorrect
[INFO] [stdout]       |
[INFO] [stdout]       = note: expected struct `FieldMask`
[INFO] [stdout]               found reference `&_`
[INFO] [stdout] note: method defined here
[INFO] [stdout]      --> /opt/rustwide/workdir/src/api.rs:30017:12
[INFO] [stdout]       |
[INFO] [stdout] 30017 |     pub fn update_mask(mut self, new_value: client::FieldMask) -> ProjectSourceFindingExternalSystemPatchCall<'a, S> {
[INFO] [stdout]       |            ^^^^^^^^^^^
[INFO] [stdout] help: consider removing the borrow
[INFO] [stdout]       |
[INFO] [stdout] 25    -              .update_mask(&Default::default())
[INFO] [stdout] 25    +              .update_mask(Default::default())
[INFO] [stdout]       |
[INFO] [stdout] 
[INFO] [stdout] error: aborting due to 1 previous error
[INFO] [stdout] 
[INFO] [stdout] For more information about this error, try `rustc --explain E0308`.
[INFO] [stdout] Couldn't compile the test.
[INFO] [stdout] ---- src/api.rs - api::ProjectSourceFindingPatchCall (line 30744) stdout ----
[INFO] [stdout] error[E0308]: mismatched types
[INFO] [stdout]      --> src/api.rs:30768:27
[INFO] [stdout]       |
[INFO] [stdout] 25    |              .update_mask(&Default::default())
[INFO] [stdout]       |               ----------- ^^^^^^^^^^^^^^^^^^^ expected `FieldMask`, found `&_`
[INFO] [stdout]       |               |
[INFO] [stdout]       |               arguments to this method are incorrect
[INFO] [stdout]       |
[INFO] [stdout]       = note: expected struct `FieldMask`
[INFO] [stdout]               found reference `&_`
[INFO] [stdout] note: method defined here
[INFO] [stdout]      --> /opt/rustwide/workdir/src/api.rs:30959:12
[INFO] [stdout]       |
[INFO] [stdout] 30959 |     pub fn update_mask(mut self, new_value: client::FieldMask) -> ProjectSourceFindingPatchCall<'a, S> {
[INFO] [stdout]       |            ^^^^^^^^^^^
[INFO] [stdout] help: consider removing the borrow
[INFO] [stdout]       |
[INFO] [stdout] 25    -              .update_mask(&Default::default())
[INFO] [stdout] 25    +              .update_mask(Default::default())
[INFO] [stdout]       |
[INFO] [stdout] 
[INFO] [stdout] error: aborting due to 1 previous error
[INFO] [stdout] 
[INFO] [stdout] For more information about this error, try `rustc --explain E0308`.
[INFO] [stdout] Couldn't compile the test.
[INFO] [stdout] ---- src/api.rs - api::ProjectSourceFindingListCall (line 30398) stdout ----
[INFO] [stdout] error[E0308]: mismatched types
[INFO] [stdout]      --> src/api.rs:30421:26
[INFO] [stdout]       |
[INFO] [stdout] 24    |              .field_mask(&Default::default())
[INFO] [stdout]       |               ---------- ^^^^^^^^^^^^^^^^^^^ expected `FieldMask`, found `&_`
[INFO] [stdout]       |               |
[INFO] [stdout]       |               arguments to this method are incorrect
[INFO] [stdout]       |
[INFO] [stdout]       = note: expected struct `FieldMask`
[INFO] [stdout]               found reference `&_`
[INFO] [stdout] note: method defined here
[INFO] [stdout]      --> /opt/rustwide/workdir/src/api.rs:30648:12
[INFO] [stdout]       |
[INFO] [stdout] 30648 |     pub fn field_mask(mut self, new_value: client::FieldMask) -> ProjectSourceFindingListCall<'a, S> {
[INFO] [stdout]       |            ^^^^^^^^^^
[INFO] [stdout] help: consider removing the borrow
[INFO] [stdout]       |
[INFO] [stdout] 24    -              .field_mask(&Default::default())
[INFO] [stdout] 24    +              .field_mask(Default::default())
[INFO] [stdout]       |
[INFO] [stdout] 
[INFO] [stdout] error: aborting due to 1 previous error
[INFO] [stdout] 
[INFO] [stdout] For more information about this error, try `rustc --explain E0308`.
[INFO] [stdout] Couldn't compile the test.
[INFO] [stdout] ---- src/api.rs - api::SecurityCommandCenter (line 58) stdout ----
[INFO] [stdout] error[E0308]: mismatched types
[INFO] [stdout]     --> src/api.rs:89:26
[INFO] [stdout]      |
[INFO] [stdout] 32   |              .field_mask(&Default::default())
[INFO] [stdout]      |               ---------- ^^^^^^^^^^^^^^^^^^^ expected `FieldMask`, found `&_`
[INFO] [stdout]      |               |
[INFO] [stdout]      |               arguments to this method are incorrect
[INFO] [stdout]      |
[INFO] [stdout]      = note: expected struct `FieldMask`
[INFO] [stdout]              found reference `&_`
[INFO] [stdout] note: method defined here
[INFO] [stdout]     --> /opt/rustwide/workdir/src/api.rs:5000:12
[INFO] [stdout]      |
[INFO] [stdout] 5000 |     pub fn field_mask(mut self, new_value: client::FieldMask) -> FolderAssetListCall<'a, S> {
[INFO] [stdout]      |            ^^^^^^^^^^
[INFO] [stdout] help: consider removing the borrow
[INFO] [stdout]      |
[INFO] [stdout] 32   -              .field_mask(&Default::default())
[INFO] [stdout] 32   +              .field_mask(Default::default())
[INFO] [stdout]      |
[INFO] [stdout] 
[INFO] [stdout] error: aborting due to 1 previous error
[INFO] [stdout] 
[INFO] [stdout] For more information about this error, try `rustc --explain E0308`.
[INFO] [stdout] Couldn't compile the test.
[INFO] [stdout] ---- src/api.rs - api::ProjectSourceFindingUpdateSecurityMarkCall (line 31632) stdout ----
[INFO] [stdout] error[E0308]: mismatched types
[INFO] [stdout]      --> src/api.rs:31656:27
[INFO] [stdout]       |
[INFO] [stdout] 25    |              .update_mask(&Default::default())
[INFO] [stderr] error: doctest failed, to rerun pass `--doc`
[INFO] [stdout]       |               ----------- ^^^^^^^^^^^^^^^^^^^ expected `FieldMask`, found `&_`
[INFO] [stdout]       |               |
[INFO] [stdout]       |               arguments to this method are incorrect
[INFO] [stdout]       |
[INFO] [stdout]       = note: expected struct `FieldMask`
[INFO] [stdout]               found reference `&_`
[INFO] [stdout] note: method defined here
[INFO] [stdout]      --> /opt/rustwide/workdir/src/api.rs:31852:12
[INFO] [stdout]       |
[INFO] [stdout] 31852 |     pub fn update_mask(mut self, new_value: client::FieldMask) -> ProjectSourceFindingUpdateSecurityMarkCall<'a, S> {
[INFO] [stdout]       |            ^^^^^^^^^^^
[INFO] [stdout] help: consider removing the borrow
[INFO] [stdout]       |
[INFO] [stdout] 25    -              .update_mask(&Default::default())
[INFO] [stdout] 25    +              .update_mask(Default::default())
[INFO] [stdout]       |
[INFO] [stdout] 
[INFO] [stdout] error: aborting due to 1 previous error
[INFO] [stdout] 
[INFO] [stdout] For more information about this error, try `rustc --explain E0308`.
[INFO] [stdout] Couldn't compile the test.
[INFO] [stdout] ---- src/lib.rs - (line 103) stdout ----
[INFO] [stdout] error[E0308]: mismatched types
[INFO] [stdout]     --> src/lib.rs:134:26
[INFO] [stdout]      |
[INFO] [stdout] 32   |              .field_mask(&Default::default())
[INFO] [stdout]      |               ---------- ^^^^^^^^^^^^^^^^^^^ expected `FieldMask`, found `&_`
[INFO] [stdout]      |               |
[INFO] [stdout]      |               arguments to this method are incorrect
[INFO] [stdout]      |
[INFO] [stdout]      = note: expected struct `FieldMask`
[INFO] [stdout]              found reference `&_`
[INFO] [stdout] note: method defined here
[INFO] [stdout]     --> /opt/rustwide/workdir/src/api.rs:5000:12
[INFO] [stdout]      |
[INFO] [stdout] 5000 |     pub fn field_mask(mut self, new_value: client::FieldMask) -> FolderAssetListCall<'a, S> {
[INFO] [stdout]      |            ^^^^^^^^^^
[INFO] [stdout] help: consider removing the borrow
[INFO] [stdout]      |
[INFO] [stdout] 32   -              .field_mask(&Default::default())
[INFO] [stdout] 32   +              .field_mask(Default::default())
[INFO] [stdout]      |
[INFO] [stdout] 
[INFO] [stdout] error: aborting due to 1 previous error
[INFO] [stdout] 
[INFO] [stdout] For more information about this error, try `rustc --explain E0308`.
[INFO] [stdout] Couldn't compile the test.
[INFO] [stdout] 
[INFO] [stdout] failures:
[INFO] [stdout]     src/api.rs - api::FolderAssetListCall (line 4750)
[INFO] [stdout]     src/api.rs - api::FolderAssetUpdateSecurityMarkCall (line 5096)
[INFO] [stdout]     src/api.rs - api::FolderBigQueryExportPatchCall (line 6526)
[INFO] [stdout]     src/api.rs - api::FolderMuteConfigPatchCall (line 8236)
[INFO] [stdout]     src/api.rs - api::FolderNotificationConfigPatchCall (line 9654)
[INFO] [stdout]     src/api.rs - api::FolderSourceFindingExternalSystemPatchCall (line 9958)
[INFO] [stdout]     src/api.rs - api::FolderSourceFindingListCall (line 10554)
[INFO] [stdout]     src/api.rs - api::FolderSourceFindingPatchCall (line 10900)
[INFO] [stdout]     src/api.rs - api::FolderSourceFindingUpdateSecurityMarkCall (line 11788)
[INFO] [stdout]     src/api.rs - api::OrganizationAssetListCall (line 12682)
[INFO] [stdout]     src/api.rs - api::OrganizationAssetUpdateSecurityMarkCall (line 13320)
[INFO] [stdout]     src/api.rs - api::OrganizationBigQueryExportPatchCall (line 14750)
[INFO] [stdout]     src/api.rs - api::OrganizationMuteConfigPatchCall (line 16460)
[INFO] [stdout]     src/api.rs - api::OrganizationNotificationConfigPatchCall (line 17878)
[INFO] [stdout]     src/api.rs - api::OrganizationSourceFindingExternalSystemPatchCall (line 19266)
[INFO] [stdout]     src/api.rs - api::OrganizationSourceFindingListCall (line 20166)
[INFO] [stdout]     src/api.rs - api::OrganizationSourceFindingPatchCall (line 20512)
[INFO] [stdout]     src/api.rs - api::OrganizationSourceFindingUpdateSecurityMarkCall (line 21400)
[INFO] [stdout]     src/api.rs - api::OrganizationSourcePatchCall (line 22848)
[INFO] [stdout]     src/api.rs - api::OrganizationUpdateOrganizationSettingCall (line 23998)
[INFO] [stdout]     src/api.rs - api::ProjectAssetListCall (line 24594)
[INFO] [stdout]     src/api.rs - api::ProjectAssetUpdateSecurityMarkCall (line 24940)
[INFO] [stdout]     src/api.rs - api::ProjectBigQueryExportPatchCall (line 26370)
[INFO] [stdout]     src/api.rs - api::ProjectMuteConfigPatchCall (line 28080)
[INFO] [stdout]     src/api.rs - api::ProjectNotificationConfigPatchCall (line 29498)
[INFO] [stdout]     src/api.rs - api::ProjectSourceFindingExternalSystemPatchCall (line 29802)
[INFO] [stdout]     src/api.rs - api::ProjectSourceFindingListCall (line 30398)
[INFO] [stdout]     src/api.rs - api::ProjectSourceFindingPatchCall (line 30744)
[INFO] [stdout]     src/api.rs - api::ProjectSourceFindingUpdateSecurityMarkCall (line 31632)
[INFO] [stdout]     src/api.rs - api::SecurityCommandCenter (line 58)
[INFO] [stdout]     src/lib.rs - (line 103)
[INFO] [stdout] 
[INFO] [stdout] test result: FAILED. 69 passed; 31 failed; 1 ignored; 0 measured; 0 filtered out; finished in 6.04s
[INFO] [stdout] 
[INFO] running `Command { std: "docker" "inspect" "ee72dd7e64b824a59fbfe94fc3eafbcecf54d9a2f463ff706972a207544c75ca", kill_on_drop: false }`
[INFO] running `Command { std: "docker" "rm" "-f" "ee72dd7e64b824a59fbfe94fc3eafbcecf54d9a2f463ff706972a207544c75ca", kill_on_drop: false }`
[INFO] [stdout] ee72dd7e64b824a59fbfe94fc3eafbcecf54d9a2f463ff706972a207544c75ca
