[INFO] fetching crate google-sasportal1_alpha1 5.0.3+20230121...
[INFO] testing google-sasportal1_alpha1-5.0.3+20230121 against 1.75.0 for beta-1.76-1
[INFO] extracting crate google-sasportal1_alpha1 5.0.3+20230121 into /workspace/builds/worker-1-tc1/source
[INFO] validating manifest of crates.io crate google-sasportal1_alpha1 5.0.3+20230121 on toolchain 1.75.0
[INFO] running `Command { std: CARGO_HOME="/workspace/cargo-home" RUSTUP_HOME="/workspace/rustup-home" "/workspace/cargo-home/bin/cargo" "+1.75.0" "metadata" "--manifest-path" "Cargo.toml" "--no-deps", kill_on_drop: false }`
[INFO] started tweaking crates.io crate google-sasportal1_alpha1 5.0.3+20230121
[INFO] finished tweaking crates.io crate google-sasportal1_alpha1 5.0.3+20230121
[INFO] tweaked toml for crates.io crate google-sasportal1_alpha1 5.0.3+20230121 written to /workspace/builds/worker-1-tc1/source/Cargo.toml
[INFO] running `Command { std: CARGO_HOME="/workspace/cargo-home" RUSTUP_HOME="/workspace/rustup-home" "/workspace/cargo-home/bin/cargo" "+1.75.0" "generate-lockfile" "--manifest-path" "Cargo.toml", kill_on_drop: false }`
[INFO] [stderr]     Updating crates.io index
[INFO] running `Command { std: CARGO_HOME="/workspace/cargo-home" RUSTUP_HOME="/workspace/rustup-home" "/workspace/cargo-home/bin/cargo" "+1.75.0" "fetch" "--manifest-path" "Cargo.toml", kill_on_drop: false }`
[INFO] running `Command { std: "docker" "create" "-v" "/var/lib/crater-agent-workspace/builds/worker-1-tc1/target:/opt/rustwide/target:rw,Z" "-v" "/var/lib/crater-agent-workspace/builds/worker-1-tc1/source:/opt/rustwide/workdir:ro,Z" "-v" "/var/lib/crater-agent-workspace/cargo-home:/opt/rustwide/cargo-home:ro,Z" "-v" "/var/lib/crater-agent-workspace/rustup-home:/opt/rustwide/rustup-home:ro,Z" "-e" "SOURCE_DIR=/opt/rustwide/workdir" "-e" "CARGO_TARGET_DIR=/opt/rustwide/target" "-e" "CARGO_HOME=/opt/rustwide/cargo-home" "-e" "RUSTUP_HOME=/opt/rustwide/rustup-home" "-w" "/opt/rustwide/workdir" "-m" "1610612736" "--user" "0:0" "--network" "none" "ghcr.io/rust-lang/crates-build-env/linux@sha256:2788e3201cd34a07e3172128adcd8b3090168a8e3bcc40d7c032b9dda1df7d1c" "/opt/rustwide/cargo-home/bin/cargo" "+1.75.0" "metadata" "--no-deps" "--format-version=1", kill_on_drop: false }`
[INFO] [stdout] 4799729358dcaf8daeb9c37fe2966ba82e0185f6105d54296d2bf974c0351d40
[INFO] running `Command { std: "docker" "start" "-a" "4799729358dcaf8daeb9c37fe2966ba82e0185f6105d54296d2bf974c0351d40", kill_on_drop: false }`
[INFO] running `Command { std: "docker" "inspect" "4799729358dcaf8daeb9c37fe2966ba82e0185f6105d54296d2bf974c0351d40", kill_on_drop: false }`
[INFO] running `Command { std: "docker" "rm" "-f" "4799729358dcaf8daeb9c37fe2966ba82e0185f6105d54296d2bf974c0351d40", kill_on_drop: false }`
[INFO] [stdout] 4799729358dcaf8daeb9c37fe2966ba82e0185f6105d54296d2bf974c0351d40
[INFO] running `Command { std: "docker" "create" "-v" "/var/lib/crater-agent-workspace/builds/worker-1-tc1/target:/opt/rustwide/target:rw,Z" "-v" "/var/lib/crater-agent-workspace/builds/worker-1-tc1/source:/opt/rustwide/workdir:ro,Z" "-v" "/var/lib/crater-agent-workspace/cargo-home:/opt/rustwide/cargo-home:ro,Z" "-v" "/var/lib/crater-agent-workspace/rustup-home:/opt/rustwide/rustup-home:ro,Z" "-e" "SOURCE_DIR=/opt/rustwide/workdir" "-e" "CARGO_TARGET_DIR=/opt/rustwide/target" "-e" "CARGO_INCREMENTAL=0" "-e" "RUST_BACKTRACE=full" "-e" "RUSTFLAGS=--cap-lints=warn" "-e" "RUSTDOCFLAGS=--cap-lints=warn" "-e" "CARGO_HOME=/opt/rustwide/cargo-home" "-e" "RUSTUP_HOME=/opt/rustwide/rustup-home" "-w" "/opt/rustwide/workdir" "-m" "1610612736" "--user" "0:0" "--network" "none" "ghcr.io/rust-lang/crates-build-env/linux@sha256:2788e3201cd34a07e3172128adcd8b3090168a8e3bcc40d7c032b9dda1df7d1c" "/opt/rustwide/cargo-home/bin/cargo" "+1.75.0" "build" "--frozen" "--message-format=json", kill_on_drop: false }`
[INFO] [stdout] 341edf09ec04cd7a4a4ed2aa1c1b84883d5f95024efb841d88afe027f39aa8a6
[INFO] running `Command { std: "docker" "start" "-a" "341edf09ec04cd7a4a4ed2aa1c1b84883d5f95024efb841d88afe027f39aa8a6", kill_on_drop: false }`
[INFO] [stderr]    Compiling google-sasportal1_alpha1 v5.0.3+20230121 (/opt/rustwide/workdir)
[INFO] [stderr]     Finished dev [unoptimized + debuginfo] target(s) in 4.03s
[INFO] running `Command { std: "docker" "inspect" "341edf09ec04cd7a4a4ed2aa1c1b84883d5f95024efb841d88afe027f39aa8a6", kill_on_drop: false }`
[INFO] running `Command { std: "docker" "rm" "-f" "341edf09ec04cd7a4a4ed2aa1c1b84883d5f95024efb841d88afe027f39aa8a6", kill_on_drop: false }`
[INFO] [stdout] 341edf09ec04cd7a4a4ed2aa1c1b84883d5f95024efb841d88afe027f39aa8a6
[INFO] running `Command { std: "docker" "create" "-v" "/var/lib/crater-agent-workspace/builds/worker-1-tc1/target:/opt/rustwide/target:rw,Z" "-v" "/var/lib/crater-agent-workspace/builds/worker-1-tc1/source:/opt/rustwide/workdir:ro,Z" "-v" "/var/lib/crater-agent-workspace/cargo-home:/opt/rustwide/cargo-home:ro,Z" "-v" "/var/lib/crater-agent-workspace/rustup-home:/opt/rustwide/rustup-home:ro,Z" "-e" "SOURCE_DIR=/opt/rustwide/workdir" "-e" "CARGO_TARGET_DIR=/opt/rustwide/target" "-e" "CARGO_INCREMENTAL=0" "-e" "RUST_BACKTRACE=full" "-e" "RUSTFLAGS=--cap-lints=warn" "-e" "RUSTDOCFLAGS=--cap-lints=warn" "-e" "CARGO_HOME=/opt/rustwide/cargo-home" "-e" "RUSTUP_HOME=/opt/rustwide/rustup-home" "-w" "/opt/rustwide/workdir" "-m" "1610612736" "--user" "0:0" "--network" "none" "ghcr.io/rust-lang/crates-build-env/linux@sha256:2788e3201cd34a07e3172128adcd8b3090168a8e3bcc40d7c032b9dda1df7d1c" "/opt/rustwide/cargo-home/bin/cargo" "+1.75.0" "test" "--frozen" "--no-run" "--message-format=json", kill_on_drop: false }`
[INFO] [stdout] 69f2090a4ad4dd23360a44e27e5d8dc160e0857ddc87f6a2e5106ff3a14099ff
[INFO] running `Command { std: "docker" "start" "-a" "69f2090a4ad4dd23360a44e27e5d8dc160e0857ddc87f6a2e5106ff3a14099ff", kill_on_drop: false }`
[INFO] [stderr]    Compiling google-sasportal1_alpha1 v5.0.3+20230121 (/opt/rustwide/workdir)
[INFO] [stderr]     Finished test [unoptimized + debuginfo] target(s) in 4.33s
[INFO] running `Command { std: "docker" "inspect" "69f2090a4ad4dd23360a44e27e5d8dc160e0857ddc87f6a2e5106ff3a14099ff", kill_on_drop: false }`
[INFO] running `Command { std: "docker" "rm" "-f" "69f2090a4ad4dd23360a44e27e5d8dc160e0857ddc87f6a2e5106ff3a14099ff", kill_on_drop: false }`
[INFO] [stdout] 69f2090a4ad4dd23360a44e27e5d8dc160e0857ddc87f6a2e5106ff3a14099ff
[INFO] running `Command { std: "docker" "create" "-v" "/var/lib/crater-agent-workspace/builds/worker-1-tc1/target:/opt/rustwide/target:rw,Z" "-v" "/var/lib/crater-agent-workspace/builds/worker-1-tc1/source:/opt/rustwide/workdir:ro,Z" "-v" "/var/lib/crater-agent-workspace/cargo-home:/opt/rustwide/cargo-home:ro,Z" "-v" "/var/lib/crater-agent-workspace/rustup-home:/opt/rustwide/rustup-home:ro,Z" "-e" "SOURCE_DIR=/opt/rustwide/workdir" "-e" "CARGO_TARGET_DIR=/opt/rustwide/target" "-e" "CARGO_INCREMENTAL=0" "-e" "RUST_BACKTRACE=full" "-e" "RUSTFLAGS=--cap-lints=warn" "-e" "RUSTDOCFLAGS=--cap-lints=warn" "-e" "CARGO_HOME=/opt/rustwide/cargo-home" "-e" "RUSTUP_HOME=/opt/rustwide/rustup-home" "-w" "/opt/rustwide/workdir" "-m" "1610612736" "--user" "0:0" "--network" "none" "ghcr.io/rust-lang/crates-build-env/linux@sha256:2788e3201cd34a07e3172128adcd8b3090168a8e3bcc40d7c032b9dda1df7d1c" "/opt/rustwide/cargo-home/bin/cargo" "+1.75.0" "test" "--frozen", kill_on_drop: false }`
[INFO] [stdout] 439818efbdd923c195893607db54d2d552b5acf9a8db443deec209a4e486b8b8
[INFO] running `Command { std: "docker" "start" "-a" "439818efbdd923c195893607db54d2d552b5acf9a8db443deec209a4e486b8b8", kill_on_drop: false }`
[INFO] [stderr]     Finished test [unoptimized + debuginfo] target(s) in 0.14s
[INFO] [stdout] 
[INFO] [stderr]      Running unittests src/lib.rs (/opt/rustwide/target/debug/deps/google_sasportal1_alpha1-dc812ea03af4c6cc)
[INFO] [stdout] running 0 tests
[INFO] [stdout] 
[INFO] [stdout] test result: ok. 0 passed; 0 failed; 0 ignored; 0 measured; 0 filtered out; finished in 0.00s
[INFO] [stdout] 
[INFO] [stderr]    Doc-tests google-sasportal1_alpha1
[INFO] [stdout] 
[INFO] [stdout] running 85 tests
[INFO] [stdout] test src/api.rs - api::CustomerDeploymentDeleteCall (line 4063) - compile ... ok
[INFO] [stdout] test src/api.rs - api::CustomerDeploymentListCall (line 4587) - compile ... ok
[INFO] [stdout] test src/api.rs - api::CustomerDeploymentMoveCall (line 4885) - compile ... ok
[INFO] [stdout] test src/api.rs - api::CustomerDeploymentDeviceCreateSignedCall (line 3181) - compile ... ok
[INFO] [stdout] test src/api.rs - api::CustomerDeploymentDeviceCreateCall (line 2889) - compile ... ok
[INFO] [stdout] test src/api.rs - api::CustomerDeploymentCreateCall (line 3771) - compile ... ok
[INFO] [stdout] test src/api.rs - api::CustomerDeploymentGetCall (line 4325) - compile ... ok
[INFO] [stdout] test src/api.rs - api::CustomerDeploymentDeviceListCall (line 3473) - compile ... ok
[INFO] [stdout] test src/api.rs - api::CustomerDeviceCreateCall (line 5481) - compile ... ok
[INFO] [stdout] test src/api.rs - api::CustomerDeviceMoveCall (line 6887) - compile ... ok
[INFO] [stdout] test src/api.rs - api::CustomerDeviceDeleteCall (line 6065) - compile ... ok
[INFO] [stdout] test src/api.rs - api::CustomerDeploymentPatchCall (line 5177) - compile ... FAILED
[INFO] [stdout] test src/api.rs - api::CustomerDevicePatchCall (line 7179) - compile ... FAILED
[INFO] [stdout] test src/api.rs - api::CustomerDeviceGetCall (line 6327) - compile ... ok
[INFO] [stdout] test src/api.rs - api::CustomerDeviceCreateSignedCall (line 5773) - compile ... ok
[INFO] [stdout] test src/api.rs - api::CustomerDeviceListCall (line 6589) - compile ... ok
[INFO] [stdout] test src/api.rs - api::CustomerListCall (line 12101) - compile ... ok
[INFO] [stdout] test src/api.rs - api::CustomerDeviceUpdateSignedCall (line 7775) - compile ... ok
[INFO] [stdout] test src/api.rs - api::CustomerGetCall (line 11839) - compile ... ok
[INFO] [stdout] test src/api.rs - api::CustomerDeviceSignDeviceCall (line 7483) - compile ... ok
[INFO] [stdout] test src/api.rs - api::CustomerNodeCreateCall (line 10129) - compile ... ok
[INFO] [stdout] test src/api.rs - api::CustomerMethods (line 1240) - compile ... ok
[INFO] [stdout] test src/api.rs - api::CustomerNodeDeploymentCreateCall (line 8067) - compile ... ok
[INFO] [stdout] test src/api.rs - api::CustomerNodeDeleteCall (line 10421) - compile ... ok
[INFO] [stdout] test src/api.rs - api::CustomerNodeDeploymentListCall (line 8359) - compile ... ok
[INFO] [stdout] test src/api.rs - api::CustomerNodeNodeCreateCall (line 9539) - compile ... ok
[INFO] [stdout] test src/api.rs - api::CustomerNodeDeviceCreateCall (line 8657) - compile ... ok
[INFO] [stdout] test src/api.rs - api::CustomerNodeNodeListCall (line 9831) - compile ... ok
[INFO] [stdout] test src/api.rs - api::CustomerNodeDeviceCreateSignedCall (line 8949) - compile ... ok
[INFO] [stdout] test src/api.rs - api::CustomerNodeListCall (line 10945) - compile ... ok
[INFO] [stdout] test src/api.rs - api::CustomerNodeGetCall (line 10683) - compile ... ok
[INFO] [stdout] test src/api.rs - api::CustomerNodeMoveCall (line 11243) - compile ... ok
[INFO] [stdout] test src/api.rs - api::CustomerNodeDeviceListCall (line 9241) - compile ... ok
[INFO] [stdout] test src/api.rs - api::DeploymentDeviceGetCall (line 12934) - compile ... ok
[INFO] [stdout] test src/api.rs - api::DeploymentDeviceMoveCall (line 13196) - compile ... ok
[INFO] [stdout] test src/api.rs - api::DeploymentDeviceUpdateSignedCall (line 14084) - compile ... ok
[INFO] [stdout] test src/api.rs - api::CustomerPatchCall (line 12368) - compile ... FAILED
[INFO] [stdout] test src/api.rs - api::DeploymentDeviceDeleteCall (line 12672) - compile ... ok
[INFO] [stdout] test src/api.rs - api::DeploymentDeviceSignDeviceCall (line 13792) - compile ... ok
[INFO] [stdout] test src/api.rs - api::CustomerNodePatchCall (line 11535) - compile ... FAILED
[INFO] [stdout] test src/api.rs - api::DeploymentDevicePatchCall (line 13488) - compile ... FAILED
[INFO] [stdout] test src/api.rs - api::DeploymentMethods (line 1919) - compile ... ok
[INFO] [stdout] test src/api.rs - api::DeploymentGetCall (line 14376) - compile ... ok
[INFO] [stdout] test src/api.rs - api::InstallerMethods (line 2088) - compile ... ok
[INFO] [stdout] test src/api.rs - api::InstallerGenerateSecretCall (line 14638) - compile ... ok
[INFO] [stdout] test src/api.rs - api::NodeDeploymentDeleteCall (line 16066) - compile ... ok
[INFO] [stdout] test src/api.rs - api::NodeDeploymentGetCall (line 16328) - compile ... ok
[INFO] [stdout] test src/api.rs - api::InstallerValidateCall (line 14911) - compile ... ok
[INFO] [stdout] test src/api.rs - api::NodeDeploymentDeviceCreateCall (line 15184) - compile ... ok
[INFO] [stdout] test src/api.rs - api::NodeDeploymentDeviceCreateSignedCall (line 15476) - compile ... ok
[INFO] [stdout] test src/api.rs - api::NodeDeploymentMoveCall (line 16888) - compile ... ok
[INFO] [stdout] test src/api.rs - api::NodeDeploymentListCall (line 16590) - compile ... ok
[INFO] [stdout] test src/api.rs - api::NodeDeploymentDeviceListCall (line 15768) - compile ... ok
[INFO] [stdout] test src/api.rs - api::NodeDeviceCreateSignedCall (line 17776) - compile ... ok
[INFO] [stdout] test src/api.rs - api::NodeDeviceCreateCall (line 17484) - compile ... ok
[INFO] [stdout] test src/api.rs - api::NodeDeviceDeleteCall (line 18068) - compile ... ok
[INFO] [stdout] test src/api.rs - api::NodeDeploymentPatchCall (line 17180) - compile ... FAILED
[INFO] [stdout] test src/api.rs - api::NodeDeviceGetCall (line 18330) - compile ... ok
[INFO] [stdout] test src/api.rs - api::NodeDeviceMoveCall (line 18890) - compile ... ok
[INFO] [stdout] test src/api.rs - api::NodeDeviceSignDeviceCall (line 19486) - compile ... ok
[INFO] [stdout] test src/api.rs - api::NodeDeviceListCall (line 18592) - compile ... ok
[INFO] [stdout] test src/api.rs - api::NodeDevicePatchCall (line 19182) - compile ... FAILED
[INFO] [stdout] test src/api.rs - api::NodeDeviceUpdateSignedCall (line 19778) - compile ... ok
[INFO] [stdout] test src/api.rs - api::NodeGetCall (line 23842) - compile ... ok
[INFO] [stdout] test src/api.rs - api::NodeMethods (line 2163) - compile ... ok
[INFO] [stdout] test src/api.rs - api::NodeNodeCreateCall (line 22132) - compile ... ok
[INFO] [stdout] test src/api.rs - api::NodeNodeDeploymentListCall (line 20362) - compile ... ok
[INFO] [stdout] test src/api.rs - api::NodeNodeDeleteCall (line 22424) - compile ... ok
[INFO] [stdout] test src/api.rs - api::NodeNodeDeploymentCreateCall (line 20070) - compile ... ok
[INFO] [stdout] test src/api.rs - api::NodeNodeDeviceCreateSignedCall (line 20952) - compile ... ok
[INFO] [stdout] test src/api.rs - api::NodeNodeDeviceCreateCall (line 20660) - compile ... ok
[INFO] [stdout] test src/api.rs - api::NodeNodeListCall (line 22948) - compile ... ok
[INFO] [stdout] test src/api.rs - api::NodeNodeDeviceListCall (line 21244) - compile ... ok
[INFO] [stdout] test src/api.rs - api::NodeNodeMoveCall (line 23246) - compile ... ok
[INFO] [stdout] test src/api.rs - api::NodeNodeGetCall (line 22686) - compile ... ok
[INFO] [stdout] test src/api.rs - api::NodeNodeNodeListCall (line 21834) - compile ... ok
[INFO] [stdout] test src/api.rs - api::NodeNodeNodeCreateCall (line 21542) - compile ... ok
[INFO] [stdout] test src/lib.rs - (line 57) ... ignored
[INFO] [stdout] test src/api.rs - api::PolicyGetCall (line 24104) - compile ... ok
[INFO] [stdout] test src/api.rs - api::PolicySetCall (line 24377) - compile ... ok
[INFO] [stdout] test src/api.rs - api::NodeNodePatchCall (line 23538) - compile ... FAILED
[INFO] [stdout] test src/api.rs - api::PolicyMethods (line 2789) - compile ... ok
[INFO] [stdout] test src/api.rs - api::PolicyTestCall (line 24650) - compile ... ok
[INFO] [stdout] test src/lib.rs - (line 101) - compile ... FAILED
[INFO] [stderr] error: doctest failed, to rerun pass `--doc`
[INFO] [stdout] test src/api.rs - api::Sasportal (line 58) - compile ... FAILED
[INFO] [stdout] 
[INFO] [stdout] failures:
[INFO] [stdout] 
[INFO] [stdout] ---- src/api.rs - api::CustomerDeploymentPatchCall (line 5177) stdout ----
[INFO] [stdout] error[E0308]: mismatched types
[INFO] [stdout]     --> src/api.rs:5201:27
[INFO] [stdout]      |
[INFO] [stdout] 25   |              .update_mask(&Default::default())
[INFO] [stdout]      |               ----------- ^^^^^^^^^^^^^^^^^^^ expected `FieldMask`, found `&_`
[INFO] [stdout]      |               |
[INFO] [stdout]      |               arguments to this method are incorrect
[INFO] [stdout]      |
[INFO] [stdout]      = note: expected struct `FieldMask`
[INFO] [stdout]              found reference `&_`
[INFO] [stdout] note: method defined here
[INFO] [stdout]     --> /opt/rustwide/workdir/src/api.rs:5392:12
[INFO] [stdout]      |
[INFO] [stdout] 5392 |     pub fn update_mask(mut self, new_value: client::FieldMask) -> CustomerDeploymentPatchCall<'a, S> {
[INFO] [stdout]      |            ^^^^^^^^^^^
[INFO] [stdout] help: consider removing the borrow
[INFO] [stdout]      |
[INFO] [stdout] 25   -              .update_mask(&Default::default())
[INFO] [stdout] 25   +              .update_mask(Default::default())
[INFO] [stdout]      |
[INFO] [stdout] 
[INFO] [stdout] error: aborting due to previous error
[INFO] [stdout] 
[INFO] [stdout] For more information about this error, try `rustc --explain E0308`.
[INFO] [stdout] Couldn't compile the test.
[INFO] [stdout] ---- src/api.rs - api::CustomerDevicePatchCall (line 7179) stdout ----
[INFO] [stdout] error[E0308]: mismatched types
[INFO] [stdout]     --> src/api.rs:7203:27
[INFO] [stdout]      |
[INFO] [stdout] 25   |              .update_mask(&Default::default())
[INFO] [stdout]      |               ----------- ^^^^^^^^^^^^^^^^^^^ expected `FieldMask`, found `&_`
[INFO] [stdout]      |               |
[INFO] [stdout]      |               arguments to this method are incorrect
[INFO] [stdout]      |
[INFO] [stdout]      = note: expected struct `FieldMask`
[INFO] [stdout]              found reference `&_`
[INFO] [stdout] note: method defined here
[INFO] [stdout]     --> /opt/rustwide/workdir/src/api.rs:7394:12
[INFO] [stdout]      |
[INFO] [stdout] 7394 |     pub fn update_mask(mut self, new_value: client::FieldMask) -> CustomerDevicePatchCall<'a, S> {
[INFO] [stdout]      |            ^^^^^^^^^^^
[INFO] [stdout] help: consider removing the borrow
[INFO] [stdout]      |
[INFO] [stdout] 25   -              .update_mask(&Default::default())
[INFO] [stdout] 25   +              .update_mask(Default::default())
[INFO] [stdout]      |
[INFO] [stdout] 
[INFO] [stdout] error: aborting due to previous error
[INFO] [stdout] 
[INFO] [stdout] For more information about this error, try `rustc --explain E0308`.
[INFO] [stdout] Couldn't compile the test.
[INFO] [stdout] ---- src/api.rs - api::CustomerPatchCall (line 12368) stdout ----
[INFO] [stdout] error[E0308]: mismatched types
[INFO] [stdout]      --> src/api.rs:12392:27
[INFO] [stdout]       |
[INFO] [stdout] 25    |              .update_mask(&Default::default())
[INFO] [stdout]       |               ----------- ^^^^^^^^^^^^^^^^^^^ expected `FieldMask`, found `&_`
[INFO] [stdout]       |               |
[INFO] [stdout]       |               arguments to this method are incorrect
[INFO] [stdout]       |
[INFO] [stdout]       = note: expected struct `FieldMask`
[INFO] [stdout]               found reference `&_`
[INFO] [stdout] note: method defined here
[INFO] [stdout]      --> /opt/rustwide/workdir/src/api.rs:12583:12
[INFO] [stdout]       |
[INFO] [stdout] 12583 |     pub fn update_mask(mut self, new_value: client::FieldMask) -> CustomerPatchCall<'a, S> {
[INFO] [stdout]       |            ^^^^^^^^^^^
[INFO] [stdout] help: consider removing the borrow
[INFO] [stdout]       |
[INFO] [stdout] 25    -              .update_mask(&Default::default())
[INFO] [stdout] 25    +              .update_mask(Default::default())
[INFO] [stdout]       |
[INFO] [stdout] 
[INFO] [stdout] error: aborting due to previous error
[INFO] [stdout] 
[INFO] [stdout] For more information about this error, try `rustc --explain E0308`.
[INFO] [stdout] Couldn't compile the test.
[INFO] [stdout] ---- src/api.rs - api::CustomerNodePatchCall (line 11535) stdout ----
[INFO] [stdout] error[E0308]: mismatched types
[INFO] [stdout]      --> src/api.rs:11559:27
[INFO] [stdout]       |
[INFO] [stdout] 25    |              .update_mask(&Default::default())
[INFO] [stdout]       |               ----------- ^^^^^^^^^^^^^^^^^^^ expected `FieldMask`, found `&_`
[INFO] [stdout]       |               |
[INFO] [stdout]       |               arguments to this method are incorrect
[INFO] [stdout]       |
[INFO] [stdout]       = note: expected struct `FieldMask`
[INFO] [stdout]               found reference `&_`
[INFO] [stdout] note: method defined here
[INFO] [stdout]      --> /opt/rustwide/workdir/src/api.rs:11750:12
[INFO] [stdout]       |
[INFO] [stdout] 11750 |     pub fn update_mask(mut self, new_value: client::FieldMask) -> CustomerNodePatchCall<'a, S> {
[INFO] [stdout]       |            ^^^^^^^^^^^
[INFO] [stdout] help: consider removing the borrow
[INFO] [stdout]       |
[INFO] [stdout] 25    -              .update_mask(&Default::default())
[INFO] [stdout] 25    +              .update_mask(Default::default())
[INFO] [stdout]       |
[INFO] [stdout] 
[INFO] [stdout] error: aborting due to previous error
[INFO] [stdout] 
[INFO] [stdout] For more information about this error, try `rustc --explain E0308`.
[INFO] [stdout] Couldn't compile the test.
[INFO] [stdout] ---- src/api.rs - api::DeploymentDevicePatchCall (line 13488) stdout ----
[INFO] [stdout] error[E0308]: mismatched types
[INFO] [stdout]      --> src/api.rs:13512:27
[INFO] [stdout]       |
[INFO] [stdout] 25    |              .update_mask(&Default::default())
[INFO] [stdout]       |               ----------- ^^^^^^^^^^^^^^^^^^^ expected `FieldMask`, found `&_`
[INFO] [stdout]       |               |
[INFO] [stdout]       |               arguments to this method are incorrect
[INFO] [stdout]       |
[INFO] [stdout]       = note: expected struct `FieldMask`
[INFO] [stdout]               found reference `&_`
[INFO] [stdout] note: method defined here
[INFO] [stdout]      --> /opt/rustwide/workdir/src/api.rs:13703:12
[INFO] [stdout]       |
[INFO] [stdout] 13703 |     pub fn update_mask(mut self, new_value: client::FieldMask) -> DeploymentDevicePatchCall<'a, S> {
[INFO] [stdout]       |            ^^^^^^^^^^^
[INFO] [stdout] help: consider removing the borrow
[INFO] [stdout]       |
[INFO] [stdout] 25    -              .update_mask(&Default::default())
[INFO] [stdout] 25    +              .update_mask(Default::default())
[INFO] [stdout]       |
[INFO] [stdout] 
[INFO] [stdout] error: aborting due to previous error
[INFO] [stdout] 
[INFO] [stdout] For more information about this error, try `rustc --explain E0308`.
[INFO] [stdout] Couldn't compile the test.
[INFO] [stdout] ---- src/api.rs - api::NodeDeploymentPatchCall (line 17180) stdout ----
[INFO] [stdout] error[E0308]: mismatched types
[INFO] [stdout]      --> src/api.rs:17204:27
[INFO] [stdout]       |
[INFO] [stdout] 25    |              .update_mask(&Default::default())
[INFO] [stdout]       |               ----------- ^^^^^^^^^^^^^^^^^^^ expected `FieldMask`, found `&_`
[INFO] [stdout]       |               |
[INFO] [stdout]       |               arguments to this method are incorrect
[INFO] [stdout]       |
[INFO] [stdout]       = note: expected struct `FieldMask`
[INFO] [stdout]               found reference `&_`
[INFO] [stdout] note: method defined here
[INFO] [stdout]      --> /opt/rustwide/workdir/src/api.rs:17395:12
[INFO] [stdout]       |
[INFO] [stdout] 17395 |     pub fn update_mask(mut self, new_value: client::FieldMask) -> NodeDeploymentPatchCall<'a, S> {
[INFO] [stdout]       |            ^^^^^^^^^^^
[INFO] [stdout] help: consider removing the borrow
[INFO] [stdout]       |
[INFO] [stdout] 25    -              .update_mask(&Default::default())
[INFO] [stdout] 25    +              .update_mask(Default::default())
[INFO] [stdout]       |
[INFO] [stdout] 
[INFO] [stdout] error: aborting due to previous error
[INFO] [stdout] 
[INFO] [stdout] For more information about this error, try `rustc --explain E0308`.
[INFO] [stdout] Couldn't compile the test.
[INFO] [stdout] ---- src/api.rs - api::NodeDevicePatchCall (line 19182) stdout ----
[INFO] [stdout] error[E0308]: mismatched types
[INFO] [stdout]      --> src/api.rs:19206:27
[INFO] [stdout]       |
[INFO] [stdout] 25    |              .update_mask(&Default::default())
[INFO] [stdout]       |               ----------- ^^^^^^^^^^^^^^^^^^^ expected `FieldMask`, found `&_`
[INFO] [stdout]       |               |
[INFO] [stdout]       |               arguments to this method are incorrect
[INFO] [stdout]       |
[INFO] [stdout]       = note: expected struct `FieldMask`
[INFO] [stdout]               found reference `&_`
[INFO] [stdout] note: method defined here
[INFO] [stdout]      --> /opt/rustwide/workdir/src/api.rs:19397:12
[INFO] [stdout]       |
[INFO] [stdout] 19397 |     pub fn update_mask(mut self, new_value: client::FieldMask) -> NodeDevicePatchCall<'a, S> {
[INFO] [stdout]       |            ^^^^^^^^^^^
[INFO] [stdout] help: consider removing the borrow
[INFO] [stdout]       |
[INFO] [stdout] 25    -              .update_mask(&Default::default())
[INFO] [stdout] 25    +              .update_mask(Default::default())
[INFO] [stdout]       |
[INFO] [stdout] 
[INFO] [stdout] error: aborting due to previous error
[INFO] [stdout] 
[INFO] [stdout] For more information about this error, try `rustc --explain E0308`.
[INFO] [stdout] Couldn't compile the test.
[INFO] [stdout] ---- src/api.rs - api::NodeNodePatchCall (line 23538) stdout ----
[INFO] [stdout] error[E0308]: mismatched types
[INFO] [stdout]      --> src/api.rs:23562:27
[INFO] [stdout]       |
[INFO] [stdout] 25    |              .update_mask(&Default::default())
[INFO] [stdout]       |               ----------- ^^^^^^^^^^^^^^^^^^^ expected `FieldMask`, found `&_`
[INFO] [stdout]       |               |
[INFO] [stdout]       |               arguments to this method are incorrect
[INFO] [stdout]       |
[INFO] [stdout]       = note: expected struct `FieldMask`
[INFO] [stdout]               found reference `&_`
[INFO] [stdout] note: method defined here
[INFO] [stdout]      --> /opt/rustwide/workdir/src/api.rs:23753:12
[INFO] [stdout]       |
[INFO] [stdout] 23753 |     pub fn update_mask(mut self, new_value: client::FieldMask) -> NodeNodePatchCall<'a, S> {
[INFO] [stdout]       |            ^^^^^^^^^^^
[INFO] [stdout] help: consider removing the borrow
[INFO] [stdout]       |
[INFO] [stdout] 25    -              .update_mask(&Default::default())
[INFO] [stdout] 25    +              .update_mask(Default::default())
[INFO] [stdout]       |
[INFO] [stdout] 
[INFO] [stdout] error: aborting due to previous error
[INFO] [stdout] 
[INFO] [stdout] For more information about this error, try `rustc --explain E0308`.
[INFO] [stdout] Couldn't compile the test.
[INFO] [stdout] ---- src/lib.rs - (line 101) stdout ----
[INFO] [stdout] error[E0308]: mismatched types
[INFO] [stdout]     --> src/lib.rs:133:27
[INFO] [stdout]      |
[INFO] [stdout] 33   |              .update_mask(&Default::default())
[INFO] [stdout]      |               ----------- ^^^^^^^^^^^^^^^^^^^ expected `FieldMask`, found `&_`
[INFO] [stdout]      |               |
[INFO] [stdout]      |               arguments to this method are incorrect
[INFO] [stdout]      |
[INFO] [stdout]      = note: expected struct `FieldMask`
[INFO] [stdout]              found reference `&_`
[INFO] [stdout] note: method defined here
[INFO] [stdout]     --> /opt/rustwide/workdir/src/api.rs:7394:12
[INFO] [stdout]      |
[INFO] [stdout] 7394 |     pub fn update_mask(mut self, new_value: client::FieldMask) -> CustomerDevicePatchCall<'a, S> {
[INFO] [stdout]      |            ^^^^^^^^^^^
[INFO] [stdout] help: consider removing the borrow
[INFO] [stdout]      |
[INFO] [stdout] 33   -              .update_mask(&Default::default())
[INFO] [stdout] 33   +              .update_mask(Default::default())
[INFO] [stdout]      |
[INFO] [stdout] 
[INFO] [stdout] error: aborting due to previous error
[INFO] [stdout] 
[INFO] [stdout] For more information about this error, try `rustc --explain E0308`.
[INFO] [stdout] Couldn't compile the test.
[INFO] [stdout] ---- src/api.rs - api::Sasportal (line 58) stdout ----
[INFO] [stdout] error[E0308]: mismatched types
[INFO] [stdout]     --> src/api.rs:90:27
[INFO] [stdout]      |
[INFO] [stdout] 33   |              .update_mask(&Default::default())
[INFO] [stdout]      |               ----------- ^^^^^^^^^^^^^^^^^^^ expected `FieldMask`, found `&_`
[INFO] [stdout]      |               |
[INFO] [stdout]      |               arguments to this method are incorrect
[INFO] [stdout]      |
[INFO] [stdout]      = note: expected struct `FieldMask`
[INFO] [stdout]              found reference `&_`
[INFO] [stdout] note: method defined here
[INFO] [stdout]     --> /opt/rustwide/workdir/src/api.rs:7394:12
[INFO] [stdout]      |
[INFO] [stdout] 7394 |     pub fn update_mask(mut self, new_value: client::FieldMask) -> CustomerDevicePatchCall<'a, S> {
[INFO] [stdout]      |            ^^^^^^^^^^^
[INFO] [stdout] help: consider removing the borrow
[INFO] [stdout]      |
[INFO] [stdout] 33   -              .update_mask(&Default::default())
[INFO] [stdout] 33   +              .update_mask(Default::default())
[INFO] [stdout]      |
[INFO] [stdout] 
[INFO] [stdout] error: aborting due to previous error
[INFO] [stdout] 
[INFO] [stdout] For more information about this error, try `rustc --explain E0308`.
[INFO] [stdout] Couldn't compile the test.
[INFO] [stdout] 
[INFO] [stdout] failures:
[INFO] [stdout]     src/api.rs - api::CustomerDeploymentPatchCall (line 5177)
[INFO] [stdout]     src/api.rs - api::CustomerDevicePatchCall (line 7179)
[INFO] [stdout]     src/api.rs - api::CustomerNodePatchCall (line 11535)
[INFO] [stdout]     src/api.rs - api::CustomerPatchCall (line 12368)
[INFO] [stdout]     src/api.rs - api::DeploymentDevicePatchCall (line 13488)
[INFO] [stdout]     src/api.rs - api::NodeDeploymentPatchCall (line 17180)
[INFO] [stdout]     src/api.rs - api::NodeDevicePatchCall (line 19182)
[INFO] [stdout]     src/api.rs - api::NodeNodePatchCall (line 23538)
[INFO] [stdout]     src/api.rs - api::Sasportal (line 58)
[INFO] [stdout]     src/lib.rs - (line 101)
[INFO] [stdout] 
[INFO] [stdout] test result: FAILED. 74 passed; 10 failed; 1 ignored; 0 measured; 0 filtered out; finished in 4.97s
[INFO] [stdout] 
[INFO] running `Command { std: "docker" "inspect" "439818efbdd923c195893607db54d2d552b5acf9a8db443deec209a4e486b8b8", kill_on_drop: false }`
[INFO] running `Command { std: "docker" "rm" "-f" "439818efbdd923c195893607db54d2d552b5acf9a8db443deec209a4e486b8b8", kill_on_drop: false }`
[INFO] [stdout] 439818efbdd923c195893607db54d2d552b5acf9a8db443deec209a4e486b8b8
