[INFO] fetching crate google-retail2 5.0.3+20230117...
[INFO] testing google-retail2-5.0.3+20230117 against 1.75.0 for beta-1.76-1
[INFO] extracting crate google-retail2 5.0.3+20230117 into /workspace/builds/worker-2-tc1/source
[INFO] validating manifest of crates.io crate google-retail2 5.0.3+20230117 on toolchain 1.75.0
[INFO] running `Command { std: CARGO_HOME="/workspace/cargo-home" RUSTUP_HOME="/workspace/rustup-home" "/workspace/cargo-home/bin/cargo" "+1.75.0" "metadata" "--manifest-path" "Cargo.toml" "--no-deps", kill_on_drop: false }`
[INFO] started tweaking crates.io crate google-retail2 5.0.3+20230117
[INFO] finished tweaking crates.io crate google-retail2 5.0.3+20230117
[INFO] tweaked toml for crates.io crate google-retail2 5.0.3+20230117 written to /workspace/builds/worker-2-tc1/source/Cargo.toml
[INFO] running `Command { std: CARGO_HOME="/workspace/cargo-home" RUSTUP_HOME="/workspace/rustup-home" "/workspace/cargo-home/bin/cargo" "+1.75.0" "generate-lockfile" "--manifest-path" "Cargo.toml", kill_on_drop: false }`
[INFO] [stderr]     Updating crates.io index
[INFO] running `Command { std: CARGO_HOME="/workspace/cargo-home" RUSTUP_HOME="/workspace/rustup-home" "/workspace/cargo-home/bin/cargo" "+1.75.0" "fetch" "--manifest-path" "Cargo.toml", kill_on_drop: false }`
[INFO] running `Command { std: "docker" "create" "-v" "/var/lib/crater-agent-workspace/builds/worker-2-tc1/target:/opt/rustwide/target:rw,Z" "-v" "/var/lib/crater-agent-workspace/builds/worker-2-tc1/source:/opt/rustwide/workdir:ro,Z" "-v" "/var/lib/crater-agent-workspace/cargo-home:/opt/rustwide/cargo-home:ro,Z" "-v" "/var/lib/crater-agent-workspace/rustup-home:/opt/rustwide/rustup-home:ro,Z" "-e" "SOURCE_DIR=/opt/rustwide/workdir" "-e" "CARGO_TARGET_DIR=/opt/rustwide/target" "-e" "CARGO_HOME=/opt/rustwide/cargo-home" "-e" "RUSTUP_HOME=/opt/rustwide/rustup-home" "-w" "/opt/rustwide/workdir" "-m" "1610612736" "--user" "0:0" "--network" "none" "ghcr.io/rust-lang/crates-build-env/linux@sha256:2788e3201cd34a07e3172128adcd8b3090168a8e3bcc40d7c032b9dda1df7d1c" "/opt/rustwide/cargo-home/bin/cargo" "+1.75.0" "metadata" "--no-deps" "--format-version=1", kill_on_drop: false }`
[INFO] [stdout] 78d3e4a7386f24d26e4d22f7cfbad12d6128bef2449fe0bac7983b5ec11bd41a
[INFO] running `Command { std: "docker" "start" "-a" "78d3e4a7386f24d26e4d22f7cfbad12d6128bef2449fe0bac7983b5ec11bd41a", kill_on_drop: false }`
[INFO] running `Command { std: "docker" "inspect" "78d3e4a7386f24d26e4d22f7cfbad12d6128bef2449fe0bac7983b5ec11bd41a", kill_on_drop: false }`
[INFO] running `Command { std: "docker" "rm" "-f" "78d3e4a7386f24d26e4d22f7cfbad12d6128bef2449fe0bac7983b5ec11bd41a", kill_on_drop: false }`
[INFO] [stdout] 78d3e4a7386f24d26e4d22f7cfbad12d6128bef2449fe0bac7983b5ec11bd41a
[INFO] running `Command { std: "docker" "create" "-v" "/var/lib/crater-agent-workspace/builds/worker-2-tc1/target:/opt/rustwide/target:rw,Z" "-v" "/var/lib/crater-agent-workspace/builds/worker-2-tc1/source:/opt/rustwide/workdir:ro,Z" "-v" "/var/lib/crater-agent-workspace/cargo-home:/opt/rustwide/cargo-home:ro,Z" "-v" "/var/lib/crater-agent-workspace/rustup-home:/opt/rustwide/rustup-home:ro,Z" "-e" "SOURCE_DIR=/opt/rustwide/workdir" "-e" "CARGO_TARGET_DIR=/opt/rustwide/target" "-e" "CARGO_INCREMENTAL=0" "-e" "RUST_BACKTRACE=full" "-e" "RUSTFLAGS=--cap-lints=warn" "-e" "RUSTDOCFLAGS=--cap-lints=warn" "-e" "CARGO_HOME=/opt/rustwide/cargo-home" "-e" "RUSTUP_HOME=/opt/rustwide/rustup-home" "-w" "/opt/rustwide/workdir" "-m" "1610612736" "--user" "0:0" "--network" "none" "ghcr.io/rust-lang/crates-build-env/linux@sha256:2788e3201cd34a07e3172128adcd8b3090168a8e3bcc40d7c032b9dda1df7d1c" "/opt/rustwide/cargo-home/bin/cargo" "+1.75.0" "build" "--frozen" "--message-format=json", kill_on_drop: false }`
[INFO] [stdout] a57b49e7d9b4266a2ecfb4854bacee9959cada1fe2acdda98dca81677ac5fbb0
[INFO] running `Command { std: "docker" "start" "-a" "a57b49e7d9b4266a2ecfb4854bacee9959cada1fe2acdda98dca81677ac5fbb0", kill_on_drop: false }`
[INFO] [stderr]    Compiling google-retail2 v5.0.3+20230117 (/opt/rustwide/workdir)
[INFO] [stderr]     Finished dev [unoptimized + debuginfo] target(s) in 6.07s
[INFO] running `Command { std: "docker" "inspect" "a57b49e7d9b4266a2ecfb4854bacee9959cada1fe2acdda98dca81677ac5fbb0", kill_on_drop: false }`
[INFO] running `Command { std: "docker" "rm" "-f" "a57b49e7d9b4266a2ecfb4854bacee9959cada1fe2acdda98dca81677ac5fbb0", kill_on_drop: false }`
[INFO] [stdout] a57b49e7d9b4266a2ecfb4854bacee9959cada1fe2acdda98dca81677ac5fbb0
[INFO] running `Command { std: "docker" "create" "-v" "/var/lib/crater-agent-workspace/builds/worker-2-tc1/target:/opt/rustwide/target:rw,Z" "-v" "/var/lib/crater-agent-workspace/builds/worker-2-tc1/source:/opt/rustwide/workdir:ro,Z" "-v" "/var/lib/crater-agent-workspace/cargo-home:/opt/rustwide/cargo-home:ro,Z" "-v" "/var/lib/crater-agent-workspace/rustup-home:/opt/rustwide/rustup-home:ro,Z" "-e" "SOURCE_DIR=/opt/rustwide/workdir" "-e" "CARGO_TARGET_DIR=/opt/rustwide/target" "-e" "CARGO_INCREMENTAL=0" "-e" "RUST_BACKTRACE=full" "-e" "RUSTFLAGS=--cap-lints=warn" "-e" "RUSTDOCFLAGS=--cap-lints=warn" "-e" "CARGO_HOME=/opt/rustwide/cargo-home" "-e" "RUSTUP_HOME=/opt/rustwide/rustup-home" "-w" "/opt/rustwide/workdir" "-m" "1610612736" "--user" "0:0" "--network" "none" "ghcr.io/rust-lang/crates-build-env/linux@sha256:2788e3201cd34a07e3172128adcd8b3090168a8e3bcc40d7c032b9dda1df7d1c" "/opt/rustwide/cargo-home/bin/cargo" "+1.75.0" "test" "--frozen" "--no-run" "--message-format=json", kill_on_drop: false }`
[INFO] [stdout] 69a1aa6d078226a58ee596ecbdb315da6f15dd44cdfcdea55f59919c64eb82c9
[INFO] running `Command { std: "docker" "start" "-a" "69a1aa6d078226a58ee596ecbdb315da6f15dd44cdfcdea55f59919c64eb82c9", kill_on_drop: false }`
[INFO] [stderr]    Compiling google-retail2 v5.0.3+20230117 (/opt/rustwide/workdir)
[INFO] [stderr]     Finished test [unoptimized + debuginfo] target(s) in 6.18s
[INFO] running `Command { std: "docker" "inspect" "69a1aa6d078226a58ee596ecbdb315da6f15dd44cdfcdea55f59919c64eb82c9", kill_on_drop: false }`
[INFO] running `Command { std: "docker" "rm" "-f" "69a1aa6d078226a58ee596ecbdb315da6f15dd44cdfcdea55f59919c64eb82c9", kill_on_drop: false }`
[INFO] [stdout] 69a1aa6d078226a58ee596ecbdb315da6f15dd44cdfcdea55f59919c64eb82c9
[INFO] running `Command { std: "docker" "create" "-v" "/var/lib/crater-agent-workspace/builds/worker-2-tc1/target:/opt/rustwide/target:rw,Z" "-v" "/var/lib/crater-agent-workspace/builds/worker-2-tc1/source:/opt/rustwide/workdir:ro,Z" "-v" "/var/lib/crater-agent-workspace/cargo-home:/opt/rustwide/cargo-home:ro,Z" "-v" "/var/lib/crater-agent-workspace/rustup-home:/opt/rustwide/rustup-home:ro,Z" "-e" "SOURCE_DIR=/opt/rustwide/workdir" "-e" "CARGO_TARGET_DIR=/opt/rustwide/target" "-e" "CARGO_INCREMENTAL=0" "-e" "RUST_BACKTRACE=full" "-e" "RUSTFLAGS=--cap-lints=warn" "-e" "RUSTDOCFLAGS=--cap-lints=warn" "-e" "CARGO_HOME=/opt/rustwide/cargo-home" "-e" "RUSTUP_HOME=/opt/rustwide/rustup-home" "-w" "/opt/rustwide/workdir" "-m" "1610612736" "--user" "0:0" "--network" "none" "ghcr.io/rust-lang/crates-build-env/linux@sha256:2788e3201cd34a07e3172128adcd8b3090168a8e3bcc40d7c032b9dda1df7d1c" "/opt/rustwide/cargo-home/bin/cargo" "+1.75.0" "test" "--frozen", kill_on_drop: false }`
[INFO] [stdout] 727ea22c6542891271b6b00c29365ed0d3e050e4e0f463ecb56092b79ad99376
[INFO] running `Command { std: "docker" "start" "-a" "727ea22c6542891271b6b00c29365ed0d3e050e4e0f463ecb56092b79ad99376", kill_on_drop: false }`
[INFO] [stderr]     Finished test [unoptimized + debuginfo] target(s) in 0.11s
[INFO] [stderr]      Running unittests src/lib.rs (/opt/rustwide/target/debug/deps/google_retail2-16ee94e568958009)
[INFO] [stdout] 
[INFO] [stdout] running 0 tests
[INFO] [stdout] 
[INFO] [stdout] test result: ok. 0 passed; 0 failed; 0 ignored; 0 measured; 0 filtered out; finished in 0.00s
[INFO] [stdout] 
[INFO] [stderr]    Doc-tests google-retail2
[INFO] [stdout] 
[INFO] [stdout] running 56 tests
[INFO] [stdout] test src/api.rs - api::ProjectLocationCatalogAttributesConfigReplaceCatalogAttributeCall (line 4390) - compile ... ok
[INFO] [stdout] test src/api.rs - api::ProjectLocationCatalogAttributesConfigRemoveCatalogAttributeCall (line 4098) - compile ... ok
[INFO] [stdout] test src/api.rs - api::ProjectLocationCatalogBranchOperationGetCall (line 4682) - compile ... ok
[INFO] [stdout] test src/api.rs - api::ProjectLocationCatalogBranchProductDeleteCall (line 5832) - compile ... ok
[INFO] [stdout] test src/api.rs - api::ProjectLocationCatalogBranchProductSetInventoryCall (line 7858) - compile ... ok
[INFO] [stdout] test src/api.rs - api::ProjectLocationCatalogBranchProductRemoveLocalInventoryCall (line 7566) - compile ... ok
[INFO] [stdout] test src/api.rs - api::ProjectLocationCatalogBranchProductImportCall (line 6356) - compile ... ok
[INFO] [stdout] test src/api.rs - api::ProjectLocationCatalogBranchProductAddLocalInventoryCall (line 5236) - compile ... ok
[INFO] [stdout] test src/api.rs - api::ProjectLocationCatalogBranchProductRemoveFulfillmentPlaceCall (line 7274) - compile ... ok
[INFO] [stdout] test src/api.rs - api::CloudRetail (line 58) - compile ... ok
[INFO] [stdout] test src/api.rs - api::ProjectLocationCatalogCompleteQueryCall (line 15104) - compile ... ok
[INFO] [stdout] test src/api.rs - api::ProjectLocationCatalogControlGetCall (line 9008) - compile ... ok
[INFO] [stdout] test src/api.rs - api::ProjectLocationCatalogBranchProductGetCall (line 6094) - compile ... ok
[INFO] [stdout] test src/api.rs - api::ProjectLocationCatalogBranchProductAddFulfillmentPlaceCall (line 4944) - compile ... ok
[INFO] [stdout] test src/api.rs - api::ProjectLocationCatalogControlCreateCall (line 8442) - compile ... ok
[INFO] [stdout] test src/api.rs - api::ProjectLocationCatalogAttributesConfigAddCatalogAttributeCall (line 3806) - compile ... ok
[INFO] [stdout] test src/api.rs - api::ProjectLocationCatalogBranchProductCreateCall (line 5528) - compile ... ok
[INFO] [stdout] test src/api.rs - api::ProjectLocationCatalogGetCompletionConfigCall (line 15703) - compile ... ok
[INFO] [stdout] test src/api.rs - api::ProjectLocationCatalogGetAttributesConfigCall (line 15441) - compile ... ok
[INFO] [stdout] test src/api.rs - api::ProjectLocationCatalogBranchProductPatchCall (line 6958) - compile ... FAILED
[INFO] [stdout] test src/api.rs - api::ProjectLocationCatalogCompletionDataImportCall (line 8150) - compile ... ok
[INFO] [stdout] test src/api.rs - api::ProjectLocationCatalogBranchProductListCall (line 6648) - compile ... FAILED
[INFO] [stdout] test src/api.rs - api::ProjectLocationCatalogControlDeleteCall (line 8746) - compile ... ok
[INFO] [stdout] test src/api.rs - api::ProjectLocationCatalogPlacementPredictCall (line 10432) - compile ... ok
[INFO] [stdout] test src/api.rs - api::ProjectLocationCatalogPlacementSearchCall (line 10724) - compile ... ok
[INFO] [stdout] test src/api.rs - api::ProjectLocationCatalogListCall (line 16227) - compile ... ok
[INFO] [stdout] test src/api.rs - api::ProjectLocationCatalogOperationListCall (line 10134) - compile ... ok
[INFO] [stdout] test src/api.rs - api::ProjectLocationCatalogOperationGetCall (line 9872) - compile ... ok
[INFO] [stdout] test src/api.rs - api::ProjectLocationCatalogControlListCall (line 9270) - compile ... ok
[INFO] [stdout] test src/api.rs - api::ProjectLocationCatalogGetDefaultBranchCall (line 15965) - compile ... ok
[INFO] [stdout] test src/api.rs - api::ProjectLocationCatalogPatchCall (line 16513) - compile ... FAILED
[INFO] [stdout] test src/api.rs - api::ProjectLocationCatalogControlPatchCall (line 9568) - compile ... FAILED
[INFO] [stdout] test src/api.rs - api::ProjectLocationCatalogServingConfigAddControlCall (line 11016) - compile ... ok
[INFO] [stdout] test src/api.rs - api::ProjectLocationCatalogServingConfigGetCall (line 11874) - compile ... ok
[INFO] [stdout] test src/api.rs - api::ProjectLocationCatalogServingConfigListCall (line 12136) - compile ... ok
[INFO] [stdout] test src/api.rs - api::ProjectLocationCatalogServingConfigPredictCall (line 12726) - compile ... ok
[INFO] [stdout] test src/api.rs - api::ProjectLocationCatalogServingConfigCreateCall (line 11308) - compile ... ok
[INFO] [stdout] test src/api.rs - api::ProjectLocationCatalogServingConfigDeleteCall (line 11612) - compile ... ok
[INFO] [stdout] test src/api.rs - api::ProjectLocationCatalogServingConfigPatchCall (line 12422) - compile ... FAILED
[INFO] [stdout] test src/lib.rs - (line 49) ... ignored
[INFO] [stdout] test src/api.rs - api::ProjectLocationCatalogUserEventCollectCall (line 13602) - compile ... ok
[INFO] [stdout] test src/api.rs - api::ProjectLocationCatalogUpdateAttributesConfigCall (line 17109) - compile ... FAILED
[INFO] [stdout] test src/api.rs - api::ProjectLocationCatalogSetDefaultBranchCall (line 16817) - compile ... ok
[INFO] [stdout] test src/api.rs - api::ProjectLocationCatalogUserEventImportCall (line 13924) - compile ... ok
[INFO] [stdout] test src/api.rs - api::ProjectLocationCatalogUserEventPurgeCall (line 14216) - compile ... ok
[INFO] [stdout] test src/api.rs - api::ProjectLocationCatalogUserEventWriteCall (line 14800) - compile ... ok
[INFO] [stdout] test src/api.rs - api::ProjectLocationCatalogUpdateCompletionConfigCall (line 17413) - compile ... FAILED
[INFO] [stdout] test src/api.rs - api::ProjectLocationCatalogUserEventRejoinCall (line 14508) - compile ... ok
[INFO] [stdout] test src/api.rs - api::ProjectOperationListCall (line 18539) - compile ... ok
[INFO] [stdout] test src/api.rs - api::ProjectLocationCatalogServingConfigSearchCall (line 13310) - compile ... ok
[INFO] [stdout] test src/api.rs - api::ProjectLocationCatalogServingConfigRemoveControlCall (line 13018) - compile ... ok
[INFO] [stdout] test src/api.rs - api::ProjectOperationGetCall (line 18277) - compile ... ok
[INFO] [stdout] test src/api.rs - api::ProjectLocationOperationGetCall (line 17717) - compile ... ok
[INFO] [stdout] test src/api.rs - api::ProjectMethods (line 2771) - compile ... ok
[INFO] [stdout] test src/api.rs - api::ProjectLocationOperationListCall (line 17979) - compile ... ok
[INFO] [stdout] test src/lib.rs - (line 86) - compile ... ok
[INFO] [stdout] 
[INFO] [stdout] failures:
[INFO] [stdout] 
[INFO] [stdout] ---- src/api.rs - api::ProjectLocationCatalogBranchProductPatchCall (line 6958) stdout ----
[INFO] [stdout] error[E0308]: mismatched types
[INFO] [stdout]     --> src/api.rs:6982:27
[INFO] [stdout]      |
[INFO] [stdout] 25   |              .update_mask(&Default::default())
[INFO] [stdout]      |               ----------- ^^^^^^^^^^^^^^^^^^^ expected `FieldMask`, found `&_`
[INFO] [stdout]      |               |
[INFO] [stdout]      |               arguments to this method are incorrect
[INFO] [stdout]      |
[INFO] [stdout]      = note: expected struct `FieldMask`
[INFO] [stdout]              found reference `&_`
[INFO] [stdout] note: method defined here
[INFO] [stdout]     --> /opt/rustwide/workdir/src/api.rs:7178:12
[INFO] [stdout]      |
[INFO] [stdout] 7178 |     pub fn update_mask(mut self, new_value: client::FieldMask) -> ProjectLocationCatalogBranchProductPatchCall<'a, S> {
[INFO] [stdout]      |            ^^^^^^^^^^^
[INFO] [stdout] help: consider removing the borrow
[INFO] [stdout]      |
[INFO] [stdout] 25   -              .update_mask(&Default::default())
[INFO] [stdout] 25   +              .update_mask(Default::default())
[INFO] [stdout]      |
[INFO] [stdout] 
[INFO] [stdout] error: aborting due to previous error
[INFO] [stdout] 
[INFO] [stdout] For more information about this error, try `rustc --explain E0308`.
[INFO] [stdout] Couldn't compile the test.
[INFO] [stdout] ---- src/api.rs - api::ProjectLocationCatalogBranchProductListCall (line 6648) stdout ----
[INFO] [stdout] error[E0308]: mismatched types
[INFO] [stdout]     --> src/api.rs:6666:25
[INFO] [stdout]      |
[INFO] [stdout] 19   |              .read_mask(&Default::default())
[INFO] [stdout]      |               --------- ^^^^^^^^^^^^^^^^^^^ expected `FieldMask`, found `&_`
[INFO] [stdout]      |               |
[INFO] [stdout]      |               arguments to this method are incorrect
[INFO] [stdout]      |
[INFO] [stdout]      = note: expected struct `FieldMask`
[INFO] [stdout]              found reference `&_`
[INFO] [stdout] note: method defined here
[INFO] [stdout]     --> /opt/rustwide/workdir/src/api.rs:6848:12
[INFO] [stdout]      |
[INFO] [stdout] 6848 |     pub fn read_mask(mut self, new_value: client::FieldMask) -> ProjectLocationCatalogBranchProductListCall<'a, S> {
[INFO] [stdout]      |            ^^^^^^^^^
[INFO] [stdout] help: consider removing the borrow
[INFO] [stdout]      |
[INFO] [stdout] 19   -              .read_mask(&Default::default())
[INFO] [stdout] 19   +              .read_mask(Default::default())
[INFO] [stdout]      |
[INFO] [stdout] 
[INFO] [stdout] error: aborting due to previous error
[INFO] [stdout] 
[INFO] [stdout] For more information about this error, try `rustc --explain E0308`.
[INFO] [stdout] Couldn't compile the test.
[INFO] [stdout] ---- src/api.rs - api::ProjectLocationCatalogPatchCall (line 16513) stdout ----
[INFO] [stdout] error[E0308]: mismatched types
[INFO] [stdout]      --> src/api.rs:16537:27
[INFO] [stdout]       |
[INFO] [stdout] 25    |              .update_mask(&Default::default())
[INFO] [stdout]       |               ----------- ^^^^^^^^^^^^^^^^^^^ expected `FieldMask`, found `&_`
[INFO] [stdout]       |               |
[INFO] [stdout]       |               arguments to this method are incorrect
[INFO] [stdout]       |
[INFO] [stdout]       = note: expected struct `FieldMask`
[INFO] [stdout]               found reference `&_`
[INFO] [stdout] note: method defined here
[INFO] [stdout]      --> /opt/rustwide/workdir/src/api.rs:16728:12
[INFO] [stdout]       |
[INFO] [stdout] 16728 |     pub fn update_mask(mut self, new_value: client::FieldMask) -> ProjectLocationCatalogPatchCall<'a, S> {
[INFO] [stdout]       |            ^^^^^^^^^^^
[INFO] [stdout] help: consider removing the borrow
[INFO] [stdout]       |
[INFO] [stdout] 25    -              .update_mask(&Default::default())
[INFO] [stdout] 25    +              .update_mask(Default::default())
[INFO] [stdout]       |
[INFO] [stdout] 
[INFO] [stdout] error: aborting due to previous error
[INFO] [stdout] 
[INFO] [stdout] For more information about this error, try `rustc --explain E0308`.
[INFO] [stdout] Couldn't compile the test.
[INFO] [stdout] ---- src/api.rs - api::ProjectLocationCatalogControlPatchCall (line 9568) stdout ----
[INFO] [stdout] error[E0308]: mismatched types
[INFO] [stdout]     --> src/api.rs:9592:27
[INFO] [stdout]      |
[INFO] [stdout] 25   |              .update_mask(&Default::default())
[INFO] [stdout]      |               ----------- ^^^^^^^^^^^^^^^^^^^ expected `FieldMask`, found `&_`
[INFO] [stdout]      |               |
[INFO] [stdout]      |               arguments to this method are incorrect
[INFO] [stdout]      |
[INFO] [stdout]      = note: expected struct `FieldMask`
[INFO] [stdout]              found reference `&_`
[INFO] [stdout] note: method defined here
[INFO] [stdout]     --> /opt/rustwide/workdir/src/api.rs:9783:12
[INFO] [stdout]      |
[INFO] [stdout] 9783 |     pub fn update_mask(mut self, new_value: client::FieldMask) -> ProjectLocationCatalogControlPatchCall<'a, S> {
[INFO] [stdout]      |            ^^^^^^^^^^^
[INFO] [stdout] help: consider removing the borrow
[INFO] [stdout]      |
[INFO] [stdout] 25   -              .update_mask(&Default::default())
[INFO] [stdout] 25   +              .update_mask(Default::default())
[INFO] [stdout]      |
[INFO] [stdout] 
[INFO] [stdout] error: aborting due to previous error
[INFO] [stdout] 
[INFO] [stdout] For more information about this error, try `rustc --explain E0308`.
[INFO] [stdout] Couldn't compile the test.
[INFO] [stdout] ---- src/api.rs - api::ProjectLocationCatalogServingConfigPatchCall (line 12422) stdout ----
[INFO] [stdout] error[E0308]: mismatched types
[INFO] [stdout]      --> src/api.rs:12446:27
[INFO] [stdout]       |
[INFO] [stdout] 25    |              .update_mask(&Default::default())
[INFO] [stdout]       |               ----------- ^^^^^^^^^^^^^^^^^^^ expected `FieldMask`, found `&_`
[INFO] [stdout]       |               |
[INFO] [stdout]       |               arguments to this method are incorrect
[INFO] [stdout]       |
[INFO] [stdout]       = note: expected struct `FieldMask`
[INFO] [stdout]               found reference `&_`
[INFO] [stdout] note: method defined here
[INFO] [stdout]      --> /opt/rustwide/workdir/src/api.rs:12637:12
[INFO] [stdout]       |
[INFO] [stdout] 12637 |     pub fn update_mask(mut self, new_value: client::FieldMask) -> ProjectLocationCatalogServingConfigPatchCall<'a, S> {
[INFO] [stdout]       |            ^^^^^^^^^^^
[INFO] [stdout] help: consider removing the borrow
[INFO] [stdout]       |
[INFO] [stdout] 25    -              .update_mask(&Default::default())
[INFO] [stdout] 25    +              .update_mask(Default::default())
[INFO] [stdout]       |
[INFO] [stdout] 
[INFO] [stdout] error: aborting due to previous error
[INFO] [stdout] 
[INFO] [stdout] For more information about this error, try `rustc --explain E0308`.
[INFO] [stdout] Couldn't compile the test.
[INFO] [stdout] ---- src/api.rs - api::ProjectLocationCatalogUpdateAttributesConfigCall (line 17109) stdout ----
[INFO] [stdout] error[E0308]: mismatched types
[INFO] [stdout]      --> src/api.rs:17133:27
[INFO] [stdout]       |
[INFO] [stdout] 25    |              .update_mask(&Default::default())
[INFO] [stdout]       |               ----------- ^^^^^^^^^^^^^^^^^^^ expected `FieldMask`, found `&_`
[INFO] [stdout]       |               |
[INFO] [stdout]       |               arguments to this method are incorrect
[INFO] [stdout]       |
[INFO] [stdout]       = note: expected struct `FieldMask`
[INFO] [stdout]               found reference `&_`
[INFO] [stdout] note: method defined here
[INFO] [stdout]      --> /opt/rustwide/workdir/src/api.rs:17324:12
[INFO] [stdout]       |
[INFO] [stdout] 17324 |     pub fn update_mask(mut self, new_value: client::FieldMask) -> ProjectLocationCatalogUpdateAttributesConfigCall<'a, S> {
[INFO] [stdout]       |            ^^^^^^^^^^^
[INFO] [stdout] help: consider removing the borrow
[INFO] [stdout]       |
[INFO] [stdout] 25    -              .update_mask(&Default::default())
[INFO] [stdout] 25    +              .update_mask(Default::default())
[INFO] [stdout]       |
[INFO] [stdout] 
[INFO] [stdout] error: aborting due to previous error
[INFO] [stdout] 
[INFO] [stdout] For more information about this error, try `rustc --explain E0308`.
[INFO] [stdout] Couldn't compile the test.
[INFO] [stdout] ---- src/api.rs - api::ProjectLocationCatalogUpdateCompletionConfigCall (line 17413) stdout ----
[INFO] [stdout] error[E0308]: mismatched types
[INFO] [stdout]      --> src/api.rs:17437:27
[INFO] [stdout]       |
[INFO] [stdout] 25    |              .update_mask(&Default::default())
[INFO] [stdout]       |               ----------- ^^^^^^^^^^^^^^^^^^^ expected `FieldMask`, found `&_`
[INFO] [stdout]       |               |
[INFO] [stdout]       |               arguments to this method are incorrect
[INFO] [stdout]       |
[INFO] [stdout]       = note: expected struct `FieldMask`
[INFO] [stdout]               found reference `&_`
[INFO] [stdout] note: method defined here
[INFO] [stdout]      --> /opt/rustwide/workdir/src/api.rs:17628:12
[INFO] [stdout]       |
[INFO] [stdout] 17628 |     pub fn update_mask(mut self, new_value: client::FieldMask) -> ProjectLocationCatalogUpdateCompletionConfigCall<'a, S> {
[INFO] [stdout]       |            ^^^^^^^^^^^
[INFO] [stdout] help: consider removing the borrow
[INFO] [stdout]       |
[INFO] [stdout] 25    -              .update_mask(&Default::default())
[INFO] [stdout] 25    +              .update_mask(Default::default())
[INFO] [stdout]       |
[INFO] [stdout] 
[INFO] [stdout] error: aborting due to previous error
[INFO] [stdout] 
[INFO] [stdout] For more information about this error, try `rustc --explain E0308`.
[INFO] [stdout] Couldn't compile the test.
[INFO] [stdout] 
[INFO] [stdout] failures:
[INFO] [stdout]     src/api.rs - api::ProjectLocationCatalogBranchProductListCall (line 6648)
[INFO] [stdout]     src/api.rs - api::ProjectLocationCatalogBranchProductPatchCall (line 6958)
[INFO] [stdout]     src/api.rs - api::ProjectLocationCatalogControlPatchCall (line 9568)
[INFO] [stdout]     src/api.rs - api::ProjectLocationCatalogPatchCall (line 16513)
[INFO] [stdout]     src/api.rs - api::ProjectLocationCatalogServingConfigPatchCall (line 12422)
[INFO] [stdout]     src/api.rs - api::ProjectLocationCatalogUpdateAttributesConfigCall (line 17109)
[INFO] [stdout]     src/api.rs - api::ProjectLocationCatalogUpdateCompletionConfigCall (line 17413)
[INFO] [stdout] 
[INFO] [stdout] test result: FAILED. 48 passed; 7 failed; 1 ignored; 0 measured; 0 filtered out; finished in 1.05s
[INFO] [stdout] 
[INFO] [stderr] error: doctest failed, to rerun pass `--doc`
[INFO] running `Command { std: "docker" "inspect" "727ea22c6542891271b6b00c29365ed0d3e050e4e0f463ecb56092b79ad99376", kill_on_drop: false }`
[INFO] running `Command { std: "docker" "rm" "-f" "727ea22c6542891271b6b00c29365ed0d3e050e4e0f463ecb56092b79ad99376", kill_on_drop: false }`
[INFO] [stdout] 727ea22c6542891271b6b00c29365ed0d3e050e4e0f463ecb56092b79ad99376
