[INFO] fetching crate google-recommender1 5.0.3+20230108...
[INFO] testing google-recommender1-5.0.3+20230108 against 1.75.0 for beta-1.76-1
[INFO] extracting crate google-recommender1 5.0.3+20230108 into /workspace/builds/worker-2-tc1/source
[INFO] validating manifest of crates.io crate google-recommender1 5.0.3+20230108 on toolchain 1.75.0
[INFO] running `Command { std: CARGO_HOME="/workspace/cargo-home" RUSTUP_HOME="/workspace/rustup-home" "/workspace/cargo-home/bin/cargo" "+1.75.0" "metadata" "--manifest-path" "Cargo.toml" "--no-deps", kill_on_drop: false }`
[INFO] started tweaking crates.io crate google-recommender1 5.0.3+20230108
[INFO] finished tweaking crates.io crate google-recommender1 5.0.3+20230108
[INFO] tweaked toml for crates.io crate google-recommender1 5.0.3+20230108 written to /workspace/builds/worker-2-tc1/source/Cargo.toml
[INFO] running `Command { std: CARGO_HOME="/workspace/cargo-home" RUSTUP_HOME="/workspace/rustup-home" "/workspace/cargo-home/bin/cargo" "+1.75.0" "generate-lockfile" "--manifest-path" "Cargo.toml", kill_on_drop: false }`
[INFO] [stderr]     Updating crates.io index
[INFO] running `Command { std: CARGO_HOME="/workspace/cargo-home" RUSTUP_HOME="/workspace/rustup-home" "/workspace/cargo-home/bin/cargo" "+1.75.0" "fetch" "--manifest-path" "Cargo.toml", kill_on_drop: false }`
[INFO] running `Command { std: "docker" "create" "-v" "/var/lib/crater-agent-workspace/builds/worker-2-tc1/target:/opt/rustwide/target:rw,Z" "-v" "/var/lib/crater-agent-workspace/builds/worker-2-tc1/source:/opt/rustwide/workdir:ro,Z" "-v" "/var/lib/crater-agent-workspace/cargo-home:/opt/rustwide/cargo-home:ro,Z" "-v" "/var/lib/crater-agent-workspace/rustup-home:/opt/rustwide/rustup-home:ro,Z" "-e" "SOURCE_DIR=/opt/rustwide/workdir" "-e" "CARGO_TARGET_DIR=/opt/rustwide/target" "-e" "CARGO_HOME=/opt/rustwide/cargo-home" "-e" "RUSTUP_HOME=/opt/rustwide/rustup-home" "-w" "/opt/rustwide/workdir" "-m" "1610612736" "--user" "0:0" "--network" "none" "ghcr.io/rust-lang/crates-build-env/linux@sha256:2788e3201cd34a07e3172128adcd8b3090168a8e3bcc40d7c032b9dda1df7d1c" "/opt/rustwide/cargo-home/bin/cargo" "+1.75.0" "metadata" "--no-deps" "--format-version=1", kill_on_drop: false }`
[INFO] [stdout] 2b0274b7284ac56a341e401343c32d12b308836a3c5b0d260312634de1c97986
[INFO] running `Command { std: "docker" "start" "-a" "2b0274b7284ac56a341e401343c32d12b308836a3c5b0d260312634de1c97986", kill_on_drop: false }`
[INFO] running `Command { std: "docker" "inspect" "2b0274b7284ac56a341e401343c32d12b308836a3c5b0d260312634de1c97986", kill_on_drop: false }`
[INFO] running `Command { std: "docker" "rm" "-f" "2b0274b7284ac56a341e401343c32d12b308836a3c5b0d260312634de1c97986", kill_on_drop: false }`
[INFO] [stdout] 2b0274b7284ac56a341e401343c32d12b308836a3c5b0d260312634de1c97986
[INFO] running `Command { std: "docker" "create" "-v" "/var/lib/crater-agent-workspace/builds/worker-2-tc1/target:/opt/rustwide/target:rw,Z" "-v" "/var/lib/crater-agent-workspace/builds/worker-2-tc1/source:/opt/rustwide/workdir:ro,Z" "-v" "/var/lib/crater-agent-workspace/cargo-home:/opt/rustwide/cargo-home:ro,Z" "-v" "/var/lib/crater-agent-workspace/rustup-home:/opt/rustwide/rustup-home:ro,Z" "-e" "SOURCE_DIR=/opt/rustwide/workdir" "-e" "CARGO_TARGET_DIR=/opt/rustwide/target" "-e" "CARGO_INCREMENTAL=0" "-e" "RUST_BACKTRACE=full" "-e" "RUSTFLAGS=--cap-lints=warn" "-e" "RUSTDOCFLAGS=--cap-lints=warn" "-e" "CARGO_HOME=/opt/rustwide/cargo-home" "-e" "RUSTUP_HOME=/opt/rustwide/rustup-home" "-w" "/opt/rustwide/workdir" "-m" "1610612736" "--user" "0:0" "--network" "none" "ghcr.io/rust-lang/crates-build-env/linux@sha256:2788e3201cd34a07e3172128adcd8b3090168a8e3bcc40d7c032b9dda1df7d1c" "/opt/rustwide/cargo-home/bin/cargo" "+1.75.0" "build" "--frozen" "--message-format=json", kill_on_drop: false }`
[INFO] [stdout] 4613bf3361e75104a167e9d1155f090c4e61d8eacfabe650c3a3544f259ecfec
[INFO] running `Command { std: "docker" "start" "-a" "4613bf3361e75104a167e9d1155f090c4e61d8eacfabe650c3a3544f259ecfec", kill_on_drop: false }`
[INFO] [stderr]    Compiling google-recommender1 v5.0.3+20230108 (/opt/rustwide/workdir)
[INFO] [stderr]     Finished dev [unoptimized + debuginfo] target(s) in 2.78s
[INFO] running `Command { std: "docker" "inspect" "4613bf3361e75104a167e9d1155f090c4e61d8eacfabe650c3a3544f259ecfec", kill_on_drop: false }`
[INFO] running `Command { std: "docker" "rm" "-f" "4613bf3361e75104a167e9d1155f090c4e61d8eacfabe650c3a3544f259ecfec", kill_on_drop: false }`
[INFO] [stdout] 4613bf3361e75104a167e9d1155f090c4e61d8eacfabe650c3a3544f259ecfec
[INFO] running `Command { std: "docker" "create" "-v" "/var/lib/crater-agent-workspace/builds/worker-2-tc1/target:/opt/rustwide/target:rw,Z" "-v" "/var/lib/crater-agent-workspace/builds/worker-2-tc1/source:/opt/rustwide/workdir:ro,Z" "-v" "/var/lib/crater-agent-workspace/cargo-home:/opt/rustwide/cargo-home:ro,Z" "-v" "/var/lib/crater-agent-workspace/rustup-home:/opt/rustwide/rustup-home:ro,Z" "-e" "SOURCE_DIR=/opt/rustwide/workdir" "-e" "CARGO_TARGET_DIR=/opt/rustwide/target" "-e" "CARGO_INCREMENTAL=0" "-e" "RUST_BACKTRACE=full" "-e" "RUSTFLAGS=--cap-lints=warn" "-e" "RUSTDOCFLAGS=--cap-lints=warn" "-e" "CARGO_HOME=/opt/rustwide/cargo-home" "-e" "RUSTUP_HOME=/opt/rustwide/rustup-home" "-w" "/opt/rustwide/workdir" "-m" "1610612736" "--user" "0:0" "--network" "none" "ghcr.io/rust-lang/crates-build-env/linux@sha256:2788e3201cd34a07e3172128adcd8b3090168a8e3bcc40d7c032b9dda1df7d1c" "/opt/rustwide/cargo-home/bin/cargo" "+1.75.0" "test" "--frozen" "--no-run" "--message-format=json", kill_on_drop: false }`
[INFO] [stdout] 2958b74f15faa239a3f3ed7ce53e6f17af3c912f4aeec4e460b99353d7a2d118
[INFO] running `Command { std: "docker" "start" "-a" "2958b74f15faa239a3f3ed7ce53e6f17af3c912f4aeec4e460b99353d7a2d118", kill_on_drop: false }`
[INFO] [stderr]    Compiling google-recommender1 v5.0.3+20230108 (/opt/rustwide/workdir)
[INFO] [stderr]     Finished test [unoptimized + debuginfo] target(s) in 3.07s
[INFO] running `Command { std: "docker" "inspect" "2958b74f15faa239a3f3ed7ce53e6f17af3c912f4aeec4e460b99353d7a2d118", kill_on_drop: false }`
[INFO] running `Command { std: "docker" "rm" "-f" "2958b74f15faa239a3f3ed7ce53e6f17af3c912f4aeec4e460b99353d7a2d118", kill_on_drop: false }`
[INFO] [stdout] 2958b74f15faa239a3f3ed7ce53e6f17af3c912f4aeec4e460b99353d7a2d118
[INFO] running `Command { std: "docker" "create" "-v" "/var/lib/crater-agent-workspace/builds/worker-2-tc1/target:/opt/rustwide/target:rw,Z" "-v" "/var/lib/crater-agent-workspace/builds/worker-2-tc1/source:/opt/rustwide/workdir:ro,Z" "-v" "/var/lib/crater-agent-workspace/cargo-home:/opt/rustwide/cargo-home:ro,Z" "-v" "/var/lib/crater-agent-workspace/rustup-home:/opt/rustwide/rustup-home:ro,Z" "-e" "SOURCE_DIR=/opt/rustwide/workdir" "-e" "CARGO_TARGET_DIR=/opt/rustwide/target" "-e" "CARGO_INCREMENTAL=0" "-e" "RUST_BACKTRACE=full" "-e" "RUSTFLAGS=--cap-lints=warn" "-e" "RUSTDOCFLAGS=--cap-lints=warn" "-e" "CARGO_HOME=/opt/rustwide/cargo-home" "-e" "RUSTUP_HOME=/opt/rustwide/rustup-home" "-w" "/opt/rustwide/workdir" "-m" "1610612736" "--user" "0:0" "--network" "none" "ghcr.io/rust-lang/crates-build-env/linux@sha256:2788e3201cd34a07e3172128adcd8b3090168a8e3bcc40d7c032b9dda1df7d1c" "/opt/rustwide/cargo-home/bin/cargo" "+1.75.0" "test" "--frozen", kill_on_drop: false }`
[INFO] [stdout] 8434e8cdf297657ac901b3766a4d40dd5caf1550fc4efcccbe9ccc6317b7da97
[INFO] running `Command { std: "docker" "start" "-a" "8434e8cdf297657ac901b3766a4d40dd5caf1550fc4efcccbe9ccc6317b7da97", kill_on_drop: false }`
[INFO] [stderr]     Finished test [unoptimized + debuginfo] target(s) in 0.12s
[INFO] [stderr]      Running unittests src/lib.rs (/opt/rustwide/target/debug/deps/google_recommender1-575a5484542aab75)
[INFO] [stdout] 
[INFO] [stdout] running 0 tests
[INFO] [stdout] 
[INFO] [stdout] test result: ok. 0 passed; 0 failed; 0 ignored; 0 measured; 0 filtered out; finished in 0.00s
[INFO] [stdout] 
[INFO] [stderr]    Doc-tests google-recommender1
[INFO] [stdout] 
[INFO] [stdout] running 55 tests
[INFO] [stdout] test src/api.rs - api::BillingAccountLocationRecommenderGetConfigCall (line 5160) - compile ... ok
[INFO] [stdout] test src/api.rs - api::BillingAccountLocationRecommenderRecommendationGetCall (line 3432) - compile ... ok
[INFO] [stdout] test src/api.rs - api::BillingAccountLocationRecommenderRecommendationListCall (line 3694) - compile ... ok
[INFO] [stdout] test src/api.rs - api::BillingAccountLocationInsightTypeGetConfigCall (line 2854) - compile ... ok
[INFO] [stdout] test src/api.rs - api::BillingAccountLocationInsightTypeInsightGetCall (line 2002) - compile ... ok
[INFO] [stdout] test src/api.rs - api::BillingAccountLocationInsightTypeInsightMarkAcceptedCall (line 2562) - compile ... ok
[INFO] [stdout] test src/api.rs - api::BillingAccountLocationInsightTypeUpdateConfigCall (line 3116) - compile ... FAILED
[INFO] [stdout] test src/api.rs - api::BillingAccountLocationInsightTypeInsightListCall (line 2264) - compile ... ok
[INFO] [stdout] test src/api.rs - api::BillingAccountLocationRecommenderRecommendationMarkClaimedCall (line 3992) - compile ... ok
[INFO] [stdout] test src/api.rs - api::BillingAccountMethods (line 926) - compile ... ok
[INFO] [stdout] test src/api.rs - api::BillingAccountLocationRecommenderUpdateConfigCall (line 5422) - compile ... FAILED
[INFO] [stdout] test src/api.rs - api::FolderLocationInsightTypeInsightGetCall (line 5738) - compile ... ok
[INFO] [stdout] test src/api.rs - api::BillingAccountLocationRecommenderRecommendationMarkDismissedCall (line 4284) - compile ... ok
[INFO] [stdout] test src/api.rs - api::BillingAccountLocationRecommenderRecommendationMarkSucceededCall (line 4868) - compile ... ok
[INFO] [stdout] test src/api.rs - api::FolderLocationInsightTypeInsightListCall (line 6000) - compile ... ok
[INFO] [stdout] test src/api.rs - api::FolderLocationInsightTypeInsightMarkAcceptedCall (line 6298) - compile ... ok
[INFO] [stdout] test src/api.rs - api::BillingAccountLocationRecommenderRecommendationMarkFailedCall (line 4576) - compile ... ok
[INFO] [stdout] test src/api.rs - api::FolderLocationRecommenderRecommendationListCall (line 6852) - compile ... ok
[INFO] [stdout] test src/api.rs - api::FolderLocationRecommenderRecommendationGetCall (line 6590) - compile ... ok
[INFO] [stdout] test src/api.rs - api::FolderLocationRecommenderRecommendationMarkClaimedCall (line 7150) - compile ... ok
[INFO] [stdout] test src/api.rs - api::FolderLocationRecommenderRecommendationMarkFailedCall (line 7734) - compile ... ok
[INFO] [stdout] test src/api.rs - api::FolderLocationRecommenderRecommendationMarkDismissedCall (line 7442) - compile ... ok
[INFO] [stdout] test src/api.rs - api::OrganizationLocationInsightTypeGetConfigCall (line 9170) - compile ... ok
[INFO] [stdout] test src/api.rs - api::FolderLocationRecommenderRecommendationMarkSucceededCall (line 8026) - compile ... ok
[INFO] [stdout] test src/api.rs - api::FolderMethods (line 1212) - compile ... ok
[INFO] [stdout] test src/api.rs - api::OrganizationLocationInsightTypeInsightListCall (line 8580) - compile ... ok
[INFO] [stdout] test src/api.rs - api::OrganizationLocationRecommenderGetConfigCall (line 11476) - compile ... ok
[INFO] [stdout] test src/api.rs - api::OrganizationLocationInsightTypeInsightMarkAcceptedCall (line 8878) - compile ... ok
[INFO] [stdout] test src/api.rs - api::OrganizationLocationInsightTypeUpdateConfigCall (line 9432) - compile ... FAILED
[INFO] [stdout] test src/api.rs - api::OrganizationLocationInsightTypeInsightGetCall (line 8318) - compile ... ok
[INFO] [stdout] test src/api.rs - api::OrganizationLocationRecommenderRecommendationGetCall (line 9748) - compile ... ok
[INFO] [stdout] test src/api.rs - api::OrganizationLocationRecommenderRecommendationMarkClaimedCall (line 10308) - compile ... ok
[INFO] [stdout] test src/api.rs - api::OrganizationMethods (line 1422) - compile ... ok
[INFO] [stdout] test src/api.rs - api::OrganizationLocationRecommenderUpdateConfigCall (line 11738) - compile ... FAILED
[INFO] [stdout] test src/api.rs - api::OrganizationLocationRecommenderRecommendationListCall (line 10010) - compile ... ok
[INFO] [stdout] test src/api.rs - api::OrganizationLocationRecommenderRecommendationMarkSucceededCall (line 11184) - compile ... ok
[INFO] [stdout] test src/api.rs - api::OrganizationLocationRecommenderRecommendationMarkFailedCall (line 10892) - compile ... ok
[INFO] [stdout] test src/api.rs - api::OrganizationLocationRecommenderRecommendationMarkDismissedCall (line 10600) - compile ... ok
[INFO] [stdout] test src/api.rs - api::ProjectLocationInsightTypeInsightMarkAcceptedCall (line 12614) - compile ... ok
[INFO] [stdout] test src/api.rs - api::ProjectLocationRecommenderGetConfigCall (line 15212) - compile ... ok
[INFO] [stdout] test src/api.rs - api::ProjectLocationInsightTypeUpdateConfigCall (line 13168) - compile ... FAILED
[INFO] [stdout] test src/api.rs - api::ProjectLocationRecommenderRecommendationGetCall (line 13484) - compile ... ok
[INFO] [stdout] test src/api.rs - api::ProjectLocationRecommenderRecommendationMarkDismissedCall (line 14336) - compile ... ok
[INFO] [stdout] test src/api.rs - api::ProjectLocationRecommenderRecommendationListCall (line 13746) - compile ... ok
[INFO] [stdout] test src/api.rs - api::ProjectLocationRecommenderRecommendationMarkClaimedCall (line 14044) - compile ... ok
[INFO] [stdout] test src/api.rs - api::ProjectLocationInsightTypeGetConfigCall (line 12906) - compile ... ok
[INFO] [stdout] test src/lib.rs - (line 55) ... ignored
[INFO] [stdout] test src/api.rs - api::ProjectLocationInsightTypeInsightGetCall (line 12054) - compile ... ok
[INFO] [stdout] test src/api.rs - api::ProjectLocationInsightTypeInsightListCall (line 12316) - compile ... ok
[INFO] [stdout] test src/api.rs - api::ProjectLocationRecommenderRecommendationMarkFailedCall (line 14628) - compile ... ok
[INFO] [stdout] test src/api.rs - api::ProjectLocationRecommenderRecommendationMarkSucceededCall (line 14920) - compile ... ok
[INFO] [stdout] test src/api.rs - api::Recommender (line 58) - compile ... ok
[INFO] [stdout] test src/api.rs - api::ProjectMethods (line 1708) - compile ... ok
[INFO] [stdout] test src/lib.rs - (line 98) - compile ... ok
[INFO] [stderr] error: doctest failed, to rerun pass `--doc`
[INFO] [stdout] test src/api.rs - api::ProjectLocationRecommenderUpdateConfigCall (line 15474) - compile ... FAILED
[INFO] [stdout] 
[INFO] [stdout] failures:
[INFO] [stdout] 
[INFO] [stdout] ---- src/api.rs - api::BillingAccountLocationInsightTypeUpdateConfigCall (line 3116) stdout ----
[INFO] [stdout] error[E0308]: mismatched types
[INFO] [stdout]     --> src/api.rs:3141:27
[INFO] [stdout]      |
[INFO] [stdout] 26   |              .update_mask(&Default::default())
[INFO] [stdout]      |               ----------- ^^^^^^^^^^^^^^^^^^^ expected `FieldMask`, found `&_`
[INFO] [stdout]      |               |
[INFO] [stdout]      |               arguments to this method are incorrect
[INFO] [stdout]      |
[INFO] [stdout]      = note: expected struct `FieldMask`
[INFO] [stdout]              found reference `&_`
[INFO] [stdout] note: method defined here
[INFO] [stdout]     --> /opt/rustwide/workdir/src/api.rs:3343:12
[INFO] [stdout]      |
[INFO] [stdout] 3343 |     pub fn update_mask(mut self, new_value: client::FieldMask) -> BillingAccountLocationInsightTypeUpdateConfigCall<'a, S> {
[INFO] [stdout]      |            ^^^^^^^^^^^
[INFO] [stdout] help: consider removing the borrow
[INFO] [stdout]      |
[INFO] [stdout] 26   -              .update_mask(&Default::default())
[INFO] [stdout] 26   +              .update_mask(Default::default())
[INFO] [stdout]      |
[INFO] [stdout] 
[INFO] [stdout] error: aborting due to previous error
[INFO] [stdout] 
[INFO] [stdout] For more information about this error, try `rustc --explain E0308`.
[INFO] [stdout] Couldn't compile the test.
[INFO] [stdout] ---- src/api.rs - api::BillingAccountLocationRecommenderUpdateConfigCall (line 5422) stdout ----
[INFO] [stdout] error[E0308]: mismatched types
[INFO] [stdout]     --> src/api.rs:5447:27
[INFO] [stdout]      |
[INFO] [stdout] 26   |              .update_mask(&Default::default())
[INFO] [stdout]      |               ----------- ^^^^^^^^^^^^^^^^^^^ expected `FieldMask`, found `&_`
[INFO] [stdout]      |               |
[INFO] [stdout]      |               arguments to this method are incorrect
[INFO] [stdout]      |
[INFO] [stdout]      = note: expected struct `FieldMask`
[INFO] [stdout]              found reference `&_`
[INFO] [stdout] note: method defined here
[INFO] [stdout]     --> /opt/rustwide/workdir/src/api.rs:5649:12
[INFO] [stdout]      |
[INFO] [stdout] 5649 |     pub fn update_mask(mut self, new_value: client::FieldMask) -> BillingAccountLocationRecommenderUpdateConfigCall<'a, S> {
[INFO] [stdout]      |            ^^^^^^^^^^^
[INFO] [stdout] help: consider removing the borrow
[INFO] [stdout]      |
[INFO] [stdout] 26   -              .update_mask(&Default::default())
[INFO] [stdout] 26   +              .update_mask(Default::default())
[INFO] [stdout]      |
[INFO] [stdout] 
[INFO] [stdout] error: aborting due to previous error
[INFO] [stdout] 
[INFO] [stdout] For more information about this error, try `rustc --explain E0308`.
[INFO] [stdout] Couldn't compile the test.
[INFO] [stdout] ---- src/api.rs - api::OrganizationLocationInsightTypeUpdateConfigCall (line 9432) stdout ----
[INFO] [stdout] error[E0308]: mismatched types
[INFO] [stdout]     --> src/api.rs:9457:27
[INFO] [stdout]      |
[INFO] [stdout] 26   |              .update_mask(&Default::default())
[INFO] [stdout]      |               ----------- ^^^^^^^^^^^^^^^^^^^ expected `FieldMask`, found `&_`
[INFO] [stdout]      |               |
[INFO] [stdout]      |               arguments to this method are incorrect
[INFO] [stdout]      |
[INFO] [stdout]      = note: expected struct `FieldMask`
[INFO] [stdout]              found reference `&_`
[INFO] [stdout] note: method defined here
[INFO] [stdout]     --> /opt/rustwide/workdir/src/api.rs:9659:12
[INFO] [stdout]      |
[INFO] [stdout] 9659 |     pub fn update_mask(mut self, new_value: client::FieldMask) -> OrganizationLocationInsightTypeUpdateConfigCall<'a, S> {
[INFO] [stdout]      |            ^^^^^^^^^^^
[INFO] [stdout] help: consider removing the borrow
[INFO] [stdout]      |
[INFO] [stdout] 26   -              .update_mask(&Default::default())
[INFO] [stdout] 26   +              .update_mask(Default::default())
[INFO] [stdout]      |
[INFO] [stdout] 
[INFO] [stdout] error: aborting due to previous error
[INFO] [stdout] 
[INFO] [stdout] For more information about this error, try `rustc --explain E0308`.
[INFO] [stdout] Couldn't compile the test.
[INFO] [stdout] ---- src/api.rs - api::OrganizationLocationRecommenderUpdateConfigCall (line 11738) stdout ----
[INFO] [stdout] error[E0308]: mismatched types
[INFO] [stdout]      --> src/api.rs:11763:27
[INFO] [stdout]       |
[INFO] [stdout] 26    |              .update_mask(&Default::default())
[INFO] [stdout]       |               ----------- ^^^^^^^^^^^^^^^^^^^ expected `FieldMask`, found `&_`
[INFO] [stdout]       |               |
[INFO] [stdout]       |               arguments to this method are incorrect
[INFO] [stdout]       |
[INFO] [stdout]       = note: expected struct `FieldMask`
[INFO] [stdout]               found reference `&_`
[INFO] [stdout] note: method defined here
[INFO] [stdout]      --> /opt/rustwide/workdir/src/api.rs:11965:12
[INFO] [stdout]       |
[INFO] [stdout] 11965 |     pub fn update_mask(mut self, new_value: client::FieldMask) -> OrganizationLocationRecommenderUpdateConfigCall<'a, S> {
[INFO] [stdout]       |            ^^^^^^^^^^^
[INFO] [stdout] help: consider removing the borrow
[INFO] [stdout]       |
[INFO] [stdout] 26    -              .update_mask(&Default::default())
[INFO] [stdout] 26    +              .update_mask(Default::default())
[INFO] [stdout]       |
[INFO] [stdout] 
[INFO] [stdout] error: aborting due to previous error
[INFO] [stdout] 
[INFO] [stdout] For more information about this error, try `rustc --explain E0308`.
[INFO] [stdout] Couldn't compile the test.
[INFO] [stdout] ---- src/api.rs - api::ProjectLocationInsightTypeUpdateConfigCall (line 13168) stdout ----
[INFO] [stdout] error[E0308]: mismatched types
[INFO] [stdout]      --> src/api.rs:13193:27
[INFO] [stdout]       |
[INFO] [stdout] 26    |              .update_mask(&Default::default())
[INFO] [stdout]       |               ----------- ^^^^^^^^^^^^^^^^^^^ expected `FieldMask`, found `&_`
[INFO] [stdout]       |               |
[INFO] [stdout]       |               arguments to this method are incorrect
[INFO] [stdout]       |
[INFO] [stdout]       = note: expected struct `FieldMask`
[INFO] [stdout]               found reference `&_`
[INFO] [stdout] note: method defined here
[INFO] [stdout]      --> /opt/rustwide/workdir/src/api.rs:13395:12
[INFO] [stdout]       |
[INFO] [stdout] 13395 |     pub fn update_mask(mut self, new_value: client::FieldMask) -> ProjectLocationInsightTypeUpdateConfigCall<'a, S> {
[INFO] [stdout]       |            ^^^^^^^^^^^
[INFO] [stdout] help: consider removing the borrow
[INFO] [stdout]       |
[INFO] [stdout] 26    -              .update_mask(&Default::default())
[INFO] [stdout] 26    +              .update_mask(Default::default())
[INFO] [stdout]       |
[INFO] [stdout] 
[INFO] [stdout] error: aborting due to previous error
[INFO] [stdout] 
[INFO] [stdout] For more information about this error, try `rustc --explain E0308`.
[INFO] [stdout] Couldn't compile the test.
[INFO] [stdout] ---- src/api.rs - api::ProjectLocationRecommenderUpdateConfigCall (line 15474) stdout ----
[INFO] [stdout] error[E0308]: mismatched types
[INFO] [stdout]      --> src/api.rs:15499:27
[INFO] [stdout]       |
[INFO] [stdout] 26    |              .update_mask(&Default::default())
[INFO] [stdout]       |               ----------- ^^^^^^^^^^^^^^^^^^^ expected `FieldMask`, found `&_`
[INFO] [stdout]       |               |
[INFO] [stdout]       |               arguments to this method are incorrect
[INFO] [stdout]       |
[INFO] [stdout]       = note: expected struct `FieldMask`
[INFO] [stdout]               found reference `&_`
[INFO] [stdout] note: method defined here
[INFO] [stdout]      --> /opt/rustwide/workdir/src/api.rs:15701:12
[INFO] [stdout]       |
[INFO] [stdout] 15701 |     pub fn update_mask(mut self, new_value: client::FieldMask) -> ProjectLocationRecommenderUpdateConfigCall<'a, S> {
[INFO] [stdout]       |            ^^^^^^^^^^^
[INFO] [stdout] help: consider removing the borrow
[INFO] [stdout]       |
[INFO] [stdout] 26    -              .update_mask(&Default::default())
[INFO] [stdout] 26    +              .update_mask(Default::default())
[INFO] [stdout]       |
[INFO] [stdout] 
[INFO] [stdout] error: aborting due to previous error
[INFO] [stdout] 
[INFO] [stdout] For more information about this error, try `rustc --explain E0308`.
[INFO] [stdout] Couldn't compile the test.
[INFO] [stdout] 
[INFO] [stdout] failures:
[INFO] [stdout]     src/api.rs - api::BillingAccountLocationInsightTypeUpdateConfigCall (line 3116)
[INFO] [stdout]     src/api.rs - api::BillingAccountLocationRecommenderUpdateConfigCall (line 5422)
[INFO] [stdout]     src/api.rs - api::OrganizationLocationInsightTypeUpdateConfigCall (line 9432)
[INFO] [stdout]     src/api.rs - api::OrganizationLocationRecommenderUpdateConfigCall (line 11738)
[INFO] [stdout]     src/api.rs - api::ProjectLocationInsightTypeUpdateConfigCall (line 13168)
[INFO] [stdout]     src/api.rs - api::ProjectLocationRecommenderUpdateConfigCall (line 15474)
[INFO] [stdout] 
[INFO] [stdout] test result: FAILED. 48 passed; 6 failed; 1 ignored; 0 measured; 0 filtered out; finished in 2.73s
[INFO] [stdout] 
[INFO] running `Command { std: "docker" "inspect" "8434e8cdf297657ac901b3766a4d40dd5caf1550fc4efcccbe9ccc6317b7da97", kill_on_drop: false }`
[INFO] running `Command { std: "docker" "rm" "-f" "8434e8cdf297657ac901b3766a4d40dd5caf1550fc4efcccbe9ccc6317b7da97", kill_on_drop: false }`
[INFO] [stdout] 8434e8cdf297657ac901b3766a4d40dd5caf1550fc4efcccbe9ccc6317b7da97
