[INFO] fetching crate google-recaptchaenterprise1 5.0.3+20230115...
[INFO] testing google-recaptchaenterprise1-5.0.3+20230115 against 1.75.0 for beta-1.76-1
[INFO] extracting crate google-recaptchaenterprise1 5.0.3+20230115 into /workspace/builds/worker-6-tc1/source
[INFO] validating manifest of crates.io crate google-recaptchaenterprise1 5.0.3+20230115 on toolchain 1.75.0
[INFO] running `Command { std: CARGO_HOME="/workspace/cargo-home" RUSTUP_HOME="/workspace/rustup-home" "/workspace/cargo-home/bin/cargo" "+1.75.0" "metadata" "--manifest-path" "Cargo.toml" "--no-deps", kill_on_drop: false }`
[INFO] started tweaking crates.io crate google-recaptchaenterprise1 5.0.3+20230115
[INFO] finished tweaking crates.io crate google-recaptchaenterprise1 5.0.3+20230115
[INFO] tweaked toml for crates.io crate google-recaptchaenterprise1 5.0.3+20230115 written to /workspace/builds/worker-6-tc1/source/Cargo.toml
[INFO] running `Command { std: CARGO_HOME="/workspace/cargo-home" RUSTUP_HOME="/workspace/rustup-home" "/workspace/cargo-home/bin/cargo" "+1.75.0" "generate-lockfile" "--manifest-path" "Cargo.toml", kill_on_drop: false }`
[INFO] [stderr]     Updating crates.io index
[INFO] running `Command { std: CARGO_HOME="/workspace/cargo-home" RUSTUP_HOME="/workspace/rustup-home" "/workspace/cargo-home/bin/cargo" "+1.75.0" "fetch" "--manifest-path" "Cargo.toml", kill_on_drop: false }`
[INFO] running `Command { std: "docker" "create" "-v" "/var/lib/crater-agent-workspace/builds/worker-6-tc1/target:/opt/rustwide/target:rw,Z" "-v" "/var/lib/crater-agent-workspace/builds/worker-6-tc1/source:/opt/rustwide/workdir:ro,Z" "-v" "/var/lib/crater-agent-workspace/cargo-home:/opt/rustwide/cargo-home:ro,Z" "-v" "/var/lib/crater-agent-workspace/rustup-home:/opt/rustwide/rustup-home:ro,Z" "-e" "SOURCE_DIR=/opt/rustwide/workdir" "-e" "CARGO_TARGET_DIR=/opt/rustwide/target" "-e" "CARGO_HOME=/opt/rustwide/cargo-home" "-e" "RUSTUP_HOME=/opt/rustwide/rustup-home" "-w" "/opt/rustwide/workdir" "-m" "1610612736" "--user" "0:0" "--network" "none" "ghcr.io/rust-lang/crates-build-env/linux@sha256:2788e3201cd34a07e3172128adcd8b3090168a8e3bcc40d7c032b9dda1df7d1c" "/opt/rustwide/cargo-home/bin/cargo" "+1.75.0" "metadata" "--no-deps" "--format-version=1", kill_on_drop: false }`
[INFO] [stdout] 1b144ba51ce9557bbd3689969d8ae13c25cb5a14601f4f721a98ba5c18c54db6
[INFO] running `Command { std: "docker" "start" "-a" "1b144ba51ce9557bbd3689969d8ae13c25cb5a14601f4f721a98ba5c18c54db6", kill_on_drop: false }`
[INFO] running `Command { std: "docker" "inspect" "1b144ba51ce9557bbd3689969d8ae13c25cb5a14601f4f721a98ba5c18c54db6", kill_on_drop: false }`
[INFO] running `Command { std: "docker" "rm" "-f" "1b144ba51ce9557bbd3689969d8ae13c25cb5a14601f4f721a98ba5c18c54db6", kill_on_drop: false }`
[INFO] [stdout] 1b144ba51ce9557bbd3689969d8ae13c25cb5a14601f4f721a98ba5c18c54db6
[INFO] running `Command { std: "docker" "create" "-v" "/var/lib/crater-agent-workspace/builds/worker-6-tc1/target:/opt/rustwide/target:rw,Z" "-v" "/var/lib/crater-agent-workspace/builds/worker-6-tc1/source:/opt/rustwide/workdir:ro,Z" "-v" "/var/lib/crater-agent-workspace/cargo-home:/opt/rustwide/cargo-home:ro,Z" "-v" "/var/lib/crater-agent-workspace/rustup-home:/opt/rustwide/rustup-home:ro,Z" "-e" "SOURCE_DIR=/opt/rustwide/workdir" "-e" "CARGO_TARGET_DIR=/opt/rustwide/target" "-e" "CARGO_INCREMENTAL=0" "-e" "RUST_BACKTRACE=full" "-e" "RUSTFLAGS=--cap-lints=warn" "-e" "RUSTDOCFLAGS=--cap-lints=warn" "-e" "CARGO_HOME=/opt/rustwide/cargo-home" "-e" "RUSTUP_HOME=/opt/rustwide/rustup-home" "-w" "/opt/rustwide/workdir" "-m" "1610612736" "--user" "0:0" "--network" "none" "ghcr.io/rust-lang/crates-build-env/linux@sha256:2788e3201cd34a07e3172128adcd8b3090168a8e3bcc40d7c032b9dda1df7d1c" "/opt/rustwide/cargo-home/bin/cargo" "+1.75.0" "build" "--frozen" "--message-format=json", kill_on_drop: false }`
[INFO] [stdout] ca5a53e007858ede9808c3e27af537b3f2d4be83cbb4409862730dd4b8ab36fe
[INFO] running `Command { std: "docker" "start" "-a" "ca5a53e007858ede9808c3e27af537b3f2d4be83cbb4409862730dd4b8ab36fe", kill_on_drop: false }`
[INFO] [stderr]    Compiling google-recaptchaenterprise1 v5.0.3+20230115 (/opt/rustwide/workdir)
[INFO] [stderr]     Finished dev [unoptimized + debuginfo] target(s) in 1.87s
[INFO] running `Command { std: "docker" "inspect" "ca5a53e007858ede9808c3e27af537b3f2d4be83cbb4409862730dd4b8ab36fe", kill_on_drop: false }`
[INFO] running `Command { std: "docker" "rm" "-f" "ca5a53e007858ede9808c3e27af537b3f2d4be83cbb4409862730dd4b8ab36fe", kill_on_drop: false }`
[INFO] [stdout] ca5a53e007858ede9808c3e27af537b3f2d4be83cbb4409862730dd4b8ab36fe
[INFO] running `Command { std: "docker" "create" "-v" "/var/lib/crater-agent-workspace/builds/worker-6-tc1/target:/opt/rustwide/target:rw,Z" "-v" "/var/lib/crater-agent-workspace/builds/worker-6-tc1/source:/opt/rustwide/workdir:ro,Z" "-v" "/var/lib/crater-agent-workspace/cargo-home:/opt/rustwide/cargo-home:ro,Z" "-v" "/var/lib/crater-agent-workspace/rustup-home:/opt/rustwide/rustup-home:ro,Z" "-e" "SOURCE_DIR=/opt/rustwide/workdir" "-e" "CARGO_TARGET_DIR=/opt/rustwide/target" "-e" "CARGO_INCREMENTAL=0" "-e" "RUST_BACKTRACE=full" "-e" "RUSTFLAGS=--cap-lints=warn" "-e" "RUSTDOCFLAGS=--cap-lints=warn" "-e" "CARGO_HOME=/opt/rustwide/cargo-home" "-e" "RUSTUP_HOME=/opt/rustwide/rustup-home" "-w" "/opt/rustwide/workdir" "-m" "1610612736" "--user" "0:0" "--network" "none" "ghcr.io/rust-lang/crates-build-env/linux@sha256:2788e3201cd34a07e3172128adcd8b3090168a8e3bcc40d7c032b9dda1df7d1c" "/opt/rustwide/cargo-home/bin/cargo" "+1.75.0" "test" "--frozen" "--no-run" "--message-format=json", kill_on_drop: false }`
[INFO] [stdout] fcc50b8735af43c1ff957c63e46830d463908929b6bb0e1a149ce1f2f07504af
[INFO] running `Command { std: "docker" "start" "-a" "fcc50b8735af43c1ff957c63e46830d463908929b6bb0e1a149ce1f2f07504af", kill_on_drop: false }`
[INFO] [stderr]    Compiling google-recaptchaenterprise1 v5.0.3+20230115 (/opt/rustwide/workdir)
[INFO] [stderr]     Finished test [unoptimized + debuginfo] target(s) in 2.62s
[INFO] running `Command { std: "docker" "inspect" "fcc50b8735af43c1ff957c63e46830d463908929b6bb0e1a149ce1f2f07504af", kill_on_drop: false }`
[INFO] running `Command { std: "docker" "rm" "-f" "fcc50b8735af43c1ff957c63e46830d463908929b6bb0e1a149ce1f2f07504af", kill_on_drop: false }`
[INFO] [stdout] fcc50b8735af43c1ff957c63e46830d463908929b6bb0e1a149ce1f2f07504af
[INFO] running `Command { std: "docker" "create" "-v" "/var/lib/crater-agent-workspace/builds/worker-6-tc1/target:/opt/rustwide/target:rw,Z" "-v" "/var/lib/crater-agent-workspace/builds/worker-6-tc1/source:/opt/rustwide/workdir:ro,Z" "-v" "/var/lib/crater-agent-workspace/cargo-home:/opt/rustwide/cargo-home:ro,Z" "-v" "/var/lib/crater-agent-workspace/rustup-home:/opt/rustwide/rustup-home:ro,Z" "-e" "SOURCE_DIR=/opt/rustwide/workdir" "-e" "CARGO_TARGET_DIR=/opt/rustwide/target" "-e" "CARGO_INCREMENTAL=0" "-e" "RUST_BACKTRACE=full" "-e" "RUSTFLAGS=--cap-lints=warn" "-e" "RUSTDOCFLAGS=--cap-lints=warn" "-e" "CARGO_HOME=/opt/rustwide/cargo-home" "-e" "RUSTUP_HOME=/opt/rustwide/rustup-home" "-w" "/opt/rustwide/workdir" "-m" "1610612736" "--user" "0:0" "--network" "none" "ghcr.io/rust-lang/crates-build-env/linux@sha256:2788e3201cd34a07e3172128adcd8b3090168a8e3bcc40d7c032b9dda1df7d1c" "/opt/rustwide/cargo-home/bin/cargo" "+1.75.0" "test" "--frozen", kill_on_drop: false }`
[INFO] [stdout] 4e26a260ba257785ee5c95ae5c2ba058655b27c426c173340f7fbeca9307c3b4
[INFO] running `Command { std: "docker" "start" "-a" "4e26a260ba257785ee5c95ae5c2ba058655b27c426c173340f7fbeca9307c3b4", kill_on_drop: false }`
[INFO] [stderr]     Finished test [unoptimized + debuginfo] target(s) in 0.15s
[INFO] [stderr]      Running unittests src/lib.rs (/opt/rustwide/target/debug/deps/google_recaptchaenterprise1-efcef3ce52ff86ca)
[INFO] [stdout] 
[INFO] [stderr]    Doc-tests google-recaptchaenterprise1
[INFO] [stdout] running 0 tests
[INFO] [stdout] 
[INFO] [stdout] test result: ok. 0 passed; 0 failed; 0 ignored; 0 measured; 0 filtered out; finished in 0.00s
[INFO] [stdout] 
[INFO] [stdout] 
[INFO] [stdout] running 17 tests
[INFO] [stdout] test src/api.rs - api::ProjectKeyMigrateCall (line 3174) - compile ... ok
[INFO] [stdout] test src/api.rs - api::ProjectKeyDeleteCall (line 2102) - compile ... ok
[INFO] [stdout] test src/api.rs - api::ProjectAssessmentAnnotateCall (line 1226) - compile ... ok
[INFO] [stdout] test src/api.rs - api::ProjectKeyGetCall (line 2364) - compile ... ok
[INFO] [stdout] test src/api.rs - api::ProjectKeyGetMetricCall (line 2626) - compile ... ok
[INFO] [stdout] test src/api.rs - api::ProjectKeyListCall (line 2888) - compile ... ok
[INFO] [stdout] test src/api.rs - api::ProjectAssessmentCreateCall (line 1518) - compile ... ok
[INFO] [stdout] test src/api.rs - api::ProjectKeyCreateCall (line 1810) - compile ... ok
[INFO] [stdout] test src/lib.rs - (line 49) ... ignored
[INFO] [stdout] test src/api.rs - api::ProjectMethods (line 937) - compile ... ok
[INFO] [stdout] test src/api.rs - api::ProjectRelatedaccountgroupMembershipListCall (line 4323) - compile ... ok
[INFO] [stdout] test src/api.rs - api::ProjectRelatedaccountgroupListCall (line 4609) - compile ... ok
[INFO] [stdout] test src/api.rs - api::ProjectRelatedaccountgroupmembershipSearchCall (line 4031) - compile ... ok
[INFO] [stdout] test src/lib.rs - (line 76) - compile ... FAILED
[INFO] [stdout] test src/api.rs - api::RecaptchaEnterprise (line 58) - compile ... FAILED
[INFO] [stdout] test src/api.rs - api::ProjectKeyRetrieveLegacySecretKeyCall (line 3770) - compile ... ok
[INFO] [stdout] test src/api.rs - api::ProjectKeyPatchCall (line 3466) - compile ... FAILED
[INFO] [stdout] 
[INFO] [stdout] failures:
[INFO] [stdout] 
[INFO] [stdout] ---- src/lib.rs - (line 76) stdout ----
[INFO] [stdout] error[E0308]: mismatched types
[INFO] [stdout]     --> src/lib.rs:108:27
[INFO] [stdout]      |
[INFO] [stdout] 33   |              .update_mask(&Default::default())
[INFO] [stdout]      |               ----------- ^^^^^^^^^^^^^^^^^^^ expected `FieldMask`, found `&_`
[INFO] [stdout]      |               |
[INFO] [stdout]      |               arguments to this method are incorrect
[INFO] [stdout]      |
[INFO] [stdout]      = note: expected struct `FieldMask`
[INFO] [stdout]              found reference `&_`
[INFO] [stdout] note: method defined here
[INFO] [stdout]     --> /opt/rustwide/workdir/src/api.rs:3681:12
[INFO] [stdout]      |
[INFO] [stdout] 3681 |     pub fn update_mask(mut self, new_value: client::FieldMask) -> ProjectKeyPatchCall<'a, S> {
[INFO] [stdout]      |            ^^^^^^^^^^^
[INFO] [stdout] help: consider removing the borrow
[INFO] [stdout]      |
[INFO] [stdout] 33   -              .update_mask(&Default::default())
[INFO] [stdout] 33   +              .update_mask(Default::default())
[INFO] [stdout]      |
[INFO] [stdout] 
[INFO] [stdout] error: aborting due to previous error
[INFO] [stdout] 
[INFO] [stdout] For more information about this error, try `rustc --explain E0308`.
[INFO] [stdout] Couldn't compile the test.
[INFO] [stdout] ---- src/api.rs - api::RecaptchaEnterprise (line 58) stdout ----
[INFO] [stdout] error[E0308]: mismatched types
[INFO] [stdout]     --> src/api.rs:90:27
[INFO] [stdout]      |
[INFO] [stdout] 33   |              .update_mask(&Default::default())
[INFO] [stdout]      |               ----------- ^^^^^^^^^^^^^^^^^^^ expected `FieldMask`, found `&_`
[INFO] [stdout]      |               |
[INFO] [stdout]      |               arguments to this method are incorrect
[INFO] [stdout]      |
[INFO] [stdout]      = note: expected struct `FieldMask`
[INFO] [stdout]              found reference `&_`
[INFO] [stdout] note: method defined here
[INFO] [stdout]     --> /opt/rustwide/workdir/src/api.rs:3681:12
[INFO] [stdout]      |
[INFO] [stdout] 3681 |     pub fn update_mask(mut self, new_value: client::FieldMask) -> ProjectKeyPatchCall<'a, S> {
[INFO] [stdout]      |            ^^^^^^^^^^^
[INFO] [stdout] help: consider removing the borrow
[INFO] [stdout]      |
[INFO] [stdout] 33   -              .update_mask(&Default::default())
[INFO] [stdout] 33   +              .update_mask(Default::default())
[INFO] [stdout]      |
[INFO] [stdout] 
[INFO] [stdout] error: aborting due to previous error
[INFO] [stdout] 
[INFO] [stdout] For more information about this error, try `rustc --explain E0308`.
[INFO] [stdout] Couldn't compile the test.
[INFO] [stdout] ---- src/api.rs - api::ProjectKeyPatchCall (line 3466) stdout ----
[INFO] [stdout] error[E0308]: mismatched types
[INFO] [stdout]     --> src/api.rs:3490:27
[INFO] [stdout]      |
[INFO] [stdout] 25   |              .update_mask(&Default::default())
[INFO] [stdout]      |               ----------- ^^^^^^^^^^^^^^^^^^^ expected `FieldMask`, found `&_`
[INFO] [stdout]      |               |
[INFO] [stdout]      |               arguments to this method are incorrect
[INFO] [stdout]      |
[INFO] [stdout]      = note: expected struct `FieldMask`
[INFO] [stdout]              found reference `&_`
[INFO] [stdout] note: method defined here
[INFO] [stdout]     --> /opt/rustwide/workdir/src/api.rs:3681:12
[INFO] [stdout]      |
[INFO] [stdout] 3681 |     pub fn update_mask(mut self, new_value: client::FieldMask) -> ProjectKeyPatchCall<'a, S> {
[INFO] [stdout]      |            ^^^^^^^^^^^
[INFO] [stdout] help: consider removing the borrow
[INFO] [stdout]      |
[INFO] [stdout] 25   -              .update_mask(&Default::default())
[INFO] [stdout] 25   +              .update_mask(Default::default())
[INFO] [stdout]      |
[INFO] [stdout] 
[INFO] [stdout] error: aborting due to previous error
[INFO] [stdout] 
[INFO] [stdout] For more information about this error, try `rustc --explain E0308`.
[INFO] [stdout] Couldn't compile the test.
[INFO] [stdout] 
[INFO] [stdout] failures:
[INFO] [stdout]     src/api.rs - api::ProjectKeyPatchCall (line 3466)
[INFO] [stdout]     src/api.rs - api::RecaptchaEnterprise (line 58)
[INFO] [stdout]     src/lib.rs - (line 76)
[INFO] [stdout] 
[INFO] [stdout] test result: FAILED. 13 passed; 3 failed; 1 ignored; 0 measured; 0 filtered out; finished in 1.33s
[INFO] [stdout] 
[INFO] [stderr] error: doctest failed, to rerun pass `--doc`
[INFO] running `Command { std: "docker" "inspect" "4e26a260ba257785ee5c95ae5c2ba058655b27c426c173340f7fbeca9307c3b4", kill_on_drop: false }`
[INFO] running `Command { std: "docker" "rm" "-f" "4e26a260ba257785ee5c95ae5c2ba058655b27c426c173340f7fbeca9307c3b4", kill_on_drop: false }`
[INFO] [stdout] 4e26a260ba257785ee5c95ae5c2ba058655b27c426c173340f7fbeca9307c3b4
[INFO] testing google-recaptchaenterprise1-5.0.3+20230115 against beta-2023-12-22 for beta-1.76-1
[INFO] extracting crate google-recaptchaenterprise1 5.0.3+20230115 into /workspace/builds/worker-6-tc2/source
[INFO] validating manifest of crates.io crate google-recaptchaenterprise1 5.0.3+20230115 on toolchain beta-2023-12-22
[INFO] running `Command { std: CARGO_HOME="/workspace/cargo-home" RUSTUP_HOME="/workspace/rustup-home" "/workspace/cargo-home/bin/cargo" "+beta-2023-12-22" "metadata" "--manifest-path" "Cargo.toml" "--no-deps", kill_on_drop: false }`
[INFO] started tweaking crates.io crate google-recaptchaenterprise1 5.0.3+20230115
[INFO] finished tweaking crates.io crate google-recaptchaenterprise1 5.0.3+20230115
[INFO] tweaked toml for crates.io crate google-recaptchaenterprise1 5.0.3+20230115 written to /workspace/builds/worker-6-tc2/source/Cargo.toml
[INFO] running `Command { std: CARGO_HOME="/workspace/cargo-home" RUSTUP_HOME="/workspace/rustup-home" "/workspace/cargo-home/bin/cargo" "+beta-2023-12-22" "generate-lockfile" "--manifest-path" "Cargo.toml", kill_on_drop: false }`
[INFO] [stderr]     Updating crates.io index
[INFO] running `Command { std: CARGO_HOME="/workspace/cargo-home" RUSTUP_HOME="/workspace/rustup-home" "/workspace/cargo-home/bin/cargo" "+beta-2023-12-22" "fetch" "--manifest-path" "Cargo.toml", kill_on_drop: false }`
[INFO] running `Command { std: "docker" "create" "-v" "/var/lib/crater-agent-workspace/builds/worker-6-tc2/target:/opt/rustwide/target:rw,Z" "-v" "/var/lib/crater-agent-workspace/builds/worker-6-tc2/source:/opt/rustwide/workdir:ro,Z" "-v" "/var/lib/crater-agent-workspace/cargo-home:/opt/rustwide/cargo-home:ro,Z" "-v" "/var/lib/crater-agent-workspace/rustup-home:/opt/rustwide/rustup-home:ro,Z" "-e" "SOURCE_DIR=/opt/rustwide/workdir" "-e" "CARGO_TARGET_DIR=/opt/rustwide/target" "-e" "CARGO_HOME=/opt/rustwide/cargo-home" "-e" "RUSTUP_HOME=/opt/rustwide/rustup-home" "-w" "/opt/rustwide/workdir" "-m" "1610612736" "--user" "0:0" "--network" "none" "ghcr.io/rust-lang/crates-build-env/linux@sha256:2788e3201cd34a07e3172128adcd8b3090168a8e3bcc40d7c032b9dda1df7d1c" "/opt/rustwide/cargo-home/bin/cargo" "+beta-2023-12-22" "metadata" "--no-deps" "--format-version=1", kill_on_drop: false }`
[INFO] [stdout] 45ad70429ceb13e7be68df077a983436e9b77c7ad2eb165b39c51a885b0cb467
[INFO] running `Command { std: "docker" "start" "-a" "45ad70429ceb13e7be68df077a983436e9b77c7ad2eb165b39c51a885b0cb467", kill_on_drop: false }`
[INFO] running `Command { std: "docker" "inspect" "45ad70429ceb13e7be68df077a983436e9b77c7ad2eb165b39c51a885b0cb467", kill_on_drop: false }`
[INFO] running `Command { std: "docker" "rm" "-f" "45ad70429ceb13e7be68df077a983436e9b77c7ad2eb165b39c51a885b0cb467", kill_on_drop: false }`
[INFO] [stdout] 45ad70429ceb13e7be68df077a983436e9b77c7ad2eb165b39c51a885b0cb467
[INFO] running `Command { std: "docker" "create" "-v" "/var/lib/crater-agent-workspace/builds/worker-6-tc2/target:/opt/rustwide/target:rw,Z" "-v" "/var/lib/crater-agent-workspace/builds/worker-6-tc2/source:/opt/rustwide/workdir:ro,Z" "-v" "/var/lib/crater-agent-workspace/cargo-home:/opt/rustwide/cargo-home:ro,Z" "-v" "/var/lib/crater-agent-workspace/rustup-home:/opt/rustwide/rustup-home:ro,Z" "-e" "SOURCE_DIR=/opt/rustwide/workdir" "-e" "CARGO_TARGET_DIR=/opt/rustwide/target" "-e" "CARGO_INCREMENTAL=0" "-e" "RUST_BACKTRACE=full" "-e" "RUSTFLAGS=--cap-lints=warn" "-e" "RUSTDOCFLAGS=--cap-lints=warn" "-e" "CARGO_HOME=/opt/rustwide/cargo-home" "-e" "RUSTUP_HOME=/opt/rustwide/rustup-home" "-w" "/opt/rustwide/workdir" "-m" "1610612736" "--user" "0:0" "--network" "none" "ghcr.io/rust-lang/crates-build-env/linux@sha256:2788e3201cd34a07e3172128adcd8b3090168a8e3bcc40d7c032b9dda1df7d1c" "/opt/rustwide/cargo-home/bin/cargo" "+beta-2023-12-22" "build" "--frozen" "--message-format=json", kill_on_drop: false }`
[INFO] [stdout] 2b381aac9a0f3779d2fe3ba8607f3931858c77e1ac4612de0573615f1e0e5fbf
[INFO] running `Command { std: "docker" "start" "-a" "2b381aac9a0f3779d2fe3ba8607f3931858c77e1ac4612de0573615f1e0e5fbf", kill_on_drop: false }`
[INFO] [stderr]    Compiling google-recaptchaenterprise1 v5.0.3+20230115 (/opt/rustwide/workdir)
[INFO] [stderr]     Finished dev [unoptimized + debuginfo] target(s) in 1.71s
[INFO] running `Command { std: "docker" "inspect" "2b381aac9a0f3779d2fe3ba8607f3931858c77e1ac4612de0573615f1e0e5fbf", kill_on_drop: false }`
[INFO] running `Command { std: "docker" "rm" "-f" "2b381aac9a0f3779d2fe3ba8607f3931858c77e1ac4612de0573615f1e0e5fbf", kill_on_drop: false }`
[INFO] [stdout] 2b381aac9a0f3779d2fe3ba8607f3931858c77e1ac4612de0573615f1e0e5fbf
[INFO] running `Command { std: "docker" "create" "-v" "/var/lib/crater-agent-workspace/builds/worker-6-tc2/target:/opt/rustwide/target:rw,Z" "-v" "/var/lib/crater-agent-workspace/builds/worker-6-tc2/source:/opt/rustwide/workdir:ro,Z" "-v" "/var/lib/crater-agent-workspace/cargo-home:/opt/rustwide/cargo-home:ro,Z" "-v" "/var/lib/crater-agent-workspace/rustup-home:/opt/rustwide/rustup-home:ro,Z" "-e" "SOURCE_DIR=/opt/rustwide/workdir" "-e" "CARGO_TARGET_DIR=/opt/rustwide/target" "-e" "CARGO_INCREMENTAL=0" "-e" "RUST_BACKTRACE=full" "-e" "RUSTFLAGS=--cap-lints=warn" "-e" "RUSTDOCFLAGS=--cap-lints=warn" "-e" "CARGO_HOME=/opt/rustwide/cargo-home" "-e" "RUSTUP_HOME=/opt/rustwide/rustup-home" "-w" "/opt/rustwide/workdir" "-m" "1610612736" "--user" "0:0" "--network" "none" "ghcr.io/rust-lang/crates-build-env/linux@sha256:2788e3201cd34a07e3172128adcd8b3090168a8e3bcc40d7c032b9dda1df7d1c" "/opt/rustwide/cargo-home/bin/cargo" "+beta-2023-12-22" "test" "--frozen" "--no-run" "--message-format=json", kill_on_drop: false }`
[INFO] [stdout] b9c9b6fa4d0bbd9ec7e94787f6a36cd86d81ad3e94e696795549be357dd5ad5a
[INFO] running `Command { std: "docker" "start" "-a" "b9c9b6fa4d0bbd9ec7e94787f6a36cd86d81ad3e94e696795549be357dd5ad5a", kill_on_drop: false }`
[INFO] [stderr]    Compiling google-recaptchaenterprise1 v5.0.3+20230115 (/opt/rustwide/workdir)
[INFO] [stderr]     Finished test [unoptimized + debuginfo] target(s) in 2.20s
[INFO] running `Command { std: "docker" "inspect" "b9c9b6fa4d0bbd9ec7e94787f6a36cd86d81ad3e94e696795549be357dd5ad5a", kill_on_drop: false }`
[INFO] running `Command { std: "docker" "rm" "-f" "b9c9b6fa4d0bbd9ec7e94787f6a36cd86d81ad3e94e696795549be357dd5ad5a", kill_on_drop: false }`
[INFO] [stdout] b9c9b6fa4d0bbd9ec7e94787f6a36cd86d81ad3e94e696795549be357dd5ad5a
[INFO] running `Command { std: "docker" "create" "-v" "/var/lib/crater-agent-workspace/builds/worker-6-tc2/target:/opt/rustwide/target:rw,Z" "-v" "/var/lib/crater-agent-workspace/builds/worker-6-tc2/source:/opt/rustwide/workdir:ro,Z" "-v" "/var/lib/crater-agent-workspace/cargo-home:/opt/rustwide/cargo-home:ro,Z" "-v" "/var/lib/crater-agent-workspace/rustup-home:/opt/rustwide/rustup-home:ro,Z" "-e" "SOURCE_DIR=/opt/rustwide/workdir" "-e" "CARGO_TARGET_DIR=/opt/rustwide/target" "-e" "CARGO_INCREMENTAL=0" "-e" "RUST_BACKTRACE=full" "-e" "RUSTFLAGS=--cap-lints=warn" "-e" "RUSTDOCFLAGS=--cap-lints=warn" "-e" "CARGO_HOME=/opt/rustwide/cargo-home" "-e" "RUSTUP_HOME=/opt/rustwide/rustup-home" "-w" "/opt/rustwide/workdir" "-m" "1610612736" "--user" "0:0" "--network" "none" "ghcr.io/rust-lang/crates-build-env/linux@sha256:2788e3201cd34a07e3172128adcd8b3090168a8e3bcc40d7c032b9dda1df7d1c" "/opt/rustwide/cargo-home/bin/cargo" "+beta-2023-12-22" "test" "--frozen", kill_on_drop: false }`
[INFO] [stdout] 44838bb99f26bba9bc8ca35c3e718c4ee6d285351d6ac953b746742adb7ca1bc
[INFO] running `Command { std: "docker" "start" "-a" "44838bb99f26bba9bc8ca35c3e718c4ee6d285351d6ac953b746742adb7ca1bc", kill_on_drop: false }`
[INFO] [stderr]     Finished test [unoptimized + debuginfo] target(s) in 0.13s
[INFO] [stderr]      Running unittests src/lib.rs (/opt/rustwide/target/debug/deps/google_recaptchaenterprise1-d98c0dd753786492)
[INFO] [stdout] 
[INFO] [stdout] running 0 tests
[INFO] [stdout] 
[INFO] [stdout] test result: ok. 0 passed; 0 failed; 0 ignored; 0 measured; 0 filtered out; finished in 0.00s
[INFO] [stdout] 
[INFO] [stderr]    Doc-tests google-recaptchaenterprise1
[INFO] [stdout] 
[INFO] [stdout] running 17 tests
[INFO] [stdout] test src/api.rs - api::ProjectKeyDeleteCall (line 2102) - compile ... ok
[INFO] [stdout] test src/api.rs - api::ProjectKeyGetCall (line 2364) - compile ... ok
[INFO] [stdout] test src/api.rs - api::ProjectKeyListCall (line 2888) - compile ... ok
[INFO] [stdout] test src/api.rs - api::ProjectAssessmentCreateCall (line 1518) - compile ... ok
[INFO] [stdout] test src/api.rs - api::ProjectKeyMigrateCall (line 3174) - compile ... ok
[INFO] [stdout] test src/api.rs - api::ProjectAssessmentAnnotateCall (line 1226) - compile ... ok
[INFO] [stdout] test src/api.rs - api::ProjectKeyCreateCall (line 1810) - compile ... ok
[INFO] [stdout] test src/api.rs - api::ProjectKeyPatchCall (line 3466) - compile ... FAILED
[INFO] [stdout] test src/lib.rs - (line 49) ... ignored
[INFO] [stdout] test src/api.rs - api::ProjectKeyGetMetricCall (line 2626) - compile ... ok
[INFO] [stdout] test src/api.rs - api::ProjectMethods (line 937) - compile ... ok
[INFO] [stdout] test src/api.rs - api::ProjectKeyRetrieveLegacySecretKeyCall (line 3770) - compile ... ok
[INFO] [stdout] test src/api.rs - api::ProjectRelatedaccountgroupmembershipSearchCall (line 4031) - compile ... ok
[INFO] [stdout] test src/api.rs - api::ProjectRelatedaccountgroupMembershipListCall (line 4323) - compile ... ok
[INFO] [stdout] test src/lib.rs - (line 76) - compile ... FAILED
[INFO] [stdout] test src/api.rs - api::ProjectRelatedaccountgroupListCall (line 4609) - compile ... ok
[INFO] [stdout] test src/api.rs - api::RecaptchaEnterprise (line 58) - compile ... FAILED
[INFO] [stdout] 
[INFO] [stdout] failures:
[INFO] [stdout] 
[INFO] [stdout] ---- src/api.rs - api::ProjectKeyPatchCall (line 3466) stdout ----
[INFO] [stdout] error[E0308]: mismatched types
[INFO] [stdout]     --> src/api.rs:3490:27
[INFO] [stdout]      |
[INFO] [stdout] 25   |              .update_mask(&Default::default())
[INFO] [stdout]      |               ----------- ^^^^^^^^^^^^^^^^^^^ expected `FieldMask`, found `&_`
[INFO] [stdout]      |               |
[INFO] [stdout]      |               arguments to this method are incorrect
[INFO] [stdout]      |
[INFO] [stdout]      = note: expected struct `FieldMask`
[INFO] [stdout]              found reference `&_`
[INFO] [stdout] note: method defined here
[INFO] [stdout]     --> /opt/rustwide/workdir/src/api.rs:3681:12
[INFO] [stdout]      |
[INFO] [stdout] 3681 |     pub fn update_mask(mut self, new_value: client::FieldMask) -> ProjectKeyPatchCall<'a, S> {
[INFO] [stdout]      |            ^^^^^^^^^^^
[INFO] [stdout] help: consider removing the borrow
[INFO] [stdout]      |
[INFO] [stdout] 25   -              .update_mask(&Default::default())
[INFO] [stdout] 25   +              .update_mask(Default::default())
[INFO] [stdout]      |
[INFO] [stdout] 
[INFO] [stdout] error: aborting due to 1 previous error
[INFO] [stdout] 
[INFO] [stdout] For more information about this error, try `rustc --explain E0308`.
[INFO] [stdout] Couldn't compile the test.
[INFO] [stdout] ---- src/lib.rs - (line 76) stdout ----
[INFO] [stdout] error[E0308]: mismatched types
[INFO] [stdout]     --> src/lib.rs:108:27
[INFO] [stdout]      |
[INFO] [stdout] 33   |              .update_mask(&Default::default())
[INFO] [stdout]      |               ----------- ^^^^^^^^^^^^^^^^^^^ expected `FieldMask`, found `&_`
[INFO] [stdout]      |               |
[INFO] [stdout]      |               arguments to this method are incorrect
[INFO] [stdout]      |
[INFO] [stdout]      = note: expected struct `FieldMask`
[INFO] [stdout]              found reference `&_`
[INFO] [stdout] note: method defined here
[INFO] [stdout]     --> /opt/rustwide/workdir/src/api.rs:3681:12
[INFO] [stdout]      |
[INFO] [stdout] 3681 |     pub fn update_mask(mut self, new_value: client::FieldMask) -> ProjectKeyPatchCall<'a, S> {
[INFO] [stdout]      |            ^^^^^^^^^^^
[INFO] [stdout] help: consider removing the borrow
[INFO] [stdout]      |
[INFO] [stdout] 33   -              .update_mask(&Default::default())
[INFO] [stdout] 33   +              .update_mask(Default::default())
[INFO] [stdout]      |
[INFO] [stdout] 
[INFO] [stdout] error: aborting due to 1 previous error
[INFO] [stdout] 
[INFO] [stdout] For more information about this error, try `rustc --explain E0308`.
[INFO] [stdout] Couldn't compile the test.
[INFO] [stdout] ---- src/api.rs - api::RecaptchaEnterprise (line 58) stdout ----
[INFO] [stdout] error[E0308]: mismatched types
[INFO] [stdout]     --> src/api.rs:90:27
[INFO] [stdout]      |
[INFO] [stdout] 33   |              .update_mask(&Default::default())
[INFO] [stdout]      |               ----------- ^^^^^^^^^^^^^^^^^^^ expected `FieldMask`, found `&_`
[INFO] [stdout]      |               |
[INFO] [stdout]      |               arguments to this method are incorrect
[INFO] [stdout]      |
[INFO] [stdout]      = note: expected struct `FieldMask`
[INFO] [stdout]              found reference `&_`
[INFO] [stdout] note: method defined here
[INFO] [stdout]     --> /opt/rustwide/workdir/src/api.rs:3681:12
[INFO] [stdout]      |
[INFO] [stdout] 3681 |     pub fn update_mask(mut self, new_value: client::FieldMask) -> ProjectKeyPatchCall<'a, S> {
[INFO] [stdout]      |            ^^^^^^^^^^^
[INFO] [stdout] help: consider removing the borrow
[INFO] [stdout]      |
[INFO] [stdout] 33   -              .update_mask(&Default::default())
[INFO] [stdout] 33   +              .update_mask(Default::default())
[INFO] [stdout]      |
[INFO] [stdout] 
[INFO] [stdout] error: aborting due to 1 previous error
[INFO] [stdout] 
[INFO] [stdout] For more information about this error, try `rustc --explain E0308`.
[INFO] [stdout] Couldn't compile the test.
[INFO] [stdout] 
[INFO] [stdout] failures:
[INFO] [stdout]     src/api.rs - api::ProjectKeyPatchCall (line 3466)
[INFO] [stdout]     src/api.rs - api::RecaptchaEnterprise (line 58)
[INFO] [stdout]     src/lib.rs - (line 76)
[INFO] [stdout] 
[INFO] [stdout] test result: FAILED. 13 passed; 3 failed; 1 ignored; 0 measured; 0 filtered out; finished in 1.40s
[INFO] [stdout] 
[INFO] [stderr] error: doctest failed, to rerun pass `--doc`
[INFO] running `Command { std: "docker" "inspect" "44838bb99f26bba9bc8ca35c3e718c4ee6d285351d6ac953b746742adb7ca1bc", kill_on_drop: false }`
[INFO] running `Command { std: "docker" "rm" "-f" "44838bb99f26bba9bc8ca35c3e718c4ee6d285351d6ac953b746742adb7ca1bc", kill_on_drop: false }`
[INFO] [stdout] 44838bb99f26bba9bc8ca35c3e718c4ee6d285351d6ac953b746742adb7ca1bc
