[INFO] fetching crate google-privateca1_beta1 5.0.3+20230105...
[INFO] testing google-privateca1_beta1-5.0.3+20230105 against 1.75.0 for beta-1.76-1
[INFO] extracting crate google-privateca1_beta1 5.0.3+20230105 into /workspace/builds/worker-4-tc1/source
[INFO] validating manifest of crates.io crate google-privateca1_beta1 5.0.3+20230105 on toolchain 1.75.0
[INFO] running `Command { std: CARGO_HOME="/workspace/cargo-home" RUSTUP_HOME="/workspace/rustup-home" "/workspace/cargo-home/bin/cargo" "+1.75.0" "metadata" "--manifest-path" "Cargo.toml" "--no-deps", kill_on_drop: false }`
[INFO] started tweaking crates.io crate google-privateca1_beta1 5.0.3+20230105
[INFO] finished tweaking crates.io crate google-privateca1_beta1 5.0.3+20230105
[INFO] tweaked toml for crates.io crate google-privateca1_beta1 5.0.3+20230105 written to /workspace/builds/worker-4-tc1/source/Cargo.toml
[INFO] running `Command { std: CARGO_HOME="/workspace/cargo-home" RUSTUP_HOME="/workspace/rustup-home" "/workspace/cargo-home/bin/cargo" "+1.75.0" "generate-lockfile" "--manifest-path" "Cargo.toml", kill_on_drop: false }`
[INFO] [stderr]     Updating crates.io index
[INFO] running `Command { std: CARGO_HOME="/workspace/cargo-home" RUSTUP_HOME="/workspace/rustup-home" "/workspace/cargo-home/bin/cargo" "+1.75.0" "fetch" "--manifest-path" "Cargo.toml", kill_on_drop: false }`
[INFO] running `Command { std: "docker" "create" "-v" "/var/lib/crater-agent-workspace/builds/worker-4-tc1/target:/opt/rustwide/target:rw,Z" "-v" "/var/lib/crater-agent-workspace/builds/worker-4-tc1/source:/opt/rustwide/workdir:ro,Z" "-v" "/var/lib/crater-agent-workspace/cargo-home:/opt/rustwide/cargo-home:ro,Z" "-v" "/var/lib/crater-agent-workspace/rustup-home:/opt/rustwide/rustup-home:ro,Z" "-e" "SOURCE_DIR=/opt/rustwide/workdir" "-e" "CARGO_TARGET_DIR=/opt/rustwide/target" "-e" "CARGO_HOME=/opt/rustwide/cargo-home" "-e" "RUSTUP_HOME=/opt/rustwide/rustup-home" "-w" "/opt/rustwide/workdir" "-m" "1610612736" "--user" "0:0" "--network" "none" "ghcr.io/rust-lang/crates-build-env/linux@sha256:2788e3201cd34a07e3172128adcd8b3090168a8e3bcc40d7c032b9dda1df7d1c" "/opt/rustwide/cargo-home/bin/cargo" "+1.75.0" "metadata" "--no-deps" "--format-version=1", kill_on_drop: false }`
[INFO] [stdout] 8534e58623ed866bde52be0bd79b721b15c5342637a2a1a337c89157b1e746c6
[INFO] running `Command { std: "docker" "start" "-a" "8534e58623ed866bde52be0bd79b721b15c5342637a2a1a337c89157b1e746c6", kill_on_drop: false }`
[INFO] running `Command { std: "docker" "inspect" "8534e58623ed866bde52be0bd79b721b15c5342637a2a1a337c89157b1e746c6", kill_on_drop: false }`
[INFO] running `Command { std: "docker" "rm" "-f" "8534e58623ed866bde52be0bd79b721b15c5342637a2a1a337c89157b1e746c6", kill_on_drop: false }`
[INFO] [stdout] 8534e58623ed866bde52be0bd79b721b15c5342637a2a1a337c89157b1e746c6
[INFO] running `Command { std: "docker" "create" "-v" "/var/lib/crater-agent-workspace/builds/worker-4-tc1/target:/opt/rustwide/target:rw,Z" "-v" "/var/lib/crater-agent-workspace/builds/worker-4-tc1/source:/opt/rustwide/workdir:ro,Z" "-v" "/var/lib/crater-agent-workspace/cargo-home:/opt/rustwide/cargo-home:ro,Z" "-v" "/var/lib/crater-agent-workspace/rustup-home:/opt/rustwide/rustup-home:ro,Z" "-e" "SOURCE_DIR=/opt/rustwide/workdir" "-e" "CARGO_TARGET_DIR=/opt/rustwide/target" "-e" "CARGO_INCREMENTAL=0" "-e" "RUST_BACKTRACE=full" "-e" "RUSTFLAGS=--cap-lints=warn" "-e" "RUSTDOCFLAGS=--cap-lints=warn" "-e" "CARGO_HOME=/opt/rustwide/cargo-home" "-e" "RUSTUP_HOME=/opt/rustwide/rustup-home" "-w" "/opt/rustwide/workdir" "-m" "1610612736" "--user" "0:0" "--network" "none" "ghcr.io/rust-lang/crates-build-env/linux@sha256:2788e3201cd34a07e3172128adcd8b3090168a8e3bcc40d7c032b9dda1df7d1c" "/opt/rustwide/cargo-home/bin/cargo" "+1.75.0" "build" "--frozen" "--message-format=json", kill_on_drop: false }`
[INFO] [stdout] b8777124062d831d5d13af33ef7ab47c2e858aee548b3b4a78df0b0211921bcb
[INFO] running `Command { std: "docker" "start" "-a" "b8777124062d831d5d13af33ef7ab47c2e858aee548b3b4a78df0b0211921bcb", kill_on_drop: false }`
[INFO] [stderr]    Compiling proc-macro2 v1.0.75
[INFO] [stderr]    Compiling unicode-ident v1.0.12
[INFO] [stderr]    Compiling libc v0.2.151
[INFO] [stderr]    Compiling autocfg v1.1.0
[INFO] [stderr]    Compiling pin-project-lite v0.2.13
[INFO] [stderr]    Compiling fnv v1.0.7
[INFO] [stderr]    Compiling cfg-if v1.0.0
[INFO] [stderr]    Compiling untrusted v0.9.0
[INFO] [stderr]    Compiling futures-sink v0.3.30
[INFO] [stderr]    Compiling spin v0.9.8
[INFO] [stderr]    Compiling bytes v1.5.0
[INFO] [stderr]    Compiling futures-core v0.3.30
[INFO] [stderr]    Compiling serde v1.0.194
[INFO] [stderr]    Compiling itoa v1.0.10
[INFO] [stderr]    Compiling pin-utils v0.1.0
[INFO] [stderr]    Compiling once_cell v1.19.0
[INFO] [stderr]    Compiling futures-io v0.3.30
[INFO] [stderr]    Compiling tinyvec_macros v0.1.1
[INFO] [stderr]    Compiling memchr v2.7.1
[INFO] [stderr]    Compiling futures-task v0.3.30
[INFO] [stderr]    Compiling unicode-bidi v0.3.14
[INFO] [stderr]    Compiling futures-channel v0.3.30
[INFO] [stderr]    Compiling tinyvec v1.6.0
[INFO] [stderr]    Compiling equivalent v1.0.1
[INFO] [stderr]    Compiling ident_case v1.0.1
[INFO] [stderr]    Compiling strsim v0.10.0
[INFO] [stderr]    Compiling tracing-core v0.1.32
[INFO] [stderr]    Compiling hashbrown v0.14.3
[INFO] [stderr]    Compiling httparse v1.8.0
[INFO] [stderr]    Compiling rustls v0.21.10
[INFO] [stderr]    Compiling log v0.4.20
[INFO] [stderr]    Compiling base64 v0.21.5
[INFO] [stderr]    Compiling slab v0.4.9
[INFO] [stderr]    Compiling try-lock v0.2.5
[INFO] [stderr]    Compiling want v0.3.1
[INFO] [stderr]    Compiling num-traits v0.2.17
[INFO] [stderr]    Compiling rustls-pemfile v1.0.4
[INFO] [stderr]    Compiling openssl-probe v0.1.5
[INFO] [stderr]    Compiling either v1.9.0
[INFO] [stderr]    Compiling rustls v0.22.1
[INFO] [stderr]    Compiling serde_json v1.0.111
[INFO] [stderr]    Compiling quote v1.0.35
[INFO] [stderr]    Compiling http v0.2.11
[INFO] [stderr]    Compiling percent-encoding v2.3.1
[INFO] [stderr]    Compiling tracing v0.1.40
[INFO] [stderr]    Compiling tower-service v0.3.2
[INFO] [stderr]    Compiling async-trait v0.1.77
[INFO] [stderr]    Compiling syn v2.0.48
[INFO] [stderr]    Compiling httpdate v1.0.3
[INFO] [stderr]    Compiling anyhow v1.0.79
[INFO] [stderr]    Compiling rustls-pki-types v1.1.0
[INFO] [stderr]    Compiling powerfmt v0.2.0
[INFO] [stderr]    Compiling indexmap v2.1.0
[INFO] [stderr]    Compiling form_urlencoded v1.2.1
[INFO] [stderr]    Compiling rustls-native-certs v0.6.3
[INFO] [stderr]    Compiling matches v0.1.10
[INFO] [stderr]    Compiling ryu v1.0.16
[INFO] [stderr]    Compiling subtle v2.5.0
[INFO] [stderr]    Compiling zeroize v1.7.0
[INFO] [stderr]    Compiling num_threads v0.1.6
[INFO] [stderr]    Compiling time-core v0.1.2
[INFO] [stderr]    Compiling itertools v0.12.0
[INFO] [stderr]    Compiling percent-encoding v1.0.1
[INFO] [stderr]    Compiling iana-time-zone v0.1.59
[INFO] [stderr]    Compiling seahash v4.1.0
[INFO] [stderr]    Compiling itertools v0.10.5
[INFO] [stderr]    Compiling base64 v0.13.1
[INFO] [stderr]    Compiling mime v0.3.17
[INFO] [stderr]    Compiling cc v1.0.83
[INFO] [stderr]    Compiling getrandom v0.2.11
[INFO] [stderr]    Compiling mio v0.8.10
[INFO] [stderr]    Compiling socket2 v0.5.5
[INFO] [stderr]    Compiling unicode-normalization v0.1.22
[INFO] [stderr]    Compiling http-body v0.4.6
[INFO] [stderr]    Compiling ring v0.17.7
[INFO] [stderr]    Compiling idna v0.5.0
[INFO] [stderr]    Compiling idna v0.1.5
[INFO] [stderr]    Compiling url v2.5.0
[INFO] [stderr]    Compiling url v1.7.2
[INFO] [stderr]    Compiling darling_core v0.20.3
[INFO] [stderr]    Compiling serde_derive v1.0.194
[INFO] [stderr]    Compiling futures-macro v0.3.30
[INFO] [stderr]    Compiling tokio-macros v2.2.0
[INFO] [stderr]    Compiling futures-util v0.3.30
[INFO] [stderr]    Compiling darling_macro v0.20.3
[INFO] [stderr]    Compiling tokio v1.35.1
[INFO] [stderr]    Compiling sct v0.7.1
[INFO] [stderr]    Compiling rustls-webpki v0.101.7
[INFO] [stderr]    Compiling rustls-webpki v0.102.1
[INFO] [stderr]    Compiling darling v0.20.3
[INFO] [stderr]    Compiling serde_with_macros v2.3.3
[INFO] [stderr]    Compiling futures-executor v0.3.30
[INFO] [stderr]    Compiling futures v0.3.30
[INFO] [stderr]    Compiling tokio-util v0.7.10
[INFO] [stderr]    Compiling tokio-rustls v0.24.1
[INFO] [stderr]    Compiling h2 v0.3.22
[INFO] [stderr]    Compiling deranged v0.3.11
[INFO] [stderr]    Compiling chrono v0.4.31
[INFO] [stderr]    Compiling serde_with v2.3.3
[INFO] [stderr]    Compiling time v0.3.31
[INFO] [stderr]    Compiling hyper v0.14.28
[INFO] [stderr]    Compiling hyper-rustls v0.24.2
[INFO] [stderr]    Compiling yup-oauth2 v8.3.2
[INFO] [stderr]    Compiling google-apis-common v6.0.0
[INFO] [stderr]    Compiling google-privateca1_beta1 v5.0.3+20230105 (/opt/rustwide/workdir)
[INFO] [stderr]     Finished dev [unoptimized + debuginfo] target(s) in 58.28s
[INFO] running `Command { std: "docker" "inspect" "b8777124062d831d5d13af33ef7ab47c2e858aee548b3b4a78df0b0211921bcb", kill_on_drop: false }`
[INFO] running `Command { std: "docker" "rm" "-f" "b8777124062d831d5d13af33ef7ab47c2e858aee548b3b4a78df0b0211921bcb", kill_on_drop: false }`
[INFO] [stdout] b8777124062d831d5d13af33ef7ab47c2e858aee548b3b4a78df0b0211921bcb
[INFO] running `Command { std: "docker" "create" "-v" "/var/lib/crater-agent-workspace/builds/worker-4-tc1/target:/opt/rustwide/target:rw,Z" "-v" "/var/lib/crater-agent-workspace/builds/worker-4-tc1/source:/opt/rustwide/workdir:ro,Z" "-v" "/var/lib/crater-agent-workspace/cargo-home:/opt/rustwide/cargo-home:ro,Z" "-v" "/var/lib/crater-agent-workspace/rustup-home:/opt/rustwide/rustup-home:ro,Z" "-e" "SOURCE_DIR=/opt/rustwide/workdir" "-e" "CARGO_TARGET_DIR=/opt/rustwide/target" "-e" "CARGO_INCREMENTAL=0" "-e" "RUST_BACKTRACE=full" "-e" "RUSTFLAGS=--cap-lints=warn" "-e" "RUSTDOCFLAGS=--cap-lints=warn" "-e" "CARGO_HOME=/opt/rustwide/cargo-home" "-e" "RUSTUP_HOME=/opt/rustwide/rustup-home" "-w" "/opt/rustwide/workdir" "-m" "1610612736" "--user" "0:0" "--network" "none" "ghcr.io/rust-lang/crates-build-env/linux@sha256:2788e3201cd34a07e3172128adcd8b3090168a8e3bcc40d7c032b9dda1df7d1c" "/opt/rustwide/cargo-home/bin/cargo" "+1.75.0" "test" "--frozen" "--no-run" "--message-format=json", kill_on_drop: false }`
[INFO] [stdout] 1355149c11744a3179c69c785ef3b2fe1ab8838f3f748f5f668953c19a4d7f44
[INFO] running `Command { std: "docker" "start" "-a" "1355149c11744a3179c69c785ef3b2fe1ab8838f3f748f5f668953c19a4d7f44", kill_on_drop: false }`
[INFO] [stderr]    Compiling google-privateca1_beta1 v5.0.3+20230105 (/opt/rustwide/workdir)
[INFO] [stderr]     Finished test [unoptimized + debuginfo] target(s) in 4.59s
[INFO] running `Command { std: "docker" "inspect" "1355149c11744a3179c69c785ef3b2fe1ab8838f3f748f5f668953c19a4d7f44", kill_on_drop: false }`
[INFO] running `Command { std: "docker" "rm" "-f" "1355149c11744a3179c69c785ef3b2fe1ab8838f3f748f5f668953c19a4d7f44", kill_on_drop: false }`
[INFO] [stdout] 1355149c11744a3179c69c785ef3b2fe1ab8838f3f748f5f668953c19a4d7f44
[INFO] running `Command { std: "docker" "create" "-v" "/var/lib/crater-agent-workspace/builds/worker-4-tc1/target:/opt/rustwide/target:rw,Z" "-v" "/var/lib/crater-agent-workspace/builds/worker-4-tc1/source:/opt/rustwide/workdir:ro,Z" "-v" "/var/lib/crater-agent-workspace/cargo-home:/opt/rustwide/cargo-home:ro,Z" "-v" "/var/lib/crater-agent-workspace/rustup-home:/opt/rustwide/rustup-home:ro,Z" "-e" "SOURCE_DIR=/opt/rustwide/workdir" "-e" "CARGO_TARGET_DIR=/opt/rustwide/target" "-e" "CARGO_INCREMENTAL=0" "-e" "RUST_BACKTRACE=full" "-e" "RUSTFLAGS=--cap-lints=warn" "-e" "RUSTDOCFLAGS=--cap-lints=warn" "-e" "CARGO_HOME=/opt/rustwide/cargo-home" "-e" "RUSTUP_HOME=/opt/rustwide/rustup-home" "-w" "/opt/rustwide/workdir" "-m" "1610612736" "--user" "0:0" "--network" "none" "ghcr.io/rust-lang/crates-build-env/linux@sha256:2788e3201cd34a07e3172128adcd8b3090168a8e3bcc40d7c032b9dda1df7d1c" "/opt/rustwide/cargo-home/bin/cargo" "+1.75.0" "test" "--frozen", kill_on_drop: false }`
[INFO] [stdout] f52578c76714b7312187ced806e5d8a1b363f2ec2b6ccaf21c91e5bc6c4371fa
[INFO] running `Command { std: "docker" "start" "-a" "f52578c76714b7312187ced806e5d8a1b363f2ec2b6ccaf21c91e5bc6c4371fa", kill_on_drop: false }`
[INFO] [stderr]     Finished test [unoptimized + debuginfo] target(s) in 0.14s
[INFO] [stderr]      Running unittests src/lib.rs (/opt/rustwide/target/debug/deps/google_privateca1_beta1-304de565b2c66e7e)
[INFO] [stdout] 
[INFO] [stdout] running 0 tests
[INFO] [stdout] 
[INFO] [stdout] test result: ok. 0 passed; 0 failed; 0 ignored; 0 measured; 0 filtered out; finished in 0.00s
[INFO] [stdout] 
[INFO] [stderr]    Doc-tests google-privateca1_beta1
[INFO] [stdout] 
[INFO] [stdout] running 39 tests
[INFO] [stdout] test src/api.rs - api::ProjectLocationCertificateAuthorityCertificatePatchCall (line 5103) - compile ... FAILED
[INFO] [stdout] test src/api.rs - api::ProjectLocationCertificateAuthorityCreateCall (line 6003) - compile ... ok
[INFO] [stdout] test src/api.rs - api::ProjectLocationCertificateAuthorityCertificateRevocationListPatchCall (line 3315) - compile ... FAILED
[INFO] [stdout] test src/api.rs - api::ProjectLocationCertificateAuthorityCertificateRevocationListSetIamPolicyCall (line 3631) - compile ... ok
[INFO] [stdout] test src/api.rs - api::ProjectLocationCertificateAuthorityCertificateCreateCall (line 4215) - compile ... ok
[INFO] [stdout] test src/api.rs - api::ProjectLocationCertificateAuthorityCertificateListCall (line 4793) - compile ... ok
[INFO] [stdout] test src/api.rs - api::ProjectLocationCertificateAuthorityEnableCall (line 6611) - compile ... ok
[INFO] [stdout] test src/api.rs - api::ProjectLocationCertificateAuthorityGetIamPolicyCall (line 7427) - compile ... ok
[INFO] [stdout] test src/api.rs - api::ProjectLocationCertificateAuthorityCertificateRevocationListListCall (line 3005) - compile ... ok
[INFO] [stdout] test src/api.rs - api::ProjectLocationCertificateAuthorityCertificateRevocationListGetIamPolicyCall (line 2731) - compile ... ok
[INFO] [stdout] test src/api.rs - api::ProjectLocationCertificateAuthorityCertificateRevokeCall (line 5419) - compile ... ok
[INFO] [stdout] test src/api.rs - api::ProjectLocationCertificateAuthorityDisableCall (line 6319) - compile ... ok
[INFO] [stdout] test src/api.rs - api::ProjectLocationCertificateAuthorityCertificateRevocationListGetCall (line 2469) - compile ... ok
[INFO] [stdout] test src/api.rs - api::ProjectLocationCertificateAuthorityCertificateGetCall (line 4531) - compile ... ok
[INFO] [stdout] test src/api.rs - api::ProjectLocationCertificateAuthorityFetchCall (line 6903) - compile ... ok
[INFO] [stdout] test src/api.rs - api::ProjectLocationCertificateAuthorityCertificateRevocationListTestIamPermissionCall (line 3923) - compile ... ok
[INFO] [stdout] test src/api.rs - api::ProjectLocationCertificateAuthorityGetCall (line 7165) - compile ... ok
[INFO] [stdout] test src/api.rs - api::ProjectLocationCertificateAuthorityActivateCall (line 5711) - compile ... ok
[INFO] [stdout] test src/api.rs - api::CertificateAuthorityService (line 58) - compile ... FAILED
[INFO] [stdout] test src/api.rs - api::ProjectLocationCertificateAuthorityRestoreCall (line 8327) - compile ... ok
[INFO] [stdout] test src/api.rs - api::ProjectLocationGetCall (line 12039) - compile ... ok
[INFO] [stdout] test src/api.rs - api::ProjectLocationCertificateAuthorityTestIamPermissionCall (line 9203) - compile ... ok
[INFO] [stdout] test src/lib.rs - (line 49) ... ignored
[INFO] [stdout] test src/api.rs - api::ProjectLocationCertificateAuthorityListCall (line 7701) - compile ... ok
[INFO] [stdout] test src/api.rs - api::ProjectLocationCertificateAuthorityScheduleDeleteCall (line 8619) - compile ... ok
[INFO] [stdout] test src/api.rs - api::ProjectLocationOperationCancelCall (line 9495) - compile ... ok
[INFO] [stdout] test src/api.rs - api::ProjectLocationListCall (line 12301) - compile ... ok
[INFO] [stdout] test src/api.rs - api::ProjectLocationCertificateAuthoritySetIamPolicyCall (line 8911) - compile ... ok
[INFO] [stdout] test src/api.rs - api::ProjectLocationOperationListCall (line 10311) - compile ... ok
[INFO] [stdout] test src/api.rs - api::ProjectLocationReusableConfigGetCall (line 10609) - compile ... ok
[INFO] [stdout] test src/api.rs - api::ProjectMethods (line 1754) - compile ... ok
[INFO] [stdout] test src/api.rs - api::ProjectLocationOperationGetCall (line 10049) - compile ... ok
[INFO] [stdout] test src/api.rs - api::ProjectLocationReusableConfigSetIamPolicyCall (line 11455) - compile ... ok
[INFO] [stdout] test src/api.rs - api::ProjectLocationOperationDeleteCall (line 9787) - compile ... ok
[INFO] [stdout] test src/api.rs - api::ProjectLocationCertificateAuthorityPatchCall (line 8011) - compile ... FAILED
[INFO] [stdout] test src/api.rs - api::ProjectLocationReusableConfigGetIamPolicyCall (line 10871) - compile ... ok
[INFO] [stdout] test src/api.rs - api::ProjectLocationReusableConfigTestIamPermissionCall (line 11747) - compile ... ok
[INFO] [stdout] test src/api.rs - api::ProjectLocationReusableConfigListCall (line 11145) - compile ... ok
[INFO] [stderr] error: doctest failed, to rerun pass `--doc`
[INFO] [stdout] test src/lib.rs - (line 81) - compile ... FAILED
[INFO] [stdout] 
[INFO] [stdout] failures:
[INFO] [stdout] 
[INFO] [stdout] ---- src/api.rs - api::ProjectLocationCertificateAuthorityCertificatePatchCall (line 5103) stdout ----
[INFO] [stdout] error[E0308]: mismatched types
[INFO] [stdout]     --> src/api.rs:5127:27
[INFO] [stdout]      |
[INFO] [stdout] 25   |              .update_mask(&Default::default())
[INFO] [stdout]      |               ----------- ^^^^^^^^^^^^^^^^^^^ expected `FieldMask`, found `&_`
[INFO] [stdout]      |               |
[INFO] [stdout]      |               arguments to this method are incorrect
[INFO] [stdout]      |
[INFO] [stdout]      = note: expected struct `FieldMask`
[INFO] [stdout]              found reference `&_`
[INFO] [stdout] note: method defined here
[INFO] [stdout]     --> /opt/rustwide/workdir/src/api.rs:5323:12
[INFO] [stdout]      |
[INFO] [stdout] 5323 |     pub fn update_mask(mut self, new_value: client::FieldMask) -> ProjectLocationCertificateAuthorityCertificatePatchCall<'a, S> {
[INFO] [stdout]      |            ^^^^^^^^^^^
[INFO] [stdout] help: consider removing the borrow
[INFO] [stdout]      |
[INFO] [stdout] 25   -              .update_mask(&Default::default())
[INFO] [stdout] 25   +              .update_mask(Default::default())
[INFO] [stdout]      |
[INFO] [stdout] 
[INFO] [stdout] error: aborting due to previous error
[INFO] [stdout] 
[INFO] [stdout] For more information about this error, try `rustc --explain E0308`.
[INFO] [stdout] Couldn't compile the test.
[INFO] [stdout] ---- src/api.rs - api::ProjectLocationCertificateAuthorityCertificateRevocationListPatchCall (line 3315) stdout ----
[INFO] [stdout] error[E0308]: mismatched types
[INFO] [stdout]     --> src/api.rs:3339:27
[INFO] [stdout]      |
[INFO] [stdout] 25   |              .update_mask(&Default::default())
[INFO] [stdout]      |               ----------- ^^^^^^^^^^^^^^^^^^^ expected `FieldMask`, found `&_`
[INFO] [stdout]      |               |
[INFO] [stdout]      |               arguments to this method are incorrect
[INFO] [stdout]      |
[INFO] [stdout]      = note: expected struct `FieldMask`
[INFO] [stdout]              found reference `&_`
[INFO] [stdout] note: method defined here
[INFO] [stdout]     --> /opt/rustwide/workdir/src/api.rs:3535:12
[INFO] [stdout]      |
[INFO] [stdout] 3535 |     pub fn update_mask(mut self, new_value: client::FieldMask) -> ProjectLocationCertificateAuthorityCertificateRevocationListPatchCall<'...
[INFO] [stdout]      |            ^^^^^^^^^^^
[INFO] [stdout] help: consider removing the borrow
[INFO] [stdout]      |
[INFO] [stdout] 25   -              .update_mask(&Default::default())
[INFO] [stdout] 25   +              .update_mask(Default::default())
[INFO] [stdout]      |
[INFO] [stdout] 
[INFO] [stdout] error: aborting due to previous error
[INFO] [stdout] 
[INFO] [stdout] For more information about this error, try `rustc --explain E0308`.
[INFO] [stdout] Couldn't compile the test.
[INFO] [stdout] ---- src/api.rs - api::CertificateAuthorityService (line 58) stdout ----
[INFO] [stdout] error[E0308]: mismatched types
[INFO] [stdout]     --> src/api.rs:90:27
[INFO] [stdout]      |
[INFO] [stdout] 33   |              .update_mask(&Default::default())
[INFO] [stdout]      |               ----------- ^^^^^^^^^^^^^^^^^^^ expected `FieldMask`, found `&_`
[INFO] [stdout]      |               |
[INFO] [stdout]      |               arguments to this method are incorrect
[INFO] [stdout]      |
[INFO] [stdout]      = note: expected struct `FieldMask`
[INFO] [stdout]              found reference `&_`
[INFO] [stdout] note: method defined here
[INFO] [stdout]     --> /opt/rustwide/workdir/src/api.rs:3535:12
[INFO] [stdout]      |
[INFO] [stdout] 3535 |     pub fn update_mask(mut self, new_value: client::FieldMask) -> ProjectLocationCertificateAuthorityCertificateRevocationListPatchCall<'...
[INFO] [stdout]      |            ^^^^^^^^^^^
[INFO] [stdout] help: consider removing the borrow
[INFO] [stdout]      |
[INFO] [stdout] 33   -              .update_mask(&Default::default())
[INFO] [stdout] 33   +              .update_mask(Default::default())
[INFO] [stdout]      |
[INFO] [stdout] 
[INFO] [stdout] error: aborting due to previous error
[INFO] [stdout] 
[INFO] [stdout] For more information about this error, try `rustc --explain E0308`.
[INFO] [stdout] Couldn't compile the test.
[INFO] [stdout] ---- src/api.rs - api::ProjectLocationCertificateAuthorityPatchCall (line 8011) stdout ----
[INFO] [stdout] error[E0308]: mismatched types
[INFO] [stdout]     --> src/api.rs:8035:27
[INFO] [stdout]      |
[INFO] [stdout] 25   |              .update_mask(&Default::default())
[INFO] [stdout]      |               ----------- ^^^^^^^^^^^^^^^^^^^ expected `FieldMask`, found `&_`
[INFO] [stdout]      |               |
[INFO] [stdout]      |               arguments to this method are incorrect
[INFO] [stdout]      |
[INFO] [stdout]      = note: expected struct `FieldMask`
[INFO] [stdout]              found reference `&_`
[INFO] [stdout] note: method defined here
[INFO] [stdout]     --> /opt/rustwide/workdir/src/api.rs:8231:12
[INFO] [stdout]      |
[INFO] [stdout] 8231 |     pub fn update_mask(mut self, new_value: client::FieldMask) -> ProjectLocationCertificateAuthorityPatchCall<'a, S> {
[INFO] [stdout]      |            ^^^^^^^^^^^
[INFO] [stdout] help: consider removing the borrow
[INFO] [stdout]      |
[INFO] [stdout] 25   -              .update_mask(&Default::default())
[INFO] [stdout] 25   +              .update_mask(Default::default())
[INFO] [stdout]      |
[INFO] [stdout] 
[INFO] [stdout] error: aborting due to previous error
[INFO] [stdout] 
[INFO] [stdout] For more information about this error, try `rustc --explain E0308`.
[INFO] [stdout] Couldn't compile the test.
[INFO] [stdout] ---- src/lib.rs - (line 81) stdout ----
[INFO] [stdout] error[E0308]: mismatched types
[INFO] [stdout]     --> src/lib.rs:113:27
[INFO] [stdout]      |
[INFO] [stdout] 33   |              .update_mask(&Default::default())
[INFO] [stdout]      |               ----------- ^^^^^^^^^^^^^^^^^^^ expected `FieldMask`, found `&_`
[INFO] [stdout]      |               |
[INFO] [stdout]      |               arguments to this method are incorrect
[INFO] [stdout]      |
[INFO] [stdout]      = note: expected struct `FieldMask`
[INFO] [stdout]              found reference `&_`
[INFO] [stdout] note: method defined here
[INFO] [stdout]     --> /opt/rustwide/workdir/src/api.rs:3535:12
[INFO] [stdout]      |
[INFO] [stdout] 3535 |     pub fn update_mask(mut self, new_value: client::FieldMask) -> ProjectLocationCertificateAuthorityCertificateRevocationListPatchCall<'...
[INFO] [stdout]      |            ^^^^^^^^^^^
[INFO] [stdout] help: consider removing the borrow
[INFO] [stdout]      |
[INFO] [stdout] 33   -              .update_mask(&Default::default())
[INFO] [stdout] 33   +              .update_mask(Default::default())
[INFO] [stdout]      |
[INFO] [stdout] 
[INFO] [stdout] error: aborting due to previous error
[INFO] [stdout] 
[INFO] [stdout] For more information about this error, try `rustc --explain E0308`.
[INFO] [stdout] Couldn't compile the test.
[INFO] [stdout] 
[INFO] [stdout] failures:
[INFO] [stdout]     src/api.rs - api::CertificateAuthorityService (line 58)
[INFO] [stdout]     src/api.rs - api::ProjectLocationCertificateAuthorityCertificatePatchCall (line 5103)
[INFO] [stdout]     src/api.rs - api::ProjectLocationCertificateAuthorityCertificateRevocationListPatchCall (line 3315)
[INFO] [stdout]     src/api.rs - api::ProjectLocationCertificateAuthorityPatchCall (line 8011)
[INFO] [stdout]     src/lib.rs - (line 81)
[INFO] [stdout] 
[INFO] [stdout] test result: FAILED. 33 passed; 5 failed; 1 ignored; 0 measured; 0 filtered out; finished in 1.89s
[INFO] [stdout] 
[INFO] running `Command { std: "docker" "inspect" "f52578c76714b7312187ced806e5d8a1b363f2ec2b6ccaf21c91e5bc6c4371fa", kill_on_drop: false }`
[INFO] running `Command { std: "docker" "rm" "-f" "f52578c76714b7312187ced806e5d8a1b363f2ec2b6ccaf21c91e5bc6c4371fa", kill_on_drop: false }`
[INFO] [stdout] f52578c76714b7312187ced806e5d8a1b363f2ec2b6ccaf21c91e5bc6c4371fa
