[INFO] fetching crate google-privateca1 5.0.3+20230105...
[INFO] testing google-privateca1-5.0.3+20230105 against 1.75.0 for beta-1.76-1
[INFO] extracting crate google-privateca1 5.0.3+20230105 into /workspace/builds/worker-4-tc1/source
[INFO] validating manifest of crates.io crate google-privateca1 5.0.3+20230105 on toolchain 1.75.0
[INFO] running `Command { std: CARGO_HOME="/workspace/cargo-home" RUSTUP_HOME="/workspace/rustup-home" "/workspace/cargo-home/bin/cargo" "+1.75.0" "metadata" "--manifest-path" "Cargo.toml" "--no-deps", kill_on_drop: false }`
[INFO] started tweaking crates.io crate google-privateca1 5.0.3+20230105
[INFO] finished tweaking crates.io crate google-privateca1 5.0.3+20230105
[INFO] tweaked toml for crates.io crate google-privateca1 5.0.3+20230105 written to /workspace/builds/worker-4-tc1/source/Cargo.toml
[INFO] running `Command { std: CARGO_HOME="/workspace/cargo-home" RUSTUP_HOME="/workspace/rustup-home" "/workspace/cargo-home/bin/cargo" "+1.75.0" "generate-lockfile" "--manifest-path" "Cargo.toml", kill_on_drop: false }`
[INFO] [stderr]     Updating crates.io index
[INFO] running `Command { std: CARGO_HOME="/workspace/cargo-home" RUSTUP_HOME="/workspace/rustup-home" "/workspace/cargo-home/bin/cargo" "+1.75.0" "fetch" "--manifest-path" "Cargo.toml", kill_on_drop: false }`
[INFO] running `Command { std: "docker" "create" "-v" "/var/lib/crater-agent-workspace/builds/worker-4-tc1/target:/opt/rustwide/target:rw,Z" "-v" "/var/lib/crater-agent-workspace/builds/worker-4-tc1/source:/opt/rustwide/workdir:ro,Z" "-v" "/var/lib/crater-agent-workspace/cargo-home:/opt/rustwide/cargo-home:ro,Z" "-v" "/var/lib/crater-agent-workspace/rustup-home:/opt/rustwide/rustup-home:ro,Z" "-e" "SOURCE_DIR=/opt/rustwide/workdir" "-e" "CARGO_TARGET_DIR=/opt/rustwide/target" "-e" "CARGO_HOME=/opt/rustwide/cargo-home" "-e" "RUSTUP_HOME=/opt/rustwide/rustup-home" "-w" "/opt/rustwide/workdir" "-m" "1610612736" "--user" "0:0" "--network" "none" "ghcr.io/rust-lang/crates-build-env/linux@sha256:2788e3201cd34a07e3172128adcd8b3090168a8e3bcc40d7c032b9dda1df7d1c" "/opt/rustwide/cargo-home/bin/cargo" "+1.75.0" "metadata" "--no-deps" "--format-version=1", kill_on_drop: false }`
[INFO] [stdout] cebc303911026c06f17c726fc1fd454132edcd06dd830a0105577a2a02e3d716
[INFO] running `Command { std: "docker" "start" "-a" "cebc303911026c06f17c726fc1fd454132edcd06dd830a0105577a2a02e3d716", kill_on_drop: false }`
[INFO] running `Command { std: "docker" "inspect" "cebc303911026c06f17c726fc1fd454132edcd06dd830a0105577a2a02e3d716", kill_on_drop: false }`
[INFO] running `Command { std: "docker" "rm" "-f" "cebc303911026c06f17c726fc1fd454132edcd06dd830a0105577a2a02e3d716", kill_on_drop: false }`
[INFO] [stdout] cebc303911026c06f17c726fc1fd454132edcd06dd830a0105577a2a02e3d716
[INFO] running `Command { std: "docker" "create" "-v" "/var/lib/crater-agent-workspace/builds/worker-4-tc1/target:/opt/rustwide/target:rw,Z" "-v" "/var/lib/crater-agent-workspace/builds/worker-4-tc1/source:/opt/rustwide/workdir:ro,Z" "-v" "/var/lib/crater-agent-workspace/cargo-home:/opt/rustwide/cargo-home:ro,Z" "-v" "/var/lib/crater-agent-workspace/rustup-home:/opt/rustwide/rustup-home:ro,Z" "-e" "SOURCE_DIR=/opt/rustwide/workdir" "-e" "CARGO_TARGET_DIR=/opt/rustwide/target" "-e" "CARGO_INCREMENTAL=0" "-e" "RUST_BACKTRACE=full" "-e" "RUSTFLAGS=--cap-lints=warn" "-e" "RUSTDOCFLAGS=--cap-lints=warn" "-e" "CARGO_HOME=/opt/rustwide/cargo-home" "-e" "RUSTUP_HOME=/opt/rustwide/rustup-home" "-w" "/opt/rustwide/workdir" "-m" "1610612736" "--user" "0:0" "--network" "none" "ghcr.io/rust-lang/crates-build-env/linux@sha256:2788e3201cd34a07e3172128adcd8b3090168a8e3bcc40d7c032b9dda1df7d1c" "/opt/rustwide/cargo-home/bin/cargo" "+1.75.0" "build" "--frozen" "--message-format=json", kill_on_drop: false }`
[INFO] [stdout] c8e0d68ae45fef936a101fb600ded89dda0257acf5ff66f307bf461f676ccd7d
[INFO] running `Command { std: "docker" "start" "-a" "c8e0d68ae45fef936a101fb600ded89dda0257acf5ff66f307bf461f676ccd7d", kill_on_drop: false }`
[INFO] [stderr]    Compiling google-privateca1 v5.0.3+20230105 (/opt/rustwide/workdir)
[INFO] [stderr]     Finished dev [unoptimized + debuginfo] target(s) in 3.73s
[INFO] running `Command { std: "docker" "inspect" "c8e0d68ae45fef936a101fb600ded89dda0257acf5ff66f307bf461f676ccd7d", kill_on_drop: false }`
[INFO] running `Command { std: "docker" "rm" "-f" "c8e0d68ae45fef936a101fb600ded89dda0257acf5ff66f307bf461f676ccd7d", kill_on_drop: false }`
[INFO] [stdout] c8e0d68ae45fef936a101fb600ded89dda0257acf5ff66f307bf461f676ccd7d
[INFO] running `Command { std: "docker" "create" "-v" "/var/lib/crater-agent-workspace/builds/worker-4-tc1/target:/opt/rustwide/target:rw,Z" "-v" "/var/lib/crater-agent-workspace/builds/worker-4-tc1/source:/opt/rustwide/workdir:ro,Z" "-v" "/var/lib/crater-agent-workspace/cargo-home:/opt/rustwide/cargo-home:ro,Z" "-v" "/var/lib/crater-agent-workspace/rustup-home:/opt/rustwide/rustup-home:ro,Z" "-e" "SOURCE_DIR=/opt/rustwide/workdir" "-e" "CARGO_TARGET_DIR=/opt/rustwide/target" "-e" "CARGO_INCREMENTAL=0" "-e" "RUST_BACKTRACE=full" "-e" "RUSTFLAGS=--cap-lints=warn" "-e" "RUSTDOCFLAGS=--cap-lints=warn" "-e" "CARGO_HOME=/opt/rustwide/cargo-home" "-e" "RUSTUP_HOME=/opt/rustwide/rustup-home" "-w" "/opt/rustwide/workdir" "-m" "1610612736" "--user" "0:0" "--network" "none" "ghcr.io/rust-lang/crates-build-env/linux@sha256:2788e3201cd34a07e3172128adcd8b3090168a8e3bcc40d7c032b9dda1df7d1c" "/opt/rustwide/cargo-home/bin/cargo" "+1.75.0" "test" "--frozen" "--no-run" "--message-format=json", kill_on_drop: false }`
[INFO] [stdout] 062fc905bb75037dd0223de47762663776c91a805d482d8ef4ae8e7099d7b557
[INFO] running `Command { std: "docker" "start" "-a" "062fc905bb75037dd0223de47762663776c91a805d482d8ef4ae8e7099d7b557", kill_on_drop: false }`
[INFO] [stderr]    Compiling google-privateca1 v5.0.3+20230105 (/opt/rustwide/workdir)
[INFO] [stderr]     Finished test [unoptimized + debuginfo] target(s) in 4.22s
[INFO] running `Command { std: "docker" "inspect" "062fc905bb75037dd0223de47762663776c91a805d482d8ef4ae8e7099d7b557", kill_on_drop: false }`
[INFO] running `Command { std: "docker" "rm" "-f" "062fc905bb75037dd0223de47762663776c91a805d482d8ef4ae8e7099d7b557", kill_on_drop: false }`
[INFO] [stdout] 062fc905bb75037dd0223de47762663776c91a805d482d8ef4ae8e7099d7b557
[INFO] running `Command { std: "docker" "create" "-v" "/var/lib/crater-agent-workspace/builds/worker-4-tc1/target:/opt/rustwide/target:rw,Z" "-v" "/var/lib/crater-agent-workspace/builds/worker-4-tc1/source:/opt/rustwide/workdir:ro,Z" "-v" "/var/lib/crater-agent-workspace/cargo-home:/opt/rustwide/cargo-home:ro,Z" "-v" "/var/lib/crater-agent-workspace/rustup-home:/opt/rustwide/rustup-home:ro,Z" "-e" "SOURCE_DIR=/opt/rustwide/workdir" "-e" "CARGO_TARGET_DIR=/opt/rustwide/target" "-e" "CARGO_INCREMENTAL=0" "-e" "RUST_BACKTRACE=full" "-e" "RUSTFLAGS=--cap-lints=warn" "-e" "RUSTDOCFLAGS=--cap-lints=warn" "-e" "CARGO_HOME=/opt/rustwide/cargo-home" "-e" "RUSTUP_HOME=/opt/rustwide/rustup-home" "-w" "/opt/rustwide/workdir" "-m" "1610612736" "--user" "0:0" "--network" "none" "ghcr.io/rust-lang/crates-build-env/linux@sha256:2788e3201cd34a07e3172128adcd8b3090168a8e3bcc40d7c032b9dda1df7d1c" "/opt/rustwide/cargo-home/bin/cargo" "+1.75.0" "test" "--frozen", kill_on_drop: false }`
[INFO] [stdout] d18718bd38b25af9f7c8a53ac2f66d7d9d21edc3b4aef473fb0ebf1fb144cb0c
[INFO] running `Command { std: "docker" "start" "-a" "d18718bd38b25af9f7c8a53ac2f66d7d9d21edc3b4aef473fb0ebf1fb144cb0c", kill_on_drop: false }`
[INFO] [stderr]     Finished test [unoptimized + debuginfo] target(s) in 0.10s
[INFO] [stdout] 
[INFO] [stderr]      Running unittests src/lib.rs (/opt/rustwide/target/debug/deps/google_privateca1-84346d2b9ea12d33)
[INFO] [stdout] running 0 tests
[INFO] [stderr]    Doc-tests google-privateca1
[INFO] [stdout] 
[INFO] [stdout] test result: ok. 0 passed; 0 failed; 0 ignored; 0 measured; 0 filtered out; finished in 0.00s
[INFO] [stdout] 
[INFO] [stdout] 
[INFO] [stdout] running 48 tests
[INFO] [stdout] test src/api.rs - api::ProjectLocationCaPoolCertificateAuthorityGetCall (line 6291) - compile ... ok
[INFO] [stdout] test src/api.rs - api::ProjectLocationCaPoolCertificateAuthorityDeleteCall (line 5147) - compile ... ok
[INFO] [stdout] test src/api.rs - api::ProjectLocationCaPoolCertificateAuthorityCertificateRevocationListGetCall (line 2793) - compile ... ok
[INFO] [stdout] test src/api.rs - api::ProjectLocationCaPoolCertificateAuthorityListCall (line 6553) - compile ... ok
[INFO] [stdout] test src/api.rs - api::ProjectLocationCaPoolCertificateAuthorityCertificateRevocationListTestIamPermissionCall (line 4247) - compile ... ok
[INFO] [stdout] test src/api.rs - api::ProjectLocationCaPoolCertificateAuthorityCertificateRevocationListListCall (line 3329) - compile ... ok
[INFO] [stdout] test src/api.rs - api::ProjectLocationCaPoolCertificateAuthorityActivateCall (line 4539) - compile ... ok
[INFO] [stdout] test src/api.rs - api::ProjectLocationCaPoolCertificateAuthorityCertificateRevocationListGetIamPolicyCall (line 3055) - compile ... ok
[INFO] [stdout] test src/api.rs - api::ProjectLocationCaPoolCertificateAuthorityFetchCall (line 6029) - compile ... ok
[INFO] [stdout] test src/api.rs - api::ProjectLocationCaPoolCertificateAuthorityDisableCall (line 5445) - compile ... ok
[INFO] [stdout] test src/api.rs - api::ProjectLocationCaPoolCertificateAuthorityCertificateRevocationListPatchCall (line 3639) - compile ... FAILED
[INFO] [stdout] test src/api.rs - api::ProjectLocationCaPoolCertificateAuthorityPatchCall (line 6863) - compile ... FAILED
[INFO] [stdout] test src/api.rs - api::ProjectLocationCaPoolCertificateAuthorityCertificateRevocationListSetIamPolicyCall (line 3955) - compile ... ok
[INFO] [stdout] test src/api.rs - api::ProjectLocationCaPoolCertificateAuthorityCreateCall (line 4831) - compile ... ok
[INFO] [stdout] test src/api.rs - api::CertificateAuthorityService (line 58) - compile ... FAILED
[INFO] [stdout] test src/api.rs - api::ProjectLocationCaPoolCertificateListCall (line 8073) - compile ... ok
[INFO] [stdout] test src/api.rs - api::ProjectLocationCaPoolCertificateAuthorityEnableCall (line 5737) - compile ... ok
[INFO] [stdout] test src/api.rs - api::ProjectLocationCaPoolCertificateCreateCall (line 7471) - compile ... ok
[INFO] [stdout] test src/api.rs - api::ProjectLocationCaPoolCertificateAuthorityUndeleteCall (line 7179) - compile ... ok
[INFO] [stdout] test src/api.rs - api::ProjectLocationCaPoolGetCall (line 9873) - compile ... ok
[INFO] [stdout] test src/api.rs - api::ProjectLocationCaPoolCertificateRevokeCall (line 8699) - compile ... ok
[INFO] [stdout] test src/api.rs - api::ProjectLocationCaPoolCreateCall (line 8991) - compile ... ok
[INFO] [stdout] test src/api.rs - api::ProjectLocationCaPoolCertificateGetCall (line 7811) - compile ... ok
[INFO] [stdout] test src/api.rs - api::ProjectLocationCaPoolDeleteCall (line 9307) - compile ... ok
[INFO] [stdout] test src/api.rs - api::ProjectLocationCertificateTemplateDeleteCall (line 11935) - compile ... ok
[INFO] [stdout] test src/api.rs - api::ProjectLocationCaPoolGetIamPolicyCall (line 10135) - compile ... ok
[INFO] [stdout] test src/api.rs - api::ProjectLocationCaPoolSetIamPolicyCall (line 11035) - compile ... ok
[INFO] [stdout] test src/api.rs - api::ProjectLocationCertificateTemplateCreateCall (line 11619) - compile ... ok
[INFO] [stdout] test src/api.rs - api::ProjectLocationCaPoolFetchCaCertCall (line 9581) - compile ... ok
[INFO] [stdout] test src/api.rs - api::ProjectLocationCaPoolCertificatePatchCall (line 8383) - compile ... FAILED
[INFO] [stdout] test src/api.rs - api::ProjectLocationCaPoolListCall (line 10409) - compile ... ok
[INFO] [stdout] test src/lib.rs - (line 49) ... ignored
[INFO] [stdout] test src/api.rs - api::ProjectLocationCaPoolTestIamPermissionCall (line 11327) - compile ... ok
[INFO] [stdout] test src/api.rs - api::ProjectLocationCertificateTemplateListCall (line 12745) - compile ... ok
[INFO] [stdout] test src/api.rs - api::ProjectLocationCaPoolPatchCall (line 10719) - compile ... FAILED
[INFO] [stdout] test src/api.rs - api::ProjectLocationCertificateTemplateSetIamPolicyCall (line 13371) - compile ... ok
[INFO] [stdout] test src/api.rs - api::ProjectLocationCertificateTemplateTestIamPermissionCall (line 13663) - compile ... ok
[INFO] [stdout] test src/api.rs - api::ProjectLocationCertificateTemplateGetIamPolicyCall (line 12471) - compile ... ok
[INFO] [stdout] test src/api.rs - api::ProjectLocationCertificateTemplatePatchCall (line 13055) - compile ... FAILED
[INFO] [stdout] test src/api.rs - api::ProjectLocationCertificateTemplateGetCall (line 12209) - compile ... ok
[INFO] [stdout] test src/api.rs - api::ProjectLocationGetCall (line 15069) - compile ... ok
[INFO] [stdout] test src/api.rs - api::ProjectLocationListCall (line 15331) - compile ... ok
[INFO] [stdout] test src/api.rs - api::ProjectLocationOperationListCall (line 14771) - compile ... ok
[INFO] [stdout] test src/api.rs - api::ProjectLocationOperationCancelCall (line 13955) - compile ... ok
[INFO] [stdout] test src/api.rs - api::ProjectLocationOperationDeleteCall (line 14247) - compile ... ok
[INFO] [stdout] test src/api.rs - api::ProjectMethods (line 1898) - compile ... ok
[INFO] [stdout] test src/api.rs - api::ProjectLocationOperationGetCall (line 14509) - compile ... ok
[INFO] [stdout] test src/lib.rs - (line 87) - compile ... FAILED
[INFO] [stdout] 
[INFO] [stdout] failures:
[INFO] [stdout] 
[INFO] [stdout] ---- src/api.rs - api::ProjectLocationCaPoolCertificateAuthorityCertificateRevocationListPatchCall (line 3639) stdout ----
[INFO] [stdout] error[E0308]: mismatched types
[INFO] [stdout]     --> src/api.rs:3663:27
[INFO] [stdout]      |
[INFO] [stdout] 25   |              .update_mask(&Default::default())
[INFO] [stdout]      |               ----------- ^^^^^^^^^^^^^^^^^^^ expected `FieldMask`, found `&_`
[INFO] [stdout]      |               |
[INFO] [stdout]      |               arguments to this method are incorrect
[INFO] [stdout]      |
[INFO] [stdout]      = note: expected struct `FieldMask`
[INFO] [stdout]              found reference `&_`
[INFO] [stdout] note: method defined here
[INFO] [stdout]     --> /opt/rustwide/workdir/src/api.rs:3859:12
[INFO] [stdout]      |
[INFO] [stdout] 3859 |     pub fn update_mask(mut self, new_value: client::FieldMask) -> ProjectLocationCaPoolCertificateAuthorityCertificateRevocationListPatch...
[INFO] [stdout]      |            ^^^^^^^^^^^
[INFO] [stdout] help: consider removing the borrow
[INFO] [stdout]      |
[INFO] [stdout] 25   -              .update_mask(&Default::default())
[INFO] [stdout] 25   +              .update_mask(Default::default())
[INFO] [stdout]      |
[INFO] [stdout] 
[INFO] [stdout] error: aborting due to previous error
[INFO] [stdout] 
[INFO] [stdout] For more information about this error, try `rustc --explain E0308`.
[INFO] [stdout] Couldn't compile the test.
[INFO] [stdout] ---- src/api.rs - api::ProjectLocationCaPoolCertificateAuthorityPatchCall (line 6863) stdout ----
[INFO] [stdout] error[E0308]: mismatched types
[INFO] [stdout]     --> src/api.rs:6887:27
[INFO] [stdout]      |
[INFO] [stdout] 25   |              .update_mask(&Default::default())
[INFO] [stdout]      |               ----------- ^^^^^^^^^^^^^^^^^^^ expected `FieldMask`, found `&_`
[INFO] [stdout]      |               |
[INFO] [stdout]      |               arguments to this method are incorrect
[INFO] [stdout]      |
[INFO] [stdout]      = note: expected struct `FieldMask`
[INFO] [stdout]              found reference `&_`
[INFO] [stdout] note: method defined here
[INFO] [stdout]     --> /opt/rustwide/workdir/src/api.rs:7083:12
[INFO] [stdout]      |
[INFO] [stdout] 7083 |     pub fn update_mask(mut self, new_value: client::FieldMask) -> ProjectLocationCaPoolCertificateAuthorityPatchCall<'a, S> {
[INFO] [stdout]      |            ^^^^^^^^^^^
[INFO] [stdout] help: consider removing the borrow
[INFO] [stdout]      |
[INFO] [stdout] 25   -              .update_mask(&Default::default())
[INFO] [stdout] 25   +              .update_mask(Default::default())
[INFO] [stdout]      |
[INFO] [stdout] 
[INFO] [stdout] error: aborting due to previous error
[INFO] [stdout] 
[INFO] [stdout] For more information about this error, try `rustc --explain E0308`.
[INFO] [stdout] Couldn't compile the test.
[INFO] [stdout] ---- src/api.rs - api::CertificateAuthorityService (line 58) stdout ----
[INFO] [stdout] error[E0308]: mismatched types
[INFO] [stdout]     --> src/api.rs:90:27
[INFO] [stdout]      |
[INFO] [stdout] 33   |              .update_mask(&Default::default())
[INFO] [stdout]      |               ----------- ^^^^^^^^^^^^^^^^^^^ expected `FieldMask`, found `&_`
[INFO] [stdout]      |               |
[INFO] [stdout]      |               arguments to this method are incorrect
[INFO] [stdout]      |
[INFO] [stdout]      = note: expected struct `FieldMask`
[INFO] [stdout]              found reference `&_`
[INFO] [stdout] note: method defined here
[INFO] [stdout]     --> /opt/rustwide/workdir/src/api.rs:3859:12
[INFO] [stdout]      |
[INFO] [stdout] 3859 |     pub fn update_mask(mut self, new_value: client::FieldMask) -> ProjectLocationCaPoolCertificateAuthorityCertificateRevocationListPatch...
[INFO] [stdout]      |            ^^^^^^^^^^^
[INFO] [stdout] help: consider removing the borrow
[INFO] [stdout]      |
[INFO] [stdout] 33   -              .update_mask(&Default::default())
[INFO] [stdout] 33   +              .update_mask(Default::default())
[INFO] [stdout]      |
[INFO] [stdout] 
[INFO] [stdout] error: aborting due to previous error
[INFO] [stdout] 
[INFO] [stdout] For more information about this error, try `rustc --explain E0308`.
[INFO] [stdout] Couldn't compile the test.
[INFO] [stdout] ---- src/api.rs - api::ProjectLocationCaPoolCertificatePatchCall (line 8383) stdout ----
[INFO] [stdout] error[E0308]: mismatched types
[INFO] [stdout]     --> src/api.rs:8407:27
[INFO] [stdout]      |
[INFO] [stdout] 25   |              .update_mask(&Default::default())
[INFO] [stdout]      |               ----------- ^^^^^^^^^^^^^^^^^^^ expected `FieldMask`, found `&_`
[INFO] [stdout]      |               |
[INFO] [stdout]      |               arguments to this method are incorrect
[INFO] [stdout]      |
[INFO] [stdout]      = note: expected struct `FieldMask`
[INFO] [stdout]              found reference `&_`
[INFO] [stdout] note: method defined here
[INFO] [stdout]     --> /opt/rustwide/workdir/src/api.rs:8603:12
[INFO] [stdout]      |
[INFO] [stdout] 8603 |     pub fn update_mask(mut self, new_value: client::FieldMask) -> ProjectLocationCaPoolCertificatePatchCall<'a, S> {
[INFO] [stdout]      |            ^^^^^^^^^^^
[INFO] [stdout] help: consider removing the borrow
[INFO] [stdout]      |
[INFO] [stdout] 25   -              .update_mask(&Default::default())
[INFO] [stdout] 25   +              .update_mask(Default::default())
[INFO] [stdout]      |
[INFO] [stdout] 
[INFO] [stdout] error: aborting due to previous error
[INFO] [stdout] 
[INFO] [stdout] For more information about this error, try `rustc --explain E0308`.
[INFO] [stdout] Couldn't compile the test.
[INFO] [stdout] ---- src/api.rs - api::ProjectLocationCaPoolPatchCall (line 10719) stdout ----
[INFO] [stdout] error[E0308]: mismatched types
[INFO] [stdout]      --> src/api.rs:10743:27
[INFO] [stdout]       |
[INFO] [stdout] 25    |              .update_mask(&Default::default())
[INFO] [stdout]       |               ----------- ^^^^^^^^^^^^^^^^^^^ expected `FieldMask`, found `&_`
[INFO] [stdout]       |               |
[INFO] [stdout]       |               arguments to this method are incorrect
[INFO] [stdout]       |
[INFO] [stdout]       = note: expected struct `FieldMask`
[INFO] [stdout]               found reference `&_`
[INFO] [stdout] note: method defined here
[INFO] [stdout]      --> /opt/rustwide/workdir/src/api.rs:10939:12
[INFO] [stdout]       |
[INFO] [stdout] 10939 |     pub fn update_mask(mut self, new_value: client::FieldMask) -> ProjectLocationCaPoolPatchCall<'a, S> {
[INFO] [stdout]       |            ^^^^^^^^^^^
[INFO] [stdout] help: consider removing the borrow
[INFO] [stdout]       |
[INFO] [stdout] 25    -              .update_mask(&Default::default())
[INFO] [stdout] 25    +              .update_mask(Default::default())
[INFO] [stdout]       |
[INFO] [stdout] 
[INFO] [stdout] error: aborting due to previous error
[INFO] [stdout] 
[INFO] [stdout] For more information about this error, try `rustc --explain E0308`.
[INFO] [stdout] Couldn't compile the test.
[INFO] [stdout] ---- src/api.rs - api::ProjectLocationCertificateTemplatePatchCall (line 13055) stdout ----
[INFO] [stdout] error[E0308]: mismatched types
[INFO] [stdout]      --> src/api.rs:13079:27
[INFO] [stdout]       |
[INFO] [stdout] 25    |              .update_mask(&Default::default())
[INFO] [stdout]       |               ----------- ^^^^^^^^^^^^^^^^^^^ expected `FieldMask`, found `&_`
[INFO] [stdout]       |               |
[INFO] [stdout]       |               arguments to this method are incorrect
[INFO] [stdout]       |
[INFO] [stdout]       = note: expected struct `FieldMask`
[INFO] [stdout]               found reference `&_`
[INFO] [stdout] note: method defined here
[INFO] [stdout]      --> /opt/rustwide/workdir/src/api.rs:13275:12
[INFO] [stdout]       |
[INFO] [stdout] 13275 |     pub fn update_mask(mut self, new_value: client::FieldMask) -> ProjectLocationCertificateTemplatePatchCall<'a, S> {
[INFO] [stdout]       |            ^^^^^^^^^^^
[INFO] [stdout] help: consider removing the borrow
[INFO] [stdout]       |
[INFO] [stdout] 25    -              .update_mask(&Default::default())
[INFO] [stdout] 25    +              .update_mask(Default::default())
[INFO] [stdout]       |
[INFO] [stdout] 
[INFO] [stdout] error: aborting due to previous error
[INFO] [stdout] 
[INFO] [stdout] For more information about this error, try `rustc --explain E0308`.
[INFO] [stdout] Couldn't compile the test.
[INFO] [stdout] ---- src/lib.rs - (line 87) stdout ----
[INFO] [stdout] error[E0308]: mismatched types
[INFO] [stdout]     --> src/lib.rs:119:27
[INFO] [stdout]      |
[INFO] [stdout] 33   |              .update_mask(&Default::default())
[INFO] [stdout]      |               ----------- ^^^^^^^^^^^^^^^^^^^ expected `FieldMask`, found `&_`
[INFO] [stdout]      |               |
[INFO] [stdout]      |               arguments to this method are incorrect
[INFO] [stdout]      |
[INFO] [stdout]      = note: expected struct `FieldMask`
[INFO] [stdout]              found reference `&_`
[INFO] [stdout] note: method defined here
[INFO] [stdout]     --> /opt/rustwide/workdir/src/api.rs:3859:12
[INFO] [stdout]      |
[INFO] [stdout] 3859 |     pub fn update_mask(mut self, new_value: client::FieldMask) -> ProjectLocationCaPoolCertificateAuthorityCertificateRevocationListPatch...
[INFO] [stdout]      |            ^^^^^^^^^^^
[INFO] [stdout] help: consider removing the borrow
[INFO] [stdout]      |
[INFO] [stdout] 33   -              .update_mask(&Default::default())
[INFO] [stdout] 33   +              .update_mask(Default::default())
[INFO] [stdout]      |
[INFO] [stdout] 
[INFO] [stdout] error: aborting due to previous error
[INFO] [stdout] 
[INFO] [stdout] For more information about this error, try `rustc --explain E0308`.
[INFO] [stdout] Couldn't compile the test.
[INFO] [stdout] 
[INFO] [stdout] failures:
[INFO] [stdout]     src/api.rs - api::CertificateAuthorityService (line 58)
[INFO] [stdout]     src/api.rs - api::ProjectLocationCaPoolCertificateAuthorityCertificateRevocationListPatchCall (line 3639)
[INFO] [stdout]     src/api.rs - api::ProjectLocationCaPoolCertificateAuthorityPatchCall (line 6863)
[INFO] [stdout]     src/api.rs - api::ProjectLocationCaPoolCertificatePatchCall (line 8383)
[INFO] [stdout]     src/api.rs - api::ProjectLocationCaPoolPatchCall (line 10719)
[INFO] [stdout]     src/api.rs - api::ProjectLocationCertificateTemplatePatchCall (line 13055)
[INFO] [stdout]     src/lib.rs - (line 87)
[INFO] [stdout] 
[INFO] [stdout] test result: FAILED. 40 passed; 7 failed; 1 ignored; 0 measured; 0 filtered out; finished in 1.02s
[INFO] [stdout] 
[INFO] [stderr] error: doctest failed, to rerun pass `--doc`
[INFO] running `Command { std: "docker" "inspect" "d18718bd38b25af9f7c8a53ac2f66d7d9d21edc3b4aef473fb0ebf1fb144cb0c", kill_on_drop: false }`
[INFO] running `Command { std: "docker" "rm" "-f" "d18718bd38b25af9f7c8a53ac2f66d7d9d21edc3b4aef473fb0ebf1fb144cb0c", kill_on_drop: false }`
[INFO] [stdout] d18718bd38b25af9f7c8a53ac2f66d7d9d21edc3b4aef473fb0ebf1fb144cb0c
[INFO] testing google-privateca1-5.0.3+20230105 against beta-2023-12-22 for beta-1.76-1
[INFO] extracting crate google-privateca1 5.0.3+20230105 into /workspace/builds/worker-4-tc2/source
[INFO] validating manifest of crates.io crate google-privateca1 5.0.3+20230105 on toolchain beta-2023-12-22
[INFO] running `Command { std: CARGO_HOME="/workspace/cargo-home" RUSTUP_HOME="/workspace/rustup-home" "/workspace/cargo-home/bin/cargo" "+beta-2023-12-22" "metadata" "--manifest-path" "Cargo.toml" "--no-deps", kill_on_drop: false }`
[INFO] started tweaking crates.io crate google-privateca1 5.0.3+20230105
[INFO] finished tweaking crates.io crate google-privateca1 5.0.3+20230105
[INFO] tweaked toml for crates.io crate google-privateca1 5.0.3+20230105 written to /workspace/builds/worker-4-tc2/source/Cargo.toml
[INFO] running `Command { std: CARGO_HOME="/workspace/cargo-home" RUSTUP_HOME="/workspace/rustup-home" "/workspace/cargo-home/bin/cargo" "+beta-2023-12-22" "generate-lockfile" "--manifest-path" "Cargo.toml", kill_on_drop: false }`
[INFO] [stderr]     Updating crates.io index
[INFO] running `Command { std: CARGO_HOME="/workspace/cargo-home" RUSTUP_HOME="/workspace/rustup-home" "/workspace/cargo-home/bin/cargo" "+beta-2023-12-22" "fetch" "--manifest-path" "Cargo.toml", kill_on_drop: false }`
[INFO] running `Command { std: "docker" "create" "-v" "/var/lib/crater-agent-workspace/builds/worker-4-tc2/target:/opt/rustwide/target:rw,Z" "-v" "/var/lib/crater-agent-workspace/builds/worker-4-tc2/source:/opt/rustwide/workdir:ro,Z" "-v" "/var/lib/crater-agent-workspace/cargo-home:/opt/rustwide/cargo-home:ro,Z" "-v" "/var/lib/crater-agent-workspace/rustup-home:/opt/rustwide/rustup-home:ro,Z" "-e" "SOURCE_DIR=/opt/rustwide/workdir" "-e" "CARGO_TARGET_DIR=/opt/rustwide/target" "-e" "CARGO_HOME=/opt/rustwide/cargo-home" "-e" "RUSTUP_HOME=/opt/rustwide/rustup-home" "-w" "/opt/rustwide/workdir" "-m" "1610612736" "--user" "0:0" "--network" "none" "ghcr.io/rust-lang/crates-build-env/linux@sha256:2788e3201cd34a07e3172128adcd8b3090168a8e3bcc40d7c032b9dda1df7d1c" "/opt/rustwide/cargo-home/bin/cargo" "+beta-2023-12-22" "metadata" "--no-deps" "--format-version=1", kill_on_drop: false }`
[INFO] [stdout] dcd6886265c1359c5be11dfe3863019e1d3410c1fa712f10d7400d87524b9356
[INFO] running `Command { std: "docker" "start" "-a" "dcd6886265c1359c5be11dfe3863019e1d3410c1fa712f10d7400d87524b9356", kill_on_drop: false }`
[INFO] running `Command { std: "docker" "inspect" "dcd6886265c1359c5be11dfe3863019e1d3410c1fa712f10d7400d87524b9356", kill_on_drop: false }`
[INFO] running `Command { std: "docker" "rm" "-f" "dcd6886265c1359c5be11dfe3863019e1d3410c1fa712f10d7400d87524b9356", kill_on_drop: false }`
[INFO] [stdout] dcd6886265c1359c5be11dfe3863019e1d3410c1fa712f10d7400d87524b9356
[INFO] running `Command { std: "docker" "create" "-v" "/var/lib/crater-agent-workspace/builds/worker-4-tc2/target:/opt/rustwide/target:rw,Z" "-v" "/var/lib/crater-agent-workspace/builds/worker-4-tc2/source:/opt/rustwide/workdir:ro,Z" "-v" "/var/lib/crater-agent-workspace/cargo-home:/opt/rustwide/cargo-home:ro,Z" "-v" "/var/lib/crater-agent-workspace/rustup-home:/opt/rustwide/rustup-home:ro,Z" "-e" "SOURCE_DIR=/opt/rustwide/workdir" "-e" "CARGO_TARGET_DIR=/opt/rustwide/target" "-e" "CARGO_INCREMENTAL=0" "-e" "RUST_BACKTRACE=full" "-e" "RUSTFLAGS=--cap-lints=warn" "-e" "RUSTDOCFLAGS=--cap-lints=warn" "-e" "CARGO_HOME=/opt/rustwide/cargo-home" "-e" "RUSTUP_HOME=/opt/rustwide/rustup-home" "-w" "/opt/rustwide/workdir" "-m" "1610612736" "--user" "0:0" "--network" "none" "ghcr.io/rust-lang/crates-build-env/linux@sha256:2788e3201cd34a07e3172128adcd8b3090168a8e3bcc40d7c032b9dda1df7d1c" "/opt/rustwide/cargo-home/bin/cargo" "+beta-2023-12-22" "build" "--frozen" "--message-format=json", kill_on_drop: false }`
[INFO] [stdout] 533d8bb527ce4d84ed234b16f2ebbd765c2bf35be5a59857263c4e2f6e417c7c
[INFO] running `Command { std: "docker" "start" "-a" "533d8bb527ce4d84ed234b16f2ebbd765c2bf35be5a59857263c4e2f6e417c7c", kill_on_drop: false }`
[INFO] [stderr]    Compiling google-privateca1 v5.0.3+20230105 (/opt/rustwide/workdir)
[INFO] [stderr]     Finished dev [unoptimized + debuginfo] target(s) in 3.17s
[INFO] running `Command { std: "docker" "inspect" "533d8bb527ce4d84ed234b16f2ebbd765c2bf35be5a59857263c4e2f6e417c7c", kill_on_drop: false }`
[INFO] running `Command { std: "docker" "rm" "-f" "533d8bb527ce4d84ed234b16f2ebbd765c2bf35be5a59857263c4e2f6e417c7c", kill_on_drop: false }`
[INFO] [stdout] 533d8bb527ce4d84ed234b16f2ebbd765c2bf35be5a59857263c4e2f6e417c7c
[INFO] running `Command { std: "docker" "create" "-v" "/var/lib/crater-agent-workspace/builds/worker-4-tc2/target:/opt/rustwide/target:rw,Z" "-v" "/var/lib/crater-agent-workspace/builds/worker-4-tc2/source:/opt/rustwide/workdir:ro,Z" "-v" "/var/lib/crater-agent-workspace/cargo-home:/opt/rustwide/cargo-home:ro,Z" "-v" "/var/lib/crater-agent-workspace/rustup-home:/opt/rustwide/rustup-home:ro,Z" "-e" "SOURCE_DIR=/opt/rustwide/workdir" "-e" "CARGO_TARGET_DIR=/opt/rustwide/target" "-e" "CARGO_INCREMENTAL=0" "-e" "RUST_BACKTRACE=full" "-e" "RUSTFLAGS=--cap-lints=warn" "-e" "RUSTDOCFLAGS=--cap-lints=warn" "-e" "CARGO_HOME=/opt/rustwide/cargo-home" "-e" "RUSTUP_HOME=/opt/rustwide/rustup-home" "-w" "/opt/rustwide/workdir" "-m" "1610612736" "--user" "0:0" "--network" "none" "ghcr.io/rust-lang/crates-build-env/linux@sha256:2788e3201cd34a07e3172128adcd8b3090168a8e3bcc40d7c032b9dda1df7d1c" "/opt/rustwide/cargo-home/bin/cargo" "+beta-2023-12-22" "test" "--frozen" "--no-run" "--message-format=json", kill_on_drop: false }`
[INFO] [stdout] 6f8411668cb189e76237620c54665e6961903b650854bbd5240a27209793f024
[INFO] running `Command { std: "docker" "start" "-a" "6f8411668cb189e76237620c54665e6961903b650854bbd5240a27209793f024", kill_on_drop: false }`
[INFO] [stderr]    Compiling google-privateca1 v5.0.3+20230105 (/opt/rustwide/workdir)
[INFO] [stderr]     Finished test [unoptimized + debuginfo] target(s) in 2.92s
[INFO] running `Command { std: "docker" "inspect" "6f8411668cb189e76237620c54665e6961903b650854bbd5240a27209793f024", kill_on_drop: false }`
[INFO] running `Command { std: "docker" "rm" "-f" "6f8411668cb189e76237620c54665e6961903b650854bbd5240a27209793f024", kill_on_drop: false }`
[INFO] [stdout] 6f8411668cb189e76237620c54665e6961903b650854bbd5240a27209793f024
[INFO] running `Command { std: "docker" "create" "-v" "/var/lib/crater-agent-workspace/builds/worker-4-tc2/target:/opt/rustwide/target:rw,Z" "-v" "/var/lib/crater-agent-workspace/builds/worker-4-tc2/source:/opt/rustwide/workdir:ro,Z" "-v" "/var/lib/crater-agent-workspace/cargo-home:/opt/rustwide/cargo-home:ro,Z" "-v" "/var/lib/crater-agent-workspace/rustup-home:/opt/rustwide/rustup-home:ro,Z" "-e" "SOURCE_DIR=/opt/rustwide/workdir" "-e" "CARGO_TARGET_DIR=/opt/rustwide/target" "-e" "CARGO_INCREMENTAL=0" "-e" "RUST_BACKTRACE=full" "-e" "RUSTFLAGS=--cap-lints=warn" "-e" "RUSTDOCFLAGS=--cap-lints=warn" "-e" "CARGO_HOME=/opt/rustwide/cargo-home" "-e" "RUSTUP_HOME=/opt/rustwide/rustup-home" "-w" "/opt/rustwide/workdir" "-m" "1610612736" "--user" "0:0" "--network" "none" "ghcr.io/rust-lang/crates-build-env/linux@sha256:2788e3201cd34a07e3172128adcd8b3090168a8e3bcc40d7c032b9dda1df7d1c" "/opt/rustwide/cargo-home/bin/cargo" "+beta-2023-12-22" "test" "--frozen", kill_on_drop: false }`
[INFO] [stdout] 532b3dd4ca433d12b635e3b93121c8301842edae365418fee3a2d18fe193bfce
[INFO] running `Command { std: "docker" "start" "-a" "532b3dd4ca433d12b635e3b93121c8301842edae365418fee3a2d18fe193bfce", kill_on_drop: false }`
[INFO] [stderr]     Finished test [unoptimized + debuginfo] target(s) in 0.10s
[INFO] [stderr]      Running unittests src/lib.rs (/opt/rustwide/target/debug/deps/google_privateca1-0713bd58336a76c5)
[INFO] [stdout] 
[INFO] [stdout] running 0 tests
[INFO] [stdout] 
[INFO] [stdout] test result: ok. 0 passed; 0 failed; 0 ignored; 0 measured; 0 filtered out; finished in 0.00s
[INFO] [stdout] 
[INFO] [stderr]    Doc-tests google-privateca1
[INFO] [stdout] 
[INFO] [stdout] running 48 tests
[INFO] [stdout] test src/api.rs - api::ProjectLocationCaPoolCertificateAuthorityCertificateRevocationListTestIamPermissionCall (line 4247) - compile ... ok
[INFO] [stdout] test src/api.rs - api::ProjectLocationCaPoolCertificateAuthorityCertificateRevocationListGetIamPolicyCall (line 3055) - compile ... ok
[INFO] [stdout] test src/api.rs - api::ProjectLocationCaPoolCertificateAuthorityCertificateRevocationListListCall (line 3329) - compile ... ok
[INFO] [stdout] test src/api.rs - api::ProjectLocationCaPoolCertificateAuthorityCertificateRevocationListGetCall (line 2793) - compile ... ok
[INFO] [stdout] test src/api.rs - api::ProjectLocationCaPoolCertificateAuthorityActivateCall (line 4539) - compile ... ok
[INFO] [stdout] test src/api.rs - api::ProjectLocationCaPoolCertificateAuthorityCertificateRevocationListPatchCall (line 3639) - compile ... FAILED
[INFO] [stdout] test src/api.rs - api::CertificateAuthorityService (line 58) - compile ... FAILED
[INFO] [stdout] test src/api.rs - api::ProjectLocationCaPoolCertificateAuthorityCertificateRevocationListSetIamPolicyCall (line 3955) - compile ... ok
[INFO] [stdout] test src/api.rs - api::ProjectLocationCaPoolCertificateAuthorityDisableCall (line 5445) - compile ... ok
[INFO] [stdout] test src/api.rs - api::ProjectLocationCaPoolCertificateAuthorityEnableCall (line 5737) - compile ... ok
[INFO] [stdout] test src/api.rs - api::ProjectLocationCaPoolCertificateAuthorityDeleteCall (line 5147) - compile ... ok
[INFO] [stdout] test src/api.rs - api::ProjectLocationCaPoolCertificateAuthorityListCall (line 6553) - compile ... ok
[INFO] [stdout] test src/api.rs - api::ProjectLocationCaPoolCertificateAuthorityGetCall (line 6291) - compile ... ok
[INFO] [stdout] test src/api.rs - api::ProjectLocationCaPoolCertificateAuthorityCreateCall (line 4831) - compile ... ok
[INFO] [stdout] test src/api.rs - api::ProjectLocationCaPoolCertificateAuthorityFetchCall (line 6029) - compile ... ok
[INFO] [stdout] test src/api.rs - api::ProjectLocationCaPoolCertificateAuthorityPatchCall (line 6863) - compile ... FAILED
[INFO] [stdout] test src/api.rs - api::ProjectLocationCaPoolCertificateListCall (line 8073) - compile ... ok
[INFO] [stdout] test src/api.rs - api::ProjectLocationCaPoolCertificateCreateCall (line 7471) - compile ... ok
[INFO] [stdout] test src/api.rs - api::ProjectLocationCaPoolCertificatePatchCall (line 8383) - compile ... FAILED
[INFO] [stdout] test src/api.rs - api::ProjectLocationCaPoolCreateCall (line 8991) - compile ... ok
[INFO] [stdout] test src/api.rs - api::ProjectLocationCaPoolCertificateGetCall (line 7811) - compile ... ok
[INFO] [stdout] test src/api.rs - api::ProjectLocationCaPoolCertificateAuthorityUndeleteCall (line 7179) - compile ... ok
[INFO] [stdout] test src/api.rs - api::ProjectLocationCaPoolCertificateRevokeCall (line 8699) - compile ... ok
[INFO] [stdout] test src/api.rs - api::ProjectLocationCaPoolGetCall (line 9873) - compile ... ok
[INFO] [stdout] test src/api.rs - api::ProjectLocationCaPoolDeleteCall (line 9307) - compile ... ok
[INFO] [stdout] test src/api.rs - api::ProjectLocationCaPoolListCall (line 10409) - compile ... ok
[INFO] [stdout] test src/api.rs - api::ProjectLocationCaPoolGetIamPolicyCall (line 10135) - compile ... ok
[INFO] [stdout] test src/api.rs - api::ProjectLocationCaPoolTestIamPermissionCall (line 11327) - compile ... ok
[INFO] [stdout] test src/api.rs - api::ProjectLocationCaPoolPatchCall (line 10719) - compile ... FAILED
[INFO] [stdout] test src/api.rs - api::ProjectLocationCaPoolFetchCaCertCall (line 9581) - compile ... ok
[INFO] [stdout] test src/api.rs - api::ProjectLocationCaPoolSetIamPolicyCall (line 11035) - compile ... ok
[INFO] [stdout] test src/lib.rs - (line 49) ... ignored
[INFO] [stdout] test src/api.rs - api::ProjectLocationCertificateTemplateGetIamPolicyCall (line 12471) - compile ... ok
[INFO] [stdout] test src/api.rs - api::ProjectLocationCertificateTemplateCreateCall (line 11619) - compile ... ok
[INFO] [stdout] test src/api.rs - api::ProjectLocationCertificateTemplateSetIamPolicyCall (line 13371) - compile ... ok
[INFO] [stdout] test src/api.rs - api::ProjectLocationCertificateTemplateTestIamPermissionCall (line 13663) - compile ... ok
[INFO] [stdout] test src/api.rs - api::ProjectLocationCertificateTemplateGetCall (line 12209) - compile ... ok
[INFO] [stdout] test src/api.rs - api::ProjectLocationCertificateTemplateListCall (line 12745) - compile ... ok
[INFO] [stdout] test src/api.rs - api::ProjectLocationCertificateTemplateDeleteCall (line 11935) - compile ... ok
[INFO] [stdout] test src/api.rs - api::ProjectLocationOperationCancelCall (line 13955) - compile ... ok
[INFO] [stdout] test src/api.rs - api::ProjectLocationGetCall (line 15069) - compile ... ok
[INFO] [stdout] test src/api.rs - api::ProjectLocationOperationDeleteCall (line 14247) - compile ... ok
[INFO] [stdout] test src/api.rs - api::ProjectLocationListCall (line 15331) - compile ... ok
[INFO] [stdout] test src/api.rs - api::ProjectLocationOperationListCall (line 14771) - compile ... ok
[INFO] [stdout] test src/api.rs - api::ProjectLocationCertificateTemplatePatchCall (line 13055) - compile ... FAILED
[INFO] [stdout] test src/api.rs - api::ProjectLocationOperationGetCall (line 14509) - compile ... ok
[INFO] [stdout] test src/api.rs - api::ProjectMethods (line 1898) - compile ... ok
[INFO] [stdout] test src/lib.rs - (line 87) - compile ... FAILED
[INFO] [stdout] 
[INFO] [stdout] failures:
[INFO] [stdout] 
[INFO] [stdout] ---- src/api.rs - api::ProjectLocationCaPoolCertificateAuthorityCertificateRevocationListPatchCall (line 3639) stdout ----
[INFO] [stdout] error[E0308]: mismatched types
[INFO] [stdout]     --> src/api.rs:3663:27
[INFO] [stdout]      |
[INFO] [stdout] 25   |              .update_mask(&Default::default())
[INFO] [stdout]      |               ----------- ^^^^^^^^^^^^^^^^^^^ expected `FieldMask`, found `&_`
[INFO] [stdout]      |               |
[INFO] [stdout]      |               arguments to this method are incorrect
[INFO] [stdout]      |
[INFO] [stdout]      = note: expected struct `FieldMask`
[INFO] [stdout]              found reference `&_`
[INFO] [stdout] note: method defined here
[INFO] [stdout]     --> /opt/rustwide/workdir/src/api.rs:3859:12
[INFO] [stdout]      |
[INFO] [stdout] 3859 |     pub fn update_mask(mut self, new_value: client::FieldMask) -> ProjectLocationCaPoolCertificateAuthorityCertificateRevocationListPatch...
[INFO] [stdout]      |            ^^^^^^^^^^^
[INFO] [stdout] help: consider removing the borrow
[INFO] [stdout]      |
[INFO] [stdout] 25   -              .update_mask(&Default::default())
[INFO] [stdout] 25   +              .update_mask(Default::default())
[INFO] [stdout]      |
[INFO] [stdout] 
[INFO] [stdout] error: aborting due to 1 previous error
[INFO] [stdout] 
[INFO] [stdout] For more information about this error, try `rustc --explain E0308`.
[INFO] [stdout] Couldn't compile the test.
[INFO] [stdout] ---- src/api.rs - api::CertificateAuthorityService (line 58) stdout ----
[INFO] [stdout] error[E0308]: mismatched types
[INFO] [stdout]     --> src/api.rs:90:27
[INFO] [stdout]      |
[INFO] [stdout] 33   |              .update_mask(&Default::default())
[INFO] [stdout]      |               ----------- ^^^^^^^^^^^^^^^^^^^ expected `FieldMask`, found `&_`
[INFO] [stdout]      |               |
[INFO] [stdout]      |               arguments to this method are incorrect
[INFO] [stdout]      |
[INFO] [stdout]      = note: expected struct `FieldMask`
[INFO] [stdout]              found reference `&_`
[INFO] [stdout] note: method defined here
[INFO] [stdout]     --> /opt/rustwide/workdir/src/api.rs:3859:12
[INFO] [stdout]      |
[INFO] [stdout] 3859 |     pub fn update_mask(mut self, new_value: client::FieldMask) -> ProjectLocationCaPoolCertificateAuthorityCertificateRevocationListPatch...
[INFO] [stdout]      |            ^^^^^^^^^^^
[INFO] [stdout] help: consider removing the borrow
[INFO] [stdout]      |
[INFO] [stdout] 33   -              .update_mask(&Default::default())
[INFO] [stdout] 33   +              .update_mask(Default::default())
[INFO] [stdout]      |
[INFO] [stdout] 
[INFO] [stdout] error: aborting due to 1 previous error
[INFO] [stdout] 
[INFO] [stdout] For more information about this error, try `rustc --explain E0308`.
[INFO] [stdout] Couldn't compile the test.
[INFO] [stdout] ---- src/api.rs - api::ProjectLocationCaPoolCertificateAuthorityPatchCall (line 6863) stdout ----
[INFO] [stdout] error[E0308]: mismatched types
[INFO] [stdout]     --> src/api.rs:6887:27
[INFO] [stdout]      |
[INFO] [stdout] 25   |              .update_mask(&Default::default())
[INFO] [stdout]      |               ----------- ^^^^^^^^^^^^^^^^^^^ expected `FieldMask`, found `&_`
[INFO] [stdout]      |               |
[INFO] [stdout]      |               arguments to this method are incorrect
[INFO] [stdout]      |
[INFO] [stdout]      = note: expected struct `FieldMask`
[INFO] [stdout]              found reference `&_`
[INFO] [stdout] note: method defined here
[INFO] [stdout]     --> /opt/rustwide/workdir/src/api.rs:7083:12
[INFO] [stdout]      |
[INFO] [stdout] 7083 |     pub fn update_mask(mut self, new_value: client::FieldMask) -> ProjectLocationCaPoolCertificateAuthorityPatchCall<'a, S> {
[INFO] [stdout]      |            ^^^^^^^^^^^
[INFO] [stdout] help: consider removing the borrow
[INFO] [stdout]      |
[INFO] [stdout] 25   -              .update_mask(&Default::default())
[INFO] [stdout] 25   +              .update_mask(Default::default())
[INFO] [stdout]      |
[INFO] [stdout] 
[INFO] [stdout] error: aborting due to 1 previous error
[INFO] [stdout] 
[INFO] [stdout] For more information about this error, try `rustc --explain E0308`.
[INFO] [stdout] Couldn't compile the test.
[INFO] [stdout] ---- src/api.rs - api::ProjectLocationCaPoolCertificatePatchCall (line 8383) stdout ----
[INFO] [stdout] error[E0308]: mismatched types
[INFO] [stdout]     --> src/api.rs:8407:27
[INFO] [stdout]      |
[INFO] [stdout] 25   |              .update_mask(&Default::default())
[INFO] [stdout]      |               ----------- ^^^^^^^^^^^^^^^^^^^ expected `FieldMask`, found `&_`
[INFO] [stdout]      |               |
[INFO] [stdout]      |               arguments to this method are incorrect
[INFO] [stdout]      |
[INFO] [stdout]      = note: expected struct `FieldMask`
[INFO] [stdout]              found reference `&_`
[INFO] [stdout] note: method defined here
[INFO] [stdout]     --> /opt/rustwide/workdir/src/api.rs:8603:12
[INFO] [stdout]      |
[INFO] [stdout] 8603 |     pub fn update_mask(mut self, new_value: client::FieldMask) -> ProjectLocationCaPoolCertificatePatchCall<'a, S> {
[INFO] [stdout]      |            ^^^^^^^^^^^
[INFO] [stdout] help: consider removing the borrow
[INFO] [stdout]      |
[INFO] [stdout] 25   -              .update_mask(&Default::default())
[INFO] [stdout] 25   +              .update_mask(Default::default())
[INFO] [stdout]      |
[INFO] [stdout] 
[INFO] [stdout] error: aborting due to 1 previous error
[INFO] [stdout] 
[INFO] [stdout] For more information about this error, try `rustc --explain E0308`.
[INFO] [stdout] Couldn't compile the test.
[INFO] [stdout] ---- src/api.rs - api::ProjectLocationCaPoolPatchCall (line 10719) stdout ----
[INFO] [stdout] error[E0308]: mismatched types
[INFO] [stdout]      --> src/api.rs:10743:27
[INFO] [stdout]       |
[INFO] [stdout] 25    |              .update_mask(&Default::default())
[INFO] [stdout]       |               ----------- ^^^^^^^^^^^^^^^^^^^ expected `FieldMask`, found `&_`
[INFO] [stdout]       |               |
[INFO] [stdout]       |               arguments to this method are incorrect
[INFO] [stdout]       |
[INFO] [stdout]       = note: expected struct `FieldMask`
[INFO] [stdout]               found reference `&_`
[INFO] [stdout] note: method defined here
[INFO] [stdout]      --> /opt/rustwide/workdir/src/api.rs:10939:12
[INFO] [stdout]       |
[INFO] [stdout] 10939 |     pub fn update_mask(mut self, new_value: client::FieldMask) -> ProjectLocationCaPoolPatchCall<'a, S> {
[INFO] [stdout]       |            ^^^^^^^^^^^
[INFO] [stdout] help: consider removing the borrow
[INFO] [stdout]       |
[INFO] [stdout] 25    -              .update_mask(&Default::default())
[INFO] [stdout] 25    +              .update_mask(Default::default())
[INFO] [stdout]       |
[INFO] [stdout] 
[INFO] [stdout] error: aborting due to 1 previous error
[INFO] [stdout] 
[INFO] [stdout] For more information about this error, try `rustc --explain E0308`.
[INFO] [stdout] Couldn't compile the test.
[INFO] [stdout] ---- src/api.rs - api::ProjectLocationCertificateTemplatePatchCall (line 13055) stdout ----
[INFO] [stdout] error[E0308]: mismatched types
[INFO] [stdout]      --> src/api.rs:13079:27
[INFO] [stdout]       |
[INFO] [stdout] 25    |              .update_mask(&Default::default())
[INFO] [stdout]       |               ----------- ^^^^^^^^^^^^^^^^^^^ expected `FieldMask`, found `&_`
[INFO] [stdout]       |               |
[INFO] [stdout]       |               arguments to this method are incorrect
[INFO] [stdout]       |
[INFO] [stdout]       = note: expected struct `FieldMask`
[INFO] [stdout]               found reference `&_`
[INFO] [stdout] note: method defined here
[INFO] [stdout]      --> /opt/rustwide/workdir/src/api.rs:13275:12
[INFO] [stdout]       |
[INFO] [stdout] 13275 |     pub fn update_mask(mut self, new_value: client::FieldMask) -> ProjectLocationCertificateTemplatePatchCall<'a, S> {
[INFO] [stdout]       |            ^^^^^^^^^^^
[INFO] [stdout] help: consider removing the borrow
[INFO] [stdout]       |
[INFO] [stdout] 25    -              .update_mask(&Default::default())
[INFO] [stdout] 25    +              .update_mask(Default::default())
[INFO] [stdout]       |
[INFO] [stdout] 
[INFO] [stdout] error: aborting due to 1 previous error
[INFO] [stdout] 
[INFO] [stdout] For more information about this error, try `rustc --explain E0308`.
[INFO] [stdout] Couldn't compile the test.
[INFO] [stdout] ---- src/lib.rs - (line 87) stdout ----
[INFO] [stdout] error[E0308]: mismatched types
[INFO] [stdout]     --> src/lib.rs:119:27
[INFO] [stdout]      |
[INFO] [stdout] 33   |              .update_mask(&Default::default())
[INFO] [stdout]      |               ----------- ^^^^^^^^^^^^^^^^^^^ expected `FieldMask`, found `&_`
[INFO] [stdout]      |               |
[INFO] [stdout]      |               arguments to this method are incorrect
[INFO] [stdout]      |
[INFO] [stdout]      = note: expected struct `FieldMask`
[INFO] [stdout]              found reference `&_`
[INFO] [stdout] note: method defined here
[INFO] [stdout]     --> /opt/rustwide/workdir/src/api.rs:3859:12
[INFO] [stdout]      |
[INFO] [stdout] 3859 |     pub fn update_mask(mut self, new_value: client::FieldMask) -> ProjectLocationCaPoolCertificateAuthorityCertificateRevocationListPatch...
[INFO] [stdout]      |            ^^^^^^^^^^^
[INFO] [stdout] help: consider removing the borrow
[INFO] [stdout]      |
[INFO] [stdout] 33   -              .update_mask(&Default::default())
[INFO] [stdout] 33   +              .update_mask(Default::default())
[INFO] [stdout]      |
[INFO] [stdout] 
[INFO] [stdout] error: aborting due to 1 previous error
[INFO] [stdout] 
[INFO] [stdout] For more information about this error, try `rustc --explain E0308`.
[INFO] [stdout] Couldn't compile the test.
[INFO] [stdout] 
[INFO] [stdout] failures:
[INFO] [stdout]     src/api.rs - api::CertificateAuthorityService (line 58)
[INFO] [stdout]     src/api.rs - api::ProjectLocationCaPoolCertificateAuthorityCertificateRevocationListPatchCall (line 3639)
[INFO] [stdout]     src/api.rs - api::ProjectLocationCaPoolCertificateAuthorityPatchCall (line 6863)
[INFO] [stdout]     src/api.rs - api::ProjectLocationCaPoolCertificatePatchCall (line 8383)
[INFO] [stdout]     src/api.rs - api::ProjectLocationCaPoolPatchCall (line 10719)
[INFO] [stdout]     src/api.rs - api::ProjectLocationCertificateTemplatePatchCall (line 13055)
[INFO] [stdout]     src/lib.rs - (line 87)
[INFO] [stdout] 
[INFO] [stdout] test result: FAILED. 40 passed; 7 failed; 1 ignored; 0 measured; 0 filtered out; finished in 0.53s
[INFO] [stdout] 
[INFO] [stderr] error: doctest failed, to rerun pass `--doc`
[INFO] running `Command { std: "docker" "inspect" "532b3dd4ca433d12b635e3b93121c8301842edae365418fee3a2d18fe193bfce", kill_on_drop: false }`
[INFO] running `Command { std: "docker" "rm" "-f" "532b3dd4ca433d12b635e3b93121c8301842edae365418fee3a2d18fe193bfce", kill_on_drop: false }`
[INFO] [stdout] 532b3dd4ca433d12b635e3b93121c8301842edae365418fee3a2d18fe193bfce
