[INFO] fetching crate google-photoslibrary1 5.0.3+20230117...
[INFO] testing google-photoslibrary1-5.0.3+20230117 against 1.75.0 for beta-1.76-1
[INFO] extracting crate google-photoslibrary1 5.0.3+20230117 into /workspace/builds/worker-0-tc1/source
[INFO] validating manifest of crates.io crate google-photoslibrary1 5.0.3+20230117 on toolchain 1.75.0
[INFO] running `Command { std: CARGO_HOME="/workspace/cargo-home" RUSTUP_HOME="/workspace/rustup-home" "/workspace/cargo-home/bin/cargo" "+1.75.0" "metadata" "--manifest-path" "Cargo.toml" "--no-deps", kill_on_drop: false }`
[INFO] started tweaking crates.io crate google-photoslibrary1 5.0.3+20230117
[INFO] finished tweaking crates.io crate google-photoslibrary1 5.0.3+20230117
[INFO] tweaked toml for crates.io crate google-photoslibrary1 5.0.3+20230117 written to /workspace/builds/worker-0-tc1/source/Cargo.toml
[INFO] running `Command { std: CARGO_HOME="/workspace/cargo-home" RUSTUP_HOME="/workspace/rustup-home" "/workspace/cargo-home/bin/cargo" "+1.75.0" "generate-lockfile" "--manifest-path" "Cargo.toml", kill_on_drop: false }`
[INFO] [stderr]     Updating crates.io index
[INFO] running `Command { std: CARGO_HOME="/workspace/cargo-home" RUSTUP_HOME="/workspace/rustup-home" "/workspace/cargo-home/bin/cargo" "+1.75.0" "fetch" "--manifest-path" "Cargo.toml", kill_on_drop: false }`
[INFO] running `Command { std: "docker" "create" "-v" "/var/lib/crater-agent-workspace/builds/worker-0-tc1/target:/opt/rustwide/target:rw,Z" "-v" "/var/lib/crater-agent-workspace/builds/worker-0-tc1/source:/opt/rustwide/workdir:ro,Z" "-v" "/var/lib/crater-agent-workspace/cargo-home:/opt/rustwide/cargo-home:ro,Z" "-v" "/var/lib/crater-agent-workspace/rustup-home:/opt/rustwide/rustup-home:ro,Z" "-e" "SOURCE_DIR=/opt/rustwide/workdir" "-e" "CARGO_TARGET_DIR=/opt/rustwide/target" "-e" "CARGO_HOME=/opt/rustwide/cargo-home" "-e" "RUSTUP_HOME=/opt/rustwide/rustup-home" "-w" "/opt/rustwide/workdir" "-m" "1610612736" "--user" "0:0" "--network" "none" "ghcr.io/rust-lang/crates-build-env/linux@sha256:2788e3201cd34a07e3172128adcd8b3090168a8e3bcc40d7c032b9dda1df7d1c" "/opt/rustwide/cargo-home/bin/cargo" "+1.75.0" "metadata" "--no-deps" "--format-version=1", kill_on_drop: false }`
[INFO] [stdout] d5c400641910bb6556a6dc5fa4ae348d2b05b0245554f7ed3eb1b8442a727cd2
[INFO] running `Command { std: "docker" "start" "-a" "d5c400641910bb6556a6dc5fa4ae348d2b05b0245554f7ed3eb1b8442a727cd2", kill_on_drop: false }`
[INFO] running `Command { std: "docker" "inspect" "d5c400641910bb6556a6dc5fa4ae348d2b05b0245554f7ed3eb1b8442a727cd2", kill_on_drop: false }`
[INFO] running `Command { std: "docker" "rm" "-f" "d5c400641910bb6556a6dc5fa4ae348d2b05b0245554f7ed3eb1b8442a727cd2", kill_on_drop: false }`
[INFO] [stdout] d5c400641910bb6556a6dc5fa4ae348d2b05b0245554f7ed3eb1b8442a727cd2
[INFO] running `Command { std: "docker" "create" "-v" "/var/lib/crater-agent-workspace/builds/worker-0-tc1/target:/opt/rustwide/target:rw,Z" "-v" "/var/lib/crater-agent-workspace/builds/worker-0-tc1/source:/opt/rustwide/workdir:ro,Z" "-v" "/var/lib/crater-agent-workspace/cargo-home:/opt/rustwide/cargo-home:ro,Z" "-v" "/var/lib/crater-agent-workspace/rustup-home:/opt/rustwide/rustup-home:ro,Z" "-e" "SOURCE_DIR=/opt/rustwide/workdir" "-e" "CARGO_TARGET_DIR=/opt/rustwide/target" "-e" "CARGO_INCREMENTAL=0" "-e" "RUST_BACKTRACE=full" "-e" "RUSTFLAGS=--cap-lints=warn" "-e" "RUSTDOCFLAGS=--cap-lints=warn" "-e" "CARGO_HOME=/opt/rustwide/cargo-home" "-e" "RUSTUP_HOME=/opt/rustwide/rustup-home" "-w" "/opt/rustwide/workdir" "-m" "1610612736" "--user" "0:0" "--network" "none" "ghcr.io/rust-lang/crates-build-env/linux@sha256:2788e3201cd34a07e3172128adcd8b3090168a8e3bcc40d7c032b9dda1df7d1c" "/opt/rustwide/cargo-home/bin/cargo" "+1.75.0" "build" "--frozen" "--message-format=json", kill_on_drop: false }`
[INFO] [stdout] ff7db3f772426b0a7faf50069c6806bd047a31d5af956912265c882c85438335
[INFO] running `Command { std: "docker" "start" "-a" "ff7db3f772426b0a7faf50069c6806bd047a31d5af956912265c882c85438335", kill_on_drop: false }`
[INFO] [stderr]    Compiling google-photoslibrary1 v5.0.3+20230117 (/opt/rustwide/workdir)
[INFO] [stderr]     Finished dev [unoptimized + debuginfo] target(s) in 1.96s
[INFO] running `Command { std: "docker" "inspect" "ff7db3f772426b0a7faf50069c6806bd047a31d5af956912265c882c85438335", kill_on_drop: false }`
[INFO] running `Command { std: "docker" "rm" "-f" "ff7db3f772426b0a7faf50069c6806bd047a31d5af956912265c882c85438335", kill_on_drop: false }`
[INFO] [stdout] ff7db3f772426b0a7faf50069c6806bd047a31d5af956912265c882c85438335
[INFO] running `Command { std: "docker" "create" "-v" "/var/lib/crater-agent-workspace/builds/worker-0-tc1/target:/opt/rustwide/target:rw,Z" "-v" "/var/lib/crater-agent-workspace/builds/worker-0-tc1/source:/opt/rustwide/workdir:ro,Z" "-v" "/var/lib/crater-agent-workspace/cargo-home:/opt/rustwide/cargo-home:ro,Z" "-v" "/var/lib/crater-agent-workspace/rustup-home:/opt/rustwide/rustup-home:ro,Z" "-e" "SOURCE_DIR=/opt/rustwide/workdir" "-e" "CARGO_TARGET_DIR=/opt/rustwide/target" "-e" "CARGO_INCREMENTAL=0" "-e" "RUST_BACKTRACE=full" "-e" "RUSTFLAGS=--cap-lints=warn" "-e" "RUSTDOCFLAGS=--cap-lints=warn" "-e" "CARGO_HOME=/opt/rustwide/cargo-home" "-e" "RUSTUP_HOME=/opt/rustwide/rustup-home" "-w" "/opt/rustwide/workdir" "-m" "1610612736" "--user" "0:0" "--network" "none" "ghcr.io/rust-lang/crates-build-env/linux@sha256:2788e3201cd34a07e3172128adcd8b3090168a8e3bcc40d7c032b9dda1df7d1c" "/opt/rustwide/cargo-home/bin/cargo" "+1.75.0" "test" "--frozen" "--no-run" "--message-format=json", kill_on_drop: false }`
[INFO] [stdout] d98cf6a7e03aeef9e231a06c537ad5aa7eb6f6b182283cee5fca083d3682cc31
[INFO] running `Command { std: "docker" "start" "-a" "d98cf6a7e03aeef9e231a06c537ad5aa7eb6f6b182283cee5fca083d3682cc31", kill_on_drop: false }`
[INFO] [stderr]    Compiling google-photoslibrary1 v5.0.3+20230117 (/opt/rustwide/workdir)
[INFO] [stderr]     Finished test [unoptimized + debuginfo] target(s) in 2.43s
[INFO] running `Command { std: "docker" "inspect" "d98cf6a7e03aeef9e231a06c537ad5aa7eb6f6b182283cee5fca083d3682cc31", kill_on_drop: false }`
[INFO] running `Command { std: "docker" "rm" "-f" "d98cf6a7e03aeef9e231a06c537ad5aa7eb6f6b182283cee5fca083d3682cc31", kill_on_drop: false }`
[INFO] [stdout] d98cf6a7e03aeef9e231a06c537ad5aa7eb6f6b182283cee5fca083d3682cc31
[INFO] running `Command { std: "docker" "create" "-v" "/var/lib/crater-agent-workspace/builds/worker-0-tc1/target:/opt/rustwide/target:rw,Z" "-v" "/var/lib/crater-agent-workspace/builds/worker-0-tc1/source:/opt/rustwide/workdir:ro,Z" "-v" "/var/lib/crater-agent-workspace/cargo-home:/opt/rustwide/cargo-home:ro,Z" "-v" "/var/lib/crater-agent-workspace/rustup-home:/opt/rustwide/rustup-home:ro,Z" "-e" "SOURCE_DIR=/opt/rustwide/workdir" "-e" "CARGO_TARGET_DIR=/opt/rustwide/target" "-e" "CARGO_INCREMENTAL=0" "-e" "RUST_BACKTRACE=full" "-e" "RUSTFLAGS=--cap-lints=warn" "-e" "RUSTDOCFLAGS=--cap-lints=warn" "-e" "CARGO_HOME=/opt/rustwide/cargo-home" "-e" "RUSTUP_HOME=/opt/rustwide/rustup-home" "-w" "/opt/rustwide/workdir" "-m" "1610612736" "--user" "0:0" "--network" "none" "ghcr.io/rust-lang/crates-build-env/linux@sha256:2788e3201cd34a07e3172128adcd8b3090168a8e3bcc40d7c032b9dda1df7d1c" "/opt/rustwide/cargo-home/bin/cargo" "+1.75.0" "test" "--frozen", kill_on_drop: false }`
[INFO] [stdout] f558a0d6bba8c3d6d0189c7ca371302ededd49dcdd270f1e1b51c0edafa1b644
[INFO] running `Command { std: "docker" "start" "-a" "f558a0d6bba8c3d6d0189c7ca371302ededd49dcdd270f1e1b51c0edafa1b644", kill_on_drop: false }`
[INFO] [stderr]     Finished test [unoptimized + debuginfo] target(s) in 0.11s
[INFO] [stderr]      Running unittests src/lib.rs (/opt/rustwide/target/debug/deps/google_photoslibrary1-76117cf0c5382f1b)
[INFO] [stdout] 
[INFO] [stdout] running 0 tests
[INFO] [stdout] 
[INFO] [stdout] test result: ok. 0 passed; 0 failed; 0 ignored; 0 measured; 0 filtered out; finished in 0.00s
[INFO] [stdout] 
[INFO] [stderr]    Doc-tests google-photoslibrary1
[INFO] [stdout] 
[INFO] [stdout] running 25 tests
[INFO] [stdout] test src/api.rs - api::AlbumGetCall (line 2960) - compile ... ok
[INFO] [stdout] test src/api.rs - api::AlbumBatchRemoveMediaItemCall (line 2395) - compile ... ok
[INFO] [stdout] test src/api.rs - api::AlbumCreateCall (line 2687) - compile ... ok
[INFO] [stdout] test src/api.rs - api::AlbumAddEnrichmentCall (line 1811) - compile ... ok
[INFO] [stdout] test src/api.rs - api::AlbumMethods (line 1352) - compile ... ok
[INFO] [stdout] test src/api.rs - api::AlbumBatchAddMediaItemCall (line 2103) - compile ... ok
[INFO] [stdout] test src/api.rs - api::AlbumListCall (line 3222) - compile ... ok
[INFO] [stdout] test src/api.rs - api::AlbumPatchCall (line 3501) - compile ... FAILED
[INFO] [stdout] test src/api.rs - api::MediaItemBatchCreateCall (line 4389) - compile ... ok
[INFO] [stdout] test src/api.rs - api::MediaItemBatchGetCall (line 4662) - compile ... ok
[INFO] [stdout] test src/api.rs - api::MediaItemGetCall (line 4920) - compile ... ok
[INFO] [stdout] test src/api.rs - api::AlbumShareCall (line 3805) - compile ... ok
[INFO] [stdout] test src/api.rs - api::AlbumUnshareCall (line 4097) - compile ... ok
[INFO] [stdout] test src/api.rs - api::SharedAlbumLeaveCall (line 6561) - compile ... ok
[INFO] [stdout] test src/api.rs - api::MediaItemListCall (line 5182) - compile ... ok
[INFO] [stdout] test src/api.rs - api::MediaItemSearchCall (line 5753) - compile ... ok
[INFO] [stdout] test src/lib.rs - (line 53) ... ignored
[INFO] [stdout] test src/api.rs - api::MediaItemMethods (line 1557) - compile ... ok
[INFO] [stdout] test src/api.rs - api::MediaItemPatchCall (line 5449) - compile ... FAILED
[INFO] [stdout] test src/api.rs - api::SharedAlbumGetCall (line 6026) - compile ... ok
[INFO] [stdout] test src/api.rs - api::PhotosLibrary (line 78) - compile ... ok
[INFO] [stdout] test src/api.rs - api::SharedAlbumJoinCall (line 6288) - compile ... ok
[INFO] [stdout] test src/api.rs - api::SharedAlbumListCall (line 6834) - compile ... ok
[INFO] [stdout] test src/lib.rs - (line 86) - compile ... ok
[INFO] [stdout] test src/api.rs - api::SharedAlbumMethods (line 1696) - compile ... ok
[INFO] [stdout] 
[INFO] [stdout] failures:
[INFO] [stdout] 
[INFO] [stdout] ---- src/api.rs - api::AlbumPatchCall (line 3501) stdout ----
[INFO] [stdout] error[E0308]: mismatched types
[INFO] [stdout]     --> src/api.rs:3525:27
[INFO] [stdout]      |
[INFO] [stdout] 25   |              .update_mask(&Default::default())
[INFO] [stdout]      |               ----------- ^^^^^^^^^^^^^^^^^^^ expected `FieldMask`, found `&_`
[INFO] [stdout]      |               |
[INFO] [stdout]      |               arguments to this method are incorrect
[INFO] [stdout]      |
[INFO] [stdout]      = note: expected struct `FieldMask`
[INFO] [stdout]              found reference `&_`
[INFO] [stdout] note: method defined here
[INFO] [stdout]     --> /opt/rustwide/workdir/src/api.rs:3716:12
[INFO] [stdout]      |
[INFO] [stdout] 3716 |     pub fn update_mask(mut self, new_value: client::FieldMask) -> AlbumPatchCall<'a, S> {
[INFO] [stdout]      |            ^^^^^^^^^^^
[INFO] [stdout] help: consider removing the borrow
[INFO] [stdout]      |
[INFO] [stdout] 25   -              .update_mask(&Default::default())
[INFO] [stdout] 25   +              .update_mask(Default::default())
[INFO] [stdout]      |
[INFO] [stdout] 
[INFO] [stdout] error: aborting due to previous error
[INFO] [stdout] 
[INFO] [stdout] For more information about this error, try `rustc --explain E0308`.
[INFO] [stdout] Couldn't compile the test.
[INFO] [stdout] ---- src/api.rs - api::MediaItemPatchCall (line 5449) stdout ----
[INFO] [stdout] error[E0308]: mismatched types
[INFO] [stdout]     --> src/api.rs:5473:27
[INFO] [stdout]      |
[INFO] [stdout] 25   |              .update_mask(&Default::default())
[INFO] [stdout]      |               ----------- ^^^^^^^^^^^^^^^^^^^ expected `FieldMask`, found `&_`
[INFO] [stdout]      |               |
[INFO] [stdout]      |               arguments to this method are incorrect
[INFO] [stdout]      |
[INFO] [stdout]      = note: expected struct `FieldMask`
[INFO] [stdout]              found reference `&_`
[INFO] [stdout] note: method defined here
[INFO] [stdout]     --> /opt/rustwide/workdir/src/api.rs:5664:12
[INFO] [stdout]      |
[INFO] [stdout] 5664 |     pub fn update_mask(mut self, new_value: client::FieldMask) -> MediaItemPatchCall<'a, S> {
[INFO] [stdout]      |            ^^^^^^^^^^^
[INFO] [stdout] help: consider removing the borrow
[INFO] [stdout]      |
[INFO] [stdout] 25   -              .update_mask(&Default::default())
[INFO] [stdout] 25   +              .update_mask(Default::default())
[INFO] [stdout]      |
[INFO] [stdout] 
[INFO] [stdout] error: aborting due to previous error
[INFO] [stdout] 
[INFO] [stdout] For more information about this error, try `rustc --explain E0308`.
[INFO] [stdout] Couldn't compile the test.
[INFO] [stdout] 
[INFO] [stdout] failures:
[INFO] [stdout]     src/api.rs - api::AlbumPatchCall (line 3501)
[INFO] [stdout]     src/api.rs - api::MediaItemPatchCall (line 5449)
[INFO] [stdout] 
[INFO] [stdout] test result: FAILED. 22 passed; 2 failed; 1 ignored; 0 measured; 0 filtered out; finished in 0.92s
[INFO] [stdout] 
[INFO] [stderr] error: doctest failed, to rerun pass `--doc`
[INFO] running `Command { std: "docker" "inspect" "f558a0d6bba8c3d6d0189c7ca371302ededd49dcdd270f1e1b51c0edafa1b644", kill_on_drop: false }`
[INFO] running `Command { std: "docker" "rm" "-f" "f558a0d6bba8c3d6d0189c7ca371302ededd49dcdd270f1e1b51c0edafa1b644", kill_on_drop: false }`
[INFO] [stdout] f558a0d6bba8c3d6d0189c7ca371302ededd49dcdd270f1e1b51c0edafa1b644
