[INFO] fetching crate google-people1 5.0.3+20230123...
[INFO] testing google-people1-5.0.3+20230123 against 1.75.0 for beta-1.76-1
[INFO] extracting crate google-people1 5.0.3+20230123 into /workspace/builds/worker-6-tc1/source
[INFO] validating manifest of crates.io crate google-people1 5.0.3+20230123 on toolchain 1.75.0
[INFO] running `Command { std: CARGO_HOME="/workspace/cargo-home" RUSTUP_HOME="/workspace/rustup-home" "/workspace/cargo-home/bin/cargo" "+1.75.0" "metadata" "--manifest-path" "Cargo.toml" "--no-deps", kill_on_drop: false }`
[INFO] started tweaking crates.io crate google-people1 5.0.3+20230123
[INFO] finished tweaking crates.io crate google-people1 5.0.3+20230123
[INFO] tweaked toml for crates.io crate google-people1 5.0.3+20230123 written to /workspace/builds/worker-6-tc1/source/Cargo.toml
[INFO] running `Command { std: CARGO_HOME="/workspace/cargo-home" RUSTUP_HOME="/workspace/rustup-home" "/workspace/cargo-home/bin/cargo" "+1.75.0" "generate-lockfile" "--manifest-path" "Cargo.toml", kill_on_drop: false }`
[INFO] [stderr]     Blocking waiting for file lock on package cache
[INFO] [stderr]     Updating crates.io index
[INFO] running `Command { std: CARGO_HOME="/workspace/cargo-home" RUSTUP_HOME="/workspace/rustup-home" "/workspace/cargo-home/bin/cargo" "+1.75.0" "fetch" "--manifest-path" "Cargo.toml", kill_on_drop: false }`
[INFO] running `Command { std: "docker" "create" "-v" "/var/lib/crater-agent-workspace/builds/worker-6-tc1/target:/opt/rustwide/target:rw,Z" "-v" "/var/lib/crater-agent-workspace/builds/worker-6-tc1/source:/opt/rustwide/workdir:ro,Z" "-v" "/var/lib/crater-agent-workspace/cargo-home:/opt/rustwide/cargo-home:ro,Z" "-v" "/var/lib/crater-agent-workspace/rustup-home:/opt/rustwide/rustup-home:ro,Z" "-e" "SOURCE_DIR=/opt/rustwide/workdir" "-e" "CARGO_TARGET_DIR=/opt/rustwide/target" "-e" "CARGO_HOME=/opt/rustwide/cargo-home" "-e" "RUSTUP_HOME=/opt/rustwide/rustup-home" "-w" "/opt/rustwide/workdir" "-m" "1610612736" "--user" "0:0" "--network" "none" "ghcr.io/rust-lang/crates-build-env/linux@sha256:2788e3201cd34a07e3172128adcd8b3090168a8e3bcc40d7c032b9dda1df7d1c" "/opt/rustwide/cargo-home/bin/cargo" "+1.75.0" "metadata" "--no-deps" "--format-version=1", kill_on_drop: false }`
[INFO] [stdout] 92529bb04dc15ef9ec9de2d3afc816be42549ef065c882e231df815470a86cbc
[INFO] running `Command { std: "docker" "start" "-a" "92529bb04dc15ef9ec9de2d3afc816be42549ef065c882e231df815470a86cbc", kill_on_drop: false }`
[INFO] running `Command { std: "docker" "inspect" "92529bb04dc15ef9ec9de2d3afc816be42549ef065c882e231df815470a86cbc", kill_on_drop: false }`
[INFO] running `Command { std: "docker" "rm" "-f" "92529bb04dc15ef9ec9de2d3afc816be42549ef065c882e231df815470a86cbc", kill_on_drop: false }`
[INFO] [stdout] 92529bb04dc15ef9ec9de2d3afc816be42549ef065c882e231df815470a86cbc
[INFO] running `Command { std: "docker" "create" "-v" "/var/lib/crater-agent-workspace/builds/worker-6-tc1/target:/opt/rustwide/target:rw,Z" "-v" "/var/lib/crater-agent-workspace/builds/worker-6-tc1/source:/opt/rustwide/workdir:ro,Z" "-v" "/var/lib/crater-agent-workspace/cargo-home:/opt/rustwide/cargo-home:ro,Z" "-v" "/var/lib/crater-agent-workspace/rustup-home:/opt/rustwide/rustup-home:ro,Z" "-e" "SOURCE_DIR=/opt/rustwide/workdir" "-e" "CARGO_TARGET_DIR=/opt/rustwide/target" "-e" "CARGO_INCREMENTAL=0" "-e" "RUST_BACKTRACE=full" "-e" "RUSTFLAGS=--cap-lints=warn" "-e" "RUSTDOCFLAGS=--cap-lints=warn" "-e" "CARGO_HOME=/opt/rustwide/cargo-home" "-e" "RUSTUP_HOME=/opt/rustwide/rustup-home" "-w" "/opt/rustwide/workdir" "-m" "1610612736" "--user" "0:0" "--network" "none" "ghcr.io/rust-lang/crates-build-env/linux@sha256:2788e3201cd34a07e3172128adcd8b3090168a8e3bcc40d7c032b9dda1df7d1c" "/opt/rustwide/cargo-home/bin/cargo" "+1.75.0" "build" "--frozen" "--message-format=json", kill_on_drop: false }`
[INFO] [stdout] e3bf2fdb304dd4faf2dada3dbc32152d6535b0715edca9e96ce28a618e85d11e
[INFO] running `Command { std: "docker" "start" "-a" "e3bf2fdb304dd4faf2dada3dbc32152d6535b0715edca9e96ce28a618e85d11e", kill_on_drop: false }`
[INFO] [stderr]    Compiling proc-macro2 v1.0.75
[INFO] [stderr]    Compiling unicode-ident v1.0.12
[INFO] [stderr]    Compiling libc v0.2.151
[INFO] [stderr]    Compiling pin-project-lite v0.2.13
[INFO] [stderr]    Compiling bytes v1.5.0
[INFO] [stderr]    Compiling futures-core v0.3.30
[INFO] [stderr]    Compiling futures-sink v0.3.30
[INFO] [stderr]    Compiling untrusted v0.9.0
[INFO] [stderr]    Compiling spin v0.9.8
[INFO] [stderr]    Compiling serde v1.0.194
[INFO] [stderr]    Compiling futures-io v0.3.30
[INFO] [stderr]    Compiling tinyvec_macros v0.1.1
[INFO] [stderr]    Compiling slab v0.4.9
[INFO] [stderr]    Compiling itoa v1.0.10
[INFO] [stderr]    Compiling futures-task v0.3.30
[INFO] [stderr]    Compiling once_cell v1.19.0
[INFO] [stderr]    Compiling memchr v2.7.1
[INFO] [stderr]    Compiling tinyvec v1.6.0
[INFO] [stderr]    Compiling unicode-bidi v0.3.14
[INFO] [stderr]    Compiling strsim v0.10.0
[INFO] [stderr]    Compiling log v0.4.20
[INFO] [stderr]    Compiling futures-channel v0.3.30
[INFO] [stderr]    Compiling rustls v0.21.10
[INFO] [stderr]    Compiling hashbrown v0.14.3
[INFO] [stderr]    Compiling httparse v1.8.0
[INFO] [stderr]    Compiling tracing-core v0.1.32
[INFO] [stderr]    Compiling ident_case v1.0.1
[INFO] [stderr]    Compiling equivalent v1.0.1
[INFO] [stderr]    Compiling base64 v0.21.5
[INFO] [stderr]    Compiling try-lock v0.2.5
[INFO] [stderr]    Compiling num-traits v0.2.17
[INFO] [stderr]    Compiling percent-encoding v2.3.1
[INFO] [stderr]    Compiling want v0.3.1
[INFO] [stderr]    Compiling rustls-pki-types v1.1.0
[INFO] [stderr]    Compiling rustls v0.22.1
[INFO] [stderr]    Compiling http v0.2.11
[INFO] [stderr]    Compiling serde_json v1.0.111
[INFO] [stderr]    Compiling httpdate v1.0.3
[INFO] [stderr]    Compiling rustls-pemfile v1.0.4
[INFO] [stderr]    Compiling tracing v0.1.40
[INFO] [stderr]    Compiling unicode-normalization v0.1.22
[INFO] [stderr]    Compiling anyhow v1.0.79
[INFO] [stderr]    Compiling async-trait v0.1.77
[INFO] [stderr]    Compiling powerfmt v0.2.0
[INFO] [stderr]    Compiling either v1.9.0
[INFO] [stderr]    Compiling tower-service v0.3.2
[INFO] [stderr]    Compiling indexmap v2.1.0
[INFO] [stderr]    Compiling rustls-native-certs v0.6.3
[INFO] [stderr]    Compiling form_urlencoded v1.2.1
[INFO] [stderr]    Compiling ryu v1.0.16
[INFO] [stderr]    Compiling time-core v0.1.2
[INFO] [stderr]    Compiling zeroize v1.7.0
[INFO] [stderr]    Compiling quote v1.0.35
[INFO] [stderr]    Compiling matches v0.1.10
[INFO] [stderr]    Compiling num_threads v0.1.6
[INFO] [stderr]    Compiling subtle v2.5.0
[INFO] [stderr]    Compiling itertools v0.12.0
[INFO] [stderr]    Compiling iana-time-zone v0.1.59
[INFO] [stderr]    Compiling itertools v0.10.5
[INFO] [stderr]    Compiling idna v0.5.0
[INFO] [stderr]    Compiling idna v0.1.5
[INFO] [stderr]    Compiling base64 v0.13.1
[INFO] [stderr]    Compiling http-body v0.4.6
[INFO] [stderr]    Compiling cc v1.0.83
[INFO] [stderr]    Compiling syn v2.0.48
[INFO] [stderr]    Compiling getrandom v0.2.11
[INFO] [stderr]    Compiling mio v0.8.10
[INFO] [stderr]    Compiling socket2 v0.5.5
[INFO] [stderr]    Compiling mime v0.3.17
[INFO] [stderr]    Compiling url v1.7.2
[INFO] [stderr]    Compiling url v2.5.0
[INFO] [stderr]    Compiling ring v0.17.7
[INFO] [stderr]    Compiling darling_core v0.20.3
[INFO] [stderr]    Compiling sct v0.7.1
[INFO] [stderr]    Compiling rustls-webpki v0.101.7
[INFO] [stderr]    Compiling rustls-webpki v0.102.1
[INFO] [stderr]    Compiling futures-macro v0.3.30
[INFO] [stderr]    Compiling serde_derive v1.0.194
[INFO] [stderr]    Compiling tokio-macros v2.2.0
[INFO] [stderr]    Compiling tokio v1.35.1
[INFO] [stderr]    Compiling futures-util v0.3.30
[INFO] [stderr]    Compiling darling_macro v0.20.3
[INFO] [stderr]    Compiling darling v0.20.3
[INFO] [stderr]    Compiling serde_with_macros v2.3.3
[INFO] [stderr]    Compiling futures-executor v0.3.30
[INFO] [stderr]    Compiling futures v0.3.30
[INFO] [stderr]    Compiling tokio-util v0.7.10
[INFO] [stderr]    Compiling tokio-rustls v0.24.1
[INFO] [stderr]    Compiling h2 v0.3.22
[INFO] [stderr]    Compiling deranged v0.3.11
[INFO] [stderr]    Compiling chrono v0.4.31
[INFO] [stderr]    Compiling serde_with v2.3.3
[INFO] [stderr]    Compiling time v0.3.31
[INFO] [stderr]    Compiling hyper v0.14.28
[INFO] [stderr]    Compiling hyper-rustls v0.24.2
[INFO] [stderr]    Compiling yup-oauth2 v8.3.2
[INFO] [stderr]    Compiling google-apis-common v6.0.0
[INFO] [stderr]    Compiling google-people1 v5.0.3+20230123 (/opt/rustwide/workdir)
[INFO] [stderr]     Finished dev [unoptimized + debuginfo] target(s) in 22.90s
[INFO] running `Command { std: "docker" "inspect" "e3bf2fdb304dd4faf2dada3dbc32152d6535b0715edca9e96ce28a618e85d11e", kill_on_drop: false }`
[INFO] running `Command { std: "docker" "rm" "-f" "e3bf2fdb304dd4faf2dada3dbc32152d6535b0715edca9e96ce28a618e85d11e", kill_on_drop: false }`
[INFO] [stdout] e3bf2fdb304dd4faf2dada3dbc32152d6535b0715edca9e96ce28a618e85d11e
[INFO] running `Command { std: "docker" "create" "-v" "/var/lib/crater-agent-workspace/builds/worker-6-tc1/target:/opt/rustwide/target:rw,Z" "-v" "/var/lib/crater-agent-workspace/builds/worker-6-tc1/source:/opt/rustwide/workdir:ro,Z" "-v" "/var/lib/crater-agent-workspace/cargo-home:/opt/rustwide/cargo-home:ro,Z" "-v" "/var/lib/crater-agent-workspace/rustup-home:/opt/rustwide/rustup-home:ro,Z" "-e" "SOURCE_DIR=/opt/rustwide/workdir" "-e" "CARGO_TARGET_DIR=/opt/rustwide/target" "-e" "CARGO_INCREMENTAL=0" "-e" "RUST_BACKTRACE=full" "-e" "RUSTFLAGS=--cap-lints=warn" "-e" "RUSTDOCFLAGS=--cap-lints=warn" "-e" "CARGO_HOME=/opt/rustwide/cargo-home" "-e" "RUSTUP_HOME=/opt/rustwide/rustup-home" "-w" "/opt/rustwide/workdir" "-m" "1610612736" "--user" "0:0" "--network" "none" "ghcr.io/rust-lang/crates-build-env/linux@sha256:2788e3201cd34a07e3172128adcd8b3090168a8e3bcc40d7c032b9dda1df7d1c" "/opt/rustwide/cargo-home/bin/cargo" "+1.75.0" "test" "--frozen" "--no-run" "--message-format=json", kill_on_drop: false }`
[INFO] [stdout] c0a3ef23a8798f87d72b2b3e9433c3d16c02d88f83c3cb5196ace6aa2349cabf
[INFO] running `Command { std: "docker" "start" "-a" "c0a3ef23a8798f87d72b2b3e9433c3d16c02d88f83c3cb5196ace6aa2349cabf", kill_on_drop: false }`
[INFO] [stderr]    Compiling google-people1 v5.0.3+20230123 (/opt/rustwide/workdir)
[INFO] [stderr]     Finished test [unoptimized + debuginfo] target(s) in 3.95s
[INFO] running `Command { std: "docker" "inspect" "c0a3ef23a8798f87d72b2b3e9433c3d16c02d88f83c3cb5196ace6aa2349cabf", kill_on_drop: false }`
[INFO] running `Command { std: "docker" "rm" "-f" "c0a3ef23a8798f87d72b2b3e9433c3d16c02d88f83c3cb5196ace6aa2349cabf", kill_on_drop: false }`
[INFO] [stdout] c0a3ef23a8798f87d72b2b3e9433c3d16c02d88f83c3cb5196ace6aa2349cabf
[INFO] running `Command { std: "docker" "create" "-v" "/var/lib/crater-agent-workspace/builds/worker-6-tc1/target:/opt/rustwide/target:rw,Z" "-v" "/var/lib/crater-agent-workspace/builds/worker-6-tc1/source:/opt/rustwide/workdir:ro,Z" "-v" "/var/lib/crater-agent-workspace/cargo-home:/opt/rustwide/cargo-home:ro,Z" "-v" "/var/lib/crater-agent-workspace/rustup-home:/opt/rustwide/rustup-home:ro,Z" "-e" "SOURCE_DIR=/opt/rustwide/workdir" "-e" "CARGO_TARGET_DIR=/opt/rustwide/target" "-e" "CARGO_INCREMENTAL=0" "-e" "RUST_BACKTRACE=full" "-e" "RUSTFLAGS=--cap-lints=warn" "-e" "RUSTDOCFLAGS=--cap-lints=warn" "-e" "CARGO_HOME=/opt/rustwide/cargo-home" "-e" "RUSTUP_HOME=/opt/rustwide/rustup-home" "-w" "/opt/rustwide/workdir" "-m" "1610612736" "--user" "0:0" "--network" "none" "ghcr.io/rust-lang/crates-build-env/linux@sha256:2788e3201cd34a07e3172128adcd8b3090168a8e3bcc40d7c032b9dda1df7d1c" "/opt/rustwide/cargo-home/bin/cargo" "+1.75.0" "test" "--frozen", kill_on_drop: false }`
[INFO] [stdout] 3b668a5c3216a6bf9e6693b41db70e76e4edf6f52ecd5a9bd51429ff849dcbc1
[INFO] running `Command { std: "docker" "start" "-a" "3b668a5c3216a6bf9e6693b41db70e76e4edf6f52ecd5a9bd51429ff849dcbc1", kill_on_drop: false }`
[INFO] [stderr]     Finished test [unoptimized + debuginfo] target(s) in 0.12s
[INFO] [stderr]      Running unittests src/lib.rs (/opt/rustwide/target/debug/deps/google_people1-77f4e0765cefe7e2)
[INFO] [stdout] 
[INFO] [stdout] running 0 tests
[INFO] [stdout] 
[INFO] [stdout] test result: ok. 0 passed; 0 failed; 0 ignored; 0 measured; 0 filtered out; finished in 0.00s
[INFO] [stdout] 
[INFO] [stderr]    Doc-tests google-people1
[INFO] [stdout] 
[INFO] [stdout] running 30 tests
[INFO] [stdout] test src/api.rs - api::ContactGroupCreateCall (line 3330) - compile ... ok
[INFO] [stdout] test src/api.rs - api::OtherContactMethods (line 2353) - compile ... ok
[INFO] [stdout] test src/api.rs - api::ContactGroupMethods (line 2189) - compile ... ok
[INFO] [stdout] test src/api.rs - api::ContactGroupMemberModifyCall (line 2756) - compile ... ok
[INFO] [stdout] test src/api.rs - api::PersonBatchUpdateContactCall (line 6542) - compile ... ok
[INFO] [stdout] test src/api.rs - api::OtherContactCopyOtherContactToMyContactsGroupCall (line 4746) - compile ... ok
[INFO] [stdout] test src/api.rs - api::ContactGroupDeleteCall (line 3603) - compile ... ok
[INFO] [stdout] test src/api.rs - api::PersonBatchCreateContactCall (line 5996) - compile ... ok
[INFO] [stdout] test src/api.rs - api::PersonBatchDeleteContactCall (line 6269) - compile ... ok
[INFO] [stdout] test src/api.rs - api::ContactGroupListCall (line 4163) - compile ... FAILED
[INFO] [stdout] test src/api.rs - api::ContactGroupGetCall (line 3877) - compile ... FAILED
[INFO] [stdout] test src/api.rs - api::PeopleService (line 102) - compile ... FAILED
[INFO] [stdout] test src/api.rs - api::ContactGroupUpdateCall (line 4454) - compile ... ok
[INFO] [stdout] test src/api.rs - api::OtherContactListCall (line 5038) - compile ... FAILED
[INFO] [stdout] test src/lib.rs - (line 53) ... ignored
[INFO] [stdout] test src/api.rs - api::ContactGroupBatchGetCall (line 3048) - compile ... FAILED
[INFO] [stdout] test src/api.rs - api::PersonDeleteContactCall (line 7115) - compile ... ok
[INFO] [stdout] test src/api.rs - api::PersonMethods (line 2446) - compile ... ok
[INFO] [stdout] test src/api.rs - api::PersonListDirectoryPersonCall (line 8264) - compile ... FAILED
[INFO] [stdout] test src/api.rs - api::OtherContactSearchCall (line 5356) - compile ... FAILED
[INFO] [stdout] test src/api.rs - api::PersonConnectionListCall (line 5635) - compile ... FAILED
[INFO] [stdout] test src/api.rs - api::PersonSearchDirectoryPersonCall (line 8891) - compile ... FAILED
[INFO] [stdout] test src/api.rs - api::PersonUpdateContactCall (line 9212) - compile ... FAILED
[INFO] [stdout] test src/api.rs - api::PersonUpdateContactPhotoCall (line 9543) - compile ... ok
[INFO] [stdout] test src/api.rs - api::PersonCreateContactCall (line 6815) - compile ... FAILED
[INFO] [stdout] test src/api.rs - api::PersonSearchContactCall (line 8597) - compile ... FAILED
[INFO] [stdout] test src/api.rs - api::PersonGetCall (line 7666) - compile ... FAILED
[INFO] [stdout] test src/api.rs - api::PersonDeleteContactPhotoCall (line 7377) - compile ... FAILED
[INFO] [stdout] test src/lib.rs - (line 83) - compile ... FAILED
[INFO] [stdout] test src/api.rs - api::PersonGetBatchGetCall (line 7967) - compile ... FAILED
[INFO] [stdout] 
[INFO] [stdout] failures:
[INFO] [stdout] 
[INFO] [stdout] ---- src/api.rs - api::ContactGroupListCall (line 4163) stdout ----
[INFO] [stdout] error[E0308]: mismatched types
[INFO] [stdout]     --> src/api.rs:4184:28
[INFO] [stdout]      |
[INFO] [stdout] 22   |              .group_fields(&Default::default())
[INFO] [stdout]      |               ------------ ^^^^^^^^^^^^^^^^^^^ expected `FieldMask`, found `&_`
[INFO] [stdout]      |               |
[INFO] [stdout]      |               arguments to this method are incorrect
[INFO] [stdout]      |
[INFO] [stdout]      = note: expected struct `FieldMask`
[INFO] [stdout]              found reference `&_`
[INFO] [stdout] note: method defined here
[INFO] [stdout]     --> /opt/rustwide/workdir/src/api.rs:4365:12
[INFO] [stdout]      |
[INFO] [stdout] 4365 |     pub fn group_fields(mut self, new_value: client::FieldMask) -> ContactGroupListCall<'a, S> {
[INFO] [stdout]      |            ^^^^^^^^^^^^
[INFO] [stdout] help: consider removing the borrow
[INFO] [stdout]      |
[INFO] [stdout] 22   -              .group_fields(&Default::default())
[INFO] [stdout] 22   +              .group_fields(Default::default())
[INFO] [stdout]      |
[INFO] [stdout] 
[INFO] [stdout] error: aborting due to previous error
[INFO] [stdout] 
[INFO] [stdout] For more information about this error, try `rustc --explain E0308`.
[INFO] [stdout] Couldn't compile the test.
[INFO] [stdout] ---- src/api.rs - api::ContactGroupGetCall (line 3877) stdout ----
[INFO] [stdout] error[E0308]: mismatched types
[INFO] [stdout]     --> src/api.rs:3896:28
[INFO] [stdout]      |
[INFO] [stdout] 20   |              .group_fields(&Default::default())
[INFO] [stdout]      |               ------------ ^^^^^^^^^^^^^^^^^^^ expected `FieldMask`, found `&_`
[INFO] [stdout]      |               |
[INFO] [stdout]      |               arguments to this method are incorrect
[INFO] [stdout]      |
[INFO] [stdout]      = note: expected struct `FieldMask`
[INFO] [stdout]              found reference `&_`
[INFO] [stdout] note: method defined here
[INFO] [stdout]     --> /opt/rustwide/workdir/src/api.rs:4074:12
[INFO] [stdout]      |
[INFO] [stdout] 4074 |     pub fn group_fields(mut self, new_value: client::FieldMask) -> ContactGroupGetCall<'a, S> {
[INFO] [stdout]      |            ^^^^^^^^^^^^
[INFO] [stdout] help: consider removing the borrow
[INFO] [stdout]      |
[INFO] [stdout] 20   -              .group_fields(&Default::default())
[INFO] [stdout] 20   +              .group_fields(Default::default())
[INFO] [stdout]      |
[INFO] [stdout] 
[INFO] [stdout] error: aborting due to previous error
[INFO] [stdout] 
[INFO] [stdout] For more information about this error, try `rustc --explain E0308`.
[INFO] [stdout] Couldn't compile the test.
[INFO] [stdout] ---- src/api.rs - api::PeopleService (line 102) stdout ----
[INFO] [stdout] error[E0308]: mismatched types
[INFO] [stdout]     --> src/api.rs:131:28
[INFO] [stdout]      |
[INFO] [stdout] 30   |              .group_fields(&Default::default())
[INFO] [stdout]      |               ------------ ^^^^^^^^^^^^^^^^^^^ expected `FieldMask`, found `&_`
[INFO] [stdout]      |               |
[INFO] [stdout]      |               arguments to this method are incorrect
[INFO] [stdout]      |
[INFO] [stdout]      = note: expected struct `FieldMask`
[INFO] [stdout]              found reference `&_`
[INFO] [stdout] note: method defined here
[INFO] [stdout]     --> /opt/rustwide/workdir/src/api.rs:4365:12
[INFO] [stdout]      |
[INFO] [stdout] 4365 |     pub fn group_fields(mut self, new_value: client::FieldMask) -> ContactGroupListCall<'a, S> {
[INFO] [stdout]      |            ^^^^^^^^^^^^
[INFO] [stdout] help: consider removing the borrow
[INFO] [stdout]      |
[INFO] [stdout] 30   -              .group_fields(&Default::default())
[INFO] [stdout] 30   +              .group_fields(Default::default())
[INFO] [stdout]      |
[INFO] [stdout] 
[INFO] [stdout] error: aborting due to previous error
[INFO] [stdout] 
[INFO] [stdout] For more information about this error, try `rustc --explain E0308`.
[INFO] [stdout] Couldn't compile the test.
[INFO] [stdout] ---- src/api.rs - api::OtherContactListCall (line 5038) stdout ----
[INFO] [stdout] error[E0308]: mismatched types
[INFO] [stdout]     --> src/api.rs:5059:25
[INFO] [stdout]      |
[INFO] [stdout] 22   |              .read_mask(&Default::default())
[INFO] [stdout]      |               --------- ^^^^^^^^^^^^^^^^^^^ expected `FieldMask`, found `&_`
[INFO] [stdout]      |               |
[INFO] [stdout]      |               arguments to this method are incorrect
[INFO] [stdout]      |
[INFO] [stdout]      = note: expected struct `FieldMask`
[INFO] [stdout]              found reference `&_`
[INFO] [stdout] note: method defined here
[INFO] [stdout]     --> /opt/rustwide/workdir/src/api.rs:5253:12
[INFO] [stdout]      |
[INFO] [stdout] 5253 |     pub fn read_mask(mut self, new_value: client::FieldMask) -> OtherContactListCall<'a, S> {
[INFO] [stdout]      |            ^^^^^^^^^
[INFO] [stdout] help: consider removing the borrow
[INFO] [stdout]      |
[INFO] [stdout] 22   -              .read_mask(&Default::default())
[INFO] [stdout] 22   +              .read_mask(Default::default())
[INFO] [stdout]      |
[INFO] [stdout] 
[INFO] [stdout] error: aborting due to previous error
[INFO] [stdout] 
[INFO] [stdout] For more information about this error, try `rustc --explain E0308`.
[INFO] [stdout] Couldn't compile the test.
[INFO] [stdout] ---- src/api.rs - api::ContactGroupBatchGetCall (line 3048) stdout ----
[INFO] [stdout] error[E0308]: mismatched types
[INFO] [stdout]     --> src/api.rs:3068:28
[INFO] [stdout]      |
[INFO] [stdout] 21   |              .group_fields(&Default::default())
[INFO] [stdout]      |               ------------ ^^^^^^^^^^^^^^^^^^^ expected `FieldMask`, found `&_`
[INFO] [stdout]      |               |
[INFO] [stdout]      |               arguments to this method are incorrect
[INFO] [stdout]      |
[INFO] [stdout]      = note: expected struct `FieldMask`
[INFO] [stdout]              found reference `&_`
[INFO] [stdout] note: method defined here
[INFO] [stdout]     --> /opt/rustwide/workdir/src/api.rs:3241:12
[INFO] [stdout]      |
[INFO] [stdout] 3241 |     pub fn group_fields(mut self, new_value: client::FieldMask) -> ContactGroupBatchGetCall<'a, S> {
[INFO] [stdout]      |            ^^^^^^^^^^^^
[INFO] [stdout] help: consider removing the borrow
[INFO] [stdout]      |
[INFO] [stdout] 21   -              .group_fields(&Default::default())
[INFO] [stdout] 21   +              .group_fields(Default::default())
[INFO] [stdout]      |
[INFO] [stdout] 
[INFO] [stdout] error: aborting due to previous error
[INFO] [stdout] 
[INFO] [stdout] For more information about this error, try `rustc --explain E0308`.
[INFO] [stdout] Couldn't compile the test.
[INFO] [stdout] ---- src/api.rs - api::PersonListDirectoryPersonCall (line 8264) stdout ----
[INFO] [stdout] error[E0308]: mismatched types
[INFO] [stdout]     --> src/api.rs:8285:25
[INFO] [stdout]      |
[INFO] [stdout] 22   |              .read_mask(&Default::default())
[INFO] [stdout]      |               --------- ^^^^^^^^^^^^^^^^^^^ expected `FieldMask`, found `&_`
[INFO] [stdout]      |               |
[INFO] [stdout]      |               arguments to this method are incorrect
[INFO] [stdout]      |
[INFO] [stdout]      = note: expected struct `FieldMask`
[INFO] [stdout]              found reference `&_`
[INFO] [stdout] note: method defined here
[INFO] [stdout]     --> /opt/rustwide/workdir/src/api.rs:8486:12
[INFO] [stdout]      |
[INFO] [stdout] 8486 |     pub fn read_mask(mut self, new_value: client::FieldMask) -> PersonListDirectoryPersonCall<'a, S> {
[INFO] [stdout]      |            ^^^^^^^^^
[INFO] [stdout] help: consider removing the borrow
[INFO] [stdout]      |
[INFO] [stdout] 22   -              .read_mask(&Default::default())
[INFO] [stdout] 22   +              .read_mask(Default::default())
[INFO] [stdout]      |
[INFO] [stdout] 
[INFO] [stdout] error: aborting due to previous error
[INFO] [stdout] 
[INFO] [stdout] For more information about this error, try `rustc --explain E0308`.
[INFO] [stdout] Couldn't compile the test.
[INFO] [stdout] ---- src/api.rs - api::OtherContactSearchCall (line 5356) stdout ----
[INFO] [stdout] error[E0308]: mismatched types
[INFO] [stdout]     --> src/api.rs:5374:25
[INFO] [stdout]      |
[INFO] [stdout] 19   |              .read_mask(&Default::default())
[INFO] [stdout]      |               --------- ^^^^^^^^^^^^^^^^^^^ expected `FieldMask`, found `&_`
[INFO] [stdout]      |               |
[INFO] [stdout]      |               arguments to this method are incorrect
[INFO] [stdout]      |
[INFO] [stdout]      = note: expected struct `FieldMask`
[INFO] [stdout]              found reference `&_`
[INFO] [stdout] note: method defined here
[INFO] [stdout]     --> /opt/rustwide/workdir/src/api.rs:5532:12
[INFO] [stdout]      |
[INFO] [stdout] 5532 |     pub fn read_mask(mut self, new_value: client::FieldMask) -> OtherContactSearchCall<'a, S> {
[INFO] [stdout]      |            ^^^^^^^^^
[INFO] [stdout] help: consider removing the borrow
[INFO] [stdout]      |
[INFO] [stdout] 19   -              .read_mask(&Default::default())
[INFO] [stdout] 19   +              .read_mask(Default::default())
[INFO] [stdout]      |
[INFO] [stdout] 
[INFO] [stdout] error: aborting due to previous error
[INFO] [stdout] 
[INFO] [stdout] For more information about this error, try `rustc --explain E0308`.
[INFO] [stdout] Couldn't compile the test.
[INFO] [stdout] ---- src/api.rs - api::PersonConnectionListCall (line 5635) stdout ----
[INFO] [stdout] error[E0308]: mismatched types
[INFO] [stdout]     --> src/api.rs:5657:42
[INFO] [stdout]      |
[INFO] [stdout] 23   |              .request_mask_include_field(&Default::default())
[INFO] [stdout]      |               -------------------------- ^^^^^^^^^^^^^^^^^^^ expected `FieldMask`, found `&_`
[INFO] [stdout]      |               |
[INFO] [stdout]      |               arguments to this method are incorrect
[INFO] [stdout]      |
[INFO] [stdout]      = note: expected struct `FieldMask`
[INFO] [stdout]              found reference `&_`
[INFO] [stdout] note: method defined here
[INFO] [stdout]     --> /opt/rustwide/workdir/src/api.rs:5886:12
[INFO] [stdout]      |
[INFO] [stdout] 5886 |     pub fn request_mask_include_field(mut self, new_value: client::FieldMask) -> PersonConnectionListCall<'a, S> {
[INFO] [stdout]      |            ^^^^^^^^^^^^^^^^^^^^^^^^^^
[INFO] [stdout] help: consider removing the borrow
[INFO] [stdout]      |
[INFO] [stdout] 23   -              .request_mask_include_field(&Default::default())
[INFO] [stdout] 23   +              .request_mask_include_field(Default::default())
[INFO] [stdout]      |
[INFO] [stdout] 
[INFO] [stdout] error[E0308]: mismatched types
[INFO] [stdout]     --> src/api.rs:5658:29
[INFO] [stdout]      |
[INFO] [stdout] 24   |              .person_fields(&Default::default())
[INFO] [stdout]      |               ------------- ^^^^^^^^^^^^^^^^^^^ expected `FieldMask`, found `&_`
[INFO] [stdout]      |               |
[INFO] [stdout]      |               arguments to this method are incorrect
[INFO] [stdout]      |
[INFO] [stdout]      = note: expected struct `FieldMask`
[INFO] [stdout]              found reference `&_`
[INFO] [stdout] note: method defined here
[INFO] [stdout]     --> /opt/rustwide/workdir/src/api.rs:5893:12
[INFO] [stdout]      |
[INFO] [stdout] 5893 |     pub fn person_fields(mut self, new_value: client::FieldMask) -> PersonConnectionListCall<'a, S> {
[INFO] [stdout]      |            ^^^^^^^^^^^^^
[INFO] [stdout] help: consider removing the borrow
[INFO] [stdout]      |
[INFO] [stdout] 24   -              .person_fields(&Default::default())
[INFO] [stdout] 24   +              .person_fields(Default::default())
[INFO] [stdout]      |
[INFO] [stdout] 
[INFO] [stdout] error: aborting due to 2 previous errors
[INFO] [stdout] 
[INFO] [stdout] For more information about this error, try `rustc --explain E0308`.
[INFO] [stdout] Couldn't compile the test.
[INFO] [stdout] ---- src/api.rs - api::PersonSearchDirectoryPersonCall (line 8891) stdout ----
[INFO] [stdout] error[E0308]: mismatched types
[INFO] [stdout]     --> src/api.rs:8910:25
[INFO] [stdout]      |
[INFO] [stdout] 20   |              .read_mask(&Default::default())
[INFO] [stdout]      |               --------- ^^^^^^^^^^^^^^^^^^^ expected `FieldMask`, found `&_`
[INFO] [stdout]      |               |
[INFO] [stdout]      |               arguments to this method are incorrect
[INFO] [stdout]      |
[INFO] [stdout]      = note: expected struct `FieldMask`
[INFO] [stdout]              found reference `&_`
[INFO] [stdout] note: method defined here
[INFO] [stdout]     --> /opt/rustwide/workdir/src/api.rs:9094:12
[INFO] [stdout]      |
[INFO] [stdout] 9094 |     pub fn read_mask(mut self, new_value: client::FieldMask) -> PersonSearchDirectoryPersonCall<'a, S> {
[INFO] [stdout]      |            ^^^^^^^^^
[INFO] [stdout] help: consider removing the borrow
[INFO] [stdout]      |
[INFO] [stdout] 20   -              .read_mask(&Default::default())
[INFO] [stdout] 20   +              .read_mask(Default::default())
[INFO] [stdout]      |
[INFO] [stdout] 
[INFO] [stdout] error: aborting due to previous error
[INFO] [stdout] 
[INFO] [stdout] For more information about this error, try `rustc --explain E0308`.
[INFO] [stdout] Couldn't compile the test.
[INFO] [stdout] ---- src/api.rs - api::PersonUpdateContactCall (line 9212) stdout ----
[INFO] [stdout] error[E0308]: mismatched types
[INFO] [stdout]     --> src/api.rs:9236:36
[INFO] [stdout]      |
[INFO] [stdout] 25   |              .update_person_fields(&Default::default())
[INFO] [stdout]      |               -------------------- ^^^^^^^^^^^^^^^^^^^ expected `FieldMask`, found `&_`
[INFO] [stdout]      |               |
[INFO] [stdout]      |               arguments to this method are incorrect
[INFO] [stdout]      |
[INFO] [stdout]      = note: expected struct `FieldMask`
[INFO] [stdout]              found reference `&_`
[INFO] [stdout] note: method defined here
[INFO] [stdout]     --> /opt/rustwide/workdir/src/api.rs:9439:12
[INFO] [stdout]      |
[INFO] [stdout] 9439 |     pub fn update_person_fields(mut self, new_value: client::FieldMask) -> PersonUpdateContactCall<'a, S> {
[INFO] [stdout]      |            ^^^^^^^^^^^^^^^^^^^^
[INFO] [stdout] help: consider removing the borrow
[INFO] [stdout]      |
[INFO] [stdout] 25   -              .update_person_fields(&Default::default())
[INFO] [stdout] 25   +              .update_person_fields(Default::default())
[INFO] [stdout]      |
[INFO] [stdout] 
[INFO] [stdout] error[E0308]: mismatched types
[INFO] [stdout]     --> src/api.rs:9238:29
[INFO] [stdout]      |
[INFO] [stdout] 27   |              .person_fields(&Default::default())
[INFO] [stdout]      |               ------------- ^^^^^^^^^^^^^^^^^^^ expected `FieldMask`, found `&_`
[INFO] [stdout]      |               |
[INFO] [stdout]      |               arguments to this method are incorrect
[INFO] [stdout]      |
[INFO] [stdout]      = note: expected struct `FieldMask`
[INFO] [stdout]              found reference `&_`
[INFO] [stdout] note: method defined here
[INFO] [stdout]     --> /opt/rustwide/workdir/src/api.rs:9454:12
[INFO] [stdout]      |
[INFO] [stdout] 9454 |     pub fn person_fields(mut self, new_value: client::FieldMask) -> PersonUpdateContactCall<'a, S> {
[INFO] [stdout]      |            ^^^^^^^^^^^^^
[INFO] [stdout] help: consider removing the borrow
[INFO] [stdout]      |
[INFO] [stdout] 27   -              .person_fields(&Default::default())
[INFO] [stdout] 27   +              .person_fields(Default::default())
[INFO] [stdout]      |
[INFO] [stdout] 
[INFO] [stdout] error: aborting due to 2 previous errors
[INFO] [stdout] 
[INFO] [stdout] For more information about this error, try `rustc --explain E0308`.
[INFO] [stdout] Couldn't compile the test.
[INFO] [stdout] ---- src/api.rs - api::PersonCreateContactCall (line 6815) stdout ----
[INFO] [stdout] error[E0308]: mismatched types
[INFO] [stdout]     --> src/api.rs:6840:29
[INFO] [stdout]      |
[INFO] [stdout] 26   |              .person_fields(&Default::default())
[INFO] [stdout]      |               ------------- ^^^^^^^^^^^^^^^^^^^ expected `FieldMask`, found `&_`
[INFO] [stdout]      |               |
[INFO] [stdout]      |               arguments to this method are incorrect
[INFO] [stdout]      |
[INFO] [stdout]      = note: expected struct `FieldMask`
[INFO] [stdout]              found reference `&_`
[INFO] [stdout] note: method defined here
[INFO] [stdout]     --> /opt/rustwide/workdir/src/api.rs:7026:12
[INFO] [stdout]      |
[INFO] [stdout] 7026 |     pub fn person_fields(mut self, new_value: client::FieldMask) -> PersonCreateContactCall<'a, S> {
[INFO] [stdout]      |            ^^^^^^^^^^^^^
[INFO] [stdout] help: consider removing the borrow
[INFO] [stdout]      |
[INFO] [stdout] 26   -              .person_fields(&Default::default())
[INFO] [stdout] 26   +              .person_fields(Default::default())
[INFO] [stdout]      |
[INFO] [stdout] 
[INFO] [stdout] error: aborting due to previous error
[INFO] [stdout] 
[INFO] [stdout] For more information about this error, try `rustc --explain E0308`.
[INFO] [stdout] Couldn't compile the test.
[INFO] [stdout] ---- src/api.rs - api::PersonSearchContactCall (line 8597) stdout ----
[INFO] [stdout] error[E0308]: mismatched types
[INFO] [stdout]     --> src/api.rs:8616:25
[INFO] [stdout]      |
[INFO] [stdout] 20   |              .read_mask(&Default::default())
[INFO] [stdout]      |               --------- ^^^^^^^^^^^^^^^^^^^ expected `FieldMask`, found `&_`
[INFO] [stdout]      |               |
[INFO] [stdout]      |               arguments to this method are incorrect
[INFO] [stdout]      |
[INFO] [stdout]      = note: expected struct `FieldMask`
[INFO] [stdout]              found reference `&_`
[INFO] [stdout] note: method defined here
[INFO] [stdout]     --> /opt/rustwide/workdir/src/api.rs:8788:12
[INFO] [stdout]      |
[INFO] [stdout] 8788 |     pub fn read_mask(mut self, new_value: client::FieldMask) -> PersonSearchContactCall<'a, S> {
[INFO] [stdout]      |            ^^^^^^^^^
[INFO] [stdout] help: consider removing the borrow
[INFO] [stdout]      |
[INFO] [stdout] 20   -              .read_mask(&Default::default())
[INFO] [stdout] 20   +              .read_mask(Default::default())
[INFO] [stdout]      |
[INFO] [stdout] 
[INFO] [stdout] error: aborting due to previous error
[INFO] [stdout] 
[INFO] [stdout] For more information about this error, try `rustc --explain E0308`.
[INFO] [stdout] Couldn't compile the test.
[INFO] [stdout] ---- src/api.rs - api::PersonGetCall (line 7666) stdout ----
[INFO] [stdout] error[E0308]: mismatched types
[INFO] [stdout]     --> src/api.rs:7685:42
[INFO] [stdout]      |
[INFO] [stdout] 20   |              .request_mask_include_field(&Default::default())
[INFO] [stdout]      |               -------------------------- ^^^^^^^^^^^^^^^^^^^ expected `FieldMask`, found `&_`
[INFO] [stdout]      |               |
[INFO] [stdout]      |               arguments to this method are incorrect
[INFO] [stdout]      |
[INFO] [stdout]      = note: expected struct `FieldMask`
[INFO] [stdout]              found reference `&_`
[INFO] [stdout] note: method defined here
[INFO] [stdout]     --> /opt/rustwide/workdir/src/api.rs:7871:12
[INFO] [stdout]      |
[INFO] [stdout] 7871 |     pub fn request_mask_include_field(mut self, new_value: client::FieldMask) -> PersonGetCall<'a, S> {
[INFO] [stdout]      |            ^^^^^^^^^^^^^^^^^^^^^^^^^^
[INFO] [stdout] help: consider removing the borrow
[INFO] [stdout]      |
[INFO] [stdout] 20   -              .request_mask_include_field(&Default::default())
[INFO] [stdout] 20   +              .request_mask_include_field(Default::default())
[INFO] [stdout]      |
[INFO] [stdout] 
[INFO] [stdout] error[E0308]: mismatched types
[INFO] [stdout]     --> src/api.rs:7686:29
[INFO] [stdout]      |
[INFO] [stdout] 21   |              .person_fields(&Default::default())
[INFO] [stdout]      |               ------------- ^^^^^^^^^^^^^^^^^^^ expected `FieldMask`, found `&_`
[INFO] [stdout]      |               |
[INFO] [stdout]      |               arguments to this method are incorrect
[INFO] [stdout]      |
[INFO] [stdout]      = note: expected struct `FieldMask`
[INFO] [stdout]              found reference `&_`
[INFO] [stdout] note: method defined here
[INFO] [stdout]     --> /opt/rustwide/workdir/src/api.rs:7878:12
[INFO] [stdout]      |
[INFO] [stdout] 7878 |     pub fn person_fields(mut self, new_value: client::FieldMask) -> PersonGetCall<'a, S> {
[INFO] [stdout]      |            ^^^^^^^^^^^^^
[INFO] [stdout] help: consider removing the borrow
[INFO] [stdout]      |
[INFO] [stdout] 21   -              .person_fields(&Default::default())
[INFO] [stdout] 21   +              .person_fields(Default::default())
[INFO] [stdout]      |
[INFO] [stdout] 
[INFO] [stdout] error: aborting due to 2 previous errors
[INFO] [stdout] 
[INFO] [stdout] For more information about this error, try `rustc --explain E0308`.
[INFO] [stdout] Couldn't compile the test.
[INFO] [stdout] ---- src/api.rs - api::PersonDeleteContactPhotoCall (line 7377) stdout ----
[INFO] [stdout] error[E0308]: mismatched types
[INFO] [stdout]     --> src/api.rs:7396:29
[INFO] [stdout]      |
[INFO] [stdout] 20   |              .person_fields(&Default::default())
[INFO] [stdout]      |               ------------- ^^^^^^^^^^^^^^^^^^^ expected `FieldMask`, found `&_`
[INFO] [stdout]      |               |
[INFO] [stdout]      |               arguments to this method are incorrect
[INFO] [stdout]      |
[INFO] [stdout]      = note: expected struct `FieldMask`
[INFO] [stdout]              found reference `&_`
[INFO] [stdout] note: method defined here
[INFO] [stdout]     --> /opt/rustwide/workdir/src/api.rs:7577:12
[INFO] [stdout]      |
[INFO] [stdout] 7577 |     pub fn person_fields(mut self, new_value: client::FieldMask) -> PersonDeleteContactPhotoCall<'a, S> {
[INFO] [stdout]      |            ^^^^^^^^^^^^^
[INFO] [stdout] help: consider removing the borrow
[INFO] [stdout]      |
[INFO] [stdout] 20   -              .person_fields(&Default::default())
[INFO] [stdout] 20   +              .person_fields(Default::default())
[INFO] [stdout]      |
[INFO] [stdout] 
[INFO] [stdout] error: aborting due to previous error
[INFO] [stdout] 
[INFO] [stdout] For more information about this error, try `rustc --explain E0308`.
[INFO] [stdout] Couldn't compile the test.
[INFO] [stdout] ---- src/lib.rs - (line 83) stdout ----
[INFO] [stdout] error[E0308]: mismatched types
[INFO] [stdout]     --> src/lib.rs:112:28
[INFO] [stdout]      |
[INFO] [stdout] 30   |              .group_fields(&Default::default())
[INFO] [stdout]      |               ------------ ^^^^^^^^^^^^^^^^^^^ expected `FieldMask`, found `&_`
[INFO] [stdout]      |               |
[INFO] [stdout]      |               arguments to this method are incorrect
[INFO] [stdout]      |
[INFO] [stdout]      = note: expected struct `FieldMask`
[INFO] [stdout]              found reference `&_`
[INFO] [stdout] note: method defined here
[INFO] [stdout]     --> /opt/rustwide/workdir/src/api.rs:4365:12
[INFO] [stdout]      |
[INFO] [stdout] 4365 |     pub fn group_fields(mut self, new_value: client::FieldMask) -> ContactGroupListCall<'a, S> {
[INFO] [stdout]      |            ^^^^^^^^^^^^
[INFO] [stdout] help: consider removing the borrow
[INFO] [stdout]      |
[INFO] [stdout] 30   -              .group_fields(&Default::default())
[INFO] [stdout] 30   +              .group_fields(Default::default())
[INFO] [stdout]      |
[INFO] [stdout] 
[INFO] [stdout] error: aborting due to previous error
[INFO] [stdout] 
[INFO] [stdout] For more information about this error, try `rustc --explain E0308`.
[INFO] [stdout] Couldn't compile the test.
[INFO] [stdout] ---- src/api.rs - api::PersonGetBatchGetCall (line 7967) stdout ----
[INFO] [stdout] error[E0308]: mismatched types
[INFO] [stdout]     --> src/api.rs:7987:42
[INFO] [stdout]      |
[INFO] [stdout] 21   |              .request_mask_include_field(&Default::default())
[INFO] [stdout]      |               -------------------------- ^^^^^^^^^^^^^^^^^^^ expected `FieldMask`, found `&_`
[INFO] [stdout]      |               |
[INFO] [stdout]      |               arguments to this method are incorrect
[INFO] [stdout]      |
[INFO] [stdout]      = note: expected struct `FieldMask`
[INFO] [stdout]              found reference `&_`
[INFO] [stdout] note: method defined here
[INFO] [stdout]     --> /opt/rustwide/workdir/src/api.rs:8168:12
[INFO] [stdout]      |
[INFO] [stdout] 8168 |     pub fn request_mask_include_field(mut self, new_value: client::FieldMask) -> PersonGetBatchGetCall<'a, S> {
[INFO] [stdout]      |            ^^^^^^^^^^^^^^^^^^^^^^^^^^
[INFO] [stdout] help: consider removing the borrow
[INFO] [stdout]      |
[INFO] [stdout] 21   -              .request_mask_include_field(&Default::default())
[INFO] [stdout] 21   +              .request_mask_include_field(Default::default())
[INFO] [stdout]      |
[INFO] [stdout] 
[INFO] [stdout] error[E0308]: mismatched types
[INFO] [stdout]     --> src/api.rs:7988:29
[INFO] [stdout]      |
[INFO] [stdout] 22   |              .person_fields(&Default::default())
[INFO] [stdout]      |               ------------- ^^^^^^^^^^^^^^^^^^^ expected `FieldMask`, found `&_`
[INFO] [stdout]      |               |
[INFO] [stdout]      |               arguments to this method are incorrect
[INFO] [stdout]      |
[INFO] [stdout]      = note: expected struct `FieldMask`
[INFO] [stdout]              found reference `&_`
[INFO] [stdout] note: method defined here
[INFO] [stdout]     --> /opt/rustwide/workdir/src/api.rs:8175:12
[INFO] [stdout]      |
[INFO] [stdout] 8175 |     pub fn person_fields(mut self, new_value: client::FieldMask) -> PersonGetBatchGetCall<'a, S> {
[INFO] [stdout]      |            ^^^^^^^^^^^^^
[INFO] [stdout] help: consider removing the borrow
[INFO] [stdout]      |
[INFO] [stdout] 22   -              .person_fields(&Default::default())
[INFO] [stdout] 22   +              .person_fields(Default::default())
[INFO] [stdout]      |
[INFO] [stdout] 
[INFO] [stdout] error: aborting due to 2 previous errors
[INFO] [stdout] 
[INFO] [stdout] For more information about this error, try `rustc --explain E0308`.
[INFO] [stdout] Couldn't compile the test.
[INFO] [stdout] 
[INFO] [stdout] failures:
[INFO] [stdout]     src/api.rs - api::ContactGroupBatchGetCall (line 3048)
[INFO] [stdout]     src/api.rs - api::ContactGroupGetCall (line 3877)
[INFO] [stdout]     src/api.rs - api::ContactGroupListCall (line 4163)
[INFO] [stdout]     src/api.rs - api::OtherContactListCall (line 5038)
[INFO] [stdout]     src/api.rs - api::OtherContactSearchCall (line 5356)
[INFO] [stdout]     src/api.rs - api::PeopleService (line 102)
[INFO] [stdout]     src/api.rs - api::PersonConnectionListCall (line 5635)
[INFO] [stdout]     src/api.rs - api::PersonCreateContactCall (line 6815)
[INFO] [stdout]     src/api.rs - api::PersonDeleteContactPhotoCall (line 7377)
[INFO] [stdout]     src/api.rs - api::PersonGetBatchGetCall (line 7967)
[INFO] [stdout]     src/api.rs - api::PersonGetCall (line 7666)
[INFO] [stdout]     src/api.rs - api::PersonListDirectoryPersonCall (line 8264)
[INFO] [stdout]     src/api.rs - api::PersonSearchContactCall (line 8597)
[INFO] [stdout]     src/api.rs - api::PersonSearchDirectoryPersonCall (line 8891)
[INFO] [stdout]     src/api.rs - api::PersonUpdateContactCall (line 9212)
[INFO] [stdout]     src/lib.rs - (line 83)
[INFO] [stdout] 
[INFO] [stdout] test result: FAILED. 13 passed; 16 failed; 1 ignored; 0 measured; 0 filtered out; finished in 0.66s
[INFO] [stdout] 
[INFO] [stderr] error: doctest failed, to rerun pass `--doc`
[INFO] running `Command { std: "docker" "inspect" "3b668a5c3216a6bf9e6693b41db70e76e4edf6f52ecd5a9bd51429ff849dcbc1", kill_on_drop: false }`
[INFO] running `Command { std: "docker" "rm" "-f" "3b668a5c3216a6bf9e6693b41db70e76e4edf6f52ecd5a9bd51429ff849dcbc1", kill_on_drop: false }`
[INFO] [stdout] 3b668a5c3216a6bf9e6693b41db70e76e4edf6f52ecd5a9bd51429ff849dcbc1
