[INFO] fetching crate google-partners2 5.0.3+20180925...
[INFO] testing google-partners2-5.0.3+20180925 against 1.75.0 for beta-1.76-1
[INFO] extracting crate google-partners2 5.0.3+20180925 into /workspace/builds/worker-0-tc1/source
[INFO] validating manifest of crates.io crate google-partners2 5.0.3+20180925 on toolchain 1.75.0
[INFO] running `Command { std: CARGO_HOME="/workspace/cargo-home" RUSTUP_HOME="/workspace/rustup-home" "/workspace/cargo-home/bin/cargo" "+1.75.0" "metadata" "--manifest-path" "Cargo.toml" "--no-deps", kill_on_drop: false }`
[INFO] started tweaking crates.io crate google-partners2 5.0.3+20180925
[INFO] finished tweaking crates.io crate google-partners2 5.0.3+20180925
[INFO] tweaked toml for crates.io crate google-partners2 5.0.3+20180925 written to /workspace/builds/worker-0-tc1/source/Cargo.toml
[INFO] running `Command { std: CARGO_HOME="/workspace/cargo-home" RUSTUP_HOME="/workspace/rustup-home" "/workspace/cargo-home/bin/cargo" "+1.75.0" "generate-lockfile" "--manifest-path" "Cargo.toml", kill_on_drop: false }`
[INFO] [stderr]     Updating crates.io index
[INFO] running `Command { std: CARGO_HOME="/workspace/cargo-home" RUSTUP_HOME="/workspace/rustup-home" "/workspace/cargo-home/bin/cargo" "+1.75.0" "fetch" "--manifest-path" "Cargo.toml", kill_on_drop: false }`
[INFO] running `Command { std: "docker" "create" "-v" "/var/lib/crater-agent-workspace/builds/worker-0-tc1/target:/opt/rustwide/target:rw,Z" "-v" "/var/lib/crater-agent-workspace/builds/worker-0-tc1/source:/opt/rustwide/workdir:ro,Z" "-v" "/var/lib/crater-agent-workspace/cargo-home:/opt/rustwide/cargo-home:ro,Z" "-v" "/var/lib/crater-agent-workspace/rustup-home:/opt/rustwide/rustup-home:ro,Z" "-e" "SOURCE_DIR=/opt/rustwide/workdir" "-e" "CARGO_TARGET_DIR=/opt/rustwide/target" "-e" "CARGO_HOME=/opt/rustwide/cargo-home" "-e" "RUSTUP_HOME=/opt/rustwide/rustup-home" "-w" "/opt/rustwide/workdir" "-m" "1610612736" "--user" "0:0" "--network" "none" "ghcr.io/rust-lang/crates-build-env/linux@sha256:2788e3201cd34a07e3172128adcd8b3090168a8e3bcc40d7c032b9dda1df7d1c" "/opt/rustwide/cargo-home/bin/cargo" "+1.75.0" "metadata" "--no-deps" "--format-version=1", kill_on_drop: false }`
[INFO] [stdout] e14f4a4b441d0597257c3e46366a9a6ddf1a257faec95de03ffe7cf8c1af6d2b
[INFO] running `Command { std: "docker" "start" "-a" "e14f4a4b441d0597257c3e46366a9a6ddf1a257faec95de03ffe7cf8c1af6d2b", kill_on_drop: false }`
[INFO] running `Command { std: "docker" "inspect" "e14f4a4b441d0597257c3e46366a9a6ddf1a257faec95de03ffe7cf8c1af6d2b", kill_on_drop: false }`
[INFO] running `Command { std: "docker" "rm" "-f" "e14f4a4b441d0597257c3e46366a9a6ddf1a257faec95de03ffe7cf8c1af6d2b", kill_on_drop: false }`
[INFO] [stdout] e14f4a4b441d0597257c3e46366a9a6ddf1a257faec95de03ffe7cf8c1af6d2b
[INFO] running `Command { std: "docker" "create" "-v" "/var/lib/crater-agent-workspace/builds/worker-0-tc1/target:/opt/rustwide/target:rw,Z" "-v" "/var/lib/crater-agent-workspace/builds/worker-0-tc1/source:/opt/rustwide/workdir:ro,Z" "-v" "/var/lib/crater-agent-workspace/cargo-home:/opt/rustwide/cargo-home:ro,Z" "-v" "/var/lib/crater-agent-workspace/rustup-home:/opt/rustwide/rustup-home:ro,Z" "-e" "SOURCE_DIR=/opt/rustwide/workdir" "-e" "CARGO_TARGET_DIR=/opt/rustwide/target" "-e" "CARGO_INCREMENTAL=0" "-e" "RUST_BACKTRACE=full" "-e" "RUSTFLAGS=--cap-lints=warn" "-e" "RUSTDOCFLAGS=--cap-lints=warn" "-e" "CARGO_HOME=/opt/rustwide/cargo-home" "-e" "RUSTUP_HOME=/opt/rustwide/rustup-home" "-w" "/opt/rustwide/workdir" "-m" "1610612736" "--user" "0:0" "--network" "none" "ghcr.io/rust-lang/crates-build-env/linux@sha256:2788e3201cd34a07e3172128adcd8b3090168a8e3bcc40d7c032b9dda1df7d1c" "/opt/rustwide/cargo-home/bin/cargo" "+1.75.0" "build" "--frozen" "--message-format=json", kill_on_drop: false }`
[INFO] [stdout] bfc9680647f622ad74ba4cd55531a1c51bcf1ada3602518717248c7535d34ec7
[INFO] running `Command { std: "docker" "start" "-a" "bfc9680647f622ad74ba4cd55531a1c51bcf1ada3602518717248c7535d34ec7", kill_on_drop: false }`
[INFO] [stderr]    Compiling pin-project-lite v0.2.13
[INFO] [stderr]    Compiling spin v0.9.8
[INFO] [stderr]    Compiling untrusted v0.9.0
[INFO] [stderr]    Compiling bytes v1.5.0
[INFO] [stderr]    Compiling futures-core v0.3.30
[INFO] [stderr]    Compiling futures-sink v0.3.30
[INFO] [stderr]    Compiling serde v1.0.194
[INFO] [stderr]    Compiling tinyvec_macros v0.1.1
[INFO] [stderr]    Compiling futures-io v0.3.30
[INFO] [stderr]    Compiling futures-task v0.3.30
[INFO] [stderr]    Compiling slab v0.4.9
[INFO] [stderr]    Compiling tracing-core v0.1.32
[INFO] [stderr]    Compiling unicode-bidi v0.3.14
[INFO] [stderr]    Compiling syn v2.0.48
[INFO] [stderr]    Compiling cc v1.0.83
[INFO] [stderr]    Compiling getrandom v0.2.11
[INFO] [stderr]    Compiling futures-channel v0.3.30
[INFO] [stderr]    Compiling socket2 v0.5.5
[INFO] [stderr]    Compiling mio v0.8.10
[INFO] [stderr]    Compiling tinyvec v1.6.0
[INFO] [stderr]    Compiling httparse v1.8.0
[INFO] [stderr]    Compiling log v0.4.20
[INFO] [stderr]    Compiling ident_case v1.0.1
[INFO] [stderr]    Compiling strsim v0.10.0
[INFO] [stderr]    Compiling rustls v0.21.10
[INFO] [stderr]    Compiling hashbrown v0.14.3
[INFO] [stderr]    Compiling equivalent v1.0.1
[INFO] [stderr]    Compiling base64 v0.21.5
[INFO] [stderr]    Compiling try-lock v0.2.5
[INFO] [stderr]    Compiling tracing v0.1.40
[INFO] [stderr]    Compiling want v0.3.1
[INFO] [stderr]    Compiling num-traits v0.2.17
[INFO] [stderr]    Compiling rustls-pki-types v1.1.0
[INFO] [stderr]    Compiling percent-encoding v2.3.1
[INFO] [stderr]    Compiling anyhow v1.0.79
[INFO] [stderr]    Compiling http v0.2.11
[INFO] [stderr]    Compiling async-trait v0.1.77
[INFO] [stderr]    Compiling rustls-pemfile v1.0.4
[INFO] [stderr]    Compiling tower-service v0.3.2
[INFO] [stderr]    Compiling either v1.9.0
[INFO] [stderr]    Compiling httpdate v1.0.3
[INFO] [stderr]    Compiling indexmap v2.1.0
[INFO] [stderr]    Compiling serde_json v1.0.111
[INFO] [stderr]    Compiling rustls v0.22.1
[INFO] [stderr]    Compiling rustls-native-certs v0.6.3
[INFO] [stderr]    Compiling form_urlencoded v1.2.1
[INFO] [stderr]    Compiling subtle v2.5.0
[INFO] [stderr]    Compiling matches v0.1.10
[INFO] [stderr]    Compiling unicode-normalization v0.1.22
[INFO] [stderr]    Compiling zeroize v1.7.0
[INFO] [stderr]    Compiling itertools v0.12.0
[INFO] [stderr]    Compiling iana-time-zone v0.1.59
[INFO] [stderr]    Compiling itertools v0.10.5
[INFO] [stderr]    Compiling base64 v0.13.1
[INFO] [stderr]    Compiling mime v0.3.17
[INFO] [stderr]    Compiling http-body v0.4.6
[INFO] [stderr]    Compiling ring v0.17.7
[INFO] [stderr]    Compiling idna v0.5.0
[INFO] [stderr]    Compiling idna v0.1.5
[INFO] [stderr]    Compiling url v1.7.2
[INFO] [stderr]    Compiling url v2.5.0
[INFO] [stderr]    Compiling darling_core v0.20.3
[INFO] [stderr]    Compiling futures-macro v0.3.30
[INFO] [stderr]    Compiling serde_derive v1.0.194
[INFO] [stderr]    Compiling tokio-macros v2.2.0
[INFO] [stderr]    Compiling sct v0.7.1
[INFO] [stderr]    Compiling rustls-webpki v0.101.7
[INFO] [stderr]    Compiling rustls-webpki v0.102.1
[INFO] [stderr]    Compiling tokio v1.35.1
[INFO] [stderr]    Compiling futures-util v0.3.30
[INFO] [stderr]    Compiling darling_macro v0.20.3
[INFO] [stderr]    Compiling darling v0.20.3
[INFO] [stderr]    Compiling serde_with_macros v2.3.3
[INFO] [stderr]    Compiling futures-executor v0.3.30
[INFO] [stderr]    Compiling futures v0.3.30
[INFO] [stderr]    Compiling tokio-util v0.7.10
[INFO] [stderr]    Compiling tokio-rustls v0.24.1
[INFO] [stderr]    Compiling h2 v0.3.22
[INFO] [stderr]    Compiling deranged v0.3.11
[INFO] [stderr]    Compiling serde_with v2.3.3
[INFO] [stderr]    Compiling chrono v0.4.31
[INFO] [stderr]    Compiling time v0.3.31
[INFO] [stderr]    Compiling hyper v0.14.28
[INFO] [stderr]    Compiling hyper-rustls v0.24.2
[INFO] [stderr]    Compiling yup-oauth2 v8.3.2
[INFO] [stderr]    Compiling google-apis-common v6.0.0
[INFO] [stderr]    Compiling google-partners2 v5.0.3+20180925 (/opt/rustwide/workdir)
[INFO] [stderr]     Finished dev [unoptimized + debuginfo] target(s) in 17.76s
[INFO] running `Command { std: "docker" "inspect" "bfc9680647f622ad74ba4cd55531a1c51bcf1ada3602518717248c7535d34ec7", kill_on_drop: false }`
[INFO] running `Command { std: "docker" "rm" "-f" "bfc9680647f622ad74ba4cd55531a1c51bcf1ada3602518717248c7535d34ec7", kill_on_drop: false }`
[INFO] [stdout] bfc9680647f622ad74ba4cd55531a1c51bcf1ada3602518717248c7535d34ec7
[INFO] running `Command { std: "docker" "create" "-v" "/var/lib/crater-agent-workspace/builds/worker-0-tc1/target:/opt/rustwide/target:rw,Z" "-v" "/var/lib/crater-agent-workspace/builds/worker-0-tc1/source:/opt/rustwide/workdir:ro,Z" "-v" "/var/lib/crater-agent-workspace/cargo-home:/opt/rustwide/cargo-home:ro,Z" "-v" "/var/lib/crater-agent-workspace/rustup-home:/opt/rustwide/rustup-home:ro,Z" "-e" "SOURCE_DIR=/opt/rustwide/workdir" "-e" "CARGO_TARGET_DIR=/opt/rustwide/target" "-e" "CARGO_INCREMENTAL=0" "-e" "RUST_BACKTRACE=full" "-e" "RUSTFLAGS=--cap-lints=warn" "-e" "RUSTDOCFLAGS=--cap-lints=warn" "-e" "CARGO_HOME=/opt/rustwide/cargo-home" "-e" "RUSTUP_HOME=/opt/rustwide/rustup-home" "-w" "/opt/rustwide/workdir" "-m" "1610612736" "--user" "0:0" "--network" "none" "ghcr.io/rust-lang/crates-build-env/linux@sha256:2788e3201cd34a07e3172128adcd8b3090168a8e3bcc40d7c032b9dda1df7d1c" "/opt/rustwide/cargo-home/bin/cargo" "+1.75.0" "test" "--frozen" "--no-run" "--message-format=json", kill_on_drop: false }`
[INFO] [stdout] f1e709bc558ef18f4cf2586b17226b2e6941fd2aa93ace9904a11ca1c765d57d
[INFO] running `Command { std: "docker" "start" "-a" "f1e709bc558ef18f4cf2586b17226b2e6941fd2aa93ace9904a11ca1c765d57d", kill_on_drop: false }`
[INFO] [stderr]    Compiling google-partners2 v5.0.3+20180925 (/opt/rustwide/workdir)
[INFO] [stderr]     Finished test [unoptimized + debuginfo] target(s) in 2.27s
[INFO] running `Command { std: "docker" "inspect" "f1e709bc558ef18f4cf2586b17226b2e6941fd2aa93ace9904a11ca1c765d57d", kill_on_drop: false }`
[INFO] running `Command { std: "docker" "rm" "-f" "f1e709bc558ef18f4cf2586b17226b2e6941fd2aa93ace9904a11ca1c765d57d", kill_on_drop: false }`
[INFO] [stdout] f1e709bc558ef18f4cf2586b17226b2e6941fd2aa93ace9904a11ca1c765d57d
[INFO] running `Command { std: "docker" "create" "-v" "/var/lib/crater-agent-workspace/builds/worker-0-tc1/target:/opt/rustwide/target:rw,Z" "-v" "/var/lib/crater-agent-workspace/builds/worker-0-tc1/source:/opt/rustwide/workdir:ro,Z" "-v" "/var/lib/crater-agent-workspace/cargo-home:/opt/rustwide/cargo-home:ro,Z" "-v" "/var/lib/crater-agent-workspace/rustup-home:/opt/rustwide/rustup-home:ro,Z" "-e" "SOURCE_DIR=/opt/rustwide/workdir" "-e" "CARGO_TARGET_DIR=/opt/rustwide/target" "-e" "CARGO_INCREMENTAL=0" "-e" "RUST_BACKTRACE=full" "-e" "RUSTFLAGS=--cap-lints=warn" "-e" "RUSTDOCFLAGS=--cap-lints=warn" "-e" "CARGO_HOME=/opt/rustwide/cargo-home" "-e" "RUSTUP_HOME=/opt/rustwide/rustup-home" "-w" "/opt/rustwide/workdir" "-m" "1610612736" "--user" "0:0" "--network" "none" "ghcr.io/rust-lang/crates-build-env/linux@sha256:2788e3201cd34a07e3172128adcd8b3090168a8e3bcc40d7c032b9dda1df7d1c" "/opt/rustwide/cargo-home/bin/cargo" "+1.75.0" "test" "--frozen", kill_on_drop: false }`
[INFO] [stdout] d047e901b7faeadeab5724b2e88d21a2ab38fab730f13f30f5eacf2b55e4db40
[INFO] running `Command { std: "docker" "start" "-a" "d047e901b7faeadeab5724b2e88d21a2ab38fab730f13f30f5eacf2b55e4db40", kill_on_drop: false }`
[INFO] [stderr]     Finished test [unoptimized + debuginfo] target(s) in 0.08s
[INFO] [stderr]      Running unittests src/lib.rs (/opt/rustwide/target/debug/deps/google_partners2-cebd598642fab475)
[INFO] [stderr]    Doc-tests google-partners2
[INFO] [stdout] 
[INFO] [stdout] running 0 tests
[INFO] [stdout] 
[INFO] [stdout] test result: ok. 0 passed; 0 failed; 0 ignored; 0 measured; 0 filtered out; finished in 0.00s
[INFO] [stdout] 
[INFO] [stdout] 
[INFO] [stdout] running 29 tests
[INFO] [stdout] test src/api.rs - api::AnalyticMethods (line 2150) - compile ... ok
[INFO] [stdout] test src/api.rs - api::AnalyticListCall (line 4070) - compile ... ok
[INFO] [stdout] test src/api.rs - api::CompanyMethods (line 2380) - compile ... ok
[INFO] [stdout] test src/api.rs - api::MethodMethods (line 2271) - compile ... ok
[INFO] [stdout] test src/api.rs - api::ClientMessageMethods (line 1947) - compile ... ok
[INFO] [stdout] test src/api.rs - api::OfferHistoryListCall (line 3439) - compile ... ok
[INFO] [stdout] test src/api.rs - api::CompanyGetCall (line 5887) - compile ... ok
[INFO] [stdout] test src/api.rs - api::CompanyListCall (line 6250) - compile ... ok
[INFO] [stdout] test src/api.rs - api::CompanyLeadCreateCall (line 5640) - compile ... ok
[INFO] [stdout] test src/api.rs - api::ClientMessageLogCall (line 2880) - compile ... ok
[INFO] [stdout] test src/api.rs - api::OfferListCall (line 3780) - compile ... ok
[INFO] [stdout] test src/api.rs - api::MethodGetPartnersstatuCall (line 5351) - compile ... ok
[INFO] [stdout] test src/lib.rs - (line 68) ... ignored
[INFO] [stdout] test src/api.rs - api::MethodUpdateLeadCall (line 4684) - compile ... FAILED
[INFO] [stdout] test src/api.rs - api::LeadListCall (line 3109) - compile ... ok
[INFO] [stdout] test src/api.rs - api::LeadMethods (line 2006) - compile ... ok
[INFO] [stdout] test src/api.rs - api::MethodUpdateCompanyCall (line 5018) - compile ... FAILED
[INFO] [stdout] test src/api.rs - api::OfferMethods (line 2069) - compile ... ok
[INFO] [stdout] test src/api.rs - api::UserEventMethods (line 1890) - compile ... ok
[INFO] [stdout] test src/api.rs - api::UserDeleteCompanyRelationCall (line 7458) - compile ... ok
[INFO] [stdout] test src/api.rs - api::UserEventLogCall (line 2650) - compile ... ok
[INFO] [stdout] test src/api.rs - api::UserGetCall (line 7767) - compile ... ok
[INFO] [stdout] test src/api.rs - api::UserStateListCall (line 4395) - compile ... ok
[INFO] [stdout] test src/api.rs - api::UserCreateCompanyRelationCall (line 7119) - compile ... ok
[INFO] [stdout] test src/api.rs - api::UserMethods (line 2502) - compile ... ok
[INFO] [stdout] test src/api.rs - api::Partners (line 36) - compile ... ok
[INFO] [stdout] test src/api.rs - api::UserStateMethods (line 2212) - compile ... ok
[INFO] [stdout] test src/api.rs - api::UserUpdateProfileCall (line 6800) - compile ... ok
[INFO] [stdout] test src/lib.rs - (line 95) - compile ... ok
[INFO] [stdout] 
[INFO] [stdout] failures:
[INFO] [stdout] 
[INFO] [stdout] ---- src/api.rs - api::MethodUpdateLeadCall (line 4684) stdout ----
[INFO] [stdout] error[E0308]: mismatched types
[INFO] [stdout]     --> src/api.rs:4708:27
[INFO] [stdout]      |
[INFO] [stdout] 25   |              .update_mask(&Default::default())
[INFO] [stdout]      |               ----------- ^^^^^^^^^^^^^^^^^^^ expected `FieldMask`, found `&_`
[INFO] [stdout]      |               |
[INFO] [stdout]      |               arguments to this method are incorrect
[INFO] [stdout]      |
[INFO] [stdout]      = note: expected struct `FieldMask`
[INFO] [stdout]              found reference `&_`
[INFO] [stdout] note: method defined here
[INFO] [stdout]     --> /opt/rustwide/workdir/src/api.rs:4908:12
[INFO] [stdout]      |
[INFO] [stdout] 4908 |     pub fn update_mask(mut self, new_value: client::FieldMask) -> MethodUpdateLeadCall<'a, S> {
[INFO] [stdout]      |            ^^^^^^^^^^^
[INFO] [stdout] help: consider removing the borrow
[INFO] [stdout]      |
[INFO] [stdout] 25   -              .update_mask(&Default::default())
[INFO] [stdout] 25   +              .update_mask(Default::default())
[INFO] [stdout]      |
[INFO] [stdout] 
[INFO] [stdout] error: aborting due to previous error
[INFO] [stdout] 
[INFO] [stdout] For more information about this error, try `rustc --explain E0308`.
[INFO] [stdout] Couldn't compile the test.
[INFO] [stdout] ---- src/api.rs - api::MethodUpdateCompanyCall (line 5018) stdout ----
[INFO] [stdout] error[E0308]: mismatched types
[INFO] [stdout]     --> src/api.rs:5042:27
[INFO] [stdout]      |
[INFO] [stdout] 25   |              .update_mask(&Default::default())
[INFO] [stdout]      |               ----------- ^^^^^^^^^^^^^^^^^^^ expected `FieldMask`, found `&_`
[INFO] [stdout]      |               |
[INFO] [stdout]      |               arguments to this method are incorrect
[INFO] [stdout]      |
[INFO] [stdout]      = note: expected struct `FieldMask`
[INFO] [stdout]              found reference `&_`
[INFO] [stdout] note: method defined here
[INFO] [stdout]     --> /opt/rustwide/workdir/src/api.rs:5241:12
[INFO] [stdout]      |
[INFO] [stdout] 5241 |     pub fn update_mask(mut self, new_value: client::FieldMask) -> MethodUpdateCompanyCall<'a, S> {
[INFO] [stdout]      |            ^^^^^^^^^^^
[INFO] [stdout] help: consider removing the borrow
[INFO] [stdout]      |
[INFO] [stdout] 25   -              .update_mask(&Default::default())
[INFO] [stdout] 25   +              .update_mask(Default::default())
[INFO] [stdout]      |
[INFO] [stdout] 
[INFO] [stdout] error: aborting due to previous error
[INFO] [stdout] 
[INFO] [stdout] For more information about this error, try `rustc --explain E0308`.
[INFO] [stdout] Couldn't compile the test.
[INFO] [stdout] 
[INFO] [stdout] failures:
[INFO] [stdout]     src/api.rs - api::MethodUpdateCompanyCall (line 5018)
[INFO] [stdout]     src/api.rs - api::MethodUpdateLeadCall (line 4684)
[INFO] [stdout] 
[INFO] [stdout] test result: FAILED. 26 passed; 2 failed; 1 ignored; 0 measured; 0 filtered out; finished in 0.21s
[INFO] [stdout] 
[INFO] [stderr] error: doctest failed, to rerun pass `--doc`
[INFO] running `Command { std: "docker" "inspect" "d047e901b7faeadeab5724b2e88d21a2ab38fab730f13f30f5eacf2b55e4db40", kill_on_drop: false }`
[INFO] running `Command { std: "docker" "rm" "-f" "d047e901b7faeadeab5724b2e88d21a2ab38fab730f13f30f5eacf2b55e4db40", kill_on_drop: false }`
[INFO] [stdout] d047e901b7faeadeab5724b2e88d21a2ab38fab730f13f30f5eacf2b55e4db40
