[INFO] fetching crate google-oslogin1 5.0.3+20230115...
[INFO] testing google-oslogin1-5.0.3+20230115 against 1.75.0 for beta-1.76-1
[INFO] extracting crate google-oslogin1 5.0.3+20230115 into /workspace/builds/worker-4-tc1/source
[INFO] validating manifest of crates.io crate google-oslogin1 5.0.3+20230115 on toolchain 1.75.0
[INFO] running `Command { std: CARGO_HOME="/workspace/cargo-home" RUSTUP_HOME="/workspace/rustup-home" "/workspace/cargo-home/bin/cargo" "+1.75.0" "metadata" "--manifest-path" "Cargo.toml" "--no-deps", kill_on_drop: false }`
[INFO] started tweaking crates.io crate google-oslogin1 5.0.3+20230115
[INFO] finished tweaking crates.io crate google-oslogin1 5.0.3+20230115
[INFO] tweaked toml for crates.io crate google-oslogin1 5.0.3+20230115 written to /workspace/builds/worker-4-tc1/source/Cargo.toml
[INFO] running `Command { std: CARGO_HOME="/workspace/cargo-home" RUSTUP_HOME="/workspace/rustup-home" "/workspace/cargo-home/bin/cargo" "+1.75.0" "generate-lockfile" "--manifest-path" "Cargo.toml", kill_on_drop: false }`
[INFO] [stderr]     Updating crates.io index
[INFO] running `Command { std: CARGO_HOME="/workspace/cargo-home" RUSTUP_HOME="/workspace/rustup-home" "/workspace/cargo-home/bin/cargo" "+1.75.0" "fetch" "--manifest-path" "Cargo.toml", kill_on_drop: false }`
[INFO] running `Command { std: "docker" "create" "-v" "/var/lib/crater-agent-workspace/builds/worker-4-tc1/target:/opt/rustwide/target:rw,Z" "-v" "/var/lib/crater-agent-workspace/builds/worker-4-tc1/source:/opt/rustwide/workdir:ro,Z" "-v" "/var/lib/crater-agent-workspace/cargo-home:/opt/rustwide/cargo-home:ro,Z" "-v" "/var/lib/crater-agent-workspace/rustup-home:/opt/rustwide/rustup-home:ro,Z" "-e" "SOURCE_DIR=/opt/rustwide/workdir" "-e" "CARGO_TARGET_DIR=/opt/rustwide/target" "-e" "CARGO_HOME=/opt/rustwide/cargo-home" "-e" "RUSTUP_HOME=/opt/rustwide/rustup-home" "-w" "/opt/rustwide/workdir" "-m" "1610612736" "--user" "0:0" "--network" "none" "ghcr.io/rust-lang/crates-build-env/linux@sha256:2788e3201cd34a07e3172128adcd8b3090168a8e3bcc40d7c032b9dda1df7d1c" "/opt/rustwide/cargo-home/bin/cargo" "+1.75.0" "metadata" "--no-deps" "--format-version=1", kill_on_drop: false }`
[INFO] [stdout] 7beac67a74a9aa1a220be7ef965140e36e00635980f31dfdf833060302f10fba
[INFO] running `Command { std: "docker" "start" "-a" "7beac67a74a9aa1a220be7ef965140e36e00635980f31dfdf833060302f10fba", kill_on_drop: false }`
[INFO] running `Command { std: "docker" "inspect" "7beac67a74a9aa1a220be7ef965140e36e00635980f31dfdf833060302f10fba", kill_on_drop: false }`
[INFO] running `Command { std: "docker" "rm" "-f" "7beac67a74a9aa1a220be7ef965140e36e00635980f31dfdf833060302f10fba", kill_on_drop: false }`
[INFO] [stdout] 7beac67a74a9aa1a220be7ef965140e36e00635980f31dfdf833060302f10fba
[INFO] running `Command { std: "docker" "create" "-v" "/var/lib/crater-agent-workspace/builds/worker-4-tc1/target:/opt/rustwide/target:rw,Z" "-v" "/var/lib/crater-agent-workspace/builds/worker-4-tc1/source:/opt/rustwide/workdir:ro,Z" "-v" "/var/lib/crater-agent-workspace/cargo-home:/opt/rustwide/cargo-home:ro,Z" "-v" "/var/lib/crater-agent-workspace/rustup-home:/opt/rustwide/rustup-home:ro,Z" "-e" "SOURCE_DIR=/opt/rustwide/workdir" "-e" "CARGO_TARGET_DIR=/opt/rustwide/target" "-e" "CARGO_INCREMENTAL=0" "-e" "RUST_BACKTRACE=full" "-e" "RUSTFLAGS=--cap-lints=warn" "-e" "RUSTDOCFLAGS=--cap-lints=warn" "-e" "CARGO_HOME=/opt/rustwide/cargo-home" "-e" "RUSTUP_HOME=/opt/rustwide/rustup-home" "-w" "/opt/rustwide/workdir" "-m" "1610612736" "--user" "0:0" "--network" "none" "ghcr.io/rust-lang/crates-build-env/linux@sha256:2788e3201cd34a07e3172128adcd8b3090168a8e3bcc40d7c032b9dda1df7d1c" "/opt/rustwide/cargo-home/bin/cargo" "+1.75.0" "build" "--frozen" "--message-format=json", kill_on_drop: false }`
[INFO] [stdout] cf65d8722db4808a146b2b4fcf33bcdfefa671e81f987622bea7c57d002148ce
[INFO] running `Command { std: "docker" "start" "-a" "cf65d8722db4808a146b2b4fcf33bcdfefa671e81f987622bea7c57d002148ce", kill_on_drop: false }`
[INFO] [stderr]    Compiling google-oslogin1 v5.0.3+20230115 (/opt/rustwide/workdir)
[INFO] [stderr]     Finished dev [unoptimized + debuginfo] target(s) in 0.43s
[INFO] running `Command { std: "docker" "inspect" "cf65d8722db4808a146b2b4fcf33bcdfefa671e81f987622bea7c57d002148ce", kill_on_drop: false }`
[INFO] running `Command { std: "docker" "rm" "-f" "cf65d8722db4808a146b2b4fcf33bcdfefa671e81f987622bea7c57d002148ce", kill_on_drop: false }`
[INFO] [stdout] cf65d8722db4808a146b2b4fcf33bcdfefa671e81f987622bea7c57d002148ce
[INFO] running `Command { std: "docker" "create" "-v" "/var/lib/crater-agent-workspace/builds/worker-4-tc1/target:/opt/rustwide/target:rw,Z" "-v" "/var/lib/crater-agent-workspace/builds/worker-4-tc1/source:/opt/rustwide/workdir:ro,Z" "-v" "/var/lib/crater-agent-workspace/cargo-home:/opt/rustwide/cargo-home:ro,Z" "-v" "/var/lib/crater-agent-workspace/rustup-home:/opt/rustwide/rustup-home:ro,Z" "-e" "SOURCE_DIR=/opt/rustwide/workdir" "-e" "CARGO_TARGET_DIR=/opt/rustwide/target" "-e" "CARGO_INCREMENTAL=0" "-e" "RUST_BACKTRACE=full" "-e" "RUSTFLAGS=--cap-lints=warn" "-e" "RUSTDOCFLAGS=--cap-lints=warn" "-e" "CARGO_HOME=/opt/rustwide/cargo-home" "-e" "RUSTUP_HOME=/opt/rustwide/rustup-home" "-w" "/opt/rustwide/workdir" "-m" "1610612736" "--user" "0:0" "--network" "none" "ghcr.io/rust-lang/crates-build-env/linux@sha256:2788e3201cd34a07e3172128adcd8b3090168a8e3bcc40d7c032b9dda1df7d1c" "/opt/rustwide/cargo-home/bin/cargo" "+1.75.0" "test" "--frozen" "--no-run" "--message-format=json", kill_on_drop: false }`
[INFO] [stdout] 26d9c8046d364fb2315a2f9d11a4a8e80ccd2d117ae18d1fdfcaaf27a4c5803e
[INFO] running `Command { std: "docker" "start" "-a" "26d9c8046d364fb2315a2f9d11a4a8e80ccd2d117ae18d1fdfcaaf27a4c5803e", kill_on_drop: false }`
[INFO] [stderr]    Compiling google-oslogin1 v5.0.3+20230115 (/opt/rustwide/workdir)
[INFO] [stderr]     Finished test [unoptimized + debuginfo] target(s) in 0.62s
[INFO] running `Command { std: "docker" "inspect" "26d9c8046d364fb2315a2f9d11a4a8e80ccd2d117ae18d1fdfcaaf27a4c5803e", kill_on_drop: false }`
[INFO] running `Command { std: "docker" "rm" "-f" "26d9c8046d364fb2315a2f9d11a4a8e80ccd2d117ae18d1fdfcaaf27a4c5803e", kill_on_drop: false }`
[INFO] [stdout] 26d9c8046d364fb2315a2f9d11a4a8e80ccd2d117ae18d1fdfcaaf27a4c5803e
[INFO] running `Command { std: "docker" "create" "-v" "/var/lib/crater-agent-workspace/builds/worker-4-tc1/target:/opt/rustwide/target:rw,Z" "-v" "/var/lib/crater-agent-workspace/builds/worker-4-tc1/source:/opt/rustwide/workdir:ro,Z" "-v" "/var/lib/crater-agent-workspace/cargo-home:/opt/rustwide/cargo-home:ro,Z" "-v" "/var/lib/crater-agent-workspace/rustup-home:/opt/rustwide/rustup-home:ro,Z" "-e" "SOURCE_DIR=/opt/rustwide/workdir" "-e" "CARGO_TARGET_DIR=/opt/rustwide/target" "-e" "CARGO_INCREMENTAL=0" "-e" "RUST_BACKTRACE=full" "-e" "RUSTFLAGS=--cap-lints=warn" "-e" "RUSTDOCFLAGS=--cap-lints=warn" "-e" "CARGO_HOME=/opt/rustwide/cargo-home" "-e" "RUSTUP_HOME=/opt/rustwide/rustup-home" "-w" "/opt/rustwide/workdir" "-m" "1610612736" "--user" "0:0" "--network" "none" "ghcr.io/rust-lang/crates-build-env/linux@sha256:2788e3201cd34a07e3172128adcd8b3090168a8e3bcc40d7c032b9dda1df7d1c" "/opt/rustwide/cargo-home/bin/cargo" "+1.75.0" "test" "--frozen", kill_on_drop: false }`
[INFO] [stdout] e493fcf7f9dfc11a1d6346721982087998e9800608bf1b79640101600124f875
[INFO] running `Command { std: "docker" "start" "-a" "e493fcf7f9dfc11a1d6346721982087998e9800608bf1b79640101600124f875", kill_on_drop: false }`
[INFO] [stderr]     Finished test [unoptimized + debuginfo] target(s) in 0.07s
[INFO] [stderr]      Running unittests src/lib.rs (/opt/rustwide/target/debug/deps/google_oslogin1-9036f77bbf156cd3)
[INFO] [stdout] 
[INFO] [stdout] running 0 tests
[INFO] [stdout] 
[INFO] [stdout] test result: ok. 0 passed; 0 failed; 0 ignored; 0 measured; 0 filtered out; finished in 0.00s
[INFO] [stdout] 
[INFO] [stderr]    Doc-tests google-oslogin1
[INFO] [stdout] 
[INFO] [stdout] running 11 tests
[INFO] [stdout] test src/lib.rs - (line 49) ... ignored
[INFO] [stdout] test src/api.rs - api::UserMethods (line 343) - compile ... ok
[INFO] [stdout] test src/api.rs - api::UserProjectDeleteCall (line 521) - compile ... ok
[INFO] [stdout] test src/api.rs - api::UserSshPublicKeyGetCall (line 1337) - compile ... ok
[INFO] [stdout] test src/api.rs - api::UserSshPublicKeyCreateCall (line 783) - compile ... ok
[INFO] [stdout] test src/api.rs - api::UserGetLoginProfileCall (line 1903) - compile ... ok
[INFO] [stdout] test src/api.rs - api::UserImportSshPublicKeyCall (line 2189) - compile ... ok
[INFO] [stdout] test src/api.rs - api::UserSshPublicKeyDeleteCall (line 1075) - compile ... ok
[INFO] [stdout] test src/api.rs - api::UserSshPublicKeyPatchCall (line 1599) - compile ... FAILED
[INFO] [stdout] test src/api.rs - api::CloudOSLogin (line 70) - compile ... FAILED
[INFO] [stdout] test src/lib.rs - (line 76) - compile ... FAILED
[INFO] [stdout] 
[INFO] [stdout] failures:
[INFO] [stdout] 
[INFO] [stdout] ---- src/api.rs - api::UserSshPublicKeyPatchCall (line 1599) stdout ----
[INFO] [stdout] error[E0308]: mismatched types
[INFO] [stdout]     --> src/api.rs:1623:27
[INFO] [stdout]      |
[INFO] [stdout] 25   |              .update_mask(&Default::default())
[INFO] [stdout]      |               ----------- ^^^^^^^^^^^^^^^^^^^ expected `FieldMask`, found `&_`
[INFO] [stdout]      |               |
[INFO] [stdout]      |               arguments to this method are incorrect
[INFO] [stdout]      |
[INFO] [stdout]      = note: expected struct `FieldMask`
[INFO] [stdout]              found reference `&_`
[INFO] [stdout] note: method defined here
[INFO] [stdout]     --> /opt/rustwide/workdir/src/api.rs:1814:12
[INFO] [stdout]      |
[INFO] [stdout] 1814 |     pub fn update_mask(mut self, new_value: client::FieldMask) -> UserSshPublicKeyPatchCall<'a, S> {
[INFO] [stdout]      |            ^^^^^^^^^^^
[INFO] [stdout] help: consider removing the borrow
[INFO] [stdout]      |
[INFO] [stdout] 25   -              .update_mask(&Default::default())
[INFO] [stdout] 25   +              .update_mask(Default::default())
[INFO] [stdout]      |
[INFO] [stdout] 
[INFO] [stdout] error: aborting due to previous error
[INFO] [stdout] 
[INFO] [stdout] For more information about this error, try `rustc --explain E0308`.
[INFO] [stdout] Couldn't compile the test.
[INFO] [stdout] ---- src/api.rs - api::CloudOSLogin (line 70) stdout ----
[INFO] [stdout] error[E0308]: mismatched types
[INFO] [stdout]     --> src/api.rs:102:27
[INFO] [stdout]      |
[INFO] [stdout] 33   |              .update_mask(&Default::default())
[INFO] [stdout]      |               ----------- ^^^^^^^^^^^^^^^^^^^ expected `FieldMask`, found `&_`
[INFO] [stdout]      |               |
[INFO] [stdout]      |               arguments to this method are incorrect
[INFO] [stdout]      |
[INFO] [stdout]      = note: expected struct `FieldMask`
[INFO] [stdout]              found reference `&_`
[INFO] [stdout] note: method defined here
[INFO] [stdout]     --> /opt/rustwide/workdir/src/api.rs:1814:12
[INFO] [stdout]      |
[INFO] [stdout] 1814 |     pub fn update_mask(mut self, new_value: client::FieldMask) -> UserSshPublicKeyPatchCall<'a, S> {
[INFO] [stdout]      |            ^^^^^^^^^^^
[INFO] [stdout] help: consider removing the borrow
[INFO] [stdout]      |
[INFO] [stdout] 33   -              .update_mask(&Default::default())
[INFO] [stdout] 33   +              .update_mask(Default::default())
[INFO] [stdout]      |
[INFO] [stdout] 
[INFO] [stdout] error: aborting due to previous error
[INFO] [stdout] 
[INFO] [stdout] For more information about this error, try `rustc --explain E0308`.
[INFO] [stdout] Couldn't compile the test.
[INFO] [stdout] ---- src/lib.rs - (line 76) stdout ----
[INFO] [stdout] error[E0308]: mismatched types
[INFO] [stdout]     --> src/lib.rs:108:27
[INFO] [stdout]      |
[INFO] [stdout] 33   |              .update_mask(&Default::default())
[INFO] [stdout]      |               ----------- ^^^^^^^^^^^^^^^^^^^ expected `FieldMask`, found `&_`
[INFO] [stdout]      |               |
[INFO] [stdout]      |               arguments to this method are incorrect
[INFO] [stdout]      |
[INFO] [stdout]      = note: expected struct `FieldMask`
[INFO] [stdout]              found reference `&_`
[INFO] [stdout] note: method defined here
[INFO] [stdout]     --> /opt/rustwide/workdir/src/api.rs:1814:12
[INFO] [stdout]      |
[INFO] [stdout] 1814 |     pub fn update_mask(mut self, new_value: client::FieldMask) -> UserSshPublicKeyPatchCall<'a, S> {
[INFO] [stdout]      |            ^^^^^^^^^^^
[INFO] [stdout] help: consider removing the borrow
[INFO] [stdout]      |
[INFO] [stdout] 33   -              .update_mask(&Default::default())
[INFO] [stdout] 33   +              .update_mask(Default::default())
[INFO] [stdout]      |
[INFO] [stdout] 
[INFO] [stdout] error: aborting due to previous error
[INFO] [stdout] 
[INFO] [stdout] For more information about this error, try `rustc --explain E0308`.
[INFO] [stdout] Couldn't compile the test.
[INFO] [stdout] 
[INFO] [stdout] failures:
[INFO] [stdout]     src/api.rs - api::CloudOSLogin (line 70)
[INFO] [stdout]     src/api.rs - api::UserSshPublicKeyPatchCall (line 1599)
[INFO] [stdout]     src/lib.rs - (line 76)
[INFO] [stdout] 
[INFO] [stdout] test result: FAILED. 7 passed; 3 failed; 1 ignored; 0 measured; 0 filtered out; finished in 0.13s
[INFO] [stdout] 
[INFO] [stderr] error: doctest failed, to rerun pass `--doc`
[INFO] running `Command { std: "docker" "inspect" "e493fcf7f9dfc11a1d6346721982087998e9800608bf1b79640101600124f875", kill_on_drop: false }`
[INFO] running `Command { std: "docker" "rm" "-f" "e493fcf7f9dfc11a1d6346721982087998e9800608bf1b79640101600124f875", kill_on_drop: false }`
[INFO] [stdout] e493fcf7f9dfc11a1d6346721982087998e9800608bf1b79640101600124f875
