[INFO] fetching crate google-notebooks1 5.0.3+20221213...
[INFO] testing google-notebooks1-5.0.3+20221213 against 1.75.0 for beta-1.76-1
[INFO] extracting crate google-notebooks1 5.0.3+20221213 into /workspace/builds/worker-3-tc1/source
[INFO] validating manifest of crates.io crate google-notebooks1 5.0.3+20221213 on toolchain 1.75.0
[INFO] running `Command { std: CARGO_HOME="/workspace/cargo-home" RUSTUP_HOME="/workspace/rustup-home" "/workspace/cargo-home/bin/cargo" "+1.75.0" "metadata" "--manifest-path" "Cargo.toml" "--no-deps", kill_on_drop: false }`
[INFO] started tweaking crates.io crate google-notebooks1 5.0.3+20221213
[INFO] finished tweaking crates.io crate google-notebooks1 5.0.3+20221213
[INFO] tweaked toml for crates.io crate google-notebooks1 5.0.3+20221213 written to /workspace/builds/worker-3-tc1/source/Cargo.toml
[INFO] running `Command { std: CARGO_HOME="/workspace/cargo-home" RUSTUP_HOME="/workspace/rustup-home" "/workspace/cargo-home/bin/cargo" "+1.75.0" "generate-lockfile" "--manifest-path" "Cargo.toml", kill_on_drop: false }`
[INFO] [stderr]     Updating crates.io index
[INFO] running `Command { std: CARGO_HOME="/workspace/cargo-home" RUSTUP_HOME="/workspace/rustup-home" "/workspace/cargo-home/bin/cargo" "+1.75.0" "fetch" "--manifest-path" "Cargo.toml", kill_on_drop: false }`
[INFO] running `Command { std: "docker" "create" "-v" "/var/lib/crater-agent-workspace/builds/worker-3-tc1/target:/opt/rustwide/target:rw,Z" "-v" "/var/lib/crater-agent-workspace/builds/worker-3-tc1/source:/opt/rustwide/workdir:ro,Z" "-v" "/var/lib/crater-agent-workspace/cargo-home:/opt/rustwide/cargo-home:ro,Z" "-v" "/var/lib/crater-agent-workspace/rustup-home:/opt/rustwide/rustup-home:ro,Z" "-e" "SOURCE_DIR=/opt/rustwide/workdir" "-e" "CARGO_TARGET_DIR=/opt/rustwide/target" "-e" "CARGO_HOME=/opt/rustwide/cargo-home" "-e" "RUSTUP_HOME=/opt/rustwide/rustup-home" "-w" "/opt/rustwide/workdir" "-m" "1610612736" "--user" "0:0" "--network" "none" "ghcr.io/rust-lang/crates-build-env/linux@sha256:2788e3201cd34a07e3172128adcd8b3090168a8e3bcc40d7c032b9dda1df7d1c" "/opt/rustwide/cargo-home/bin/cargo" "+1.75.0" "metadata" "--no-deps" "--format-version=1", kill_on_drop: false }`
[INFO] [stdout] 1e4ed985186b61a18d4c36a767870b8a9f9a70f7c3b6981f23366d1e31993465
[INFO] running `Command { std: "docker" "start" "-a" "1e4ed985186b61a18d4c36a767870b8a9f9a70f7c3b6981f23366d1e31993465", kill_on_drop: false }`
[INFO] running `Command { std: "docker" "inspect" "1e4ed985186b61a18d4c36a767870b8a9f9a70f7c3b6981f23366d1e31993465", kill_on_drop: false }`
[INFO] running `Command { std: "docker" "rm" "-f" "1e4ed985186b61a18d4c36a767870b8a9f9a70f7c3b6981f23366d1e31993465", kill_on_drop: false }`
[INFO] [stdout] 1e4ed985186b61a18d4c36a767870b8a9f9a70f7c3b6981f23366d1e31993465
[INFO] running `Command { std: "docker" "create" "-v" "/var/lib/crater-agent-workspace/builds/worker-3-tc1/target:/opt/rustwide/target:rw,Z" "-v" "/var/lib/crater-agent-workspace/builds/worker-3-tc1/source:/opt/rustwide/workdir:ro,Z" "-v" "/var/lib/crater-agent-workspace/cargo-home:/opt/rustwide/cargo-home:ro,Z" "-v" "/var/lib/crater-agent-workspace/rustup-home:/opt/rustwide/rustup-home:ro,Z" "-e" "SOURCE_DIR=/opt/rustwide/workdir" "-e" "CARGO_TARGET_DIR=/opt/rustwide/target" "-e" "CARGO_INCREMENTAL=0" "-e" "RUST_BACKTRACE=full" "-e" "RUSTFLAGS=--cap-lints=warn" "-e" "RUSTDOCFLAGS=--cap-lints=warn" "-e" "CARGO_HOME=/opt/rustwide/cargo-home" "-e" "RUSTUP_HOME=/opt/rustwide/rustup-home" "-w" "/opt/rustwide/workdir" "-m" "1610612736" "--user" "0:0" "--network" "none" "ghcr.io/rust-lang/crates-build-env/linux@sha256:2788e3201cd34a07e3172128adcd8b3090168a8e3bcc40d7c032b9dda1df7d1c" "/opt/rustwide/cargo-home/bin/cargo" "+1.75.0" "build" "--frozen" "--message-format=json", kill_on_drop: false }`
[INFO] [stdout] b490542e27505f3d8c67feb4a51650bfab0c0cda69f7295ff3bfc965714b4e96
[INFO] running `Command { std: "docker" "start" "-a" "b490542e27505f3d8c67feb4a51650bfab0c0cda69f7295ff3bfc965714b4e96", kill_on_drop: false }`
[INFO] [stderr]    Compiling strsim v0.10.0
[INFO] [stderr]    Compiling ident_case v1.0.1
[INFO] [stderr]    Compiling syn v2.0.48
[INFO] [stderr]    Compiling ring v0.17.7
[INFO] [stderr]    Compiling rustls v0.21.10
[INFO] [stderr]    Compiling rustls v0.22.1
[INFO] [stderr]    Compiling sct v0.7.1
[INFO] [stderr]    Compiling rustls-webpki v0.101.7
[INFO] [stderr]    Compiling rustls-webpki v0.102.1
[INFO] [stderr]    Compiling darling_core v0.20.3
[INFO] [stderr]    Compiling tokio-macros v2.2.0
[INFO] [stderr]    Compiling serde_derive v1.0.194
[INFO] [stderr]    Compiling futures-macro v0.3.30
[INFO] [stderr]    Compiling async-trait v0.1.77
[INFO] [stderr]    Compiling tokio v1.35.1
[INFO] [stderr]    Compiling darling_macro v0.20.3
[INFO] [stderr]    Compiling futures-util v0.3.30
[INFO] [stderr]    Compiling darling v0.20.3
[INFO] [stderr]    Compiling serde_with_macros v2.3.3
[INFO] [stderr]    Compiling serde v1.0.194
[INFO] [stderr]    Compiling futures-executor v0.3.30
[INFO] [stderr]    Compiling futures v0.3.30
[INFO] [stderr]    Compiling tokio-util v0.7.10
[INFO] [stderr]    Compiling tokio-rustls v0.24.1
[INFO] [stderr]    Compiling h2 v0.3.22
[INFO] [stderr]    Compiling deranged v0.3.11
[INFO] [stderr]    Compiling serde_json v1.0.111
[INFO] [stderr]    Compiling chrono v0.4.31
[INFO] [stderr]    Compiling serde_with v2.3.3
[INFO] [stderr]    Compiling time v0.3.31
[INFO] [stderr]    Compiling hyper v0.14.28
[INFO] [stderr]    Compiling hyper-rustls v0.24.2
[INFO] [stderr]    Compiling yup-oauth2 v8.3.2
[INFO] [stderr]    Compiling google-apis-common v6.0.0
[INFO] [stderr]    Compiling google-notebooks1 v5.0.3+20221213 (/opt/rustwide/workdir)
[INFO] [stderr]     Finished dev [unoptimized + debuginfo] target(s) in 20.83s
[INFO] running `Command { std: "docker" "inspect" "b490542e27505f3d8c67feb4a51650bfab0c0cda69f7295ff3bfc965714b4e96", kill_on_drop: false }`
[INFO] running `Command { std: "docker" "rm" "-f" "b490542e27505f3d8c67feb4a51650bfab0c0cda69f7295ff3bfc965714b4e96", kill_on_drop: false }`
[INFO] [stdout] b490542e27505f3d8c67feb4a51650bfab0c0cda69f7295ff3bfc965714b4e96
[INFO] running `Command { std: "docker" "create" "-v" "/var/lib/crater-agent-workspace/builds/worker-3-tc1/target:/opt/rustwide/target:rw,Z" "-v" "/var/lib/crater-agent-workspace/builds/worker-3-tc1/source:/opt/rustwide/workdir:ro,Z" "-v" "/var/lib/crater-agent-workspace/cargo-home:/opt/rustwide/cargo-home:ro,Z" "-v" "/var/lib/crater-agent-workspace/rustup-home:/opt/rustwide/rustup-home:ro,Z" "-e" "SOURCE_DIR=/opt/rustwide/workdir" "-e" "CARGO_TARGET_DIR=/opt/rustwide/target" "-e" "CARGO_INCREMENTAL=0" "-e" "RUST_BACKTRACE=full" "-e" "RUSTFLAGS=--cap-lints=warn" "-e" "RUSTDOCFLAGS=--cap-lints=warn" "-e" "CARGO_HOME=/opt/rustwide/cargo-home" "-e" "RUSTUP_HOME=/opt/rustwide/rustup-home" "-w" "/opt/rustwide/workdir" "-m" "1610612736" "--user" "0:0" "--network" "none" "ghcr.io/rust-lang/crates-build-env/linux@sha256:2788e3201cd34a07e3172128adcd8b3090168a8e3bcc40d7c032b9dda1df7d1c" "/opt/rustwide/cargo-home/bin/cargo" "+1.75.0" "test" "--frozen" "--no-run" "--message-format=json", kill_on_drop: false }`
[INFO] [stdout] 3c101aea34713f440d8d49c71c8f3048aab69a6db55a597c1fb2ffd245eb0343
[INFO] running `Command { std: "docker" "start" "-a" "3c101aea34713f440d8d49c71c8f3048aab69a6db55a597c1fb2ffd245eb0343", kill_on_drop: false }`
[INFO] [stderr]    Compiling google-notebooks1 v5.0.3+20221213 (/opt/rustwide/workdir)
[INFO] [stderr]     Finished test [unoptimized + debuginfo] target(s) in 3.77s
[INFO] running `Command { std: "docker" "inspect" "3c101aea34713f440d8d49c71c8f3048aab69a6db55a597c1fb2ffd245eb0343", kill_on_drop: false }`
[INFO] running `Command { std: "docker" "rm" "-f" "3c101aea34713f440d8d49c71c8f3048aab69a6db55a597c1fb2ffd245eb0343", kill_on_drop: false }`
[INFO] [stdout] 3c101aea34713f440d8d49c71c8f3048aab69a6db55a597c1fb2ffd245eb0343
[INFO] running `Command { std: "docker" "create" "-v" "/var/lib/crater-agent-workspace/builds/worker-3-tc1/target:/opt/rustwide/target:rw,Z" "-v" "/var/lib/crater-agent-workspace/builds/worker-3-tc1/source:/opt/rustwide/workdir:ro,Z" "-v" "/var/lib/crater-agent-workspace/cargo-home:/opt/rustwide/cargo-home:ro,Z" "-v" "/var/lib/crater-agent-workspace/rustup-home:/opt/rustwide/rustup-home:ro,Z" "-e" "SOURCE_DIR=/opt/rustwide/workdir" "-e" "CARGO_TARGET_DIR=/opt/rustwide/target" "-e" "CARGO_INCREMENTAL=0" "-e" "RUST_BACKTRACE=full" "-e" "RUSTFLAGS=--cap-lints=warn" "-e" "RUSTDOCFLAGS=--cap-lints=warn" "-e" "CARGO_HOME=/opt/rustwide/cargo-home" "-e" "RUSTUP_HOME=/opt/rustwide/rustup-home" "-w" "/opt/rustwide/workdir" "-m" "1610612736" "--user" "0:0" "--network" "none" "ghcr.io/rust-lang/crates-build-env/linux@sha256:2788e3201cd34a07e3172128adcd8b3090168a8e3bcc40d7c032b9dda1df7d1c" "/opt/rustwide/cargo-home/bin/cargo" "+1.75.0" "test" "--frozen", kill_on_drop: false }`
[INFO] [stdout] 4483de06840d891c34580c99c7ca78c5d53329ecff931e97c78389cd422c9d27
[INFO] running `Command { std: "docker" "start" "-a" "4483de06840d891c34580c99c7ca78c5d53329ecff931e97c78389cd422c9d27", kill_on_drop: false }`
[INFO] [stderr]     Finished test [unoptimized + debuginfo] target(s) in 0.07s
[INFO] [stderr]      Running unittests src/lib.rs (/opt/rustwide/target/debug/deps/google_notebooks1-ef952ddc4f483ab1)
[INFO] [stdout] 
[INFO] [stdout] running 0 tests
[INFO] [stdout] 
[INFO] [stdout] test result: ok. 0 passed; 0 failed; 0 ignored; 0 measured; 0 filtered out; finished in 0.00s
[INFO] [stdout] 
[INFO] [stderr]    Doc-tests google-notebooks1
[INFO] [stdout] 
[INFO] [stdout] running 63 tests
[INFO] [stdout] test src/api.rs - api::ProjectLocationInstanceDeleteCall (line 6075) - compile ... ok
[INFO] [stdout] test src/api.rs - api::ProjectLocationExecutionDeleteCall (line 4937) - compile ... ok
[INFO] [stdout] test src/api.rs - api::ProjectLocationGetCall (line 19851) - compile ... ok
[INFO] [stdout] test src/api.rs - api::ProjectLocationInstanceCreateCall (line 5771) - compile ... ok
[INFO] [stdout] test src/api.rs - api::ProjectLocationEnvironmentGetCall (line 4085) - compile ... ok
[INFO] [stdout] test src/api.rs - api::ProjectLocationInstanceGetCall (line 6629) - compile ... ok
[INFO] [stdout] test src/api.rs - api::AIPlatformNotebooks (line 58) - compile ... ok
[INFO] [stdout] test src/api.rs - api::ProjectLocationInstanceGetInstanceHealthCall (line 7165) - compile ... ok
[INFO] [stdout] test src/api.rs - api::ProjectLocationEnvironmentCreateCall (line 3519) - compile ... ok
[INFO] [stdout] test src/api.rs - api::ProjectLocationEnvironmentDeleteCall (line 3823) - compile ... ok
[INFO] [stdout] test src/api.rs - api::ProjectLocationExecutionCreateCall (line 4633) - compile ... ok
[INFO] [stdout] test src/api.rs - api::ProjectLocationInstanceDiagnoseCall (line 6337) - compile ... ok
[INFO] [stdout] test src/api.rs - api::ProjectLocationEnvironmentListCall (line 4347) - compile ... ok
[INFO] [stdout] test src/api.rs - api::ProjectLocationInstanceGetIamPolicyCall (line 6891) - compile ... ok
[INFO] [stdout] test src/api.rs - api::ProjectLocationExecutionGetCall (line 5199) - compile ... ok
[INFO] [stdout] test src/api.rs - api::ProjectLocationExecutionListCall (line 5461) - compile ... ok
[INFO] [stdout] test src/api.rs - api::ProjectLocationInstanceReportCall (line 8279) - compile ... ok
[INFO] [stdout] test src/api.rs - api::ProjectLocationInstanceResetCall (line 8571) - compile ... ok
[INFO] [stdout] test src/api.rs - api::ProjectLocationInstanceSetAcceleratorCall (line 9155) - compile ... ok
[INFO] [stdout] test src/api.rs - api::ProjectLocationInstanceIsUpgradeableCall (line 7427) - compile ... ok
[INFO] [stdout] test src/api.rs - api::ProjectLocationInstanceRollbackCall (line 8863) - compile ... ok
[INFO] [stdout] test src/api.rs - api::ProjectLocationInstanceStartCall (line 10323) - compile ... ok
[INFO] [stdout] test src/api.rs - api::ProjectLocationInstanceSetMachineTypeCall (line 10031) - compile ... ok
[INFO] [stdout] test src/api.rs - api::ProjectLocationInstanceSetLabelCall (line 9739) - compile ... ok
[INFO] [stdout] test src/api.rs - api::ProjectLocationInstanceListCall (line 7701) - compile ... ok
[INFO] [stdout] test src/api.rs - api::ProjectLocationInstanceRegisterCall (line 7987) - compile ... ok
[INFO] [stdout] test src/api.rs - api::ProjectLocationInstanceUpdateMetadataItemCall (line 11491) - compile ... ok
[INFO] [stdout] test src/api.rs - api::ProjectLocationInstanceSetIamPolicyCall (line 9447) - compile ... ok
[INFO] [stdout] test src/api.rs - api::ProjectLocationInstanceStopCall (line 10615) - compile ... ok
[INFO] [stdout] test src/api.rs - api::ProjectLocationInstanceTestIamPermissionCall (line 10907) - compile ... ok
[INFO] [stdout] test src/api.rs - api::ProjectLocationInstanceUpdateConfigCall (line 11199) - compile ... ok
[INFO] [stdout] test src/api.rs - api::ProjectLocationOperationGetCall (line 13213) - compile ... ok
[INFO] [stdout] test src/api.rs - api::ProjectLocationInstanceUpgradeCall (line 12075) - compile ... ok
[INFO] [stdout] test src/api.rs - api::ProjectLocationListCall (line 20113) - compile ... ok
[INFO] [stdout] test src/api.rs - api::ProjectLocationOperationCancelCall (line 12659) - compile ... ok
[INFO] [stdout] test src/api.rs - api::ProjectLocationInstanceUpgradeInternalCall (line 12367) - compile ... ok
[INFO] [stdout] test src/api.rs - api::ProjectLocationInstanceUpdateShieldedInstanceConfigCall (line 11783) - compile ... ok
[INFO] [stdout] test src/api.rs - api::ProjectLocationRuntimeCreateCall (line 13773) - compile ... ok
[INFO] [stdout] test src/api.rs - api::ProjectLocationRuntimeGetCall (line 14655) - compile ... ok
[INFO] [stdout] test src/api.rs - api::ProjectLocationRuntimeDiagnoseCall (line 14363) - compile ... ok
[INFO] [stdout] test src/api.rs - api::ProjectLocationRuntimeDeleteCall (line 14089) - compile ... ok
[INFO] [stdout] test src/api.rs - api::ProjectLocationOperationListCall (line 13475) - compile ... ok
[INFO] [stdout] test src/api.rs - api::ProjectLocationOperationDeleteCall (line 12951) - compile ... ok
[INFO] [stdout] test src/api.rs - api::ProjectLocationRuntimeGetIamPolicyCall (line 14917) - compile ... ok
[INFO] [stdout] test src/api.rs - api::ProjectLocationRuntimeRefreshRuntimeTokenInternalCall (line 15793) - compile ... ok
[INFO] [stdout] test src/api.rs - api::ProjectLocationRuntimeListCall (line 15191) - compile ... ok
[INFO] [stdout] test src/api.rs - api::ProjectLocationRuntimeStartCall (line 16961) - compile ... ok
[INFO] [stdout] test src/lib.rs - (line 49) ... ignored
[INFO] [stdout] test src/api.rs - api::ProjectLocationRuntimeStopCall (line 17253) - compile ... ok
[INFO] [stdout] test src/api.rs - api::ProjectLocationRuntimeResetCall (line 16377) - compile ... ok
[INFO] [stdout] test src/api.rs - api::ProjectLocationRuntimeSetIamPolicyCall (line 16669) - compile ... ok
[INFO] [stdout] test src/api.rs - api::ProjectLocationRuntimeReportEventCall (line 16085) - compile ... ok
[INFO] [stdout] test src/api.rs - api::ProjectLocationRuntimeTestIamPermissionCall (line 17837) - compile ... ok
[INFO] [stdout] test src/api.rs - api::ProjectLocationScheduleDeleteCall (line 18725) - compile ... ok
[INFO] [stdout] test src/api.rs - api::ProjectLocationScheduleCreateCall (line 18421) - compile ... ok
[INFO] [stdout] test src/api.rs - api::ProjectLocationRuntimeUpgradeCall (line 18129) - compile ... ok
[INFO] [stdout] test src/api.rs - api::ProjectLocationRuntimeSwitchCall (line 17545) - compile ... ok
[INFO] [stdout] test src/api.rs - api::ProjectLocationScheduleTriggerCall (line 19559) - compile ... ok
[INFO] [stdout] test src/api.rs - api::ProjectLocationScheduleGetCall (line 18987) - compile ... ok
[INFO] [stdout] test src/api.rs - api::ProjectLocationScheduleListCall (line 19249) - compile ... ok
[INFO] [stdout] test src/api.rs - api::ProjectLocationRuntimePatchCall (line 15477) - compile ... FAILED
[INFO] [stdout] test src/api.rs - api::ProjectMethods (line 2365) - compile ... ok
[INFO] [stdout] test src/lib.rs - (line 106) - compile ... ok
[INFO] [stdout] 
[INFO] [stdout] failures:
[INFO] [stdout] 
[INFO] [stdout] ---- src/api.rs - api::ProjectLocationRuntimePatchCall (line 15477) stdout ----
[INFO] [stdout] error[E0308]: mismatched types
[INFO] [stdout]      --> src/api.rs:15501:27
[INFO] [stdout]       |
[INFO] [stdout] 25    |              .update_mask(&Default::default())
[INFO] [stdout]       |               ----------- ^^^^^^^^^^^^^^^^^^^ expected `FieldMask`, found `&_`
[INFO] [stdout]       |               |
[INFO] [stdout]       |               arguments to this method are incorrect
[INFO] [stdout]       |
[INFO] [stdout]       = note: expected struct `FieldMask`
[INFO] [stdout]               found reference `&_`
[INFO] [stdout] note: method defined here
[INFO] [stdout]      --> /opt/rustwide/workdir/src/api.rs:15697:12
[INFO] [stdout]       |
[INFO] [stdout] 15697 |     pub fn update_mask(mut self, new_value: client::FieldMask) -> ProjectLocationRuntimePatchCall<'a, S> {
[INFO] [stdout]       |            ^^^^^^^^^^^
[INFO] [stdout] help: consider removing the borrow
[INFO] [stdout]       |
[INFO] [stdout] 25    -              .update_mask(&Default::default())
[INFO] [stdout] 25    +              .update_mask(Default::default())
[INFO] [stdout]       |
[INFO] [stdout] 
[INFO] [stdout] error: aborting due to previous error
[INFO] [stdout] 
[INFO] [stdout] For more information about this error, try `rustc --explain E0308`.
[INFO] [stdout] Couldn't compile the test.
[INFO] [stdout] 
[INFO] [stdout] failures:
[INFO] [stdout]     src/api.rs - api::ProjectLocationRuntimePatchCall (line 15477)
[INFO] [stdout] 
[INFO] [stdout] test result: FAILED. 61 passed; 1 failed; 1 ignored; 0 measured; 0 filtered out; finished in 0.46s
[INFO] [stdout] 
[INFO] [stderr] error: doctest failed, to rerun pass `--doc`
[INFO] running `Command { std: "docker" "inspect" "4483de06840d891c34580c99c7ca78c5d53329ecff931e97c78389cd422c9d27", kill_on_drop: false }`
[INFO] running `Command { std: "docker" "rm" "-f" "4483de06840d891c34580c99c7ca78c5d53329ecff931e97c78389cd422c9d27", kill_on_drop: false }`
[INFO] [stdout] 4483de06840d891c34580c99c7ca78c5d53329ecff931e97c78389cd422c9d27
