[INFO] fetching crate google-networkservices1 5.0.3+20230105...
[INFO] testing google-networkservices1-5.0.3+20230105 against 1.75.0 for beta-1.76-1
[INFO] extracting crate google-networkservices1 5.0.3+20230105 into /workspace/builds/worker-4-tc1/source
[INFO] validating manifest of crates.io crate google-networkservices1 5.0.3+20230105 on toolchain 1.75.0
[INFO] running `Command { std: CARGO_HOME="/workspace/cargo-home" RUSTUP_HOME="/workspace/rustup-home" "/workspace/cargo-home/bin/cargo" "+1.75.0" "metadata" "--manifest-path" "Cargo.toml" "--no-deps", kill_on_drop: false }`
[INFO] started tweaking crates.io crate google-networkservices1 5.0.3+20230105
[INFO] finished tweaking crates.io crate google-networkservices1 5.0.3+20230105
[INFO] tweaked toml for crates.io crate google-networkservices1 5.0.3+20230105 written to /workspace/builds/worker-4-tc1/source/Cargo.toml
[INFO] running `Command { std: CARGO_HOME="/workspace/cargo-home" RUSTUP_HOME="/workspace/rustup-home" "/workspace/cargo-home/bin/cargo" "+1.75.0" "generate-lockfile" "--manifest-path" "Cargo.toml", kill_on_drop: false }`
[INFO] [stderr]     Updating crates.io index
[INFO] running `Command { std: CARGO_HOME="/workspace/cargo-home" RUSTUP_HOME="/workspace/rustup-home" "/workspace/cargo-home/bin/cargo" "+1.75.0" "fetch" "--manifest-path" "Cargo.toml", kill_on_drop: false }`
[INFO] running `Command { std: "docker" "create" "-v" "/var/lib/crater-agent-workspace/builds/worker-4-tc1/target:/opt/rustwide/target:rw,Z" "-v" "/var/lib/crater-agent-workspace/builds/worker-4-tc1/source:/opt/rustwide/workdir:ro,Z" "-v" "/var/lib/crater-agent-workspace/cargo-home:/opt/rustwide/cargo-home:ro,Z" "-v" "/var/lib/crater-agent-workspace/rustup-home:/opt/rustwide/rustup-home:ro,Z" "-e" "SOURCE_DIR=/opt/rustwide/workdir" "-e" "CARGO_TARGET_DIR=/opt/rustwide/target" "-e" "CARGO_HOME=/opt/rustwide/cargo-home" "-e" "RUSTUP_HOME=/opt/rustwide/rustup-home" "-w" "/opt/rustwide/workdir" "-m" "1610612736" "--user" "0:0" "--network" "none" "ghcr.io/rust-lang/crates-build-env/linux@sha256:2788e3201cd34a07e3172128adcd8b3090168a8e3bcc40d7c032b9dda1df7d1c" "/opt/rustwide/cargo-home/bin/cargo" "+1.75.0" "metadata" "--no-deps" "--format-version=1", kill_on_drop: false }`
[INFO] [stdout] 77b5eabcfce7df05abc15588930679a0553a799eb09345ca7207ec7143303619
[INFO] running `Command { std: "docker" "start" "-a" "77b5eabcfce7df05abc15588930679a0553a799eb09345ca7207ec7143303619", kill_on_drop: false }`
[INFO] running `Command { std: "docker" "inspect" "77b5eabcfce7df05abc15588930679a0553a799eb09345ca7207ec7143303619", kill_on_drop: false }`
[INFO] running `Command { std: "docker" "rm" "-f" "77b5eabcfce7df05abc15588930679a0553a799eb09345ca7207ec7143303619", kill_on_drop: false }`
[INFO] [stdout] 77b5eabcfce7df05abc15588930679a0553a799eb09345ca7207ec7143303619
[INFO] running `Command { std: "docker" "create" "-v" "/var/lib/crater-agent-workspace/builds/worker-4-tc1/target:/opt/rustwide/target:rw,Z" "-v" "/var/lib/crater-agent-workspace/builds/worker-4-tc1/source:/opt/rustwide/workdir:ro,Z" "-v" "/var/lib/crater-agent-workspace/cargo-home:/opt/rustwide/cargo-home:ro,Z" "-v" "/var/lib/crater-agent-workspace/rustup-home:/opt/rustwide/rustup-home:ro,Z" "-e" "SOURCE_DIR=/opt/rustwide/workdir" "-e" "CARGO_TARGET_DIR=/opt/rustwide/target" "-e" "CARGO_INCREMENTAL=0" "-e" "RUST_BACKTRACE=full" "-e" "RUSTFLAGS=--cap-lints=warn" "-e" "RUSTDOCFLAGS=--cap-lints=warn" "-e" "CARGO_HOME=/opt/rustwide/cargo-home" "-e" "RUSTUP_HOME=/opt/rustwide/rustup-home" "-w" "/opt/rustwide/workdir" "-m" "1610612736" "--user" "0:0" "--network" "none" "ghcr.io/rust-lang/crates-build-env/linux@sha256:2788e3201cd34a07e3172128adcd8b3090168a8e3bcc40d7c032b9dda1df7d1c" "/opt/rustwide/cargo-home/bin/cargo" "+1.75.0" "build" "--frozen" "--message-format=json", kill_on_drop: false }`
[INFO] [stdout] 679fa897d3b5328b60afeea00064036cfe99e78da1f6601ad93fee19473d8aaf
[INFO] running `Command { std: "docker" "start" "-a" "679fa897d3b5328b60afeea00064036cfe99e78da1f6601ad93fee19473d8aaf", kill_on_drop: false }`
[INFO] [stderr]    Compiling untrusted v0.9.0
[INFO] [stderr]    Compiling bytes v1.5.0
[INFO] [stderr]    Compiling futures-core v0.3.30
[INFO] [stderr]    Compiling futures-sink v0.3.30
[INFO] [stderr]    Compiling spin v0.9.8
[INFO] [stderr]    Compiling serde v1.0.194
[INFO] [stderr]    Compiling tracing-core v0.1.32
[INFO] [stderr]    Compiling hashbrown v0.14.3
[INFO] [stderr]    Compiling ident_case v1.0.1
[INFO] [stderr]    Compiling strsim v0.10.0
[INFO] [stderr]    Compiling equivalent v1.0.1
[INFO] [stderr]    Compiling getrandom v0.2.11
[INFO] [stderr]    Compiling mio v0.8.10
[INFO] [stderr]    Compiling ring v0.17.7
[INFO] [stderr]    Compiling tokio-macros v2.2.0
[INFO] [stderr]    Compiling serde_derive v1.0.194
[INFO] [stderr]    Compiling futures-channel v0.3.30
[INFO] [stderr]    Compiling socket2 v0.5.5
[INFO] [stderr]    Compiling rustls v0.21.10
[INFO] [stderr]    Compiling httparse v1.8.0
[INFO] [stderr]    Compiling try-lock v0.2.5
[INFO] [stderr]    Compiling base64 v0.21.5
[INFO] [stderr]    Compiling darling_core v0.20.3
[INFO] [stderr]    Compiling want v0.3.1
[INFO] [stderr]    Compiling tower-service v0.3.2
[INFO] [stderr]    Compiling futures-util v0.3.30
[INFO] [stderr]    Compiling tracing v0.1.40
[INFO] [stderr]    Compiling async-trait v0.1.77
[INFO] [stderr]    Compiling rustls-pki-types v1.1.0
[INFO] [stderr]    Compiling http v0.2.11
[INFO] [stderr]    Compiling rustls-pemfile v1.0.4
[INFO] [stderr]    Compiling httpdate v1.0.3
[INFO] [stderr]    Compiling powerfmt v0.2.0
[INFO] [stderr]    Compiling either v1.9.0
[INFO] [stderr]    Compiling rustls v0.22.1
[INFO] [stderr]    Compiling anyhow v1.0.79
[INFO] [stderr]    Compiling indexmap v2.1.0
[INFO] [stderr]    Compiling rustls-native-certs v0.6.3
[INFO] [stderr]    Compiling idna v0.5.0
[INFO] [stderr]    Compiling subtle v2.5.0
[INFO] [stderr]    Compiling zeroize v1.7.0
[INFO] [stderr]    Compiling time-core v0.1.2
[INFO] [stderr]    Compiling itertools v0.12.0
[INFO] [stderr]    Compiling seahash v4.1.0
[INFO] [stderr]    Compiling itertools v0.10.5
[INFO] [stderr]    Compiling mime v0.3.17
[INFO] [stderr]    Compiling base64 v0.13.1
[INFO] [stderr]    Compiling http-body v0.4.6
[INFO] [stderr]    Compiling url v2.5.0
[INFO] [stderr]    Compiling tokio v1.35.1
[INFO] [stderr]    Compiling darling_macro v0.20.3
[INFO] [stderr]    Compiling darling v0.20.3
[INFO] [stderr]    Compiling serde_with_macros v2.3.3
[INFO] [stderr]    Compiling futures-executor v0.3.30
[INFO] [stderr]    Compiling futures v0.3.30
[INFO] [stderr]    Compiling sct v0.7.1
[INFO] [stderr]    Compiling rustls-webpki v0.101.7
[INFO] [stderr]    Compiling rustls-webpki v0.102.1
[INFO] [stderr]    Compiling tokio-util v0.7.10
[INFO] [stderr]    Compiling h2 v0.3.22
[INFO] [stderr]    Compiling deranged v0.3.11
[INFO] [stderr]    Compiling serde_json v1.0.111
[INFO] [stderr]    Compiling serde_with v2.3.3
[INFO] [stderr]    Compiling chrono v0.4.31
[INFO] [stderr]    Compiling time v0.3.31
[INFO] [stderr]    Compiling tokio-rustls v0.24.1
[INFO] [stderr]    Compiling hyper v0.14.28
[INFO] [stderr]    Compiling hyper-rustls v0.24.2
[INFO] [stderr]    Compiling yup-oauth2 v8.3.2
[INFO] [stderr]    Compiling google-apis-common v6.0.0
[INFO] [stderr]    Compiling google-networkservices1 v5.0.3+20230105 (/opt/rustwide/workdir)
[INFO] [stderr]     Finished dev [unoptimized + debuginfo] target(s) in 19.36s
[INFO] running `Command { std: "docker" "inspect" "679fa897d3b5328b60afeea00064036cfe99e78da1f6601ad93fee19473d8aaf", kill_on_drop: false }`
[INFO] running `Command { std: "docker" "rm" "-f" "679fa897d3b5328b60afeea00064036cfe99e78da1f6601ad93fee19473d8aaf", kill_on_drop: false }`
[INFO] [stdout] 679fa897d3b5328b60afeea00064036cfe99e78da1f6601ad93fee19473d8aaf
[INFO] running `Command { std: "docker" "create" "-v" "/var/lib/crater-agent-workspace/builds/worker-4-tc1/target:/opt/rustwide/target:rw,Z" "-v" "/var/lib/crater-agent-workspace/builds/worker-4-tc1/source:/opt/rustwide/workdir:ro,Z" "-v" "/var/lib/crater-agent-workspace/cargo-home:/opt/rustwide/cargo-home:ro,Z" "-v" "/var/lib/crater-agent-workspace/rustup-home:/opt/rustwide/rustup-home:ro,Z" "-e" "SOURCE_DIR=/opt/rustwide/workdir" "-e" "CARGO_TARGET_DIR=/opt/rustwide/target" "-e" "CARGO_INCREMENTAL=0" "-e" "RUST_BACKTRACE=full" "-e" "RUSTFLAGS=--cap-lints=warn" "-e" "RUSTDOCFLAGS=--cap-lints=warn" "-e" "CARGO_HOME=/opt/rustwide/cargo-home" "-e" "RUSTUP_HOME=/opt/rustwide/rustup-home" "-w" "/opt/rustwide/workdir" "-m" "1610612736" "--user" "0:0" "--network" "none" "ghcr.io/rust-lang/crates-build-env/linux@sha256:2788e3201cd34a07e3172128adcd8b3090168a8e3bcc40d7c032b9dda1df7d1c" "/opt/rustwide/cargo-home/bin/cargo" "+1.75.0" "test" "--frozen" "--no-run" "--message-format=json", kill_on_drop: false }`
[INFO] [stdout] c612d495566534f124773ef953f239478f576166168e0eb6757417ee2d89d981
[INFO] running `Command { std: "docker" "start" "-a" "c612d495566534f124773ef953f239478f576166168e0eb6757417ee2d89d981", kill_on_drop: false }`
[INFO] [stderr]    Compiling google-networkservices1 v5.0.3+20230105 (/opt/rustwide/workdir)
[INFO] [stderr]     Finished test [unoptimized + debuginfo] target(s) in 3.98s
[INFO] running `Command { std: "docker" "inspect" "c612d495566534f124773ef953f239478f576166168e0eb6757417ee2d89d981", kill_on_drop: false }`
[INFO] running `Command { std: "docker" "rm" "-f" "c612d495566534f124773ef953f239478f576166168e0eb6757417ee2d89d981", kill_on_drop: false }`
[INFO] [stdout] c612d495566534f124773ef953f239478f576166168e0eb6757417ee2d89d981
[INFO] running `Command { std: "docker" "create" "-v" "/var/lib/crater-agent-workspace/builds/worker-4-tc1/target:/opt/rustwide/target:rw,Z" "-v" "/var/lib/crater-agent-workspace/builds/worker-4-tc1/source:/opt/rustwide/workdir:ro,Z" "-v" "/var/lib/crater-agent-workspace/cargo-home:/opt/rustwide/cargo-home:ro,Z" "-v" "/var/lib/crater-agent-workspace/rustup-home:/opt/rustwide/rustup-home:ro,Z" "-e" "SOURCE_DIR=/opt/rustwide/workdir" "-e" "CARGO_TARGET_DIR=/opt/rustwide/target" "-e" "CARGO_INCREMENTAL=0" "-e" "RUST_BACKTRACE=full" "-e" "RUSTFLAGS=--cap-lints=warn" "-e" "RUSTDOCFLAGS=--cap-lints=warn" "-e" "CARGO_HOME=/opt/rustwide/cargo-home" "-e" "RUSTUP_HOME=/opt/rustwide/rustup-home" "-w" "/opt/rustwide/workdir" "-m" "1610612736" "--user" "0:0" "--network" "none" "ghcr.io/rust-lang/crates-build-env/linux@sha256:2788e3201cd34a07e3172128adcd8b3090168a8e3bcc40d7c032b9dda1df7d1c" "/opt/rustwide/cargo-home/bin/cargo" "+1.75.0" "test" "--frozen", kill_on_drop: false }`
[INFO] [stdout] 6bb58020024f18d4bb85066e4a80f04982cdf66fea28aee399c7c9943bf55a20
[INFO] running `Command { std: "docker" "start" "-a" "6bb58020024f18d4bb85066e4a80f04982cdf66fea28aee399c7c9943bf55a20", kill_on_drop: false }`
[INFO] [stderr]     Finished test [unoptimized + debuginfo] target(s) in 0.09s
[INFO] [stderr]      Running unittests src/lib.rs (/opt/rustwide/target/debug/deps/google_networkservices1-d8a190a3e7f356da)
[INFO] [stdout] 
[INFO] [stdout] running 0 tests
[INFO] [stdout] 
[INFO] [stdout] test result: ok. 0 passed; 0 failed; 0 ignored; 0 measured; 0 filtered out; finished in 0.00s
[INFO] [stdout] 
[INFO] [stderr]    Doc-tests google-networkservices1
[INFO] [stdout] 
[INFO] [stdout] running 70 tests
[INFO] [stdout] test src/api.rs - api::ProjectLocationEdgeCacheOriginTestIamPermissionCall (line 4712) - compile ... ok
[INFO] [stdout] test src/api.rs - api::ProjectLocationEdgeCacheServiceGetIamPolicyCall (line 5004) - compile ... ok
[INFO] [stdout] test src/api.rs - api::ProjectLocationEdgeCacheOriginGetIamPolicyCall (line 4146) - compile ... ok
[INFO] [stdout] test src/api.rs - api::ProjectLocationEndpointPolicyGetCall (line 6428) - compile ... ok
[INFO] [stdout] test src/api.rs - api::NetworkServices (line 58) - compile ... ok
[INFO] [stdout] test src/api.rs - api::ProjectLocationEndpointPolicyDeleteCall (line 6166) - compile ... ok
[INFO] [stdout] test src/api.rs - api::ProjectLocationEdgeCacheServiceSetIamPolicyCall (line 5278) - compile ... ok
[INFO] [stdout] test src/api.rs - api::ProjectLocationEdgeCacheKeysetTestIamPermissionCall (line 3854) - compile ... ok
[INFO] [stdout] test src/api.rs - api::ProjectLocationEndpointPolicyGetIamPolicyCall (line 6690) - compile ... ok
[INFO] [stdout] test src/api.rs - api::ProjectLocationEndpointPolicyPatchCall (line 7250) - compile ... FAILED
[INFO] [stdout] test src/api.rs - api::ProjectLocationEdgeCacheServiceTestIamPermissionCall (line 5570) - compile ... ok
[INFO] [stdout] test src/api.rs - api::ProjectLocationEdgeCacheOriginSetIamPolicyCall (line 4420) - compile ... ok
[INFO] [stdout] test src/api.rs - api::ProjectLocationEdgeCacheKeysetGetIamPolicyCall (line 3288) - compile ... ok
[INFO] [stdout] test src/api.rs - api::ProjectLocationEndpointPolicyListCall (line 6964) - compile ... ok
[INFO] [stdout] test src/api.rs - api::ProjectLocationEndpointPolicyCreateCall (line 5862) - compile ... ok
[INFO] [stdout] test src/api.rs - api::ProjectLocationEdgeCacheKeysetSetIamPolicyCall (line 3562) - compile ... ok
[INFO] [stdout] test src/api.rs - api::ProjectLocationGatewayCreateCall (line 8138) - compile ... ok
[INFO] [stdout] test src/api.rs - api::ProjectLocationEndpointPolicyTestIamPermissionCall (line 7846) - compile ... ok
[INFO] [stdout] test src/api.rs - api::ProjectLocationEndpointPolicySetIamPolicyCall (line 7554) - compile ... ok
[INFO] [stdout] test src/api.rs - api::ProjectLocationGatewayGetIamPolicyCall (line 8966) - compile ... ok
[INFO] [stdout] test src/api.rs - api::ProjectLocationGatewayTestIamPermissionCall (line 10122) - compile ... ok
[INFO] [stdout] test src/api.rs - api::ProjectLocationGatewayGetCall (line 8704) - compile ... ok
[INFO] [stdout] test src/api.rs - api::ProjectLocationGrpcRouteListCall (line 11242) - compile ... ok
[INFO] [stdout] test src/api.rs - api::ProjectLocationGatewayListCall (line 9240) - compile ... ok
[INFO] [stdout] test src/api.rs - api::ProjectLocationGetCall (line 21448) - compile ... ok
[INFO] [stdout] test src/api.rs - api::ProjectLocationGrpcRouteCreateCall (line 10414) - compile ... ok
[INFO] [stdout] test src/api.rs - api::ProjectLocationGrpcRouteGetCall (line 10980) - compile ... ok
[INFO] [stdout] test src/api.rs - api::ProjectLocationGatewayPatchCall (line 9526) - compile ... FAILED
[INFO] [stdout] test src/api.rs - api::ProjectLocationGatewaySetIamPolicyCall (line 9830) - compile ... ok
[INFO] [stdout] test src/api.rs - api::ProjectLocationGrpcRouteDeleteCall (line 10718) - compile ... ok
[INFO] [stdout] test src/api.rs - api::ProjectLocationGatewayDeleteCall (line 8442) - compile ... ok
[INFO] [stdout] test src/api.rs - api::ProjectLocationHttpRouteDeleteCall (line 12136) - compile ... ok
[INFO] [stdout] test src/api.rs - api::ProjectLocationHttpRouteCreateCall (line 11832) - compile ... ok
[INFO] [stdout] test src/api.rs - api::ProjectLocationHttpRouteListCall (line 12660) - compile ... ok
[INFO] [stdout] test src/api.rs - api::ProjectLocationGrpcRoutePatchCall (line 11528) - compile ... FAILED
[INFO] [stdout] test src/api.rs - api::ProjectLocationListCall (line 21710) - compile ... ok
[INFO] [stdout] test src/api.rs - api::ProjectLocationHttpRouteGetCall (line 12398) - compile ... ok
[INFO] [stdout] test src/api.rs - api::ProjectLocationMeshDeleteCall (line 13554) - compile ... ok
[INFO] [stdout] test src/api.rs - api::ProjectLocationMeshListCall (line 14352) - compile ... ok
[INFO] [stdout] test src/api.rs - api::ProjectLocationMeshCreateCall (line 13250) - compile ... ok
[INFO] [stdout] test src/api.rs - api::ProjectLocationMeshSetIamPolicyCall (line 14942) - compile ... ok
[INFO] [stdout] test src/api.rs - api::ProjectLocationMeshGetIamPolicyCall (line 14078) - compile ... ok
[INFO] [stdout] test src/api.rs - api::ProjectLocationHttpRoutePatchCall (line 12946) - compile ... FAILED
[INFO] [stdout] test src/api.rs - api::ProjectLocationMeshGetCall (line 13816) - compile ... ok
[INFO] [stdout] test src/api.rs - api::ProjectLocationOperationGetCall (line 16080) - compile ... ok
[INFO] [stdout] test src/api.rs - api::ProjectLocationOperationDeleteCall (line 15818) - compile ... ok
[INFO] [stdout] test src/api.rs - api::ProjectLocationMeshPatchCall (line 14638) - compile ... FAILED
[INFO] [stdout] test src/api.rs - api::ProjectLocationOperationCancelCall (line 15526) - compile ... ok
[INFO] [stdout] test src/api.rs - api::ProjectLocationServiceBindingCreateCall (line 16640) - compile ... ok
[INFO] [stdout] test src/api.rs - api::ProjectLocationServiceBindingDeleteCall (line 16944) - compile ... ok
[INFO] [stdout] test src/api.rs - api::ProjectLocationMeshTestIamPermissionCall (line 15234) - compile ... ok
[INFO] [stdout] test src/api.rs - api::ProjectLocationServiceBindingSetIamPolicyCall (line 18028) - compile ... ok
[INFO] [stdout] test src/api.rs - api::ProjectLocationOperationListCall (line 16342) - compile ... ok
[INFO] [stdout] test src/lib.rs - (line 49) ... ignored
[INFO] [stdout] test src/api.rs - api::ProjectLocationServiceBindingGetIamPolicyCall (line 17468) - compile ... ok
[INFO] [stdout] test src/api.rs - api::ProjectLocationServiceBindingGetCall (line 17206) - compile ... ok
[INFO] [stdout] test src/api.rs - api::ProjectLocationTcpRouteCreateCall (line 18612) - compile ... ok
[INFO] [stdout] test src/api.rs - api::ProjectLocationServiceBindingListCall (line 17742) - compile ... ok
[INFO] [stdout] test src/api.rs - api::ProjectLocationTcpRouteDeleteCall (line 18916) - compile ... ok
[INFO] [stdout] test src/api.rs - api::ProjectLocationServiceBindingTestIamPermissionCall (line 18320) - compile ... ok
[INFO] [stdout] test src/api.rs - api::ProjectLocationTcpRouteGetCall (line 19178) - compile ... ok
[INFO] [stdout] test src/api.rs - api::ProjectLocationTcpRouteListCall (line 19440) - compile ... ok
[INFO] [stdout] test src/api.rs - api::ProjectLocationTlsRouteCreateCall (line 20030) - compile ... ok
[INFO] [stdout] test src/api.rs - api::ProjectLocationTlsRouteDeleteCall (line 20334) - compile ... ok
[INFO] [stdout] test src/api.rs - api::ProjectLocationTcpRoutePatchCall (line 19726) - compile ... FAILED
[INFO] [stdout] test src/api.rs - api::ProjectMethods (line 2013) - compile ... ok
[INFO] [stdout] test src/api.rs - api::ProjectLocationTlsRouteGetCall (line 20596) - compile ... ok
[INFO] [stdout] test src/api.rs - api::ProjectLocationTlsRouteListCall (line 20858) - compile ... ok
[INFO] [stdout] test src/lib.rs - (line 96) - compile ... ok
[INFO] [stdout] test src/api.rs - api::ProjectLocationTlsRoutePatchCall (line 21144) - compile ... FAILED
[INFO] [stdout] 
[INFO] [stdout] failures:
[INFO] [stdout] 
[INFO] [stdout] ---- src/api.rs - api::ProjectLocationEndpointPolicyPatchCall (line 7250) stdout ----
[INFO] [stdout] error[E0308]: mismatched types
[INFO] [stdout]     --> src/api.rs:7274:27
[INFO] [stdout]      |
[INFO] [stdout] 25   |              .update_mask(&Default::default())
[INFO] [stdout]      |               ----------- ^^^^^^^^^^^^^^^^^^^ expected `FieldMask`, found `&_`
[INFO] [stdout]      |               |
[INFO] [stdout]      |               arguments to this method are incorrect
[INFO] [stdout]      |
[INFO] [stdout]      = note: expected struct `FieldMask`
[INFO] [stdout]              found reference `&_`
[INFO] [stdout] note: method defined here
[INFO] [stdout]     --> /opt/rustwide/workdir/src/api.rs:7465:12
[INFO] [stdout]      |
[INFO] [stdout] 7465 |     pub fn update_mask(mut self, new_value: client::FieldMask) -> ProjectLocationEndpointPolicyPatchCall<'a, S> {
[INFO] [stdout]      |            ^^^^^^^^^^^
[INFO] [stdout] help: consider removing the borrow
[INFO] [stdout]      |
[INFO] [stdout] 25   -              .update_mask(&Default::default())
[INFO] [stdout] 25   +              .update_mask(Default::default())
[INFO] [stdout]      |
[INFO] [stdout] 
[INFO] [stdout] error: aborting due to previous error
[INFO] [stdout] 
[INFO] [stdout] For more information about this error, try `rustc --explain E0308`.
[INFO] [stdout] Couldn't compile the test.
[INFO] [stdout] ---- src/api.rs - api::ProjectLocationGatewayPatchCall (line 9526) stdout ----
[INFO] [stdout] error[E0308]: mismatched types
[INFO] [stdout]     --> src/api.rs:9550:27
[INFO] [stdout]      |
[INFO] [stdout] 25   |              .update_mask(&Default::default())
[INFO] [stdout]      |               ----------- ^^^^^^^^^^^^^^^^^^^ expected `FieldMask`, found `&_`
[INFO] [stdout]      |               |
[INFO] [stdout]      |               arguments to this method are incorrect
[INFO] [stdout]      |
[INFO] [stdout]      = note: expected struct `FieldMask`
[INFO] [stdout]              found reference `&_`
[INFO] [stdout] note: method defined here
[INFO] [stdout]     --> /opt/rustwide/workdir/src/api.rs:9741:12
[INFO] [stdout]      |
[INFO] [stdout] 9741 |     pub fn update_mask(mut self, new_value: client::FieldMask) -> ProjectLocationGatewayPatchCall<'a, S> {
[INFO] [stdout]      |            ^^^^^^^^^^^
[INFO] [stdout] help: consider removing the borrow
[INFO] [stdout]      |
[INFO] [stdout] 25   -              .update_mask(&Default::default())
[INFO] [stdout] 25   +              .update_mask(Default::default())
[INFO] [stdout]      |
[INFO] [stdout] 
[INFO] [stdout] error: aborting due to previous error
[INFO] [stdout] 
[INFO] [stdout] For more information about this error, try `rustc --explain E0308`.
[INFO] [stdout] Couldn't compile the test.
[INFO] [stdout] ---- src/api.rs - api::ProjectLocationGrpcRoutePatchCall (line 11528) stdout ----
[INFO] [stdout] error[E0308]: mismatched types
[INFO] [stdout]      --> src/api.rs:11552:27
[INFO] [stdout]       |
[INFO] [stdout] 25    |              .update_mask(&Default::default())
[INFO] [stdout]       |               ----------- ^^^^^^^^^^^^^^^^^^^ expected `FieldMask`, found `&_`
[INFO] [stdout]       |               |
[INFO] [stdout]       |               arguments to this method are incorrect
[INFO] [stdout]       |
[INFO] [stdout]       = note: expected struct `FieldMask`
[INFO] [stdout]               found reference `&_`
[INFO] [stdout] note: method defined here
[INFO] [stdout]      --> /opt/rustwide/workdir/src/api.rs:11743:12
[INFO] [stdout]       |
[INFO] [stdout] 11743 |     pub fn update_mask(mut self, new_value: client::FieldMask) -> ProjectLocationGrpcRoutePatchCall<'a, S> {
[INFO] [stdout]       |            ^^^^^^^^^^^
[INFO] [stdout] help: consider removing the borrow
[INFO] [stdout]       |
[INFO] [stdout] 25    -              .update_mask(&Default::default())
[INFO] [stdout] 25    +              .update_mask(Default::default())
[INFO] [stdout]       |
[INFO] [stdout] 
[INFO] [stdout] error: aborting due to previous error
[INFO] [stdout] 
[INFO] [stdout] For more information about this error, try `rustc --explain E0308`.
[INFO] [stdout] Couldn't compile the test.
[INFO] [stdout] ---- src/api.rs - api::ProjectLocationHttpRoutePatchCall (line 12946) stdout ----
[INFO] [stdout] error[E0308]: mismatched types
[INFO] [stdout]      --> src/api.rs:12970:27
[INFO] [stdout]       |
[INFO] [stdout] 25    |              .update_mask(&Default::default())
[INFO] [stdout]       |               ----------- ^^^^^^^^^^^^^^^^^^^ expected `FieldMask`, found `&_`
[INFO] [stdout]       |               |
[INFO] [stdout]       |               arguments to this method are incorrect
[INFO] [stdout]       |
[INFO] [stdout]       = note: expected struct `FieldMask`
[INFO] [stdout]               found reference `&_`
[INFO] [stdout] note: method defined here
[INFO] [stdout]      --> /opt/rustwide/workdir/src/api.rs:13161:12
[INFO] [stdout]       |
[INFO] [stdout] 13161 |     pub fn update_mask(mut self, new_value: client::FieldMask) -> ProjectLocationHttpRoutePatchCall<'a, S> {
[INFO] [stdout]       |            ^^^^^^^^^^^
[INFO] [stdout] help: consider removing the borrow
[INFO] [stdout]       |
[INFO] [stdout] 25    -              .update_mask(&Default::default())
[INFO] [stdout] 25    +              .update_mask(Default::default())
[INFO] [stdout]       |
[INFO] [stdout] 
[INFO] [stdout] error: aborting due to previous error
[INFO] [stdout] 
[INFO] [stdout] For more information about this error, try `rustc --explain E0308`.
[INFO] [stdout] Couldn't compile the test.
[INFO] [stdout] ---- src/api.rs - api::ProjectLocationMeshPatchCall (line 14638) stdout ----
[INFO] [stdout] error[E0308]: mismatched types
[INFO] [stdout]      --> src/api.rs:14662:27
[INFO] [stdout]       |
[INFO] [stdout] 25    |              .update_mask(&Default::default())
[INFO] [stdout]       |               ----------- ^^^^^^^^^^^^^^^^^^^ expected `FieldMask`, found `&_`
[INFO] [stdout]       |               |
[INFO] [stdout]       |               arguments to this method are incorrect
[INFO] [stdout]       |
[INFO] [stdout]       = note: expected struct `FieldMask`
[INFO] [stdout]               found reference `&_`
[INFO] [stdout] note: method defined here
[INFO] [stdout]      --> /opt/rustwide/workdir/src/api.rs:14853:12
[INFO] [stdout]       |
[INFO] [stdout] 14853 |     pub fn update_mask(mut self, new_value: client::FieldMask) -> ProjectLocationMeshPatchCall<'a, S> {
[INFO] [stdout]       |            ^^^^^^^^^^^
[INFO] [stdout] help: consider removing the borrow
[INFO] [stdout]       |
[INFO] [stdout] 25    -              .update_mask(&Default::default())
[INFO] [stdout] 25    +              .update_mask(Default::default())
[INFO] [stdout]       |
[INFO] [stdout] 
[INFO] [stdout] error: aborting due to previous error
[INFO] [stdout] 
[INFO] [stdout] For more information about this error, try `rustc --explain E0308`.
[INFO] [stdout] Couldn't compile the test.
[INFO] [stdout] ---- src/api.rs - api::ProjectLocationTcpRoutePatchCall (line 19726) stdout ----
[INFO] [stdout] error[E0308]: mismatched types
[INFO] [stdout]      --> src/api.rs:19750:27
[INFO] [stdout]       |
[INFO] [stdout] 25    |              .update_mask(&Default::default())
[INFO] [stdout]       |               ----------- ^^^^^^^^^^^^^^^^^^^ expected `FieldMask`, found `&_`
[INFO] [stdout]       |               |
[INFO] [stdout]       |               arguments to this method are incorrect
[INFO] [stdout]       |
[INFO] [stdout]       = note: expected struct `FieldMask`
[INFO] [stdout]               found reference `&_`
[INFO] [stdout] note: method defined here
[INFO] [stdout]      --> /opt/rustwide/workdir/src/api.rs:19941:12
[INFO] [stdout]       |
[INFO] [stdout] 19941 |     pub fn update_mask(mut self, new_value: client::FieldMask) -> ProjectLocationTcpRoutePatchCall<'a, S> {
[INFO] [stdout]       |            ^^^^^^^^^^^
[INFO] [stdout] help: consider removing the borrow
[INFO] [stdout]       |
[INFO] [stdout] 25    -              .update_mask(&Default::default())
[INFO] [stdout] 25    +              .update_mask(Default::default())
[INFO] [stdout]       |
[INFO] [stdout] 
[INFO] [stdout] error: aborting due to previous error
[INFO] [stdout] 
[INFO] [stdout] For more information about this error, try `rustc --explain E0308`.
[INFO] [stdout] Couldn't compile the test.
[INFO] [stdout] ---- src/api.rs - api::ProjectLocationTlsRoutePatchCall (line 21144) stdout ----
[INFO] [stdout] error[E0308]: mismatched types
[INFO] [stdout]      --> src/api.rs:21168:27
[INFO] [stdout]       |
[INFO] [stdout] 25    |              .update_mask(&Default::default())
[INFO] [stdout]       |               ----------- ^^^^^^^^^^^^^^^^^^^ expected `FieldMask`, found `&_`
[INFO] [stdout]       |               |
[INFO] [stdout]       |               arguments to this method are incorrect
[INFO] [stdout]       |
[INFO] [stdout]       = note: expected struct `FieldMask`
[INFO] [stdout]               found reference `&_`
[INFO] [stdout] note: method defined here
[INFO] [stdout]      --> /opt/rustwide/workdir/src/api.rs:21359:12
[INFO] [stdout]       |
[INFO] [stdout] 21359 |     pub fn update_mask(mut self, new_value: client::FieldMask) -> ProjectLocationTlsRoutePatchCall<'a, S> {
[INFO] [stdout]       |            ^^^^^^^^^^^
[INFO] [stdout] help: consider removing the borrow
[INFO] [stdout]       |
[INFO] [stdout] 25    -              .update_mask(&Default::default())
[INFO] [stdout] 25    +              .update_mask(Default::default())
[INFO] [stdout]       |
[INFO] [stdout] 
[INFO] [stdout] error: aborting due to previous error
[INFO] [stdout] 
[INFO] [stdout] For more information about this error, try `rustc --explain E0308`.
[INFO] [stdout] Couldn't compile the test.
[INFO] [stdout] 
[INFO] [stdout] failures:
[INFO] [stdout]     src/api.rs - api::ProjectLocationEndpointPolicyPatchCall (line 7250)
[INFO] [stdout]     src/api.rs - api::ProjectLocationGatewayPatchCall (line 9526)
[INFO] [stdout]     src/api.rs - api::ProjectLocationGrpcRoutePatchCall (line 11528)
[INFO] [stdout]     src/api.rs - api::ProjectLocationHttpRoutePatchCall (line 12946)
[INFO] [stdout]     src/api.rs - api::ProjectLocationMeshPatchCall (line 14638)
[INFO] [stdout]     src/api.rs - api::ProjectLocationTcpRoutePatchCall (line 19726)
[INFO] [stdout]     src/api.rs - api::ProjectLocationTlsRoutePatchCall (line 21144)
[INFO] [stdout] 
[INFO] [stdout] test result: FAILED. 62 passed; 7 failed; 1 ignored; 0 measured; 0 filtered out; finished in 0.64s
[INFO] [stdout] 
[INFO] [stderr] error: doctest failed, to rerun pass `--doc`
[INFO] running `Command { std: "docker" "inspect" "6bb58020024f18d4bb85066e4a80f04982cdf66fea28aee399c7c9943bf55a20", kill_on_drop: false }`
[INFO] running `Command { std: "docker" "rm" "-f" "6bb58020024f18d4bb85066e4a80f04982cdf66fea28aee399c7c9943bf55a20", kill_on_drop: false }`
[INFO] [stdout] 6bb58020024f18d4bb85066e4a80f04982cdf66fea28aee399c7c9943bf55a20
[INFO] testing google-networkservices1-5.0.3+20230105 against beta-2023-12-22 for beta-1.76-1
[INFO] extracting crate google-networkservices1 5.0.3+20230105 into /workspace/builds/worker-4-tc2/source
[INFO] validating manifest of crates.io crate google-networkservices1 5.0.3+20230105 on toolchain beta-2023-12-22
[INFO] running `Command { std: CARGO_HOME="/workspace/cargo-home" RUSTUP_HOME="/workspace/rustup-home" "/workspace/cargo-home/bin/cargo" "+beta-2023-12-22" "metadata" "--manifest-path" "Cargo.toml" "--no-deps", kill_on_drop: false }`
[INFO] started tweaking crates.io crate google-networkservices1 5.0.3+20230105
[INFO] finished tweaking crates.io crate google-networkservices1 5.0.3+20230105
[INFO] tweaked toml for crates.io crate google-networkservices1 5.0.3+20230105 written to /workspace/builds/worker-4-tc2/source/Cargo.toml
[INFO] running `Command { std: CARGO_HOME="/workspace/cargo-home" RUSTUP_HOME="/workspace/rustup-home" "/workspace/cargo-home/bin/cargo" "+beta-2023-12-22" "generate-lockfile" "--manifest-path" "Cargo.toml", kill_on_drop: false }`
[INFO] [stderr]     Updating crates.io index
[INFO] running `Command { std: CARGO_HOME="/workspace/cargo-home" RUSTUP_HOME="/workspace/rustup-home" "/workspace/cargo-home/bin/cargo" "+beta-2023-12-22" "fetch" "--manifest-path" "Cargo.toml", kill_on_drop: false }`
[INFO] running `Command { std: "docker" "create" "-v" "/var/lib/crater-agent-workspace/builds/worker-4-tc2/target:/opt/rustwide/target:rw,Z" "-v" "/var/lib/crater-agent-workspace/builds/worker-4-tc2/source:/opt/rustwide/workdir:ro,Z" "-v" "/var/lib/crater-agent-workspace/cargo-home:/opt/rustwide/cargo-home:ro,Z" "-v" "/var/lib/crater-agent-workspace/rustup-home:/opt/rustwide/rustup-home:ro,Z" "-e" "SOURCE_DIR=/opt/rustwide/workdir" "-e" "CARGO_TARGET_DIR=/opt/rustwide/target" "-e" "CARGO_HOME=/opt/rustwide/cargo-home" "-e" "RUSTUP_HOME=/opt/rustwide/rustup-home" "-w" "/opt/rustwide/workdir" "-m" "1610612736" "--user" "0:0" "--network" "none" "ghcr.io/rust-lang/crates-build-env/linux@sha256:2788e3201cd34a07e3172128adcd8b3090168a8e3bcc40d7c032b9dda1df7d1c" "/opt/rustwide/cargo-home/bin/cargo" "+beta-2023-12-22" "metadata" "--no-deps" "--format-version=1", kill_on_drop: false }`
[INFO] [stdout] bdb4fa29f175344f04b90a917def00a05090f9faad5e704ed9d355cee398834c
[INFO] running `Command { std: "docker" "start" "-a" "bdb4fa29f175344f04b90a917def00a05090f9faad5e704ed9d355cee398834c", kill_on_drop: false }`
[INFO] running `Command { std: "docker" "inspect" "bdb4fa29f175344f04b90a917def00a05090f9faad5e704ed9d355cee398834c", kill_on_drop: false }`
[INFO] running `Command { std: "docker" "rm" "-f" "bdb4fa29f175344f04b90a917def00a05090f9faad5e704ed9d355cee398834c", kill_on_drop: false }`
[INFO] [stdout] bdb4fa29f175344f04b90a917def00a05090f9faad5e704ed9d355cee398834c
[INFO] running `Command { std: "docker" "create" "-v" "/var/lib/crater-agent-workspace/builds/worker-4-tc2/target:/opt/rustwide/target:rw,Z" "-v" "/var/lib/crater-agent-workspace/builds/worker-4-tc2/source:/opt/rustwide/workdir:ro,Z" "-v" "/var/lib/crater-agent-workspace/cargo-home:/opt/rustwide/cargo-home:ro,Z" "-v" "/var/lib/crater-agent-workspace/rustup-home:/opt/rustwide/rustup-home:ro,Z" "-e" "SOURCE_DIR=/opt/rustwide/workdir" "-e" "CARGO_TARGET_DIR=/opt/rustwide/target" "-e" "CARGO_INCREMENTAL=0" "-e" "RUST_BACKTRACE=full" "-e" "RUSTFLAGS=--cap-lints=warn" "-e" "RUSTDOCFLAGS=--cap-lints=warn" "-e" "CARGO_HOME=/opt/rustwide/cargo-home" "-e" "RUSTUP_HOME=/opt/rustwide/rustup-home" "-w" "/opt/rustwide/workdir" "-m" "1610612736" "--user" "0:0" "--network" "none" "ghcr.io/rust-lang/crates-build-env/linux@sha256:2788e3201cd34a07e3172128adcd8b3090168a8e3bcc40d7c032b9dda1df7d1c" "/opt/rustwide/cargo-home/bin/cargo" "+beta-2023-12-22" "build" "--frozen" "--message-format=json", kill_on_drop: false }`
[INFO] [stdout] 775b41427215de9631a623dea612d10d0df6fffa95664916c4b8620496b0b5ff
[INFO] running `Command { std: "docker" "start" "-a" "775b41427215de9631a623dea612d10d0df6fffa95664916c4b8620496b0b5ff", kill_on_drop: false }`
[INFO] [stderr]    Compiling futures-sink v0.3.30
[INFO] [stderr]    Compiling untrusted v0.9.0
[INFO] [stderr]    Compiling bytes v1.5.0
[INFO] [stderr]    Compiling futures-core v0.3.30
[INFO] [stderr]    Compiling spin v0.9.8
[INFO] [stderr]    Compiling serde v1.0.194
[INFO] [stderr]    Compiling hashbrown v0.14.3
[INFO] [stderr]    Compiling tracing-core v0.1.32
[INFO] [stderr]    Compiling rustls v0.21.10
[INFO] [stderr]    Compiling ident_case v1.0.1
[INFO] [stderr]    Compiling equivalent v1.0.1
[INFO] [stderr]    Compiling httparse v1.8.0
[INFO] [stderr]    Compiling getrandom v0.2.11
[INFO] [stderr]    Compiling mio v0.8.10
[INFO] [stderr]    Compiling ring v0.17.7
[INFO] [stderr]    Compiling serde_derive v1.0.194
[INFO] [stderr]    Compiling futures-channel v0.3.30
[INFO] [stderr]    Compiling tokio-macros v2.2.0
[INFO] [stderr]    Compiling socket2 v0.5.5
[INFO] [stderr]    Compiling strsim v0.10.0
[INFO] [stderr]    Compiling try-lock v0.2.5
[INFO] [stderr]    Compiling base64 v0.21.5
[INFO] [stderr]    Compiling want v0.3.1
[INFO] [stderr]    Compiling tower-service v0.3.2
[INFO] [stderr]    Compiling futures-util v0.3.30
[INFO] [stderr]    Compiling darling_core v0.20.3
[INFO] [stderr]    Compiling httpdate v1.0.3
[INFO] [stderr]    Compiling async-trait v0.1.77
[INFO] [stderr]    Compiling either v1.9.0
[INFO] [stderr]    Compiling rustls-pemfile v1.0.4
[INFO] [stderr]    Compiling anyhow v1.0.79
[INFO] [stderr]    Compiling tracing v0.1.40
[INFO] [stderr]    Compiling http v0.2.11
[INFO] [stderr]    Compiling indexmap v2.1.0
[INFO] [stderr]    Compiling powerfmt v0.2.0
[INFO] [stderr]    Compiling rustls v0.22.1
[INFO] [stderr]    Compiling rustls-pki-types v1.1.0
[INFO] [stderr]    Compiling rustls-native-certs v0.6.3
[INFO] [stderr]    Compiling idna v0.5.0
[INFO] [stderr]    Compiling time-core v0.1.2
[INFO] [stderr]    Compiling zeroize v1.7.0
[INFO] [stderr]    Compiling subtle v2.5.0
[INFO] [stderr]    Compiling itertools v0.12.0
[INFO] [stderr]    Compiling seahash v4.1.0
[INFO] [stderr]    Compiling itertools v0.10.5
[INFO] [stderr]    Compiling mime v0.3.17
[INFO] [stderr]    Compiling base64 v0.13.1
[INFO] [stderr]    Compiling url v2.5.0
[INFO] [stderr]    Compiling tokio v1.35.1
[INFO] [stderr]    Compiling http-body v0.4.6
[INFO] [stderr]    Compiling darling_macro v0.20.3
[INFO] [stderr]    Compiling darling v0.20.3
[INFO] [stderr]    Compiling serde_with_macros v2.3.3
[INFO] [stderr]    Compiling futures-executor v0.3.30
[INFO] [stderr]    Compiling futures v0.3.30
[INFO] [stderr]    Compiling tokio-util v0.7.10
[INFO] [stderr]    Compiling rustls-webpki v0.101.7
[INFO] [stderr]    Compiling sct v0.7.1
[INFO] [stderr]    Compiling rustls-webpki v0.102.1
[INFO] [stderr]    Compiling h2 v0.3.22
[INFO] [stderr]    Compiling deranged v0.3.11
[INFO] [stderr]    Compiling serde_json v1.0.111
[INFO] [stderr]    Compiling chrono v0.4.31
[INFO] [stderr]    Compiling serde_with v2.3.3
[INFO] [stderr]    Compiling time v0.3.31
[INFO] [stderr]    Compiling tokio-rustls v0.24.1
[INFO] [stderr]    Compiling hyper v0.14.28
[INFO] [stderr]    Compiling hyper-rustls v0.24.2
[INFO] [stderr]    Compiling yup-oauth2 v8.3.2
[INFO] [stderr]    Compiling google-apis-common v6.0.0
[INFO] [stderr]    Compiling google-networkservices1 v5.0.3+20230105 (/opt/rustwide/workdir)
[INFO] [stderr]     Finished dev [unoptimized + debuginfo] target(s) in 19.02s
[INFO] running `Command { std: "docker" "inspect" "775b41427215de9631a623dea612d10d0df6fffa95664916c4b8620496b0b5ff", kill_on_drop: false }`
[INFO] running `Command { std: "docker" "rm" "-f" "775b41427215de9631a623dea612d10d0df6fffa95664916c4b8620496b0b5ff", kill_on_drop: false }`
[INFO] [stdout] 775b41427215de9631a623dea612d10d0df6fffa95664916c4b8620496b0b5ff
[INFO] running `Command { std: "docker" "create" "-v" "/var/lib/crater-agent-workspace/builds/worker-4-tc2/target:/opt/rustwide/target:rw,Z" "-v" "/var/lib/crater-agent-workspace/builds/worker-4-tc2/source:/opt/rustwide/workdir:ro,Z" "-v" "/var/lib/crater-agent-workspace/cargo-home:/opt/rustwide/cargo-home:ro,Z" "-v" "/var/lib/crater-agent-workspace/rustup-home:/opt/rustwide/rustup-home:ro,Z" "-e" "SOURCE_DIR=/opt/rustwide/workdir" "-e" "CARGO_TARGET_DIR=/opt/rustwide/target" "-e" "CARGO_INCREMENTAL=0" "-e" "RUST_BACKTRACE=full" "-e" "RUSTFLAGS=--cap-lints=warn" "-e" "RUSTDOCFLAGS=--cap-lints=warn" "-e" "CARGO_HOME=/opt/rustwide/cargo-home" "-e" "RUSTUP_HOME=/opt/rustwide/rustup-home" "-w" "/opt/rustwide/workdir" "-m" "1610612736" "--user" "0:0" "--network" "none" "ghcr.io/rust-lang/crates-build-env/linux@sha256:2788e3201cd34a07e3172128adcd8b3090168a8e3bcc40d7c032b9dda1df7d1c" "/opt/rustwide/cargo-home/bin/cargo" "+beta-2023-12-22" "test" "--frozen" "--no-run" "--message-format=json", kill_on_drop: false }`
[INFO] [stdout] 7031d5b403cbc6451fea0cb6b28fc75e622a6e4fcbad6f9dbf7d3fd9a13e9db8
[INFO] running `Command { std: "docker" "start" "-a" "7031d5b403cbc6451fea0cb6b28fc75e622a6e4fcbad6f9dbf7d3fd9a13e9db8", kill_on_drop: false }`
[INFO] [stderr]    Compiling google-networkservices1 v5.0.3+20230105 (/opt/rustwide/workdir)
[INFO] [stderr]     Finished test [unoptimized + debuginfo] target(s) in 4.89s
[INFO] running `Command { std: "docker" "inspect" "7031d5b403cbc6451fea0cb6b28fc75e622a6e4fcbad6f9dbf7d3fd9a13e9db8", kill_on_drop: false }`
[INFO] running `Command { std: "docker" "rm" "-f" "7031d5b403cbc6451fea0cb6b28fc75e622a6e4fcbad6f9dbf7d3fd9a13e9db8", kill_on_drop: false }`
[INFO] [stdout] 7031d5b403cbc6451fea0cb6b28fc75e622a6e4fcbad6f9dbf7d3fd9a13e9db8
[INFO] running `Command { std: "docker" "create" "-v" "/var/lib/crater-agent-workspace/builds/worker-4-tc2/target:/opt/rustwide/target:rw,Z" "-v" "/var/lib/crater-agent-workspace/builds/worker-4-tc2/source:/opt/rustwide/workdir:ro,Z" "-v" "/var/lib/crater-agent-workspace/cargo-home:/opt/rustwide/cargo-home:ro,Z" "-v" "/var/lib/crater-agent-workspace/rustup-home:/opt/rustwide/rustup-home:ro,Z" "-e" "SOURCE_DIR=/opt/rustwide/workdir" "-e" "CARGO_TARGET_DIR=/opt/rustwide/target" "-e" "CARGO_INCREMENTAL=0" "-e" "RUST_BACKTRACE=full" "-e" "RUSTFLAGS=--cap-lints=warn" "-e" "RUSTDOCFLAGS=--cap-lints=warn" "-e" "CARGO_HOME=/opt/rustwide/cargo-home" "-e" "RUSTUP_HOME=/opt/rustwide/rustup-home" "-w" "/opt/rustwide/workdir" "-m" "1610612736" "--user" "0:0" "--network" "none" "ghcr.io/rust-lang/crates-build-env/linux@sha256:2788e3201cd34a07e3172128adcd8b3090168a8e3bcc40d7c032b9dda1df7d1c" "/opt/rustwide/cargo-home/bin/cargo" "+beta-2023-12-22" "test" "--frozen", kill_on_drop: false }`
[INFO] [stdout] 037cd1648807e94313c4aa1bb2111e1932da26ac51eec8ee4465d3e96fe847f4
[INFO] running `Command { std: "docker" "start" "-a" "037cd1648807e94313c4aa1bb2111e1932da26ac51eec8ee4465d3e96fe847f4", kill_on_drop: false }`
[INFO] [stderr]     Finished test [unoptimized + debuginfo] target(s) in 0.11s
[INFO] [stderr]      Running unittests src/lib.rs (/opt/rustwide/target/debug/deps/google_networkservices1-11eab9a3c3949a16)
[INFO] [stdout] 
[INFO] [stdout] running 0 tests
[INFO] [stdout] 
[INFO] [stdout] test result: ok. 0 passed; 0 failed; 0 ignored; 0 measured; 0 filtered out; finished in 0.00s
[INFO] [stdout] 
[INFO] [stderr]    Doc-tests google-networkservices1
[INFO] [stdout] 
[INFO] [stdout] running 70 tests
[INFO] [stdout] test src/api.rs - api::ProjectLocationEdgeCacheKeysetGetIamPolicyCall (line 3288) - compile ... ok
[INFO] [stdout] test src/api.rs - api::ProjectLocationEdgeCacheOriginGetIamPolicyCall (line 4146) - compile ... ok
[INFO] [stdout] test src/api.rs - api::ProjectLocationEdgeCacheKeysetSetIamPolicyCall (line 3562) - compile ... ok
[INFO] [stdout] test src/api.rs - api::ProjectLocationEdgeCacheServiceSetIamPolicyCall (line 5278) - compile ... ok
[INFO] [stdout] test src/api.rs - api::ProjectLocationEndpointPolicyListCall (line 6964) - compile ... ok
[INFO] [stdout] test src/api.rs - api::ProjectLocationEndpointPolicyDeleteCall (line 6166) - compile ... ok
[INFO] [stdout] test src/api.rs - api::NetworkServices (line 58) - compile ... ok
[INFO] [stdout] test src/api.rs - api::ProjectLocationGatewayDeleteCall (line 8442) - compile ... ok
[INFO] [stdout] test src/api.rs - api::ProjectLocationEndpointPolicyPatchCall (line 7250) - compile ... FAILED
[INFO] [stdout] test src/api.rs - api::ProjectLocationEndpointPolicyCreateCall (line 5862) - compile ... ok
[INFO] [stdout] test src/api.rs - api::ProjectLocationEdgeCacheKeysetTestIamPermissionCall (line 3854) - compile ... ok
[INFO] [stdout] test src/api.rs - api::ProjectLocationGatewayCreateCall (line 8138) - compile ... ok
[INFO] [stdout] test src/api.rs - api::ProjectLocationEndpointPolicyGetIamPolicyCall (line 6690) - compile ... ok
[INFO] [stdout] test src/api.rs - api::ProjectLocationEdgeCacheServiceTestIamPermissionCall (line 5570) - compile ... ok
[INFO] [stdout] test src/api.rs - api::ProjectLocationEndpointPolicyGetCall (line 6428) - compile ... ok
[INFO] [stdout] test src/api.rs - api::ProjectLocationEdgeCacheOriginTestIamPermissionCall (line 4712) - compile ... ok
[INFO] [stdout] test src/api.rs - api::ProjectLocationEndpointPolicyTestIamPermissionCall (line 7846) - compile ... ok
[INFO] [stdout] test src/api.rs - api::ProjectLocationGatewayListCall (line 9240) - compile ... ok
[INFO] [stdout] test src/api.rs - api::ProjectLocationEdgeCacheServiceGetIamPolicyCall (line 5004) - compile ... ok
[INFO] [stdout] test src/api.rs - api::ProjectLocationEndpointPolicySetIamPolicyCall (line 7554) - compile ... ok
[INFO] [stdout] test src/api.rs - api::ProjectLocationGatewayPatchCall (line 9526) - compile ... FAILED
[INFO] [stdout] test src/api.rs - api::ProjectLocationGatewayTestIamPermissionCall (line 10122) - compile ... ok
[INFO] [stdout] test src/api.rs - api::ProjectLocationGatewayGetIamPolicyCall (line 8966) - compile ... ok
[INFO] [stdout] test src/api.rs - api::ProjectLocationEdgeCacheOriginSetIamPolicyCall (line 4420) - compile ... ok
[INFO] [stdout] test src/api.rs - api::ProjectLocationGetCall (line 21448) - compile ... ok
[INFO] [stdout] test src/api.rs - api::ProjectLocationGrpcRouteGetCall (line 10980) - compile ... ok
[INFO] [stdout] test src/api.rs - api::ProjectLocationGrpcRouteCreateCall (line 10414) - compile ... ok
[INFO] [stdout] test src/api.rs - api::ProjectLocationHttpRouteGetCall (line 12398) - compile ... ok
[INFO] [stdout] test src/api.rs - api::ProjectLocationGrpcRouteDeleteCall (line 10718) - compile ... ok
[INFO] [stdout] test src/api.rs - api::ProjectLocationGatewayGetCall (line 8704) - compile ... ok
[INFO] [stdout] test src/api.rs - api::ProjectLocationGrpcRouteListCall (line 11242) - compile ... ok
[INFO] [stdout] test src/api.rs - api::ProjectLocationGatewaySetIamPolicyCall (line 9830) - compile ... ok
[INFO] [stdout] test src/api.rs - api::ProjectLocationGrpcRoutePatchCall (line 11528) - compile ... FAILED
[INFO] [stdout] test src/api.rs - api::ProjectLocationHttpRouteCreateCall (line 11832) - compile ... ok
[INFO] [stdout] test src/api.rs - api::ProjectLocationHttpRouteListCall (line 12660) - compile ... ok
[INFO] [stdout] test src/api.rs - api::ProjectLocationHttpRoutePatchCall (line 12946) - compile ... FAILED
[INFO] [stdout] test src/api.rs - api::ProjectLocationMeshSetIamPolicyCall (line 14942) - compile ... ok
[INFO] [stdout] test src/api.rs - api::ProjectLocationHttpRouteDeleteCall (line 12136) - compile ... ok
[INFO] [stdout] test src/api.rs - api::ProjectLocationMeshCreateCall (line 13250) - compile ... ok
[INFO] [stdout] test src/api.rs - api::ProjectLocationMeshDeleteCall (line 13554) - compile ... ok
[INFO] [stdout] test src/api.rs - api::ProjectLocationOperationCancelCall (line 15526) - compile ... ok
[INFO] [stdout] test src/api.rs - api::ProjectLocationOperationDeleteCall (line 15818) - compile ... ok
[INFO] [stdout] test src/api.rs - api::ProjectLocationMeshGetCall (line 13816) - compile ... ok
[INFO] [stdout] test src/api.rs - api::ProjectLocationMeshGetIamPolicyCall (line 14078) - compile ... ok
[INFO] [stdout] test src/api.rs - api::ProjectLocationMeshListCall (line 14352) - compile ... ok
[INFO] [stdout] test src/api.rs - api::ProjectLocationMeshTestIamPermissionCall (line 15234) - compile ... ok
[INFO] [stdout] test src/api.rs - api::ProjectLocationListCall (line 21710) - compile ... ok
[INFO] [stdout] test src/api.rs - api::ProjectLocationMeshPatchCall (line 14638) - compile ... FAILED
[INFO] [stdout] test src/api.rs - api::ProjectLocationOperationGetCall (line 16080) - compile ... ok
[INFO] [stdout] test src/api.rs - api::ProjectLocationTcpRouteDeleteCall (line 18916) - compile ... ok
[INFO] [stdout] test src/api.rs - api::ProjectLocationServiceBindingDeleteCall (line 16944) - compile ... ok
[INFO] [stdout] test src/api.rs - api::ProjectLocationServiceBindingCreateCall (line 16640) - compile ... ok
[INFO] [stdout] test src/api.rs - api::ProjectLocationServiceBindingSetIamPolicyCall (line 18028) - compile ... ok
[INFO] [stdout] test src/lib.rs - (line 49) ... ignored
[INFO] [stdout] test src/api.rs - api::ProjectLocationOperationListCall (line 16342) - compile ... ok
[INFO] [stdout] test src/api.rs - api::ProjectLocationServiceBindingGetCall (line 17206) - compile ... ok
[INFO] [stdout] test src/api.rs - api::ProjectLocationTcpRouteGetCall (line 19178) - compile ... ok
[INFO] [stdout] test src/api.rs - api::ProjectLocationServiceBindingListCall (line 17742) - compile ... ok
[INFO] [stdout] test src/api.rs - api::ProjectLocationServiceBindingTestIamPermissionCall (line 18320) - compile ... ok
[INFO] [stdout] test src/api.rs - api::ProjectLocationTcpRouteListCall (line 19440) - compile ... ok
[INFO] [stdout] test src/api.rs - api::ProjectLocationTcpRouteCreateCall (line 18612) - compile ... ok
[INFO] [stdout] test src/api.rs - api::ProjectLocationServiceBindingGetIamPolicyCall (line 17468) - compile ... ok
[INFO] [stdout] test src/api.rs - api::ProjectLocationTlsRouteDeleteCall (line 20334) - compile ... ok
[INFO] [stdout] test src/api.rs - api::ProjectLocationTlsRouteCreateCall (line 20030) - compile ... ok
[INFO] [stdout] test src/api.rs - api::ProjectLocationTcpRoutePatchCall (line 19726) - compile ... FAILED
[INFO] [stdout] test src/api.rs - api::ProjectLocationTlsRouteGetCall (line 20596) - compile ... ok
[INFO] [stdout] test src/lib.rs - (line 96) - compile ... ok
[INFO] [stdout] test src/api.rs - api::ProjectMethods (line 2013) - compile ... ok
[INFO] [stdout] test src/api.rs - api::ProjectLocationTlsRouteListCall (line 20858) - compile ... ok
[INFO] [stdout] test src/api.rs - api::ProjectLocationTlsRoutePatchCall (line 21144) - compile ... FAILED
[INFO] [stdout] 
[INFO] [stdout] failures:
[INFO] [stdout] 
[INFO] [stdout] ---- src/api.rs - api::ProjectLocationEndpointPolicyPatchCall (line 7250) stdout ----
[INFO] [stdout] error[E0308]: mismatched types
[INFO] [stdout]     --> src/api.rs:7274:27
[INFO] [stdout]      |
[INFO] [stdout] 25   |              .update_mask(&Default::default())
[INFO] [stdout]      |               ----------- ^^^^^^^^^^^^^^^^^^^ expected `FieldMask`, found `&_`
[INFO] [stdout]      |               |
[INFO] [stdout]      |               arguments to this method are incorrect
[INFO] [stdout]      |
[INFO] [stdout]      = note: expected struct `FieldMask`
[INFO] [stdout]              found reference `&_`
[INFO] [stdout] note: method defined here
[INFO] [stdout]     --> /opt/rustwide/workdir/src/api.rs:7465:12
[INFO] [stdout]      |
[INFO] [stdout] 7465 |     pub fn update_mask(mut self, new_value: client::FieldMask) -> ProjectLocationEndpointPolicyPatchCall<'a, S> {
[INFO] [stdout]      |            ^^^^^^^^^^^
[INFO] [stdout] help: consider removing the borrow
[INFO] [stdout]      |
[INFO] [stdout] 25   -              .update_mask(&Default::default())
[INFO] [stdout] 25   +              .update_mask(Default::default())
[INFO] [stdout]      |
[INFO] [stdout] 
[INFO] [stdout] error: aborting due to 1 previous error
[INFO] [stdout] 
[INFO] [stdout] For more information about this error, try `rustc --explain E0308`.
[INFO] [stdout] Couldn't compile the test.
[INFO] [stdout] ---- src/api.rs - api::ProjectLocationGatewayPatchCall (line 9526) stdout ----
[INFO] [stdout] error[E0308]: mismatched types
[INFO] [stdout]     --> src/api.rs:9550:27
[INFO] [stdout]      |
[INFO] [stdout] 25   |              .update_mask(&Default::default())
[INFO] [stdout]      |               ----------- ^^^^^^^^^^^^^^^^^^^ expected `FieldMask`, found `&_`
[INFO] [stdout]      |               |
[INFO] [stdout]      |               arguments to this method are incorrect
[INFO] [stdout]      |
[INFO] [stdout]      = note: expected struct `FieldMask`
[INFO] [stdout]              found reference `&_`
[INFO] [stdout] note: method defined here
[INFO] [stdout]     --> /opt/rustwide/workdir/src/api.rs:9741:12
[INFO] [stdout]      |
[INFO] [stdout] 9741 |     pub fn update_mask(mut self, new_value: client::FieldMask) -> ProjectLocationGatewayPatchCall<'a, S> {
[INFO] [stdout]      |            ^^^^^^^^^^^
[INFO] [stdout] help: consider removing the borrow
[INFO] [stdout]      |
[INFO] [stdout] 25   -              .update_mask(&Default::default())
[INFO] [stdout] 25   +              .update_mask(Default::default())
[INFO] [stdout]      |
[INFO] [stdout] 
[INFO] [stdout] error: aborting due to 1 previous error
[INFO] [stdout] 
[INFO] [stdout] For more information about this error, try `rustc --explain E0308`.
[INFO] [stdout] Couldn't compile the test.
[INFO] [stdout] ---- src/api.rs - api::ProjectLocationGrpcRoutePatchCall (line 11528) stdout ----
[INFO] [stdout] error[E0308]: mismatched types
[INFO] [stdout]      --> src/api.rs:11552:27
[INFO] [stdout]       |
[INFO] [stdout] 25    |              .update_mask(&Default::default())
[INFO] [stdout]       |               ----------- ^^^^^^^^^^^^^^^^^^^ expected `FieldMask`, found `&_`
[INFO] [stdout]       |               |
[INFO] [stdout]       |               arguments to this method are incorrect
[INFO] [stdout]       |
[INFO] [stdout]       = note: expected struct `FieldMask`
[INFO] [stdout]               found reference `&_`
[INFO] [stdout] note: method defined here
[INFO] [stdout]      --> /opt/rustwide/workdir/src/api.rs:11743:12
[INFO] [stdout]       |
[INFO] [stdout] 11743 |     pub fn update_mask(mut self, new_value: client::FieldMask) -> ProjectLocationGrpcRoutePatchCall<'a, S> {
[INFO] [stdout]       |            ^^^^^^^^^^^
[INFO] [stdout] help: consider removing the borrow
[INFO] [stdout]       |
[INFO] [stdout] 25    -              .update_mask(&Default::default())
[INFO] [stdout] 25    +              .update_mask(Default::default())
[INFO] [stdout]       |
[INFO] [stdout] 
[INFO] [stdout] error: aborting due to 1 previous error
[INFO] [stdout] 
[INFO] [stdout] For more information about this error, try `rustc --explain E0308`.
[INFO] [stdout] Couldn't compile the test.
[INFO] [stdout] ---- src/api.rs - api::ProjectLocationHttpRoutePatchCall (line 12946) stdout ----
[INFO] [stdout] error[E0308]: mismatched types
[INFO] [stdout]      --> src/api.rs:12970:27
[INFO] [stdout]       |
[INFO] [stdout] 25    |              .update_mask(&Default::default())
[INFO] [stdout]       |               ----------- ^^^^^^^^^^^^^^^^^^^ expected `FieldMask`, found `&_`
[INFO] [stdout]       |               |
[INFO] [stdout]       |               arguments to this method are incorrect
[INFO] [stdout]       |
[INFO] [stdout]       = note: expected struct `FieldMask`
[INFO] [stdout]               found reference `&_`
[INFO] [stdout] note: method defined here
[INFO] [stdout]      --> /opt/rustwide/workdir/src/api.rs:13161:12
[INFO] [stdout]       |
[INFO] [stdout] 13161 |     pub fn update_mask(mut self, new_value: client::FieldMask) -> ProjectLocationHttpRoutePatchCall<'a, S> {
[INFO] [stdout]       |            ^^^^^^^^^^^
[INFO] [stdout] help: consider removing the borrow
[INFO] [stdout]       |
[INFO] [stdout] 25    -              .update_mask(&Default::default())
[INFO] [stdout] 25    +              .update_mask(Default::default())
[INFO] [stdout]       |
[INFO] [stdout] 
[INFO] [stdout] error: aborting due to 1 previous error
[INFO] [stdout] 
[INFO] [stdout] For more information about this error, try `rustc --explain E0308`.
[INFO] [stdout] Couldn't compile the test.
[INFO] [stdout] ---- src/api.rs - api::ProjectLocationMeshPatchCall (line 14638) stdout ----
[INFO] [stdout] error[E0308]: mismatched types
[INFO] [stdout]      --> src/api.rs:14662:27
[INFO] [stdout]       |
[INFO] [stdout] 25    |              .update_mask(&Default::default())
[INFO] [stdout]       |               ----------- ^^^^^^^^^^^^^^^^^^^ expected `FieldMask`, found `&_`
[INFO] [stdout]       |               |
[INFO] [stdout]       |               arguments to this method are incorrect
[INFO] [stdout]       |
[INFO] [stdout]       = note: expected struct `FieldMask`
[INFO] [stdout]               found reference `&_`
[INFO] [stdout] note: method defined here
[INFO] [stdout]      --> /opt/rustwide/workdir/src/api.rs:14853:12
[INFO] [stdout]       |
[INFO] [stdout] 14853 |     pub fn update_mask(mut self, new_value: client::FieldMask) -> ProjectLocationMeshPatchCall<'a, S> {
[INFO] [stdout]       |            ^^^^^^^^^^^
[INFO] [stdout] help: consider removing the borrow
[INFO] [stdout]       |
[INFO] [stdout] 25    -              .update_mask(&Default::default())
[INFO] [stdout] 25    +              .update_mask(Default::default())
[INFO] [stdout]       |
[INFO] [stdout] 
[INFO] [stdout] error: aborting due to 1 previous error
[INFO] [stdout] 
[INFO] [stdout] For more information about this error, try `rustc --explain E0308`.
[INFO] [stdout] Couldn't compile the test.
[INFO] [stdout] ---- src/api.rs - api::ProjectLocationTcpRoutePatchCall (line 19726) stdout ----
[INFO] [stdout] error[E0308]: mismatched types
[INFO] [stdout]      --> src/api.rs:19750:27
[INFO] [stdout]       |
[INFO] [stdout] 25    |              .update_mask(&Default::default())
[INFO] [stdout]       |               ----------- ^^^^^^^^^^^^^^^^^^^ expected `FieldMask`, found `&_`
[INFO] [stdout]       |               |
[INFO] [stdout]       |               arguments to this method are incorrect
[INFO] [stdout]       |
[INFO] [stdout]       = note: expected struct `FieldMask`
[INFO] [stdout]               found reference `&_`
[INFO] [stdout] note: method defined here
[INFO] [stdout]      --> /opt/rustwide/workdir/src/api.rs:19941:12
[INFO] [stdout]       |
[INFO] [stdout] 19941 |     pub fn update_mask(mut self, new_value: client::FieldMask) -> ProjectLocationTcpRoutePatchCall<'a, S> {
[INFO] [stdout]       |            ^^^^^^^^^^^
[INFO] [stdout] help: consider removing the borrow
[INFO] [stdout]       |
[INFO] [stdout] 25    -              .update_mask(&Default::default())
[INFO] [stdout] 25    +              .update_mask(Default::default())
[INFO] [stdout]       |
[INFO] [stdout] 
[INFO] [stdout] error: aborting due to 1 previous error
[INFO] [stdout] 
[INFO] [stdout] For more information about this error, try `rustc --explain E0308`.
[INFO] [stdout] Couldn't compile the test.
[INFO] [stdout] ---- src/api.rs - api::ProjectLocationTlsRoutePatchCall (line 21144) stdout ----
[INFO] [stdout] error[E0308]: mismatched types
[INFO] [stdout]      --> src/api.rs:21168:27
[INFO] [stdout]       |
[INFO] [stdout] 25    |              .update_mask(&Default::default())
[INFO] [stdout]       |               ----------- ^^^^^^^^^^^^^^^^^^^ expected `FieldMask`, found `&_`
[INFO] [stdout]       |               |
[INFO] [stdout]       |               arguments to this method are incorrect
[INFO] [stdout]       |
[INFO] [stdout]       = note: expected struct `FieldMask`
[INFO] [stdout]               found reference `&_`
[INFO] [stdout] note: method defined here
[INFO] [stdout]      --> /opt/rustwide/workdir/src/api.rs:21359:12
[INFO] [stdout]       |
[INFO] [stdout] 21359 |     pub fn update_mask(mut self, new_value: client::FieldMask) -> ProjectLocationTlsRoutePatchCall<'a, S> {
[INFO] [stdout]       |            ^^^^^^^^^^^
[INFO] [stdout] help: consider removing the borrow
[INFO] [stdout]       |
[INFO] [stdout] 25    -              .update_mask(&Default::default())
[INFO] [stdout] 25    +              .update_mask(Default::default())
[INFO] [stdout]       |
[INFO] [stdout] 
[INFO] [stdout] error: aborting due to 1 previous error
[INFO] [stdout] 
[INFO] [stdout] For more information about this error, try `rustc --explain E0308`.
[INFO] [stdout] Couldn't compile the test.
[INFO] [stdout] 
[INFO] [stdout] failures:
[INFO] [stdout]     src/api.rs - api::ProjectLocationEndpointPolicyPatchCall (line 7250)
[INFO] [stdout]     src/api.rs - api::ProjectLocationGatewayPatchCall (line 9526)
[INFO] [stdout]     src/api.rs - api::ProjectLocationGrpcRoutePatchCall (line 11528)
[INFO] [stdout]     src/api.rs - api::ProjectLocationHttpRoutePatchCall (line 12946)
[INFO] [stdout]     src/api.rs - api::ProjectLocationMeshPatchCall (line 14638)
[INFO] [stdout]     src/api.rs - api::ProjectLocationTcpRoutePatchCall (line 19726)
[INFO] [stdout]     src/api.rs - api::ProjectLocationTlsRoutePatchCall (line 21144)
[INFO] [stdout] 
[INFO] [stdout] test result: FAILED. 62 passed; 7 failed; 1 ignored; 0 measured; 0 filtered out; finished in 1.38s
[INFO] [stdout] 
[INFO] [stderr] error: doctest failed, to rerun pass `--doc`
[INFO] running `Command { std: "docker" "inspect" "037cd1648807e94313c4aa1bb2111e1932da26ac51eec8ee4465d3e96fe847f4", kill_on_drop: false }`
[INFO] running `Command { std: "docker" "rm" "-f" "037cd1648807e94313c4aa1bb2111e1932da26ac51eec8ee4465d3e96fe847f4", kill_on_drop: false }`
[INFO] [stdout] 037cd1648807e94313c4aa1bb2111e1932da26ac51eec8ee4465d3e96fe847f4
