[INFO] fetching crate google-networkconnectivity1 5.0.3+20230105...
[INFO] testing google-networkconnectivity1-5.0.3+20230105 against 1.75.0 for beta-1.76-1
[INFO] extracting crate google-networkconnectivity1 5.0.3+20230105 into /workspace/builds/worker-7-tc1/source
[INFO] validating manifest of crates.io crate google-networkconnectivity1 5.0.3+20230105 on toolchain 1.75.0
[INFO] running `Command { std: CARGO_HOME="/workspace/cargo-home" RUSTUP_HOME="/workspace/rustup-home" "/workspace/cargo-home/bin/cargo" "+1.75.0" "metadata" "--manifest-path" "Cargo.toml" "--no-deps", kill_on_drop: false }`
[INFO] started tweaking crates.io crate google-networkconnectivity1 5.0.3+20230105
[INFO] finished tweaking crates.io crate google-networkconnectivity1 5.0.3+20230105
[INFO] tweaked toml for crates.io crate google-networkconnectivity1 5.0.3+20230105 written to /workspace/builds/worker-7-tc1/source/Cargo.toml
[INFO] running `Command { std: CARGO_HOME="/workspace/cargo-home" RUSTUP_HOME="/workspace/rustup-home" "/workspace/cargo-home/bin/cargo" "+1.75.0" "generate-lockfile" "--manifest-path" "Cargo.toml", kill_on_drop: false }`
[INFO] [stderr]     Updating crates.io index
[INFO] running `Command { std: CARGO_HOME="/workspace/cargo-home" RUSTUP_HOME="/workspace/rustup-home" "/workspace/cargo-home/bin/cargo" "+1.75.0" "fetch" "--manifest-path" "Cargo.toml", kill_on_drop: false }`
[INFO] running `Command { std: "docker" "create" "-v" "/var/lib/crater-agent-workspace/builds/worker-7-tc1/target:/opt/rustwide/target:rw,Z" "-v" "/var/lib/crater-agent-workspace/builds/worker-7-tc1/source:/opt/rustwide/workdir:ro,Z" "-v" "/var/lib/crater-agent-workspace/cargo-home:/opt/rustwide/cargo-home:ro,Z" "-v" "/var/lib/crater-agent-workspace/rustup-home:/opt/rustwide/rustup-home:ro,Z" "-e" "SOURCE_DIR=/opt/rustwide/workdir" "-e" "CARGO_TARGET_DIR=/opt/rustwide/target" "-e" "CARGO_HOME=/opt/rustwide/cargo-home" "-e" "RUSTUP_HOME=/opt/rustwide/rustup-home" "-w" "/opt/rustwide/workdir" "-m" "1610612736" "--user" "0:0" "--network" "none" "ghcr.io/rust-lang/crates-build-env/linux@sha256:2788e3201cd34a07e3172128adcd8b3090168a8e3bcc40d7c032b9dda1df7d1c" "/opt/rustwide/cargo-home/bin/cargo" "+1.75.0" "metadata" "--no-deps" "--format-version=1", kill_on_drop: false }`
[INFO] [stdout] 8184c7a84bf0e2059b2d01f9f9f2f20a73efff20a6eb59e62e7a97ad033aa8e1
[INFO] running `Command { std: "docker" "start" "-a" "8184c7a84bf0e2059b2d01f9f9f2f20a73efff20a6eb59e62e7a97ad033aa8e1", kill_on_drop: false }`
[INFO] running `Command { std: "docker" "inspect" "8184c7a84bf0e2059b2d01f9f9f2f20a73efff20a6eb59e62e7a97ad033aa8e1", kill_on_drop: false }`
[INFO] running `Command { std: "docker" "rm" "-f" "8184c7a84bf0e2059b2d01f9f9f2f20a73efff20a6eb59e62e7a97ad033aa8e1", kill_on_drop: false }`
[INFO] [stdout] 8184c7a84bf0e2059b2d01f9f9f2f20a73efff20a6eb59e62e7a97ad033aa8e1
[INFO] running `Command { std: "docker" "create" "-v" "/var/lib/crater-agent-workspace/builds/worker-7-tc1/target:/opt/rustwide/target:rw,Z" "-v" "/var/lib/crater-agent-workspace/builds/worker-7-tc1/source:/opt/rustwide/workdir:ro,Z" "-v" "/var/lib/crater-agent-workspace/cargo-home:/opt/rustwide/cargo-home:ro,Z" "-v" "/var/lib/crater-agent-workspace/rustup-home:/opt/rustwide/rustup-home:ro,Z" "-e" "SOURCE_DIR=/opt/rustwide/workdir" "-e" "CARGO_TARGET_DIR=/opt/rustwide/target" "-e" "CARGO_INCREMENTAL=0" "-e" "RUST_BACKTRACE=full" "-e" "RUSTFLAGS=--cap-lints=warn" "-e" "RUSTDOCFLAGS=--cap-lints=warn" "-e" "CARGO_HOME=/opt/rustwide/cargo-home" "-e" "RUSTUP_HOME=/opt/rustwide/rustup-home" "-w" "/opt/rustwide/workdir" "-m" "1610612736" "--user" "0:0" "--network" "none" "ghcr.io/rust-lang/crates-build-env/linux@sha256:2788e3201cd34a07e3172128adcd8b3090168a8e3bcc40d7c032b9dda1df7d1c" "/opt/rustwide/cargo-home/bin/cargo" "+1.75.0" "build" "--frozen" "--message-format=json", kill_on_drop: false }`
[INFO] [stdout] 7588646a59f1b53c40d36666d301640ed7b1f28db0264a340320e9923db1873b
[INFO] running `Command { std: "docker" "start" "-a" "7588646a59f1b53c40d36666d301640ed7b1f28db0264a340320e9923db1873b", kill_on_drop: false }`
[INFO] [stderr]    Compiling pin-project-lite v0.2.13
[INFO] [stderr]    Compiling untrusted v0.9.0
[INFO] [stderr]    Compiling spin v0.9.8
[INFO] [stderr]    Compiling bytes v1.5.0
[INFO] [stderr]    Compiling futures-core v0.3.30
[INFO] [stderr]    Compiling futures-sink v0.3.30
[INFO] [stderr]    Compiling serde v1.0.194
[INFO] [stderr]    Compiling futures-task v0.3.30
[INFO] [stderr]    Compiling slab v0.4.9
[INFO] [stderr]    Compiling memchr v2.7.1
[INFO] [stderr]    Compiling futures-io v0.3.30
[INFO] [stderr]    Compiling tracing-core v0.1.32
[INFO] [stderr]    Compiling unicode-normalization v0.1.22
[INFO] [stderr]    Compiling equivalent v1.0.1
[INFO] [stderr]    Compiling syn v2.0.48
[INFO] [stderr]    Compiling cc v1.0.83
[INFO] [stderr]    Compiling getrandom v0.2.11
[INFO] [stderr]    Compiling futures-channel v0.3.30
[INFO] [stderr]    Compiling socket2 v0.5.5
[INFO] [stderr]    Compiling mio v0.8.10
[INFO] [stderr]    Compiling rustls v0.21.10
[INFO] [stderr]    Compiling ident_case v1.0.1
[INFO] [stderr]    Compiling hashbrown v0.14.3
[INFO] [stderr]    Compiling strsim v0.10.0
[INFO] [stderr]    Compiling log v0.4.20
[INFO] [stderr]    Compiling try-lock v0.2.5
[INFO] [stderr]    Compiling base64 v0.21.5
[INFO] [stderr]    Compiling want v0.3.1
[INFO] [stderr]    Compiling http v0.2.11
[INFO] [stderr]    Compiling num-traits v0.2.17
[INFO] [stderr]    Compiling rustls-pki-types v1.1.0
[INFO] [stderr]    Compiling async-trait v0.1.77
[INFO] [stderr]    Compiling tracing v0.1.40
[INFO] [stderr]    Compiling anyhow v1.0.79
[INFO] [stderr]    Compiling rustls-pemfile v1.0.4
[INFO] [stderr]    Compiling either v1.9.0
[INFO] [stderr]    Compiling tower-service v0.3.2
[INFO] [stderr]    Compiling rustls v0.22.1
[INFO] [stderr]    Compiling httpdate v1.0.3
[INFO] [stderr]    Compiling percent-encoding v2.3.1
[INFO] [stderr]    Compiling serde_json v1.0.111
[INFO] [stderr]    Compiling rustls-native-certs v0.6.3
[INFO] [stderr]    Compiling form_urlencoded v1.2.1
[INFO] [stderr]    Compiling idna v0.5.0
[INFO] [stderr]    Compiling subtle v2.5.0
[INFO] [stderr]    Compiling indexmap v2.1.0
[INFO] [stderr]    Compiling zeroize v1.7.0
[INFO] [stderr]    Compiling ryu v1.0.16
[INFO] [stderr]    Compiling idna v0.1.5
[INFO] [stderr]    Compiling itertools v0.12.0
[INFO] [stderr]    Compiling iana-time-zone v0.1.59
[INFO] [stderr]    Compiling itertools v0.10.5
[INFO] [stderr]    Compiling mime v0.3.17
[INFO] [stderr]    Compiling base64 v0.13.1
[INFO] [stderr]    Compiling http-body v0.4.6
[INFO] [stderr]    Compiling ring v0.17.7
[INFO] [stderr]    Compiling url v2.5.0
[INFO] [stderr]    Compiling url v1.7.2
[INFO] [stderr]    Compiling darling_core v0.20.3
[INFO] [stderr]    Compiling futures-macro v0.3.30
[INFO] [stderr]    Compiling serde_derive v1.0.194
[INFO] [stderr]    Compiling tokio-macros v2.2.0
[INFO] [stderr]    Compiling darling_macro v0.20.3
[INFO] [stderr]    Compiling tokio v1.35.1
[INFO] [stderr]    Compiling futures-util v0.3.30
[INFO] [stderr]    Compiling sct v0.7.1
[INFO] [stderr]    Compiling rustls-webpki v0.101.7
[INFO] [stderr]    Compiling rustls-webpki v0.102.1
[INFO] [stderr]    Compiling darling v0.20.3
[INFO] [stderr]    Compiling serde_with_macros v2.3.3
[INFO] [stderr]    Compiling futures-executor v0.3.30
[INFO] [stderr]    Compiling futures v0.3.30
[INFO] [stderr]    Compiling tokio-util v0.7.10
[INFO] [stderr]    Compiling tokio-rustls v0.24.1
[INFO] [stderr]    Compiling h2 v0.3.22
[INFO] [stderr]    Compiling deranged v0.3.11
[INFO] [stderr]    Compiling chrono v0.4.31
[INFO] [stderr]    Compiling serde_with v2.3.3
[INFO] [stderr]    Compiling time v0.3.31
[INFO] [stderr]    Compiling hyper v0.14.28
[INFO] [stderr]    Compiling hyper-rustls v0.24.2
[INFO] [stderr]    Compiling yup-oauth2 v8.3.2
[INFO] [stderr]    Compiling google-apis-common v6.0.0
[INFO] [stderr]    Compiling google-networkconnectivity1 v5.0.3+20230105 (/opt/rustwide/workdir)
[INFO] [stderr]     Finished dev [unoptimized + debuginfo] target(s) in 24.89s
[INFO] running `Command { std: "docker" "inspect" "7588646a59f1b53c40d36666d301640ed7b1f28db0264a340320e9923db1873b", kill_on_drop: false }`
[INFO] running `Command { std: "docker" "rm" "-f" "7588646a59f1b53c40d36666d301640ed7b1f28db0264a340320e9923db1873b", kill_on_drop: false }`
[INFO] [stdout] 7588646a59f1b53c40d36666d301640ed7b1f28db0264a340320e9923db1873b
[INFO] running `Command { std: "docker" "create" "-v" "/var/lib/crater-agent-workspace/builds/worker-7-tc1/target:/opt/rustwide/target:rw,Z" "-v" "/var/lib/crater-agent-workspace/builds/worker-7-tc1/source:/opt/rustwide/workdir:ro,Z" "-v" "/var/lib/crater-agent-workspace/cargo-home:/opt/rustwide/cargo-home:ro,Z" "-v" "/var/lib/crater-agent-workspace/rustup-home:/opt/rustwide/rustup-home:ro,Z" "-e" "SOURCE_DIR=/opt/rustwide/workdir" "-e" "CARGO_TARGET_DIR=/opt/rustwide/target" "-e" "CARGO_INCREMENTAL=0" "-e" "RUST_BACKTRACE=full" "-e" "RUSTFLAGS=--cap-lints=warn" "-e" "RUSTDOCFLAGS=--cap-lints=warn" "-e" "CARGO_HOME=/opt/rustwide/cargo-home" "-e" "RUSTUP_HOME=/opt/rustwide/rustup-home" "-w" "/opt/rustwide/workdir" "-m" "1610612736" "--user" "0:0" "--network" "none" "ghcr.io/rust-lang/crates-build-env/linux@sha256:2788e3201cd34a07e3172128adcd8b3090168a8e3bcc40d7c032b9dda1df7d1c" "/opt/rustwide/cargo-home/bin/cargo" "+1.75.0" "test" "--frozen" "--no-run" "--message-format=json", kill_on_drop: false }`
[INFO] [stdout] 0031bfe1a83602c4b4dc29abc349c94e9dc883537daa7a05b85892f3e75edde6
[INFO] running `Command { std: "docker" "start" "-a" "0031bfe1a83602c4b4dc29abc349c94e9dc883537daa7a05b85892f3e75edde6", kill_on_drop: false }`
[INFO] [stderr]    Compiling google-networkconnectivity1 v5.0.3+20230105 (/opt/rustwide/workdir)
[INFO] [stderr]     Finished test [unoptimized + debuginfo] target(s) in 3.46s
[INFO] running `Command { std: "docker" "inspect" "0031bfe1a83602c4b4dc29abc349c94e9dc883537daa7a05b85892f3e75edde6", kill_on_drop: false }`
[INFO] running `Command { std: "docker" "rm" "-f" "0031bfe1a83602c4b4dc29abc349c94e9dc883537daa7a05b85892f3e75edde6", kill_on_drop: false }`
[INFO] [stdout] 0031bfe1a83602c4b4dc29abc349c94e9dc883537daa7a05b85892f3e75edde6
[INFO] running `Command { std: "docker" "create" "-v" "/var/lib/crater-agent-workspace/builds/worker-7-tc1/target:/opt/rustwide/target:rw,Z" "-v" "/var/lib/crater-agent-workspace/builds/worker-7-tc1/source:/opt/rustwide/workdir:ro,Z" "-v" "/var/lib/crater-agent-workspace/cargo-home:/opt/rustwide/cargo-home:ro,Z" "-v" "/var/lib/crater-agent-workspace/rustup-home:/opt/rustwide/rustup-home:ro,Z" "-e" "SOURCE_DIR=/opt/rustwide/workdir" "-e" "CARGO_TARGET_DIR=/opt/rustwide/target" "-e" "CARGO_INCREMENTAL=0" "-e" "RUST_BACKTRACE=full" "-e" "RUSTFLAGS=--cap-lints=warn" "-e" "RUSTDOCFLAGS=--cap-lints=warn" "-e" "CARGO_HOME=/opt/rustwide/cargo-home" "-e" "RUSTUP_HOME=/opt/rustwide/rustup-home" "-w" "/opt/rustwide/workdir" "-m" "1610612736" "--user" "0:0" "--network" "none" "ghcr.io/rust-lang/crates-build-env/linux@sha256:2788e3201cd34a07e3172128adcd8b3090168a8e3bcc40d7c032b9dda1df7d1c" "/opt/rustwide/cargo-home/bin/cargo" "+1.75.0" "test" "--frozen", kill_on_drop: false }`
[INFO] [stdout] c031cc2f2ed6b8ab3043913fe638a462d69cd2785e2522e00ffb3cefc797acad
[INFO] running `Command { std: "docker" "start" "-a" "c031cc2f2ed6b8ab3043913fe638a462d69cd2785e2522e00ffb3cefc797acad", kill_on_drop: false }`
[INFO] [stderr]     Finished test [unoptimized + debuginfo] target(s) in 0.06s
[INFO] [stderr]      Running unittests src/lib.rs (/opt/rustwide/target/debug/deps/google_networkconnectivity1-c517bad1d0b00393)
[INFO] [stdout] 
[INFO] [stdout] running 0 tests
[INFO] [stdout] 
[INFO] [stdout] test result: ok. 0 passed; 0 failed; 0 ignored; 0 measured; 0 filtered out; finished in 0.00s
[INFO] [stdout] 
[INFO] [stderr]    Doc-tests google-networkconnectivity1
[INFO] [stdout] 
[INFO] [stdout] running 43 tests
[INFO] [stdout] test src/api.rs - api::ProjectLocationGetCall (line 12386) - compile ... ok
[INFO] [stdout] test src/api.rs - api::ProjectLocationGlobalHubSetIamPolicyCall (line 3442) - compile ... ok
[INFO] [stdout] test src/api.rs - api::ProjectLocationGlobalHubGetIamPolicyCall (line 2542) - compile ... ok
[INFO] [stdout] test src/api.rs - api::ProjectLocationGlobalHubDeleteCall (line 2006) - compile ... ok
[INFO] [stdout] test src/api.rs - api::ProjectLocationGlobalPolicyBasedRouteGetIamPolicyCall (line 4026) - compile ... ok
[INFO] [stdout] test src/api.rs - api::ProjectLocationGlobalHubCreateCall (line 1690) - compile ... ok
[INFO] [stdout] test src/api.rs - api::ProjectLocationGlobalHubTestIamPermissionCall (line 3734) - compile ... ok
[INFO] [stdout] test src/api.rs - api::ProjectLocationGlobalPolicyBasedRouteTestIamPermissionCall (line 4592) - compile ... ok
[INFO] [stdout] test src/api.rs - api::ProjectLocationGlobalPolicyBasedRouteSetIamPolicyCall (line 4300) - compile ... ok
[INFO] [stdout] test src/api.rs - api::ProjectLocationInternalRangeDeleteCall (line 5200) - compile ... ok
[INFO] [stdout] test src/api.rs - api::ProjectLocationInternalRangeCreateCall (line 4884) - compile ... ok
[INFO] [stdout] test src/api.rs - api::ProjectLocationGlobalHubGetCall (line 2280) - compile ... ok
[INFO] [stdout] test src/api.rs - api::ProjectLocationGlobalHubListCall (line 2816) - compile ... ok
[INFO] [stdout] test src/api.rs - api::Networkconnectivity (line 58) - compile ... ok
[INFO] [stdout] test src/api.rs - api::ProjectLocationInternalRangeGetCall (line 5474) - compile ... ok
[INFO] [stdout] test src/api.rs - api::ProjectLocationOperationDeleteCall (line 6654) - compile ... ok
[INFO] [stdout] test src/api.rs - api::ProjectLocationGlobalHubPatchCall (line 3126) - compile ... FAILED
[INFO] [stdout] test src/api.rs - api::ProjectLocationInternalRangePatchCall (line 6046) - compile ... FAILED
[INFO] [stdout] test src/api.rs - api::ProjectLocationListCall (line 12648) - compile ... ok
[INFO] [stdout] test src/api.rs - api::ProjectLocationServiceConnectionPolicySetIamPolicyCall (line 9466) - compile ... ok
[INFO] [stdout] test src/api.rs - api::ProjectLocationServiceClassTestIamPermissionCall (line 8042) - compile ... ok
[INFO] [stdout] test src/api.rs - api::ProjectLocationOperationListCall (line 7178) - compile ... ok
[INFO] [stdout] test src/api.rs - api::ProjectLocationOperationCancelCall (line 6362) - compile ... ok
[INFO] [stdout] test src/api.rs - api::ProjectLocationInternalRangeListCall (line 5736) - compile ... ok
[INFO] [stdout] test src/api.rs - api::ProjectLocationOperationGetCall (line 6916) - compile ... ok
[INFO] [stdout] test src/api.rs - api::ProjectLocationServiceClassSetIamPolicyCall (line 7750) - compile ... ok
[INFO] [stdout] test src/lib.rs - (line 49) ... ignored
[INFO] [stdout] test src/api.rs - api::ProjectLocationServiceConnectionPolicyGetIamPolicyCall (line 9192) - compile ... ok
[INFO] [stdout] test src/api.rs - api::ProjectLocationServiceConnectionMapTestIamPermissionCall (line 8900) - compile ... ok
[INFO] [stdout] test src/api.rs - api::ProjectLocationServiceConnectionMapSetIamPolicyCall (line 8608) - compile ... ok
[INFO] [stdout] test src/api.rs - api::ProjectLocationServiceClassGetIamPolicyCall (line 7476) - compile ... ok
[INFO] [stdout] test src/api.rs - api::ProjectLocationServiceConnectionMapGetIamPolicyCall (line 8334) - compile ... ok
[INFO] [stdout] test src/api.rs - api::ProjectLocationSpokeListCall (line 11176) - compile ... ok
[INFO] [stdout] test src/api.rs - api::ProjectLocationSpokeCreateCall (line 10050) - compile ... ok
[INFO] [stdout] test src/api.rs - api::ProjectLocationServiceConnectionPolicyTestIamPermissionCall (line 9758) - compile ... ok
[INFO] [stdout] test src/api.rs - api::ProjectLocationSpokeGetIamPolicyCall (line 10902) - compile ... ok
[INFO] [stdout] test src/api.rs - api::ProjectLocationSpokePatchCall (line 11486) - compile ... FAILED
[INFO] [stdout] test src/api.rs - api::ProjectLocationSpokeDeleteCall (line 10366) - compile ... ok
[INFO] [stdout] test src/api.rs - api::ProjectLocationSpokeTestIamPermissionCall (line 12094) - compile ... ok
[INFO] [stdout] test src/api.rs - api::ProjectLocationSpokeSetIamPolicyCall (line 11802) - compile ... ok
[INFO] [stdout] test src/lib.rs - (line 84) - compile ... ok
[INFO] [stdout] test src/api.rs - api::ProjectLocationSpokeGetCall (line 10640) - compile ... ok
[INFO] [stdout] test src/api.rs - api::ProjectMethods (line 901) - compile ... ok
[INFO] [stdout] 
[INFO] [stdout] failures:
[INFO] [stdout] 
[INFO] [stdout] ---- src/api.rs - api::ProjectLocationGlobalHubPatchCall (line 3126) stdout ----
[INFO] [stdout] error[E0308]: mismatched types
[INFO] [stdout]     --> src/api.rs:3150:27
[INFO] [stdout]      |
[INFO] [stdout] 25   |              .update_mask(&Default::default())
[INFO] [stdout]      |               ----------- ^^^^^^^^^^^^^^^^^^^ expected `FieldMask`, found `&_`
[INFO] [stdout]      |               |
[INFO] [stdout]      |               arguments to this method are incorrect
[INFO] [stdout]      |
[INFO] [stdout]      = note: expected struct `FieldMask`
[INFO] [stdout]              found reference `&_`
[INFO] [stdout] note: method defined here
[INFO] [stdout]     --> /opt/rustwide/workdir/src/api.rs:3346:12
[INFO] [stdout]      |
[INFO] [stdout] 3346 |     pub fn update_mask(mut self, new_value: client::FieldMask) -> ProjectLocationGlobalHubPatchCall<'a, S> {
[INFO] [stdout]      |            ^^^^^^^^^^^
[INFO] [stdout] help: consider removing the borrow
[INFO] [stdout]      |
[INFO] [stdout] 25   -              .update_mask(&Default::default())
[INFO] [stdout] 25   +              .update_mask(Default::default())
[INFO] [stdout]      |
[INFO] [stdout] 
[INFO] [stdout] error: aborting due to previous error
[INFO] [stdout] 
[INFO] [stdout] For more information about this error, try `rustc --explain E0308`.
[INFO] [stdout] Couldn't compile the test.
[INFO] [stdout] ---- src/api.rs - api::ProjectLocationInternalRangePatchCall (line 6046) stdout ----
[INFO] [stdout] error[E0308]: mismatched types
[INFO] [stdout]     --> src/api.rs:6070:27
[INFO] [stdout]      |
[INFO] [stdout] 25   |              .update_mask(&Default::default())
[INFO] [stdout]      |               ----------- ^^^^^^^^^^^^^^^^^^^ expected `FieldMask`, found `&_`
[INFO] [stdout]      |               |
[INFO] [stdout]      |               arguments to this method are incorrect
[INFO] [stdout]      |
[INFO] [stdout]      = note: expected struct `FieldMask`
[INFO] [stdout]              found reference `&_`
[INFO] [stdout] note: method defined here
[INFO] [stdout]     --> /opt/rustwide/workdir/src/api.rs:6266:12
[INFO] [stdout]      |
[INFO] [stdout] 6266 |     pub fn update_mask(mut self, new_value: client::FieldMask) -> ProjectLocationInternalRangePatchCall<'a, S> {
[INFO] [stdout]      |            ^^^^^^^^^^^
[INFO] [stdout] help: consider removing the borrow
[INFO] [stdout]      |
[INFO] [stdout] 25   -              .update_mask(&Default::default())
[INFO] [stdout] 25   +              .update_mask(Default::default())
[INFO] [stdout]      |
[INFO] [stdout] 
[INFO] [stdout] error: aborting due to previous error
[INFO] [stdout] 
[INFO] [stdout] For more information about this error, try `rustc --explain E0308`.
[INFO] [stdout] Couldn't compile the test.
[INFO] [stdout] ---- src/api.rs - api::ProjectLocationSpokePatchCall (line 11486) stdout ----
[INFO] [stdout] error[E0308]: mismatched types
[INFO] [stdout]      --> src/api.rs:11510:27
[INFO] [stdout]       |
[INFO] [stdout] 25    |              .update_mask(&Default::default())
[INFO] [stdout]       |               ----------- ^^^^^^^^^^^^^^^^^^^ expected `FieldMask`, found `&_`
[INFO] [stdout]       |               |
[INFO] [stdout]       |               arguments to this method are incorrect
[INFO] [stdout]       |
[INFO] [stdout]       = note: expected struct `FieldMask`
[INFO] [stdout]               found reference `&_`
[INFO] [stdout] note: method defined here
[INFO] [stdout]      --> /opt/rustwide/workdir/src/api.rs:11706:12
[INFO] [stdout]       |
[INFO] [stdout] 11706 |     pub fn update_mask(mut self, new_value: client::FieldMask) -> ProjectLocationSpokePatchCall<'a, S> {
[INFO] [stdout]       |            ^^^^^^^^^^^
[INFO] [stdout] help: consider removing the borrow
[INFO] [stdout]       |
[INFO] [stdout] 25    -              .update_mask(&Default::default())
[INFO] [stdout] 25    +              .update_mask(Default::default())
[INFO] [stdout]       |
[INFO] [stdout] 
[INFO] [stdout] error: aborting due to previous error
[INFO] [stdout] 
[INFO] [stdout] For more information about this error, try `rustc --explain E0308`.
[INFO] [stdout] Couldn't compile the test.
[INFO] [stdout] 
[INFO] [stdout] failures:
[INFO] [stdout]     src/api.rs - api::ProjectLocationGlobalHubPatchCall (line 3126)
[INFO] [stdout]     src/api.rs - api::ProjectLocationInternalRangePatchCall (line 6046)
[INFO] [stdout]     src/api.rs - api::ProjectLocationSpokePatchCall (line 11486)
[INFO] [stdout] 
[INFO] [stdout] test result: FAILED. 39 passed; 3 failed; 1 ignored; 0 measured; 0 filtered out; finished in 0.45s
[INFO] [stdout] 
[INFO] [stderr] error: doctest failed, to rerun pass `--doc`
[INFO] running `Command { std: "docker" "inspect" "c031cc2f2ed6b8ab3043913fe638a462d69cd2785e2522e00ffb3cefc797acad", kill_on_drop: false }`
[INFO] running `Command { std: "docker" "rm" "-f" "c031cc2f2ed6b8ab3043913fe638a462d69cd2785e2522e00ffb3cefc797acad", kill_on_drop: false }`
[INFO] [stdout] c031cc2f2ed6b8ab3043913fe638a462d69cd2785e2522e00ffb3cefc797acad
